CREATE TABLE `actuaciones` (
  `id` bigint UNSIGNED NOT NULL,
  `proceso_id` bigint UNSIGNED NOT NULL,
  `user_id` bigint UNSIGNED NOT NULL,
  `tipo` enum('auto','oficio','memorial','impulso','email_recibido','email_enviado','subsanacion','medida_cautelar','sentencia','notificacion','cambio_estado','asignacion','otro','seguimiento_judicial','medidas_cautelares','envio_juzgado','envio_cliente','envio_deudor','nueva_actuacion','completitud_documentos','modificacion_fecha_creacion') CHARACTER SET utf8mb4 COLLATE utf8mb4_unicode_ci NOT NULL DEFAULT 'otro',
  `titulo` varchar(255) CHARACTER SET utf8mb4 COLLATE utf8mb4_unicode_ci NOT NULL,
  `descripcion` text CHARACTER SET utf8mb4 COLLATE utf8mb4_unicode_ci,
  `fecha_actuacion` date NOT NULL,
  `fecha_vencimiento` date DEFAULT NULL,
  `archivo_path` varchar(255) CHARACTER SET utf8mb4 COLLATE utf8mb4_unicode_ci DEFAULT NULL,
  `es_automatica` tinyint(1) NOT NULL DEFAULT '0' COMMENT 'Generada por el sistema',
  `created_at` timestamp NULL DEFAULT NULL,
  `updated_at` timestamp NULL DEFAULT NULL,
  `destinatario_nombre` varchar(255) CHARACTER SET utf8mb4 COLLATE utf8mb4_unicode_ci DEFAULT NULL,
  `destinatario_email` varchar(255) CHARACTER SET utf8mb4 COLLATE utf8mb4_unicode_ci DEFAULT NULL,
  `asunto` varchar(500) CHARACTER SET utf8mb4 COLLATE utf8mb4_unicode_ci DEFAULT NULL,
  `mensaje` text CHARACTER SET utf8mb4 COLLATE utf8mb4_unicode_ci,
  `adjunto_path` varchar(500) CHARACTER SET utf8mb4 COLLATE utf8mb4_unicode_ci DEFAULT NULL
) ENGINE=InnoDB DEFAULT CHARSET=utf8mb4 COLLATE=utf8mb4_unicode_ci;

--
-- Volcado de datos para la tabla `actuaciones`
--

INSERT INTO `actuaciones` (`id`, `proceso_id`, `user_id`, `tipo`, `titulo`, `descripcion`, `fecha_actuacion`, `fecha_vencimiento`, `archivo_path`, `es_automatica`, `created_at`, `updated_at`, `destinatario_nombre`, `destinatario_email`, `asunto`, `mensaje`, `adjunto_path`) VALUES
(1, 37, 5, 'email_recibido', 'Caso recibido del cliente', 'Proceso iniciado.', '2025-12-22', NULL, NULL, 0, '2026-02-05 18:02:58', '2026-02-05 18:02:58', NULL, NULL, NULL, NULL, NULL),
(2, 37, 2, 'cambio_estado', 'Demanda radicada', 'Radicación exitosa en juzgado.', '2025-12-24', NULL, NULL, 1, '2026-02-05 18:02:58', '2026-02-05 18:02:58', NULL, NULL, NULL, NULL, NULL),
(3, 37, 2, 'auto', 'Auto admisorio de demanda', 'El juzgado admite la demanda y ordena librar mandamiento de pago.', '2026-01-01', NULL, NULL, 0, '2026-02-05 18:02:58', '2026-02-05 18:02:58', NULL, NULL, NULL, NULL, NULL),
(4, 37, 4, 'auto', 'Mandamiento de pago librado', 'Se libra mandamiento de pago a favor del demandante.', '2026-01-12', NULL, NULL, 0, '2026-02-05 18:02:58', '2026-02-05 18:02:58', NULL, NULL, NULL, NULL, NULL),
(5, 38, 5, 'email_recibido', 'Caso recibido del cliente', 'Documentos completos y verificados.', '2026-01-06', NULL, NULL, 0, '2026-02-05 18:02:58', '2026-02-05 18:02:58', NULL, NULL, NULL, NULL, NULL),
(6, 38, 2, 'cambio_estado', 'Demanda redactada', 'Demanda ejecutiva generada y revisada por gerencia.', '2026-01-10', NULL, NULL, 1, '2026-02-05 18:02:58', '2026-02-05 18:02:58', NULL, NULL, NULL, NULL, NULL),
(7, 38, 2, 'oficio', 'Demanda radicada en juzgado', 'Se radica demanda ejecutiva. Acta de reparto adjunta.', '2026-01-14', NULL, NULL, 0, '2026-02-05 18:02:58', '2026-02-05 18:02:58', NULL, NULL, NULL, NULL, NULL),
(8, 39, 5, 'email_recibido', 'Caso recibido del cliente', 'Documentos completos, caso viable para demanda.', '2026-01-24', NULL, NULL, 0, '2026-02-05 18:02:58', '2026-02-05 18:02:58', NULL, NULL, NULL, NULL, NULL),
(9, 39, 2, 'cambio_estado', 'Caso asignado a sustanciador', 'Documentación completa. Se asigna para redacción de demanda.', '2026-01-28', NULL, NULL, 1, '2026-02-05 18:02:58', '2026-02-05 18:02:58', NULL, NULL, NULL, NULL, NULL),
(10, 39, 2, 'oficio', 'FO-SG-025 diligenciado', 'Orden de gestión firmada por asistente, sustanciador y gerente.', '2026-01-30', NULL, NULL, 0, '2026-02-05 18:02:58', '2026-02-05 18:02:58', NULL, NULL, NULL, NULL, NULL),
(11, 40, 5, 'email_recibido', 'Caso recibido del cliente', 'Proceso iniciado.', '2025-12-07', NULL, NULL, 0, '2026-02-05 18:02:58', '2026-02-05 18:02:58', NULL, NULL, NULL, NULL, NULL),
(12, 40, 2, 'cambio_estado', 'Demanda radicada', 'Radicación exitosa en juzgado.', '2025-12-09', NULL, NULL, 1, '2026-02-05 18:02:58', '2026-02-05 18:02:58', NULL, NULL, NULL, NULL, NULL),
(13, 40, 2, 'auto', 'Auto admisorio de demanda', 'El juzgado admite la demanda y ordena librar mandamiento de pago.', '2025-12-11', NULL, NULL, 0, '2026-02-05 18:02:58', '2026-02-05 18:02:58', NULL, NULL, NULL, NULL, NULL),
(14, 40, 4, 'auto', 'Mandamiento de pago librado', 'Se libra mandamiento de pago a favor del demandante.', '2025-12-16', NULL, NULL, 0, '2026-02-05 18:02:58', '2026-02-05 18:02:58', NULL, NULL, NULL, NULL, NULL),
(15, 41, 5, 'email_recibido', 'Caso recibido del cliente', 'Se reciben documentos vía email para análisis y gestión.', '2026-01-31', NULL, NULL, 0, '2026-02-05 18:02:58', '2026-02-05 18:02:58', NULL, NULL, NULL, NULL, NULL),
(16, 41, 2, 'cambio_estado', 'Caso en análisis', 'Se procede a revisar documentación y viabilidad del proceso.', '2026-02-03', NULL, NULL, 1, '2026-02-05 18:02:58', '2026-02-05 18:02:58', NULL, NULL, NULL, NULL, NULL),
(17, 42, 5, 'email_recibido', 'Caso recibido del cliente', 'Proceso iniciado.', '2025-12-12', NULL, NULL, 0, '2026-02-05 18:02:58', '2026-02-05 18:02:58', NULL, NULL, NULL, NULL, NULL),
(18, 42, 2, 'cambio_estado', 'Demanda radicada', 'Radicación exitosa en juzgado.', '2025-12-16', NULL, NULL, 1, '2026-02-05 18:02:58', '2026-02-05 18:02:58', NULL, NULL, NULL, NULL, NULL),
(19, 42, 2, 'auto', 'Auto admisorio de demanda', 'El juzgado admite la demanda y ordena librar mandamiento de pago.', '2025-12-20', NULL, NULL, 0, '2026-02-05 18:02:58', '2026-02-05 18:02:58', NULL, NULL, NULL, NULL, NULL),
(20, 42, 4, 'auto', 'Mandamiento de pago librado', 'Se libra mandamiento de pago a favor del demandante.', '2025-12-24', NULL, NULL, 0, '2026-02-05 18:02:58', '2026-02-05 18:02:58', NULL, NULL, NULL, NULL, NULL),
(21, 43, 5, 'email_recibido', 'Caso recibido del cliente', 'Documentos completos y verificados.', '2026-01-11', NULL, NULL, 0, '2026-02-05 18:02:58', '2026-02-05 18:02:58', NULL, NULL, NULL, NULL, NULL),
(22, 43, 2, 'cambio_estado', 'Demanda redactada', 'Demanda ejecutiva generada y revisada por gerencia.', '2026-01-17', NULL, NULL, 1, '2026-02-05 18:02:58', '2026-02-05 18:02:58', NULL, NULL, NULL, NULL, NULL),
(23, 43, 2, 'oficio', 'Demanda radicada en juzgado', 'Se radica demanda ejecutiva. Acta de reparto adjunta.', '2026-01-21', NULL, NULL, 0, '2026-02-05 18:02:58', '2026-02-05 18:02:58', NULL, NULL, NULL, NULL, NULL),
(24, 44, 5, 'email_recibido', 'Caso recibido', 'Proceso completo desde ingesta.', '2025-11-07', NULL, NULL, 0, '2026-02-05 18:02:58', '2026-02-05 18:02:58', NULL, NULL, NULL, NULL, NULL),
(25, 44, 2, 'auto', 'Sentencia favorable', 'El juzgado dicta sentencia a favor. Se ordena continuar ejecución.', '2025-11-09', NULL, NULL, 0, '2026-02-05 18:02:58', '2026-02-05 18:02:58', NULL, NULL, NULL, NULL, NULL),
(26, 45, 5, 'email_recibido', 'Caso recibido del cliente', 'Se reciben documentos vía email para análisis y gestión.', '2026-02-03', NULL, NULL, 0, '2026-02-05 18:02:58', '2026-02-05 18:02:58', NULL, NULL, NULL, NULL, NULL),
(27, 46, 5, 'email_recibido', 'Caso recibido', 'Proceso en etapa de liquidación.', '2025-10-08', NULL, NULL, 0, '2026-02-05 18:02:58', '2026-02-05 18:02:58', NULL, NULL, NULL, NULL, NULL),
(28, 46, 2, 'auto', 'Liquidación del crédito aprobada', 'Liquidación de costas y crédito aprobada por el juzgado.', '2025-10-11', NULL, NULL, 0, '2026-02-05 18:02:58', '2026-02-05 18:02:58', NULL, NULL, NULL, NULL, NULL),
(29, 47, 5, 'email_recibido', 'Caso recibido del cliente', 'Proceso iniciado.', '2025-12-27', NULL, NULL, 0, '2026-02-05 18:02:58', '2026-02-05 18:02:58', NULL, NULL, NULL, NULL, NULL),
(30, 47, 2, 'cambio_estado', 'Demanda radicada', 'Radicación exitosa en juzgado.', '2026-01-01', NULL, NULL, 1, '2026-02-05 18:02:58', '2026-02-05 18:02:58', NULL, NULL, NULL, NULL, NULL),
(31, 47, 2, 'auto', 'Auto admisorio de demanda', 'El juzgado admite la demanda y ordena librar mandamiento de pago.', '2026-01-10', NULL, NULL, 0, '2026-02-05 18:02:58', '2026-02-05 18:02:58', NULL, NULL, NULL, NULL, NULL),
(32, 47, 4, 'auto', 'Mandamiento de pago librado', 'Se libra mandamiento de pago a favor del demandante.', '2026-01-17', NULL, NULL, 0, '2026-02-05 18:02:58', '2026-02-05 18:02:58', NULL, NULL, NULL, NULL, NULL),
(33, 48, 5, 'email_recibido', 'Caso recibido del cliente', 'Documentos completos, caso viable para demanda.', '2026-01-21', NULL, NULL, 0, '2026-02-05 18:02:58', '2026-02-05 18:02:58', NULL, NULL, NULL, NULL, NULL),
(34, 48, 2, 'cambio_estado', 'Caso asignado a sustanciador', 'Documentación completa. Se asigna para redacción de demanda.', '2026-01-26', NULL, NULL, 1, '2026-02-05 18:02:58', '2026-02-05 18:02:58', NULL, NULL, NULL, NULL, NULL),
(35, 48, 2, 'oficio', 'FO-SG-025 diligenciado', 'Orden de gestión firmada por asistente, sustanciador y gerente.', '2026-01-31', NULL, NULL, 0, '2026-02-05 18:02:58', '2026-02-05 18:02:58', NULL, NULL, NULL, NULL, NULL),
(36, 49, 5, 'email_recibido', 'Caso recibido del cliente', 'Documentos completos y verificados.', '2026-01-14', NULL, NULL, 0, '2026-02-05 18:02:58', '2026-02-05 18:02:58', NULL, NULL, NULL, NULL, NULL),
(37, 49, 2, 'cambio_estado', 'Demanda redactada', 'Demanda ejecutiva generada y revisada por gerencia.', '2026-01-18', NULL, NULL, 1, '2026-02-05 18:02:58', '2026-02-05 18:02:58', NULL, NULL, NULL, NULL, NULL),
(38, 49, 2, 'oficio', 'Demanda radicada en juzgado', 'Se radica demanda ejecutiva. Acta de reparto adjunta.', '2026-01-22', NULL, NULL, 0, '2026-02-05 18:02:58', '2026-02-05 18:02:58', NULL, NULL, NULL, NULL, NULL),
(39, 50, 5, 'email_recibido', 'Caso recibido del cliente', 'Proceso iniciado.', '2025-11-22', NULL, NULL, 0, '2026-02-05 18:02:58', '2026-02-05 18:02:58', NULL, NULL, NULL, NULL, NULL),
(40, 50, 2, 'cambio_estado', 'Demanda radicada', 'Radicación exitosa en juzgado.', '2025-11-24', NULL, NULL, 1, '2026-02-05 18:02:58', '2026-02-05 18:02:58', NULL, NULL, NULL, NULL, NULL),
(41, 50, 2, 'auto', 'Auto admisorio de demanda', 'El juzgado admite la demanda y ordena librar mandamiento de pago.', '2025-11-30', NULL, NULL, 0, '2026-02-05 18:02:58', '2026-02-05 18:02:58', NULL, NULL, NULL, NULL, NULL),
(42, 50, 4, 'auto', 'Mandamiento de pago librado', 'Se libra mandamiento de pago a favor del demandante.', '2025-12-01', NULL, NULL, 0, '2026-02-05 18:02:58', '2026-02-05 18:02:58', NULL, NULL, NULL, NULL, NULL),
(43, 51, 5, 'email_recibido', 'Caso recibido', 'Proceso terminado.', '2025-09-08', NULL, NULL, 0, '2026-02-05 18:02:58', '2026-02-05 18:02:58', NULL, NULL, NULL, NULL, NULL),
(44, 51, 2, 'cambio_estado', 'Proceso terminado', 'Se archiva expediente. Recuperación exitosa.', '2025-09-14', NULL, NULL, 1, '2026-02-05 18:02:58', '2026-02-05 18:02:58', NULL, NULL, NULL, NULL, NULL),
(45, 52, 5, 'email_recibido', 'Caso recibido del cliente', 'Se reciben documentos vía email para análisis y gestión.', '2026-02-01', NULL, NULL, 0, '2026-02-05 18:02:58', '2026-02-05 18:02:58', NULL, NULL, NULL, NULL, NULL),
(46, 52, 2, 'cambio_estado', 'Caso en análisis', 'Se procede a revisar documentación y viabilidad del proceso.', '2026-02-05', NULL, NULL, 1, '2026-02-05 18:02:58', '2026-02-05 18:02:58', NULL, NULL, NULL, NULL, NULL),
(47, 53, 5, 'email_recibido', 'Caso recibido del cliente', 'Proceso iniciado.', '2025-12-17', NULL, NULL, 0, '2026-02-05 18:02:58', '2026-02-05 18:02:58', NULL, NULL, NULL, NULL, NULL),
(48, 53, 2, 'cambio_estado', 'Demanda radicada', 'Radicación exitosa en juzgado.', '2025-12-23', NULL, NULL, 1, '2026-02-05 18:02:58', '2026-02-05 18:02:58', NULL, NULL, NULL, NULL, NULL),
(49, 53, 2, 'auto', 'Auto admisorio de demanda', 'El juzgado admite la demanda y ordena librar mandamiento de pago.', '2025-12-29', NULL, NULL, 0, '2026-02-05 18:02:58', '2026-02-05 18:02:58', NULL, NULL, NULL, NULL, NULL),
(50, 53, 4, 'auto', 'Mandamiento de pago librado', 'Se libra mandamiento de pago a favor del demandante.', '2025-12-26', NULL, NULL, 0, '2026-02-05 18:02:58', '2026-02-05 18:02:58', NULL, NULL, NULL, NULL, NULL),
(51, 54, 5, 'email_recibido', 'Caso recibido del cliente', 'Documentos completos y verificados.', '2026-01-16', NULL, NULL, 0, '2026-02-05 18:02:58', '2026-02-05 18:02:58', NULL, NULL, NULL, NULL, NULL),
(52, 54, 2, 'cambio_estado', 'Demanda redactada', 'Demanda ejecutiva generada y revisada por gerencia.', '2026-01-19', NULL, NULL, 1, '2026-02-05 18:02:58', '2026-02-05 18:02:58', NULL, NULL, NULL, NULL, NULL),
(53, 54, 2, 'oficio', 'Demanda radicada en juzgado', 'Se radica demanda ejecutiva. Acta de reparto adjunta.', '2026-01-24', NULL, NULL, 0, '2026-02-05 18:02:58', '2026-02-05 18:02:58', NULL, NULL, NULL, NULL, NULL),
(54, 55, 5, 'email_recibido', 'Caso recibido del cliente', 'Documentos completos, caso viable para demanda.', '2026-01-26', NULL, NULL, 0, '2026-02-05 18:02:58', '2026-02-05 18:02:58', NULL, NULL, NULL, NULL, NULL),
(55, 55, 2, 'cambio_estado', 'Caso asignado a sustanciador', 'Documentación completa. Se asigna para redacción de demanda.', '2026-01-30', NULL, NULL, 1, '2026-02-05 18:02:59', '2026-02-05 18:02:59', NULL, NULL, NULL, NULL, NULL),
(56, 55, 2, 'oficio', 'FO-SG-025 diligenciado', 'Orden de gestión firmada por asistente, sustanciador y gerente.', '2026-02-07', NULL, NULL, 0, '2026-02-05 18:02:59', '2026-02-05 18:02:59', NULL, NULL, NULL, NULL, NULL),
(57, 56, 5, 'email_recibido', 'Caso recibido del cliente', 'Se reciben documentos vía email para análisis y gestión.', '2026-02-04', NULL, NULL, 0, '2026-02-05 18:02:59', '2026-02-05 18:02:59', NULL, NULL, NULL, NULL, NULL),
(58, 57, 5, 'email_recibido', 'Caso recibido del cliente', 'Proceso iniciado.', '2025-12-02', NULL, NULL, 0, '2026-02-05 18:02:59', '2026-02-05 18:02:59', NULL, NULL, NULL, NULL, NULL),
(59, 57, 2, 'cambio_estado', 'Demanda radicada', 'Radicación exitosa en juzgado.', '2025-12-04', NULL, NULL, 1, '2026-02-05 18:02:59', '2026-02-05 18:02:59', NULL, NULL, NULL, NULL, NULL),
(60, 57, 2, 'auto', 'Auto admisorio de demanda', 'El juzgado admite la demanda y ordena librar mandamiento de pago.', '2025-12-10', NULL, NULL, 0, '2026-02-05 18:02:59', '2026-02-05 18:02:59', NULL, NULL, NULL, NULL, NULL),
(61, 57, 4, 'auto', 'Mandamiento de pago librado', 'Se libra mandamiento de pago a favor del demandante.', '2025-12-17', NULL, NULL, 0, '2026-02-05 18:02:59', '2026-02-05 18:02:59', NULL, NULL, NULL, NULL, NULL),
(62, 58, 5, 'email_recibido', 'Caso recibido del cliente', 'Documentos completos y verificados.', '2026-01-18', NULL, NULL, 0, '2026-02-05 18:02:59', '2026-02-05 18:02:59', NULL, NULL, NULL, NULL, NULL),
(63, 58, 2, 'cambio_estado', 'Demanda redactada', 'Demanda ejecutiva generada y revisada por gerencia.', '2026-01-22', NULL, NULL, 1, '2026-02-05 18:02:59', '2026-02-05 18:02:59', NULL, NULL, NULL, NULL, NULL),
(64, 58, 2, 'oficio', 'Demanda radicada en juzgado', 'Se radica demanda ejecutiva. Acta de reparto adjunta.', '2026-01-22', NULL, NULL, 0, '2026-02-05 18:02:59', '2026-02-05 18:02:59', NULL, NULL, NULL, NULL, NULL),
(65, 59, 5, 'email_recibido', 'Caso recibido del cliente', 'Documentos completos, caso viable para demanda.', '2026-01-22', NULL, NULL, 0, '2026-02-05 18:02:59', '2026-02-05 18:02:59', NULL, NULL, NULL, NULL, NULL),
(66, 59, 2, 'cambio_estado', 'Caso asignado a sustanciador', 'Documentación completa. Se asigna para redacción de demanda.', '2026-01-24', NULL, NULL, 1, '2026-02-05 18:02:59', '2026-02-05 18:02:59', NULL, NULL, NULL, NULL, NULL),
(67, 59, 2, 'oficio', 'FO-SG-025 diligenciado', 'Orden de gestión firmada por asistente, sustanciador y gerente.', '2026-02-03', NULL, NULL, 0, '2026-02-05 18:02:59', '2026-02-05 18:02:59', NULL, NULL, NULL, NULL, NULL),
(68, 60, 5, 'email_recibido', 'Caso recibido del cliente', 'Proceso iniciado.', '2025-12-09', NULL, NULL, 0, '2026-02-05 18:02:59', '2026-02-05 18:02:59', NULL, NULL, NULL, NULL, NULL),
(69, 60, 2, 'cambio_estado', 'Demanda radicada', 'Radicación exitosa en juzgado.', '2025-12-16', NULL, NULL, 1, '2026-02-05 18:02:59', '2026-02-05 18:02:59', NULL, NULL, NULL, NULL, NULL),
(70, 60, 2, 'auto', 'Auto admisorio de demanda', 'El juzgado admite la demanda y ordena librar mandamiento de pago.', '2025-12-15', NULL, NULL, 0, '2026-02-05 18:02:59', '2026-02-05 18:02:59', NULL, NULL, NULL, NULL, NULL),
(71, 60, 4, 'auto', 'Mandamiento de pago librado', 'Se libra mandamiento de pago a favor del demandante.', '2025-12-15', NULL, NULL, 0, '2026-02-05 18:02:59', '2026-02-05 18:02:59', NULL, NULL, NULL, NULL, NULL),
(72, 61, 5, 'email_recibido', 'Caso recibido del cliente', 'Se reciben documentos vía email para análisis y gestión.', '2026-01-30', NULL, NULL, 0, '2026-02-05 18:02:59', '2026-02-05 18:02:59', NULL, NULL, NULL, NULL, NULL),
(73, 61, 2, 'cambio_estado', 'Caso en análisis', 'Se procede a revisar documentación y viabilidad del proceso.', '2026-02-02', NULL, NULL, 1, '2026-02-05 18:02:59', '2026-02-05 18:02:59', NULL, NULL, NULL, NULL, NULL),
(74, 62, 5, 'email_recibido', 'Caso recibido del cliente', 'Proceso iniciado.', '2025-11-17', NULL, NULL, 0, '2026-02-05 18:02:59', '2026-02-05 18:02:59', NULL, NULL, NULL, NULL, NULL),
(75, 62, 2, 'cambio_estado', 'Demanda radicada', 'Radicación exitosa en juzgado.', '2025-11-24', NULL, NULL, 1, '2026-02-05 18:02:59', '2026-02-05 18:02:59', NULL, NULL, NULL, NULL, NULL),
(76, 62, 2, 'auto', 'Auto admisorio de demanda', 'El juzgado admite la demanda y ordena librar mandamiento de pago.', '2025-11-25', NULL, NULL, 0, '2026-02-05 18:02:59', '2026-02-05 18:02:59', NULL, NULL, NULL, NULL, NULL),
(77, 62, 4, 'auto', 'Mandamiento de pago librado', 'Se libra mandamiento de pago a favor del demandante.', '2025-11-29', NULL, NULL, 0, '2026-02-05 18:02:59', '2026-02-05 18:02:59', NULL, NULL, NULL, NULL, NULL),
(78, 63, 5, 'email_recibido', 'Caso recibido', 'Proceso terminado.', '2025-09-18', NULL, NULL, 0, '2026-02-05 18:02:59', '2026-02-05 18:02:59', NULL, NULL, NULL, NULL, NULL),
(79, 63, 2, 'cambio_estado', 'Proceso terminado', 'Se archiva expediente. Recuperación exitosa.', '2025-09-23', NULL, NULL, 1, '2026-02-05 18:02:59', '2026-02-05 18:02:59', NULL, NULL, NULL, NULL, NULL),
(80, 64, 5, 'email_recibido', 'Caso recibido del cliente', 'Documentos completos y verificados.', '2026-01-08', NULL, NULL, 0, '2026-02-05 18:02:59', '2026-02-05 18:02:59', NULL, NULL, NULL, NULL, NULL),
(81, 64, 2, 'cambio_estado', 'Demanda redactada', 'Demanda ejecutiva generada y revisada por gerencia.', '2026-01-10', NULL, NULL, 1, '2026-02-05 18:02:59', '2026-02-05 18:02:59', NULL, NULL, NULL, NULL, NULL),
(82, 64, 2, 'oficio', 'Demanda radicada en juzgado', 'Se radica demanda ejecutiva. Acta de reparto adjunta.', '2026-01-16', NULL, NULL, 0, '2026-02-05 18:02:59', '2026-02-05 18:02:59', NULL, NULL, NULL, NULL, NULL),
(83, 65, 5, 'email_recibido', 'Caso recibido del cliente', 'Se reciben documentos vía email para análisis y gestión.', '2026-02-02', NULL, NULL, 0, '2026-02-05 18:02:59', '2026-02-05 18:02:59', NULL, NULL, NULL, NULL, NULL),
(84, 66, 5, 'email_recibido', 'Caso recibido del cliente', 'Documentos completos, caso viable para demanda.', '2026-01-25', NULL, NULL, 0, '2026-02-05 18:02:59', '2026-02-05 18:02:59', NULL, NULL, NULL, NULL, NULL),
(85, 66, 2, 'cambio_estado', 'Caso asignado a sustanciador', 'Documentación completa. Se asigna para redacción de demanda.', '2026-01-31', NULL, NULL, 1, '2026-02-05 18:02:59', '2026-02-05 18:02:59', NULL, NULL, NULL, NULL, NULL),
(86, 66, 2, 'oficio', 'FO-SG-025 diligenciado', 'Orden de gestión firmada por asistente, sustanciador y gerente.', '2026-01-31', NULL, NULL, 0, '2026-02-05 18:02:59', '2026-02-05 18:02:59', NULL, NULL, NULL, NULL, NULL),
(87, 52, 1, 'asignacion', 'Asignado como Sustanciador: Andrés Patiño', NULL, '2026-02-07', NULL, NULL, 1, '2026-02-07 20:51:45', '2026-02-07 20:51:45', NULL, NULL, NULL, NULL, NULL),
(88, 52, 1, 'otro', 'Documento generado: Acuerdo de Pago', 'Plantilla \'Acuerdo de Pago\' generada automáticamente.', '2026-02-08', NULL, NULL, 1, '2026-02-08 02:00:38', '2026-02-08 02:00:38', NULL, NULL, NULL, NULL, NULL),
(89, 52, 1, 'otro', 'Documento generado: Acuerdo de Pago', 'Plantilla \'Acuerdo de Pago\' generada automáticamente.', '2026-02-08', NULL, NULL, 1, '2026-02-08 02:00:39', '2026-02-08 02:00:39', NULL, NULL, NULL, NULL, NULL),
(90, 67, 1, 'oficio', 'Prueba', 'Prueba1', '2026-02-10', '2026-02-11', NULL, 0, '2026-02-10 13:12:31', '2026-02-10 13:12:31', NULL, NULL, NULL, NULL, NULL),
(91, 67, 1, 'cambio_estado', 'Estado: Recepción → Análisis', 'Transición de estado automática', '2026-02-10', NULL, NULL, 1, '2026-02-10 13:12:37', '2026-02-10 13:12:37', NULL, NULL, NULL, NULL, NULL),
(92, 67, 1, 'impulso', 'Prueba1', 'Prueba1', '2026-02-10', NULL, NULL, 0, '2026-02-10 13:13:19', '2026-02-10 13:13:19', NULL, NULL, NULL, NULL, NULL),
(93, 67, 1, 'cambio_estado', 'Estado: Análisis → Terminado', 'Transición de estado automática', '2026-02-10', NULL, NULL, 1, '2026-02-10 13:13:30', '2026-02-10 13:13:30', NULL, NULL, NULL, NULL, NULL),
(94, 67, 1, 'otro', 'FO-SG-025: Firma Asistente — Admin YBER', NULL, '2026-02-10', NULL, NULL, 1, '2026-02-10 13:14:28', '2026-02-10 13:14:28', NULL, NULL, NULL, NULL, NULL),
(95, 67, 1, 'otro', 'FO-SG-025: Firma Sustanciador — Admin YBER', NULL, '2026-02-10', NULL, NULL, 1, '2026-02-10 13:14:43', '2026-02-10 13:14:43', NULL, NULL, NULL, NULL, NULL),
(96, 67, 1, 'otro', 'FO-SG-025: Firma Gerente — Admin YBER', NULL, '2026-02-10', NULL, NULL, 1, '2026-02-10 13:14:46', '2026-02-10 13:14:46', NULL, NULL, NULL, NULL, NULL),
(97, 65, 1, 'cambio_estado', 'Estado: Recepción → Análisis', 'Transición de estado automática', '2026-02-10', NULL, NULL, 1, '2026-02-10 16:00:31', '2026-02-10 16:00:31', NULL, NULL, NULL, NULL, NULL),
(98, 68, 1, 'otro', 'Documento generado: Acuerdo de Pago', 'Plantilla \'Acuerdo de Pago\' generada automáticamente.', '2026-02-10', NULL, NULL, 1, '2026-02-10 16:30:29', '2026-02-10 16:30:29', NULL, NULL, NULL, NULL, NULL),
(99, 68, 1, 'otro', 'Documento generado: Acuerdo de Pago', 'Plantilla \'Acuerdo de Pago\' generada automáticamente.', '2026-02-10', NULL, NULL, 1, '2026-02-10 16:30:32', '2026-02-10 16:30:32', NULL, NULL, NULL, NULL, NULL),
(100, 68, 1, 'otro', 'Documento generado: Requerimiento de Pago Prejudicial', 'Plantilla \'Requerimiento de Pago Prejudicial\' generada automáticamente.', '2026-02-10', NULL, NULL, 1, '2026-02-10 16:30:44', '2026-02-10 16:30:44', NULL, NULL, NULL, NULL, NULL),
(101, 68, 1, 'otro', 'Documento generado: Requerimiento de Pago Prejudicial', 'Plantilla \'Requerimiento de Pago Prejudicial\' generada automáticamente.', '2026-02-10', NULL, NULL, 1, '2026-02-10 16:30:46', '2026-02-10 16:30:46', NULL, NULL, NULL, NULL, NULL),
(102, 69, 1, 'otro', 'Documento subido: #1 — Prueba.docx', NULL, '2026-02-12', NULL, 'expedientes/Banco Colpatria/2026/YBER-2026-0069/demanda/001_demanda.docx', 1, '2026-02-12 13:24:35', '2026-02-12 13:24:35', NULL, NULL, NULL, NULL, NULL),
(103, 69, 1, 'otro', 'Documento generado: Acuerdo de Pago', 'Plantilla \'Acuerdo de Pago\' generada automáticamente.', '2026-02-12', NULL, NULL, 1, '2026-02-12 13:26:41', '2026-02-12 13:26:41', NULL, NULL, NULL, NULL, NULL),
(104, 69, 1, 'otro', 'Documento generado: Acuerdo de Pago', 'Plantilla \'Acuerdo de Pago\' generada automáticamente.', '2026-02-12', NULL, NULL, 1, '2026-02-12 13:26:43', '2026-02-12 13:26:43', NULL, NULL, NULL, NULL, NULL),
(105, 69, 1, 'otro', 'Documento generado: Requerimiento de Pago Prejudicial', 'Plantilla \'Requerimiento de Pago Prejudicial\' generada automáticamente.', '2026-02-12', NULL, NULL, 1, '2026-02-12 13:27:15', '2026-02-12 13:27:15', NULL, NULL, NULL, NULL, NULL),
(106, 69, 1, 'otro', 'Documento generado: Requerimiento de Pago Prejudicial', 'Plantilla \'Requerimiento de Pago Prejudicial\' generada automáticamente.', '2026-02-12', NULL, NULL, 1, '2026-02-12 13:27:17', '2026-02-12 13:27:17', NULL, NULL, NULL, NULL, NULL),
(107, 69, 1, 'otro', 'FO-SG-025: Firma Asistente — Admin YBER', NULL, '2026-02-12', NULL, NULL, 1, '2026-02-12 13:36:29', '2026-02-12 13:36:29', NULL, NULL, NULL, NULL, NULL),
(108, 69, 1, 'otro', 'FO-SG-025: Firma Sustanciador — Admin YBER', NULL, '2026-02-12', NULL, NULL, 1, '2026-02-12 13:36:31', '2026-02-12 13:36:31', NULL, NULL, NULL, NULL, NULL),
(109, 69, 1, 'otro', 'FO-SG-025: Firma Gerente — Admin YBER', NULL, '2026-02-12', NULL, NULL, 1, '2026-02-12 13:36:33', '2026-02-12 13:36:33', NULL, NULL, NULL, NULL, NULL),
(110, 69, 1, 'asignacion', 'Asignado como Sustanciador: Carolina Prueba', NULL, '2026-02-12', NULL, NULL, 1, '2026-02-12 13:44:06', '2026-02-12 13:44:06', NULL, NULL, NULL, NULL, NULL),
(111, 69, 1, 'asignacion', 'Asignado como Gerente: Admin YBER', NULL, '2026-02-12', NULL, NULL, 1, '2026-02-12 13:44:26', '2026-02-12 13:44:26', NULL, NULL, NULL, NULL, NULL),
(112, 69, 1, 'cambio_estado', 'Estado: Recepción → Análisis', 'Transición de estado automática', '2026-02-12', NULL, NULL, 1, '2026-02-12 14:16:27', '2026-02-12 14:16:27', NULL, NULL, NULL, NULL, NULL),
(113, 68, 1, 'cambio_estado', 'Estado: Recepción → Análisis', 'Transición de estado automática', '2026-02-12', NULL, NULL, 1, '2026-02-12 18:42:12', '2026-02-12 18:42:12', NULL, NULL, NULL, NULL, NULL),
(114, 56, 1, 'cambio_estado', 'Estado: Recepción → Análisis', 'Transición de estado automática', '2026-02-12', NULL, NULL, 1, '2026-02-12 20:29:57', '2026-02-12 20:29:57', NULL, NULL, NULL, NULL, NULL),
(115, 56, 1, 'otro', 'FO-SG-025: Firma Asistente — Admin YBER', NULL, '2026-02-12', NULL, NULL, 1, '2026-02-12 20:30:42', '2026-02-12 20:30:42', NULL, NULL, NULL, NULL, NULL),
(116, 56, 1, 'otro', 'FO-SG-025: Firma Sustanciador — Admin YBER', NULL, '2026-02-12', NULL, NULL, 1, '2026-02-12 20:30:42', '2026-02-12 20:30:42', NULL, NULL, NULL, NULL, NULL),
(117, 56, 1, 'otro', 'FO-SG-025: Firma Gerente — Admin YBER', NULL, '2026-02-12', NULL, NULL, 1, '2026-02-12 20:30:43', '2026-02-12 20:30:43', NULL, NULL, NULL, NULL, NULL),
(118, 56, 1, 'cambio_estado', 'Estado: Análisis → Redacción', 'Transición de estado automática', '2026-02-12', NULL, NULL, 1, '2026-02-12 20:33:43', '2026-02-12 20:33:43', NULL, NULL, NULL, NULL, NULL),
(119, 56, 1, 'cambio_estado', 'Estado: Redacción → Revisión', 'Transición de estado automática', '2026-02-12', NULL, NULL, 1, '2026-02-12 20:39:14', '2026-02-12 20:39:14', NULL, NULL, NULL, NULL, NULL),
(120, 56, 1, 'cambio_estado', 'Estado: Revisión → Redacción', 'Transición de estado automática', '2026-02-12', NULL, NULL, 1, '2026-02-12 20:39:50', '2026-02-12 20:39:50', NULL, NULL, NULL, NULL, NULL),
(121, 56, 1, 'otro', 'Documento generado: Demanda Ejecutiva', 'Plantilla \'Demanda Ejecutiva\' generada automáticamente.', '2026-02-12', NULL, NULL, 1, '2026-02-12 20:40:08', '2026-02-12 20:40:08', NULL, NULL, NULL, NULL, NULL),
(122, 56, 1, 'otro', 'Documento generado: Demanda Ejecutiva', 'Plantilla \'Demanda Ejecutiva\' generada automáticamente.', '2026-02-12', NULL, NULL, 1, '2026-02-12 20:40:10', '2026-02-12 20:40:10', NULL, NULL, NULL, NULL, NULL),
(123, 56, 1, 'cambio_estado', 'Estado: Redacción → Revisión', 'Transición de estado automática', '2026-02-12', NULL, NULL, 1, '2026-02-12 20:41:16', '2026-02-12 20:41:16', NULL, NULL, NULL, NULL, NULL),
(124, 56, 1, 'otro', 'Documento generado: Liquidación de Crédito', 'Plantilla \'Liquidación de Crédito\' generada automáticamente.', '2026-02-12', NULL, NULL, 1, '2026-02-12 20:41:48', '2026-02-12 20:41:48', NULL, NULL, NULL, NULL, NULL),
(125, 56, 1, 'otro', 'Documento generado: Liquidación de Crédito', 'Plantilla \'Liquidación de Crédito\' generada automáticamente.', '2026-02-12', NULL, NULL, 1, '2026-02-12 20:41:50', '2026-02-12 20:41:50', NULL, NULL, NULL, NULL, NULL),
(126, 56, 1, 'otro', 'Documento generado: Demanda Ejecutiva', 'Plantilla \'Demanda Ejecutiva\' generada automáticamente.', '2026-02-12', NULL, NULL, 1, '2026-02-12 20:42:08', '2026-02-12 20:42:08', NULL, NULL, NULL, NULL, NULL),
(127, 56, 1, 'otro', 'Documento generado: Demanda Ejecutiva', 'Plantilla \'Demanda Ejecutiva\' generada automáticamente.', '2026-02-12', NULL, NULL, 1, '2026-02-12 20:42:10', '2026-02-12 20:42:10', NULL, NULL, NULL, NULL, NULL),
(128, 56, 1, 'otro', 'Documento subido: #1 — Prueba.docx', NULL, '2026-02-12', NULL, 'expedientes/Megalínea S.A./2026/YBER-2026-0056/demanda/001_demanda.docx', 1, '2026-02-12 20:42:52', '2026-02-12 20:42:52', NULL, NULL, NULL, NULL, NULL),
(129, 56, 1, 'cambio_estado', 'Estado: Revisión → Redacción', 'Transición de estado automática', '2026-02-12', NULL, NULL, 1, '2026-02-12 20:42:56', '2026-02-12 20:42:56', NULL, NULL, NULL, NULL, NULL),
(130, 56, 1, 'cambio_estado', 'Estado: Redacción → Revisión', 'Transición de estado automática', '2026-02-12', NULL, NULL, 1, '2026-02-12 20:43:26', '2026-02-12 20:43:26', NULL, NULL, NULL, NULL, NULL),
(131, 56, 1, 'cambio_estado', 'Estado: Revisión → Radicado', 'Transición de estado automática', '2026-02-12', NULL, NULL, 1, '2026-02-12 20:43:41', '2026-02-12 20:43:41', NULL, NULL, NULL, NULL, NULL),
(132, 56, 1, 'cambio_estado', 'Estado: Radicado → Seguimiento', 'Transición de estado automática', '2026-02-12', NULL, NULL, 1, '2026-02-12 20:44:05', '2026-02-12 20:44:05', NULL, NULL, NULL, NULL, NULL),
(133, 56, 1, 'cambio_estado', 'Estado: Seguimiento → Sentencia', 'Transición de estado automática', '2026-02-12', NULL, NULL, 1, '2026-02-12 20:44:40', '2026-02-12 20:44:40', NULL, NULL, NULL, NULL, NULL),
(134, 56, 1, 'cambio_estado', 'Estado: Sentencia → Liquidación', 'Transición de estado automática', '2026-02-12', NULL, NULL, 1, '2026-02-12 20:45:07', '2026-02-12 20:45:07', NULL, NULL, NULL, NULL, NULL),
(135, 56, 1, 'cambio_estado', 'Estado: Liquidación → Terminado', 'Transición de estado automática', '2026-02-12', NULL, NULL, 1, '2026-02-12 20:45:25', '2026-02-12 20:45:25', NULL, NULL, NULL, NULL, NULL),
(136, 70, 1, 'auto', 'prueba5', 'Prueba5', '2026-02-13', '2026-02-20', NULL, 0, '2026-02-13 05:22:29', '2026-02-13 05:22:29', NULL, NULL, NULL, NULL, NULL),
(137, 70, 1, 'otro', 'Documento generado: Acuerdo de Pago', 'Plantilla \'Acuerdo de Pago\' generada automáticamente.', '2026-02-13', NULL, NULL, 1, '2026-02-13 05:30:27', '2026-02-13 05:30:27', NULL, NULL, NULL, NULL, NULL),
(138, 70, 1, 'otro', 'Documento generado: Acuerdo de Pago', 'Plantilla \'Acuerdo de Pago\' generada automáticamente.', '2026-02-13', NULL, NULL, 1, '2026-02-13 05:30:29', '2026-02-13 05:30:29', NULL, NULL, NULL, NULL, NULL),
(139, 70, 1, 'otro', 'FO-SG-025: Firma Asistente — Admin YBER', NULL, '2026-02-13', NULL, NULL, 1, '2026-02-13 05:32:02', '2026-02-13 05:32:02', NULL, NULL, NULL, NULL, NULL),
(140, 70, 1, 'otro', 'FO-SG-025: Firma Sustanciador — Admin YBER', NULL, '2026-02-13', NULL, NULL, 1, '2026-02-13 05:32:08', '2026-02-13 05:32:08', NULL, NULL, NULL, NULL, NULL),
(141, 70, 1, 'otro', 'FO-SG-025: Firma Gerente — Admin YBER', NULL, '2026-02-13', NULL, NULL, 1, '2026-02-13 05:32:13', '2026-02-13 05:32:13', NULL, NULL, NULL, NULL, NULL),
(142, 70, 1, 'asignacion', 'Asignado como Sustanciador: Felipe Rodríguez', NULL, '2026-02-13', NULL, NULL, 1, '2026-02-13 05:33:02', '2026-02-13 05:33:02', NULL, NULL, NULL, NULL, NULL),
(143, 70, 1, 'asignacion', 'Asignado como Sustanciador: Carolina Prueba', NULL, '2026-02-13', NULL, NULL, 1, '2026-02-13 05:33:27', '2026-02-13 05:33:27', NULL, NULL, NULL, NULL, NULL),
(144, 70, 1, 'cambio_estado', 'Estado: Recepción → Análisis', 'Transición de estado automática', '2026-02-13', NULL, NULL, 1, '2026-02-13 05:35:18', '2026-02-13 05:35:18', NULL, NULL, NULL, NULL, NULL),
(145, 70, 1, 'cambio_estado', 'Estado: Análisis → Redacción', 'Transición de estado automática', '2026-02-13', NULL, NULL, 1, '2026-02-13 05:36:00', '2026-02-13 05:36:00', NULL, NULL, NULL, NULL, NULL),
(146, 70, 1, 'otro', 'Documento subido: #1 — Prueba.docx', NULL, '2026-02-13', NULL, 'expedientes/Banco Colpatria/2025/YBER-2026-0070/demanda/001_poder.docx', 1, '2026-02-13 05:36:34', '2026-02-13 05:36:34', NULL, NULL, NULL, NULL, NULL),
(147, 70, 1, 'cambio_estado', 'Estado: Redacción → Revisión', 'Transición de estado automática', '2026-02-13', NULL, NULL, 1, '2026-02-13 05:36:59', '2026-02-13 05:36:59', NULL, NULL, NULL, NULL, NULL),
(148, 70, 1, 'cambio_estado', 'Estado: Revisión → Redacción', 'Transición de estado automática', '2026-02-13', NULL, NULL, 1, '2026-02-13 05:37:30', '2026-02-13 05:37:30', NULL, NULL, NULL, NULL, NULL),
(149, 70, 1, 'cambio_estado', 'Estado: Redacción → Revisión', 'Transición de estado automática', '2026-02-13', NULL, NULL, 1, '2026-02-13 05:37:36', '2026-02-13 05:37:36', NULL, NULL, NULL, NULL, NULL),
(150, 70, 1, 'cambio_estado', 'Estado: Revisión → Redacción', 'Transición de estado automática', '2026-02-13', NULL, NULL, 1, '2026-02-13 05:37:41', '2026-02-13 05:37:41', NULL, NULL, NULL, NULL, NULL),
(151, 70, 1, 'cambio_estado', 'Estado: Redacción → Revisión', 'Transición de estado automática', '2026-02-13', NULL, NULL, 1, '2026-02-13 05:37:45', '2026-02-13 05:37:45', NULL, NULL, NULL, NULL, NULL),
(152, 70, 1, 'otro', 'Documento subido: #2 — Prueba.docx', NULL, '2026-02-13', NULL, 'expedientes/Banco Colpatria/2025/YBER-2026-0070/demanda/002_demanda.docx', 1, '2026-02-13 05:38:16', '2026-02-13 05:38:16', NULL, NULL, NULL, NULL, NULL),
(153, 70, 1, 'cambio_estado', 'Estado: Revisión → Redacción', 'Transición de estado automática', '2026-02-13', NULL, NULL, 1, '2026-02-13 05:38:21', '2026-02-13 05:38:21', NULL, NULL, NULL, NULL, NULL),
(154, 70, 1, 'cambio_estado', 'Estado: Redacción → Revisión', 'Transición de estado automática', '2026-02-13', NULL, NULL, 1, '2026-02-13 05:38:28', '2026-02-13 05:38:28', NULL, NULL, NULL, NULL, NULL),
(155, 70, 1, 'otro', 'Documento generado: Demanda Ejecutiva', 'Plantilla \'Demanda Ejecutiva\' generada automáticamente.', '2026-02-13', NULL, NULL, 1, '2026-02-13 05:38:45', '2026-02-13 05:38:45', NULL, NULL, NULL, NULL, NULL),
(156, 70, 1, 'otro', 'Documento generado: Demanda Ejecutiva', 'Plantilla \'Demanda Ejecutiva\' generada automáticamente.', '2026-02-13', NULL, NULL, 1, '2026-02-13 05:38:47', '2026-02-13 05:38:47', NULL, NULL, NULL, NULL, NULL),
(157, 70, 1, 'cambio_estado', 'Estado: Revisión → Redacción', 'Transición de estado automática', '2026-02-13', NULL, NULL, 1, '2026-02-13 05:39:17', '2026-02-13 05:39:17', NULL, NULL, NULL, NULL, NULL),
(158, 70, 1, 'cambio_estado', 'Estado: Redacción → Revisión', 'Transición de estado automática', '2026-02-13', NULL, NULL, 1, '2026-02-13 05:39:24', '2026-02-13 05:39:24', NULL, NULL, NULL, NULL, NULL),
(159, 71, 1, 'otro', 'Documento subido: #1 — Prueba.docx', NULL, '2026-02-13', NULL, 'expedientes/Banco Colpatria/2026/YBER-2026-0071/otros/001_otro.docx', 1, '2026-02-13 22:07:39', '2026-02-13 22:07:39', NULL, NULL, NULL, NULL, NULL),
(160, 71, 1, 'otro', 'Documento generado: Acuerdo de Pago', 'Plantilla \'Acuerdo de Pago\' generada automáticamente.', '2026-02-13', NULL, NULL, 1, '2026-02-13 22:08:48', '2026-02-13 22:08:48', NULL, NULL, NULL, NULL, NULL),
(161, 71, 1, 'otro', 'Documento generado: Acuerdo de Pago', 'Plantilla \'Acuerdo de Pago\' generada automáticamente.', '2026-02-13', NULL, NULL, 1, '2026-02-13 22:08:50', '2026-02-13 22:08:50', NULL, NULL, NULL, NULL, NULL),
(162, 71, 1, 'otro', 'Documento generado: Requerimiento de Pago Prejudicial', 'Plantilla \'Requerimiento de Pago Prejudicial\' generada automáticamente.', '2026-02-13', NULL, NULL, 1, '2026-02-13 22:09:37', '2026-02-13 22:09:37', NULL, NULL, NULL, NULL, NULL),
(163, 71, 1, 'otro', 'Documento generado: Requerimiento de Pago Prejudicial', 'Plantilla \'Requerimiento de Pago Prejudicial\' generada automáticamente.', '2026-02-13', NULL, NULL, 1, '2026-02-13 22:09:39', '2026-02-13 22:09:39', NULL, NULL, NULL, NULL, NULL),
(164, 71, 1, 'otro', 'FO-SG-025: Firma Asistente — Admin YBER', NULL, '2026-02-13', NULL, NULL, 1, '2026-02-13 22:27:20', '2026-02-13 22:27:20', NULL, NULL, NULL, NULL, NULL),
(165, 71, 1, 'otro', 'FO-SG-025: Firma Sustanciador — Admin YBER', NULL, '2026-02-13', NULL, NULL, 1, '2026-02-13 22:27:33', '2026-02-13 22:27:33', NULL, NULL, NULL, NULL, NULL),
(166, 71, 1, 'otro', 'FO-SG-025: Firma Gerente — Admin YBER', NULL, '2026-02-13', NULL, NULL, 1, '2026-02-13 22:27:38', '2026-02-13 22:27:38', NULL, NULL, NULL, NULL, NULL),
(167, 71, 1, 'asignacion', 'Asignado como Dependiente: Andrés Patiño', NULL, '2026-02-13', NULL, NULL, 1, '2026-02-13 22:28:30', '2026-02-13 22:28:30', NULL, NULL, NULL, NULL, NULL),
(168, 71, 1, 'asignacion', 'Asignado como Sustanciador: Felipe Rodríguez', NULL, '2026-02-13', NULL, NULL, 1, '2026-02-13 22:29:02', '2026-02-13 22:29:02', NULL, NULL, NULL, NULL, NULL),
(169, 71, 1, 'cambio_estado', 'Estado: Recepción → Análisis', 'Transición de estado automática', '2026-02-13', NULL, NULL, 1, '2026-02-13 22:30:27', '2026-02-13 22:30:27', NULL, NULL, NULL, NULL, NULL),
(170, 71, 1, 'cambio_estado', 'Estado: Análisis → Redacción', 'Transición de estado automática', '2026-02-13', NULL, NULL, 1, '2026-02-13 22:32:14', '2026-02-13 22:32:14', NULL, NULL, NULL, NULL, NULL),
(171, 71, 1, 'cambio_estado', 'Estado: Redacción → Revisión', 'Transición de estado automática', '2026-02-13', NULL, NULL, 1, '2026-02-13 22:32:38', '2026-02-13 22:32:38', NULL, NULL, NULL, NULL, NULL),
(172, 71, 1, 'cambio_estado', 'Estado: Revisión → Redacción', 'Transición de estado automática', '2026-02-13', NULL, NULL, 1, '2026-02-13 22:33:56', '2026-02-13 22:33:56', NULL, NULL, NULL, NULL, NULL),
(173, 71, 1, 'cambio_estado', 'Estado: Redacción → Revisión', 'Transición de estado automática', '2026-02-13', NULL, NULL, 1, '2026-02-13 22:34:40', '2026-02-13 22:34:40', NULL, NULL, NULL, NULL, NULL),
(174, 71, 1, 'cambio_estado', 'Estado: Revisión → Redacción', 'Transición de estado automática', '2026-03-09', NULL, NULL, 1, '2026-03-09 11:19:56', '2026-03-09 11:19:56', NULL, NULL, NULL, NULL, NULL),
(175, 71, 1, 'cambio_estado', 'Estado: Redacción → Revisión', 'Transición de estado automática', '2026-03-09', NULL, NULL, 1, '2026-03-09 11:20:02', '2026-03-09 11:20:02', NULL, NULL, NULL, NULL, NULL),
(176, 71, 1, 'asignacion', 'Asignado como Negociador: Felipe Rodríguez', NULL, '2026-03-11', NULL, NULL, 1, '2026-03-11 09:45:33', '2026-03-11 09:45:33', NULL, NULL, NULL, NULL, NULL),
(177, 71, 1, 'cambio_estado', 'Estado: Revisión → Redacción', 'Transición de estado automática', '2026-03-11', NULL, NULL, 1, '2026-03-11 09:46:52', '2026-03-11 09:46:52', NULL, NULL, NULL, NULL, NULL),
(178, 71, 1, 'cambio_estado', 'Estado: Redacción → Revisión', 'Transición de estado automática', '2026-03-11', NULL, NULL, 1, '2026-03-11 09:47:02', '2026-03-11 09:47:02', NULL, NULL, NULL, NULL, NULL),
(179, 71, 1, 'cambio_estado', 'Estado: Revisión → Redacción', 'Transición de estado automática', '2026-03-11', NULL, NULL, 1, '2026-03-11 09:47:06', '2026-03-11 09:47:06', NULL, NULL, NULL, NULL, NULL),
(180, 71, 1, 'cambio_estado', 'Estado: Redacción → Revisión', 'Transición de estado automática', '2026-03-11', NULL, NULL, 1, '2026-03-11 09:47:12', '2026-03-11 09:47:12', NULL, NULL, NULL, NULL, NULL),
(181, 71, 1, 'cambio_estado', 'Estado: Revisión → Redacción', 'Transición de estado automática', '2026-03-11', NULL, NULL, 1, '2026-03-11 09:47:18', '2026-03-11 09:47:18', NULL, NULL, NULL, NULL, NULL),
(182, 71, 1, 'cambio_estado', 'Estado: Redacción → Revisión', 'Transición de estado automática', '2026-03-11', NULL, NULL, 1, '2026-03-11 09:47:26', '2026-03-11 09:47:26', NULL, NULL, NULL, NULL, NULL),
(183, 71, 1, 'cambio_estado', 'Estado: Revisión → Redacción', 'Transición de estado automática', '2026-03-11', NULL, NULL, 1, '2026-03-11 09:47:31', '2026-03-11 09:47:31', NULL, NULL, NULL, NULL, NULL),
(184, 71, 1, 'cambio_estado', 'Estado: Redacción → Revisión', 'Transición de estado automática', '2026-03-11', NULL, NULL, 1, '2026-03-11 09:47:35', '2026-03-11 09:47:35', NULL, NULL, NULL, NULL, NULL),
(185, 71, 1, 'cambio_estado', 'Estado: Revisión → Redacción', 'Transición de estado automática', '2026-03-11', NULL, NULL, 1, '2026-03-11 09:50:16', '2026-03-11 09:50:16', NULL, NULL, NULL, NULL, NULL),
(186, 71, 1, 'cambio_estado', 'Estado: Redacción → Revisión', 'Transición de estado automática', '2026-03-11', NULL, NULL, 1, '2026-03-11 09:50:20', '2026-03-11 09:50:20', NULL, NULL, NULL, NULL, NULL),
(187, 71, 1, 'otro', 'Documento subido: #2 — Decreto-334-de-2022.pdf', NULL, '2026-03-11', NULL, 'expedientes/Banco Colpatria/2026/YBER-2026-0071/demanda/002_demanda.pdf', 1, '2026-03-11 09:53:46', '2026-03-11 09:53:46', NULL, NULL, NULL, NULL, NULL),
(188, 71, 1, 'otro', 'Documento generado: Demanda Ejecutiva', 'Plantilla \'Demanda Ejecutiva\' generada automáticamente.', '2026-03-11', NULL, NULL, 1, '2026-03-11 09:53:59', '2026-03-11 09:53:59', NULL, NULL, NULL, NULL, NULL),
(189, 71, 1, 'otro', 'Documento generado: Demanda Ejecutiva', 'Plantilla \'Demanda Ejecutiva\' generada automáticamente.', '2026-03-11', NULL, NULL, 1, '2026-03-11 09:54:01', '2026-03-11 09:54:01', NULL, NULL, NULL, NULL, NULL),
(190, 71, 1, 'otro', 'Documento generado: Poder Especial', 'Plantilla \'Poder Especial\' generada automáticamente.', '2026-03-11', NULL, NULL, 1, '2026-03-11 09:54:21', '2026-03-11 09:54:21', NULL, NULL, NULL, NULL, NULL),
(191, 71, 1, 'otro', 'Documento generado: Poder Especial', 'Plantilla \'Poder Especial\' generada automáticamente.', '2026-03-11', NULL, NULL, 1, '2026-03-11 09:54:23', '2026-03-11 09:54:23', NULL, NULL, NULL, NULL, NULL),
(192, 71, 1, 'otro', 'Documento generado: Acuerdo de Pago', 'Plantilla \'Acuerdo de Pago\' generada automáticamente.', '2026-03-11', NULL, NULL, 1, '2026-03-11 09:54:46', '2026-03-11 09:54:46', NULL, NULL, NULL, NULL, NULL),
(193, 71, 1, 'otro', 'Documento generado: Acuerdo de Pago', 'Plantilla \'Acuerdo de Pago\' generada automáticamente.', '2026-03-11', NULL, NULL, 1, '2026-03-11 09:54:48', '2026-03-11 09:54:48', NULL, NULL, NULL, NULL, NULL),
(194, 71, 1, 'otro', 'Documento generado: Liquidación de Crédito', 'Plantilla \'Liquidación de Crédito\' generada automáticamente.', '2026-03-11', NULL, NULL, 1, '2026-03-11 09:55:01', '2026-03-11 09:55:01', NULL, NULL, NULL, NULL, NULL),
(195, 71, 1, 'otro', 'Documento generado: Liquidación de Crédito', 'Plantilla \'Liquidación de Crédito\' generada automáticamente.', '2026-03-11', NULL, NULL, 1, '2026-03-11 09:55:04', '2026-03-11 09:55:04', NULL, NULL, NULL, NULL, NULL),
(196, 71, 1, 'cambio_estado', 'Estado: Revisión → Redacción', 'Transición de estado automática', '2026-03-11', NULL, NULL, 1, '2026-03-11 09:56:03', '2026-03-11 09:56:03', NULL, NULL, NULL, NULL, NULL),
(197, 71, 1, 'cambio_estado', 'Estado: Redacción → Revisión', 'Transición de estado automática', '2026-03-11', NULL, NULL, 1, '2026-03-11 09:56:08', '2026-03-11 09:56:08', NULL, NULL, NULL, NULL, NULL),
(198, 71, 1, 'cambio_estado', 'Estado: Revisión → Radicado', 'Transición de estado automática', '2026-03-11', NULL, NULL, 1, '2026-03-11 09:56:15', '2026-03-11 09:56:15', NULL, NULL, NULL, NULL, NULL),
(199, 45, 1, 'oficio', 'PrueBa10', 'sfasdfsñdfmksamkxvkdsdf', '2026-03-11', '2026-03-12', NULL, 0, '2026-03-11 09:58:02', '2026-03-11 09:58:02', NULL, NULL, NULL, NULL, NULL),
(200, 45, 1, 'envio_cliente', 'Correo enviado a Cliente: Colsubsidio', 'Destinatario: prueba@pruebas.com\nAsunto: Actualización Proceso YBER-2026-0045 — Óscar Mauricio Pineda Torres\nAdjunto: ACUERDO-DE-PAGO_YBER-2026-0045_20260311.pdf', '2026-03-11', NULL, NULL, 0, '2026-03-11 09:58:57', '2026-03-11 09:58:57', NULL, NULL, NULL, NULL, NULL),
(201, 45, 1, 'otro', 'Documento subido: #1 — Decreto-334-de-2022.pdf', NULL, '2026-03-11', NULL, 'expedientes/Colsubsidio/2026/YBER-2026-0045/demanda/001_poder.pdf', 1, '2026-03-11 10:00:03', '2026-03-11 10:00:03', NULL, NULL, NULL, NULL, NULL),
(202, 45, 1, 'otro', 'FO-SG-025: Firma Asistente — Admin YBER', NULL, '2026-03-11', NULL, NULL, 1, '2026-03-11 10:00:48', '2026-03-11 10:00:48', NULL, NULL, NULL, NULL, NULL),
(203, 45, 1, 'otro', 'FO-SG-025: Firma Sustanciador — Admin YBER', NULL, '2026-03-11', NULL, NULL, 1, '2026-03-11 10:00:50', '2026-03-11 10:00:50', NULL, NULL, NULL, NULL, NULL),
(204, 45, 1, 'otro', 'FO-SG-025: Firma Gerente — Admin YBER', NULL, '2026-03-11', NULL, NULL, 1, '2026-03-11 10:00:52', '2026-03-11 10:00:52', NULL, NULL, NULL, NULL, NULL),
(205, 45, 1, 'cambio_estado', 'Estado: Recepción → Análisis', 'Transición de estado automática', '2026-03-11', NULL, NULL, 1, '2026-03-11 10:00:58', '2026-03-11 10:00:58', NULL, NULL, NULL, NULL, NULL),
(206, 45, 1, 'cambio_estado', 'Estado: Análisis → Redacción', 'Transición de estado automática', '2026-03-11', NULL, NULL, 1, '2026-03-11 10:01:39', '2026-03-11 10:01:39', NULL, NULL, NULL, NULL, NULL),
(207, 45, 1, 'completitud_documentos', 'Documentos marcados como completos', 'El usuario marcó el expediente como documentalmente completo. Inicia conteo de SLA.', '2026-03-11', NULL, NULL, 0, '2026-03-11 10:01:54', '2026-03-11 10:01:54', NULL, NULL, NULL, NULL, NULL),
(208, 45, 1, 'asignacion', 'Asignado como Sustanciador: Felipe Rodríguez', NULL, '2026-03-11', NULL, NULL, 1, '2026-03-11 10:02:33', '2026-03-11 10:02:33', NULL, NULL, NULL, NULL, NULL),
(209, 45, 1, 'cambio_estado', 'Estado: Redacción → Revisión', 'Transición de estado automática', '2026-03-11', NULL, NULL, 1, '2026-03-11 10:02:39', '2026-03-11 10:02:39', NULL, NULL, NULL, NULL, NULL),
(210, 45, 1, 'cambio_estado', 'Estado: Revisión → Redacción', 'Transición de estado automática', '2026-03-11', NULL, NULL, 1, '2026-03-11 10:02:44', '2026-03-11 10:02:44', NULL, NULL, NULL, NULL, NULL),
(211, 45, 1, 'cambio_estado', 'Estado: Redacción → Revisión', 'Transición de estado automática', '2026-03-11', NULL, NULL, 1, '2026-03-11 10:02:57', '2026-03-11 10:02:57', NULL, NULL, NULL, NULL, NULL),
(212, 45, 1, 'cambio_estado', 'Estado: Revisión → Redacción', 'Transición de estado automática', '2026-03-11', NULL, NULL, 1, '2026-03-11 10:03:02', '2026-03-11 10:03:02', NULL, NULL, NULL, NULL, NULL),
(213, 45, 1, 'cambio_estado', 'Estado: Redacción → Revisión', 'Transición de estado automática', '2026-03-11', NULL, NULL, 1, '2026-03-11 10:03:05', '2026-03-11 10:03:05', NULL, NULL, NULL, NULL, NULL),
(214, 45, 1, 'cambio_estado', 'Estado: Revisión → Redacción', 'Transición de estado automática', '2026-03-11', NULL, NULL, 1, '2026-03-11 10:03:11', '2026-03-11 10:03:11', NULL, NULL, NULL, NULL, NULL),
(215, 73, 1, 'oficio', 'ttttttt', 'tttttttt', '2026-03-12', '2026-03-19', NULL, 0, '2026-03-12 10:21:32', '2026-03-12 10:21:32', NULL, NULL, NULL, NULL, NULL),
(216, 73, 1, 'completitud_documentos', 'Documentos marcados como completos', 'El usuario marcó el expediente como documentalmente completo. Inicia conteo de SLA.', '2026-03-12', NULL, NULL, 0, '2026-03-12 10:22:37', '2026-03-12 10:22:37', NULL, NULL, NULL, NULL, NULL),
(217, 73, 1, 'otro', 'Documento subido: #1 — Decreto-334-de-2022.pdf', NULL, '2026-03-12', NULL, 'expedientes/Banco Colpatria/2026/YBER-2026-0073/demanda/001_poder.pdf', 1, '2026-03-12 10:23:21', '2026-03-12 10:23:21', NULL, NULL, NULL, NULL, NULL),
(218, 73, 1, 'otro', 'Documento generado: Acuerdo de Pago', 'Plantilla \'Acuerdo de Pago\' generada automáticamente.', '2026-03-12', NULL, NULL, 1, '2026-03-12 10:23:30', '2026-03-12 10:23:30', NULL, NULL, NULL, NULL, NULL),
(219, 73, 1, 'otro', 'Documento generado: Acuerdo de Pago', 'Plantilla \'Acuerdo de Pago\' generada automáticamente.', '2026-03-12', NULL, NULL, 1, '2026-03-12 10:23:32', '2026-03-12 10:23:32', NULL, NULL, NULL, NULL, NULL),
(220, 73, 1, 'cambio_estado', 'Estado: Recepción → Análisis', 'Transición de estado automática', '2026-03-12', NULL, NULL, 1, '2026-03-12 10:25:26', '2026-03-12 10:25:26', NULL, NULL, NULL, NULL, NULL),
(221, 73, 1, 'cambio_estado', 'Estado: Análisis → Redacción', 'Transición de estado automática', '2026-03-12', NULL, NULL, 1, '2026-03-12 10:25:36', '2026-03-12 10:25:36', NULL, NULL, NULL, NULL, NULL),
(222, 73, 1, 'cambio_estado', 'Estado: Redacción → Revisión', 'Transición de estado automática', '2026-03-12', NULL, NULL, 1, '2026-03-12 10:25:42', '2026-03-12 10:25:42', NULL, NULL, NULL, NULL, NULL),
(223, 73, 1, 'cambio_estado', 'Estado: Revisión → Redacción', 'Transición de estado automática', '2026-03-12', NULL, NULL, 1, '2026-03-12 10:25:47', '2026-03-12 10:25:47', NULL, NULL, NULL, NULL, NULL),
(224, 73, 1, 'otro', 'Documento subido: #2 — Decreto-334-de-2022.pdf', NULL, '2026-03-12', NULL, 'expedientes/Banco Colpatria/2026/YBER-2026-0073/demanda/002_demanda.pdf', 1, '2026-03-12 10:26:48', '2026-03-12 10:26:48', NULL, NULL, NULL, NULL, NULL),
(225, 73, 1, 'otro', 'Documento subido: #3 — Decreto-334-de-2022.pdf', NULL, '2026-03-12', NULL, 'expedientes/Banco Colpatria/2026/YBER-2026-0073/otros/003_pagare.pdf', 1, '2026-03-12 10:27:10', '2026-03-12 10:27:10', NULL, NULL, NULL, NULL, NULL),
(226, 73, 1, 'otro', 'Documento subido: #4 — Decreto-334-de-2022.pdf', NULL, '2026-03-12', NULL, 'expedientes/Banco Colpatria/2026/YBER-2026-0073/otros/004_garantia.pdf', 1, '2026-03-12 10:27:34', '2026-03-12 10:27:34', NULL, NULL, NULL, NULL, NULL),
(227, 73, 1, 'auto', 'tttttttttt', 'tttttttttttt', '2026-03-12', '2026-03-13', NULL, 0, '2026-03-12 10:38:29', '2026-03-12 10:38:29', NULL, NULL, NULL, NULL, NULL),
(228, 73, 1, 'asignacion', 'Asignado como Negociador: Felipe Rodríguez', NULL, '2026-03-12', NULL, NULL, 1, '2026-03-12 10:39:24', '2026-03-12 10:39:24', NULL, NULL, NULL, NULL, NULL),
(229, 73, 1, 'otro', 'FO-SG-025: Firma Asistente — Admin YBER', NULL, '2026-03-12', NULL, NULL, 1, '2026-03-12 10:39:53', '2026-03-12 10:39:53', NULL, NULL, NULL, NULL, NULL),
(230, 73, 1, 'otro', 'FO-SG-025: Firma Sustanciador — Admin YBER', NULL, '2026-03-12', NULL, NULL, 1, '2026-03-12 10:39:54', '2026-03-12 10:39:54', NULL, NULL, NULL, NULL, NULL),
(231, 73, 1, 'otro', 'FO-SG-025: Firma Gerente — Admin YBER', NULL, '2026-03-12', NULL, NULL, 1, '2026-03-12 10:39:56', '2026-03-12 10:39:56', NULL, NULL, NULL, NULL, NULL),
(232, 73, 1, 'cambio_estado', 'Estado: Redacción → Revisión', 'Transición de estado automática', '2026-03-12', NULL, NULL, 1, '2026-03-12 10:40:02', '2026-03-12 10:40:02', NULL, NULL, NULL, NULL, NULL),
(233, 73, 1, 'cambio_estado', 'Estado: Revisión → Redacción', 'Transición de estado automática', '2026-03-12', NULL, NULL, 1, '2026-03-12 10:40:08', '2026-03-12 10:40:08', NULL, NULL, NULL, NULL, NULL),
(234, 73, 1, 'cambio_estado', 'Estado: Redacción → Revisión', 'Transición de estado automática', '2026-03-12', NULL, NULL, 1, '2026-03-12 10:40:13', '2026-03-12 10:40:13', NULL, NULL, NULL, NULL, NULL),
(235, 73, 1, 'cambio_estado', 'Estado: Revisión → Redacción', 'Transición de estado automática', '2026-03-12', NULL, NULL, 1, '2026-03-12 10:40:40', '2026-03-12 10:40:40', NULL, NULL, NULL, NULL, NULL),
(236, 73, 1, 'cambio_estado', 'Estado: Redacción → Revisión', 'Transición de estado automática', '2026-03-12', NULL, NULL, 1, '2026-03-12 10:40:44', '2026-03-12 10:40:44', NULL, NULL, NULL, NULL, NULL),
(237, 75, 1, 'otro', 'Documento generado: Acuerdo de Pago', 'Plantilla \'Acuerdo de Pago\' generada automáticamente.', '2026-03-18', NULL, NULL, 1, '2026-03-18 21:20:57', '2026-03-18 21:20:57', NULL, NULL, NULL, NULL, NULL),
(238, 75, 1, 'otro', 'Documento generado: Acuerdo de Pago', 'Plantilla \'Acuerdo de Pago\' generada automáticamente.', '2026-03-18', NULL, NULL, 1, '2026-03-18 21:21:00', '2026-03-18 21:21:00', NULL, NULL, NULL, NULL, NULL),
(239, 75, 1, 'otro', 'Documento generado: Requerimiento de Pago Prejudicial', 'Plantilla \'Requerimiento de Pago Prejudicial\' generada automáticamente.', '2026-03-18', NULL, NULL, 1, '2026-03-18 21:27:25', '2026-03-18 21:27:25', NULL, NULL, NULL, NULL, NULL);
INSERT INTO `actuaciones` (`id`, `proceso_id`, `user_id`, `tipo`, `titulo`, `descripcion`, `fecha_actuacion`, `fecha_vencimiento`, `archivo_path`, `es_automatica`, `created_at`, `updated_at`, `destinatario_nombre`, `destinatario_email`, `asunto`, `mensaje`, `adjunto_path`) VALUES
(240, 75, 1, 'otro', 'Documento generado: Requerimiento de Pago Prejudicial', 'Plantilla \'Requerimiento de Pago Prejudicial\' generada automáticamente.', '2026-03-18', NULL, NULL, 1, '2026-03-18 21:27:27', '2026-03-18 21:27:27', NULL, NULL, NULL, NULL, NULL),
(241, 75, 1, 'asignacion', 'Asignado como Negociador: Felipe Rodríguez', NULL, '2026-03-18', NULL, NULL, 1, '2026-03-18 21:34:06', '2026-03-18 21:34:06', NULL, NULL, NULL, NULL, NULL),
(242, 75, 1, 'cambio_estado', 'Estado: Recepción → Análisis', 'Transición de estado automática', '2026-03-18', NULL, NULL, 1, '2026-03-18 21:35:59', '2026-03-18 21:35:59', NULL, NULL, NULL, NULL, NULL),
(243, 75, 1, 'cambio_estado', 'Estado: Análisis → Redacción', 'Transición de estado automática', '2026-03-18', NULL, NULL, 1, '2026-03-18 21:38:04', '2026-03-18 21:38:04', NULL, NULL, NULL, NULL, NULL),
(244, 75, 1, 'otro', 'Documento generado: Demanda Ejecutiva', 'Plantilla \'Demanda Ejecutiva\' generada automáticamente.', '2026-03-26', NULL, NULL, 1, '2026-03-26 17:53:25', '2026-03-26 17:53:25', NULL, NULL, NULL, NULL, NULL),
(245, 75, 1, 'otro', 'Documento generado: Poder Especial', 'Plantilla \'Poder Especial\' generada automáticamente.', '2026-03-26', NULL, NULL, 1, '2026-03-26 17:54:23', '2026-03-26 17:54:23', NULL, NULL, NULL, NULL, NULL),
(246, 75, 1, 'otro', 'Documento generado: Requerimiento de Pago Prejudicial', 'Plantilla \'Requerimiento de Pago Prejudicial\' generada automáticamente.', '2026-03-26', NULL, NULL, 1, '2026-03-26 17:54:44', '2026-03-26 17:54:44', NULL, NULL, NULL, NULL, NULL),
(247, 77, 1, 'cambio_estado', 'Estado: Recepción → Análisis', 'Transición de estado automática', '2026-05-01', NULL, NULL, 1, '2026-05-01 16:51:34', '2026-05-01 16:51:34', NULL, NULL, NULL, NULL, NULL),
(248, 78, 1, 'cambio_estado', 'Flujo BLOQUEADO', 'Razón: Cierre de juzgados en bogotá', '2026-05-05', NULL, NULL, 0, '2026-05-05 22:51:03', '2026-05-05 22:51:03', NULL, NULL, NULL, NULL, NULL),
(249, 78, 1, 'cambio_estado', 'Flujo DESBLOQUEADO', 'El flujo fue desbloqueado por Admin YBER', '2026-05-05', NULL, NULL, 0, '2026-05-05 22:51:46', '2026-05-05 22:51:46', NULL, NULL, NULL, NULL, NULL),
(250, 78, 1, 'cambio_estado', 'Cambio de etapa procesal', 'Etapa cambiada de \"N/A\" a \"Mandamiento de Pago\"', '2026-05-06', NULL, NULL, 0, '2026-05-06 00:37:42', '2026-05-06 00:37:42', NULL, NULL, NULL, NULL, NULL),
(251, 78, 1, 'cambio_estado', 'Cambio de etapa procesal', 'Etapa cambiada de \"Mandamiento de Pago\" a \"Notificación\"', '2026-05-06', NULL, NULL, 0, '2026-05-06 00:37:50', '2026-05-06 00:37:50', NULL, NULL, NULL, NULL, NULL),
(252, 78, 1, 'cambio_estado', 'Cambio de etapa procesal', 'Etapa cambiada de \"Notificación\" a \"Medidas Cautelares\"', '2026-05-06', NULL, NULL, 0, '2026-05-06 00:37:54', '2026-05-06 00:37:54', NULL, NULL, NULL, NULL, NULL),
(253, 78, 1, 'cambio_estado', 'Cambio de etapa procesal', 'Etapa cambiada de \"Medidas Cautelares\" a \"Sentencia\"', '2026-05-06', NULL, NULL, 0, '2026-05-06 00:38:01', '2026-05-06 00:38:01', NULL, NULL, NULL, NULL, NULL),
(254, 78, 1, 'cambio_estado', 'Cambio de etapa procesal', 'Etapa cambiada de \"Sentencia\" a \"Audiencia\"', '2026-05-06', NULL, NULL, 0, '2026-05-06 00:38:06', '2026-05-06 00:38:06', NULL, NULL, NULL, NULL, NULL),
(255, 78, 1, 'cambio_estado', 'Cambio de etapa procesal', 'Etapa cambiada de \"Audiencia\" a \"Sentencia\"', '2026-05-06', NULL, NULL, 0, '2026-05-06 00:40:26', '2026-05-06 00:40:26', NULL, NULL, NULL, NULL, NULL),
(256, 78, 1, 'cambio_estado', 'Cambio de etapa procesal', 'Etapa cambiada de \"Sentencia\" a \"Audiencia\"', '2026-05-06', NULL, NULL, 0, '2026-05-06 00:40:34', '2026-05-06 00:40:34', NULL, NULL, NULL, NULL, NULL),
(257, 78, 1, 'cambio_estado', 'Cambio de etapa procesal', 'Etapa cambiada de \"Audiencia\" a \"Presentación Demanda\"', '2026-05-06', NULL, NULL, 0, '2026-05-06 00:44:55', '2026-05-06 00:44:55', NULL, NULL, NULL, NULL, NULL),
(258, 78, 1, 'cambio_estado', 'Cambio de etapa procesal', 'Etapa cambiada de \"Presentación Demanda\" a \"Mandamiento de Pago\"', '2026-05-06', NULL, NULL, 0, '2026-05-06 00:45:04', '2026-05-06 00:45:04', NULL, NULL, NULL, NULL, NULL),
(259, 78, 1, 'cambio_estado', 'Cambio de etapa procesal', 'Etapa cambiada de \"Mandamiento de Pago\" a \"Notificación\"', '2026-05-06', NULL, NULL, 0, '2026-05-06 00:45:09', '2026-05-06 00:45:09', NULL, NULL, NULL, NULL, NULL),
(260, 78, 1, 'cambio_estado', 'Cambio de etapa procesal', 'Etapa cambiada de \"Notificación\" a \"Medidas Cautelares\"', '2026-05-06', NULL, NULL, 0, '2026-05-06 00:45:13', '2026-05-06 00:45:13', NULL, NULL, NULL, NULL, NULL),
(261, 78, 1, 'cambio_estado', 'Cambio de etapa procesal', 'Etapa cambiada de \"Medidas Cautelares\" a \"Sentencia\"', '2026-05-06', NULL, NULL, 0, '2026-05-06 00:45:25', '2026-05-06 00:45:25', NULL, NULL, NULL, NULL, NULL),
(262, 78, 1, 'cambio_estado', 'Cambio de etapa procesal', 'Etapa cambiada de \"Sentencia\" a \"Audiencia\"', '2026-05-06', NULL, NULL, 0, '2026-05-06 00:45:30', '2026-05-06 00:45:30', NULL, NULL, NULL, NULL, NULL),
(263, 78, 1, 'cambio_estado', 'Cambio de etapa procesal', 'Etapa cambiada de \"Audiencia\" a \"Liq. Costas\"', '2026-05-06', NULL, NULL, 0, '2026-05-06 00:45:35', '2026-05-06 00:45:35', NULL, NULL, NULL, NULL, NULL),
(264, 78, 1, 'cambio_estado', 'Cambio de etapa procesal', 'Etapa cambiada de \"Liq. Costas\" a \"Liq. Crédito\"', '2026-05-06', NULL, NULL, 0, '2026-05-06 00:45:38', '2026-05-06 00:45:38', NULL, NULL, NULL, NULL, NULL),
(265, 78, 1, 'asignacion', 'Asignado como Dependiente: Andrés Patiño', NULL, '2026-05-06', NULL, NULL, 1, '2026-05-06 03:29:06', '2026-05-06 03:29:06', NULL, NULL, NULL, NULL, NULL);

-- --------------------------------------------------------

--
-- Estructura de tabla para la tabla `acuerdos_pago`
--

CREATE TABLE `acuerdos_pago` (
  `id` bigint UNSIGNED NOT NULL,
  `proceso_id` bigint UNSIGNED NOT NULL,
  `user_id` bigint UNSIGNED DEFAULT NULL,
  `tipo_acuerdo` enum('extrajudicial_privado','extrajudicial_notariado','conciliacion_extrajudicial','conciliacion_judicial') COLLATE utf8mb4_unicode_ci NOT NULL DEFAULT 'extrajudicial_privado',
  `etapa_caso` enum('gestion_extrajudicial','proceso_judicial') COLLATE utf8mb4_unicode_ci NOT NULL DEFAULT 'proceso_judicial',
  `fecha_firma` date NOT NULL,
  `monto_acordado` decimal(15,2) NOT NULL,
  `numero_cuotas` smallint UNSIGNED NOT NULL,
  `valor_cuota` decimal(15,2) NOT NULL,
  `fecha_primera_cuota` date NOT NULL,
  `periodicidad` enum('semanal','quincenal','mensual') COLLATE utf8mb4_unicode_ci NOT NULL DEFAULT 'mensual',
  `numero_radicado` varchar(50) COLLATE utf8mb4_unicode_ci DEFAULT NULL,
  `juzgado` varchar(200) COLLATE utf8mb4_unicode_ci DEFAULT NULL,
  `fecha_audiencia_conciliacion` date DEFAULT NULL,
  `fue_homologado` tinyint(1) NOT NULL DEFAULT '0',
  `fecha_homologacion` date DEFAULT NULL,
  `estado` enum('vigente','cumplido','incumplido','anulado') COLLATE utf8mb4_unicode_ci NOT NULL DEFAULT 'vigente',
  `observaciones` text COLLATE utf8mb4_unicode_ci,
  `created_at` timestamp NULL DEFAULT NULL,
  `updated_at` timestamp NULL DEFAULT NULL,
  `deleted_at` timestamp NULL DEFAULT NULL
) ENGINE=InnoDB DEFAULT CHARSET=utf8mb4 COLLATE=utf8mb4_unicode_ci;

--
-- Volcado de datos para la tabla `acuerdos_pago`
--

INSERT INTO `acuerdos_pago` (`id`, `proceso_id`, `user_id`, `tipo_acuerdo`, `etapa_caso`, `fecha_firma`, `monto_acordado`, `numero_cuotas`, `valor_cuota`, `fecha_primera_cuota`, `periodicidad`, `numero_radicado`, `juzgado`, `fecha_audiencia_conciliacion`, `fue_homologado`, `fecha_homologacion`, `estado`, `observaciones`, `created_at`, `updated_at`, `deleted_at`) VALUES
(1, 73, 1, 'extrajudicial_privado', 'proceso_judicial', '2026-05-02', 1200000.00, 12, 100000.00, '2026-06-02', 'mensual', '11111111111', 'juzgado 3', NULL, 0, NULL, 'vigente', NULL, '2026-05-02 15:23:23', '2026-05-02 15:23:23', NULL),
(2, 37, 1, 'extrajudicial_privado', 'proceso_judicial', '2026-03-13', 6000000.00, 6, 1000000.00, '2026-04-12', 'mensual', NULL, NULL, NULL, 0, NULL, 'vigente', '[DEMO] Acuerdo de pago para visualización de alerta alta', '2026-05-02 18:01:54', '2026-05-02 18:01:54', NULL),
(3, 38, 1, 'extrajudicial_privado', 'proceso_judicial', '2026-02-21', 3000000.00, 6, 500000.00, '2026-03-23', 'mensual', NULL, NULL, NULL, 0, NULL, 'vigente', '[DEMO] Acuerdo de pago para visualización de alerta crítica', '2026-05-02 18:01:54', '2026-05-02 18:01:54', NULL);

-- --------------------------------------------------------

--
-- Estructura de tabla para la tabla `alertas`
--

CREATE TABLE `alertas` (
  `id` bigint UNSIGNED NOT NULL,
  `proceso_id` bigint UNSIGNED NOT NULL,
  `user_id` bigint UNSIGNED DEFAULT NULL,
  `tipo` enum('vencimiento_sla','vencimiento_terminos','revision_auto','inadmision','firma_pendiente','asignacion','documento_generado','cambio_estado','cuota_vencida','general') COLLATE utf8mb4_unicode_ci NOT NULL,
  `prioridad` enum('baja','media','alta','critica') CHARACTER SET utf8mb4 COLLATE utf8mb4_unicode_ci NOT NULL DEFAULT 'media',
  `titulo` varchar(255) CHARACTER SET utf8mb4 COLLATE utf8mb4_unicode_ci NOT NULL,
  `mensaje` text CHARACTER SET utf8mb4 COLLATE utf8mb4_unicode_ci,
  `fecha_disparo` date NOT NULL,
  `fecha_vencimiento` date DEFAULT NULL,
  `leida` tinyint(1) NOT NULL DEFAULT '0',
  `resuelta` tinyint(1) NOT NULL DEFAULT '0',
  `leida_at` datetime DEFAULT NULL,
  `resuelta_at` datetime DEFAULT NULL,
  `resuelta_por` bigint UNSIGNED DEFAULT NULL,
  `created_at` timestamp NULL DEFAULT NULL,
  `updated_at` timestamp NULL DEFAULT NULL
) ENGINE=InnoDB DEFAULT CHARSET=utf8mb4 COLLATE=utf8mb4_unicode_ci;

--
-- Volcado de datos para la tabla `alertas`
--

INSERT INTO `alertas` (`id`, `proceso_id`, `user_id`, `tipo`, `prioridad`, `titulo`, `mensaje`, `fecha_disparo`, `fecha_vencimiento`, `leida`, `resuelta`, `leida_at`, `resuelta_at`, `resuelta_por`, `created_at`, `updated_at`) VALUES
(1, 39, 2, 'vencimiento_sla', 'critica', 'SLA excedido: YBER-2026-0039 (98 días)', 'El proceso YBER-2026-0039 lleva 98 días (SLA: 5 días). Cliente: Banco Colpatria.', '2026-05-02', NULL, 0, 0, NULL, NULL, NULL, '2026-05-02 18:01:54', '2026-05-02 18:01:54'),
(2, 41, 2, 'vencimiento_sla', 'critica', 'SLA excedido: YBER-2026-0041 (91 días)', 'El proceso YBER-2026-0041 lleva 91 días (SLA: 5 días). Cliente: Banco Colpatria.', '2026-05-02', NULL, 0, 0, NULL, NULL, NULL, '2026-05-02 18:01:54', '2026-05-02 18:01:54'),
(3, 45, 6, 'vencimiento_sla', 'critica', 'SLA excedido: YBER-2026-0045 (88 días)', 'El proceso YBER-2026-0045 lleva 88 días (SLA: 7 días). Cliente: Colsubsidio.', '2026-05-02', NULL, 0, 0, NULL, NULL, NULL, '2026-05-02 18:01:54', '2026-05-02 18:01:54'),
(4, 48, 2, 'vencimiento_sla', 'critica', 'SLA excedido: YBER-2026-0048 (101 días)', 'El proceso YBER-2026-0048 lleva 101 días (SLA: 5 días). Cliente: Banco de Bogotá.', '2026-05-02', NULL, 0, 0, NULL, NULL, NULL, '2026-05-02 18:01:54', '2026-05-02 18:01:54'),
(5, 52, 4, 'vencimiento_sla', 'critica', 'SLA excedido: YBER-2026-0052 (90 días)', 'El proceso YBER-2026-0052 lleva 90 días (SLA: 5 días). Cliente: Banco de Bogotá.', '2026-05-02', NULL, 0, 0, NULL, NULL, NULL, '2026-05-02 18:01:54', '2026-05-02 18:01:54'),
(6, 55, 2, 'vencimiento_sla', 'critica', 'SLA excedido: YBER-2026-0055 (96 días)', 'El proceso YBER-2026-0055 lleva 96 días (SLA: 10 días). Cliente: Megalínea S.A..', '2026-05-02', NULL, 0, 0, NULL, NULL, NULL, '2026-05-02 18:01:54', '2026-05-02 18:01:54'),
(7, 59, 2, 'vencimiento_sla', 'critica', 'SLA excedido: YBER-2026-0059 (100 días)', 'El proceso YBER-2026-0059 lleva 100 días (SLA: 7 días). Cliente: Colsubsidio.', '2026-05-02', NULL, 0, 0, NULL, NULL, NULL, '2026-05-02 18:01:54', '2026-05-02 18:01:54'),
(8, 61, 2, 'vencimiento_sla', 'critica', 'SLA excedido: YBER-2026-0061 (92 días)', 'El proceso YBER-2026-0061 lleva 92 días (SLA: 10 días). Cliente: Megalínea S.A..', '2026-05-02', NULL, 0, 0, NULL, NULL, NULL, '2026-05-02 18:01:54', '2026-05-02 18:01:54'),
(9, 65, NULL, 'vencimiento_sla', 'critica', 'SLA excedido: YBER-2026-0065 (89 días)', 'El proceso YBER-2026-0065 lleva 89 días (SLA: 5 días). Cliente: Banco Colpatria.', '2026-05-02', NULL, 0, 0, NULL, NULL, NULL, '2026-05-02 18:01:54', '2026-05-02 18:01:54'),
(10, 66, 2, 'vencimiento_sla', 'critica', 'SLA excedido: YBER-2026-0066 (97 días)', 'El proceso YBER-2026-0066 lleva 97 días (SLA: 10 días). Cliente: Megalínea S.A..', '2026-05-02', NULL, 0, 0, NULL, NULL, NULL, '2026-05-02 18:01:54', '2026-05-02 18:01:54'),
(11, 68, NULL, 'vencimiento_sla', 'critica', 'SLA excedido: YBER-2026-0068 (81 días)', 'El proceso YBER-2026-0068 lleva 81 días (SLA: 5 días). Cliente: Banco Colpatria.', '2026-05-02', NULL, 0, 0, NULL, NULL, NULL, '2026-05-02 18:01:54', '2026-05-02 18:01:54'),
(12, 69, 2, 'vencimiento_sla', 'critica', 'SLA excedido: YBER-2026-0069 (81 días)', 'El proceso YBER-2026-0069 lleva 81 días (SLA: 5 días). Cliente: Banco Colpatria.', '2026-05-02', NULL, 0, 0, NULL, NULL, NULL, '2026-05-02 18:01:54', '2026-05-02 18:01:54'),
(13, 70, 2, 'vencimiento_sla', 'critica', 'SLA excedido: YBER-2026-0070 (179 días)', 'El proceso YBER-2026-0070 lleva 179 días (SLA: 5 días). Cliente: Banco Colpatria.', '2026-05-02', NULL, 0, 0, NULL, NULL, NULL, '2026-05-02 18:01:54', '2026-05-02 18:01:54'),
(14, 72, NULL, 'vencimiento_sla', 'critica', 'SLA excedido: YBER-2026-0072 (51 días)', 'El proceso YBER-2026-0072 lleva 51 días (SLA: 5 días). Cliente: Banco Colpatria.', '2026-05-02', NULL, 0, 0, NULL, NULL, NULL, '2026-05-02 18:01:54', '2026-05-02 18:01:54'),
(15, 73, 6, 'vencimiento_sla', 'critica', 'SLA excedido: YBER-2026-0073 (51 días)', 'El proceso YBER-2026-0073 lleva 51 días (SLA: 5 días). Cliente: Banco Colpatria.', '2026-05-02', NULL, 0, 0, NULL, NULL, NULL, '2026-05-02 18:01:54', '2026-05-02 18:01:54'),
(16, 74, NULL, 'vencimiento_sla', 'critica', 'SLA excedido: YBER-2026-0074 (51 días)', 'El proceso YBER-2026-0074 lleva 51 días (SLA: 5 días). Cliente: Banco Colpatria.', '2026-05-02', NULL, 0, 0, NULL, NULL, NULL, '2026-05-02 18:01:54', '2026-05-02 18:01:54'),
(17, 75, 6, 'vencimiento_sla', 'critica', 'SLA excedido: YBER-2026-0075 (45 días)', 'El proceso YBER-2026-0075 lleva 45 días (SLA: 5 días). Cliente: Banco Colpatria.', '2026-05-02', NULL, 0, 0, NULL, NULL, NULL, '2026-05-02 18:01:54', '2026-05-02 18:01:54'),
(18, 59, NULL, 'firma_pendiente', 'media', 'FO-SG-025 pendiente: YBER-2026-0059 (1 firma(s))', 'La Orden de Gestión del proceso YBER-2026-0059 tiene 1 firma(s) pendiente(s).', '2026-05-02', NULL, 0, 0, NULL, NULL, NULL, '2026-05-02 18:01:54', '2026-05-02 18:01:54'),
(19, 66, NULL, 'firma_pendiente', 'media', 'FO-SG-025 pendiente: YBER-2026-0066 (1 firma(s))', 'La Orden de Gestión del proceso YBER-2026-0066 tiene 1 firma(s) pendiente(s).', '2026-05-02', NULL, 0, 0, NULL, NULL, NULL, '2026-05-02 18:01:54', '2026-05-02 18:01:54'),
(20, 73, 6, 'cuota_vencida', 'media', 'Cuotas vencidas: YBER-2026-0073 (1 pdte, +5d)', 'El acuerdo de pago tiene 1 cuota(s) vencida(s). La más antigua venció el 27/04/2026 (5 día(s) atrás). Monto acordado: $1.200.000.', '2026-05-02', '2026-04-27', 0, 0, NULL, NULL, NULL, '2026-05-02 18:07:00', '2026-05-02 18:07:00'),
(21, 37, 2, 'cuota_vencida', 'alta', 'Cuotas vencidas: YBER-2026-0037 (1 pdte, +20d)', 'El acuerdo de pago tiene 1 cuota(s) vencida(s). La más antigua venció el 12/04/2026 (20 día(s) atrás). Monto acordado: $6.000.000.', '2026-05-02', '2026-04-12', 0, 0, NULL, NULL, NULL, '2026-05-02 18:07:00', '2026-05-02 18:07:00'),
(22, 38, 2, 'cuota_vencida', 'critica', 'Cuotas vencidas: YBER-2026-0038 (2 pdte, +40d)', 'El acuerdo de pago tiene 2 cuota(s) vencida(s). La más antigua venció el 23/03/2026 (40 día(s) atrás). Monto acordado: $3.000.000.', '2026-05-02', '2026-03-23', 0, 0, NULL, NULL, NULL, '2026-05-02 18:07:00', '2026-05-02 18:07:00');

-- --------------------------------------------------------

--
-- Estructura de tabla para la tabla `asignaciones`
--

CREATE TABLE `asignaciones` (
  `id` bigint UNSIGNED NOT NULL,
  `proceso_id` bigint UNSIGNED NOT NULL,
  `user_id` bigint UNSIGNED NOT NULL,
  `rol_asignado` enum('sustanciador','dependiente','gerente','asistente','negociador') CHARACTER SET utf8mb4 COLLATE utf8mb4_unicode_ci NOT NULL,
  `fecha_inicio` datetime NOT NULL,
  `fecha_fin` datetime DEFAULT NULL,
  `activo` tinyint(1) NOT NULL DEFAULT '1',
  `notas` text CHARACTER SET utf8mb4 COLLATE utf8mb4_unicode_ci,
  `created_at` timestamp NULL DEFAULT NULL,
  `updated_at` timestamp NULL DEFAULT NULL
) ENGINE=InnoDB DEFAULT CHARSET=utf8mb4 COLLATE=utf8mb4_unicode_ci;

--
-- Volcado de datos para la tabla `asignaciones`
--

INSERT INTO `asignaciones` (`id`, `proceso_id`, `user_id`, `rol_asignado`, `fecha_inicio`, `fecha_fin`, `activo`, `notas`, `created_at`, `updated_at`) VALUES
(1, 37, 2, 'sustanciador', '2025-12-23 00:00:00', NULL, 1, NULL, '2026-02-05 18:02:57', '2026-02-05 18:02:57'),
(2, 37, 4, 'dependiente', '2026-01-02 00:00:00', NULL, 1, NULL, '2026-02-05 18:02:57', '2026-02-05 18:02:57'),
(3, 38, 2, 'sustanciador', '2026-01-07 00:00:00', NULL, 1, NULL, '2026-02-05 18:02:58', '2026-02-05 18:02:58'),
(4, 38, 4, 'dependiente', '2026-01-15 00:00:00', NULL, 1, NULL, '2026-02-05 18:02:58', '2026-02-05 18:02:58'),
(5, 39, 2, 'sustanciador', '2026-01-25 00:00:00', NULL, 1, NULL, '2026-02-05 18:02:58', '2026-02-05 18:02:58'),
(6, 40, 2, 'sustanciador', '2025-12-08 00:00:00', NULL, 1, NULL, '2026-02-05 18:02:58', '2026-02-05 18:02:58'),
(7, 40, 4, 'dependiente', '2025-12-12 00:00:00', NULL, 1, NULL, '2026-02-05 18:02:58', '2026-02-05 18:02:58'),
(8, 41, 2, 'sustanciador', '2026-02-01 00:00:00', NULL, 1, NULL, '2026-02-05 18:02:58', '2026-02-05 18:02:58'),
(9, 42, 2, 'sustanciador', '2025-12-13 00:00:00', NULL, 1, NULL, '2026-02-05 18:02:58', '2026-02-05 18:02:58'),
(10, 42, 4, 'dependiente', '2025-12-21 00:00:00', NULL, 1, NULL, '2026-02-05 18:02:58', '2026-02-05 18:02:58'),
(11, 43, 2, 'sustanciador', '2026-01-12 00:00:00', NULL, 1, NULL, '2026-02-05 18:02:58', '2026-02-05 18:02:58'),
(12, 43, 4, 'dependiente', '2026-01-19 00:00:00', NULL, 1, NULL, '2026-02-05 18:02:58', '2026-02-05 18:02:58'),
(13, 44, 2, 'sustanciador', '2025-11-08 00:00:00', NULL, 1, NULL, '2026-02-05 18:02:58', '2026-02-05 18:02:58'),
(14, 44, 4, 'dependiente', '2025-11-22 00:00:00', NULL, 1, NULL, '2026-02-05 18:02:58', '2026-02-05 18:02:58'),
(15, 46, 2, 'sustanciador', '2025-10-09 00:00:00', NULL, 1, NULL, '2026-02-05 18:02:58', '2026-02-05 18:02:58'),
(16, 46, 4, 'dependiente', '2025-10-15 00:00:00', NULL, 1, NULL, '2026-02-05 18:02:58', '2026-02-05 18:02:58'),
(17, 47, 2, 'sustanciador', '2025-12-28 00:00:00', NULL, 1, NULL, '2026-02-05 18:02:58', '2026-02-05 18:02:58'),
(18, 47, 4, 'dependiente', '2026-01-11 00:00:00', NULL, 1, NULL, '2026-02-05 18:02:58', '2026-02-05 18:02:58'),
(19, 48, 2, 'sustanciador', '2026-01-22 00:00:00', NULL, 1, NULL, '2026-02-05 18:02:58', '2026-02-05 18:02:58'),
(20, 49, 2, 'sustanciador', '2026-01-15 00:00:00', NULL, 1, NULL, '2026-02-05 18:02:58', '2026-02-05 18:02:58'),
(21, 49, 4, 'dependiente', '2026-01-25 00:00:00', NULL, 1, NULL, '2026-02-05 18:02:58', '2026-02-05 18:02:58'),
(22, 50, 2, 'sustanciador', '2025-11-23 00:00:00', NULL, 1, NULL, '2026-02-05 18:02:58', '2026-02-05 18:02:58'),
(23, 50, 4, 'dependiente', '2025-12-01 00:00:00', NULL, 1, NULL, '2026-02-05 18:02:58', '2026-02-05 18:02:58'),
(24, 51, 2, 'sustanciador', '2025-09-09 00:00:00', '2025-12-17 00:00:00', 0, NULL, '2026-02-05 18:02:58', '2026-02-05 18:02:58'),
(25, 52, 2, 'sustanciador', '2026-02-02 00:00:00', '2026-02-07 20:51:35', 0, NULL, '2026-02-05 18:02:58', '2026-02-07 20:51:35'),
(26, 53, 2, 'sustanciador', '2025-12-18 00:00:00', NULL, 1, NULL, '2026-02-05 18:02:58', '2026-02-05 18:02:58'),
(27, 53, 4, 'dependiente', '2025-12-22 00:00:00', NULL, 1, NULL, '2026-02-05 18:02:58', '2026-02-05 18:02:58'),
(28, 54, 2, 'sustanciador', '2026-01-17 00:00:00', NULL, 1, NULL, '2026-02-05 18:02:58', '2026-02-05 18:02:58'),
(29, 54, 4, 'dependiente', '2026-01-25 00:00:00', NULL, 1, NULL, '2026-02-05 18:02:58', '2026-02-05 18:02:58'),
(30, 55, 2, 'sustanciador', '2026-01-27 00:00:00', NULL, 1, NULL, '2026-02-05 18:02:58', '2026-02-05 18:02:58'),
(31, 57, 2, 'sustanciador', '2025-12-03 00:00:00', NULL, 1, NULL, '2026-02-05 18:02:58', '2026-02-05 18:02:58'),
(32, 57, 4, 'dependiente', '2025-12-14 00:00:00', NULL, 1, NULL, '2026-02-05 18:02:58', '2026-02-05 18:02:58'),
(33, 58, 2, 'sustanciador', '2026-01-19 00:00:00', NULL, 1, NULL, '2026-02-05 18:02:58', '2026-02-05 18:02:58'),
(34, 58, 4, 'dependiente', '2026-02-02 00:00:00', NULL, 1, NULL, '2026-02-05 18:02:58', '2026-02-05 18:02:58'),
(35, 59, 2, 'sustanciador', '2026-01-23 00:00:00', NULL, 1, NULL, '2026-02-05 18:02:58', '2026-02-05 18:02:58'),
(36, 60, 2, 'sustanciador', '2025-12-10 00:00:00', NULL, 1, NULL, '2026-02-05 18:02:58', '2026-02-05 18:02:58'),
(37, 60, 4, 'dependiente', '2025-12-20 00:00:00', NULL, 1, NULL, '2026-02-05 18:02:58', '2026-02-05 18:02:58'),
(38, 61, 2, 'sustanciador', '2026-01-31 00:00:00', NULL, 1, NULL, '2026-02-05 18:02:58', '2026-02-05 18:02:58'),
(39, 62, 2, 'sustanciador', '2025-11-18 00:00:00', NULL, 1, NULL, '2026-02-05 18:02:58', '2026-02-05 18:02:58'),
(40, 62, 4, 'dependiente', '2025-11-30 00:00:00', NULL, 1, NULL, '2026-02-05 18:02:58', '2026-02-05 18:02:58'),
(41, 63, 2, 'sustanciador', '2025-09-19 00:00:00', '2025-12-27 00:00:00', 0, NULL, '2026-02-05 18:02:58', '2026-02-05 18:02:58'),
(42, 64, 2, 'sustanciador', '2026-01-09 00:00:00', NULL, 1, NULL, '2026-02-05 18:02:58', '2026-02-05 18:02:58'),
(43, 64, 4, 'dependiente', '2026-01-22 00:00:00', NULL, 1, NULL, '2026-02-05 18:02:58', '2026-02-05 18:02:58'),
(44, 66, 2, 'sustanciador', '2026-01-26 00:00:00', NULL, 1, NULL, '2026-02-05 18:02:58', '2026-02-05 18:02:58'),
(45, 52, 4, 'sustanciador', '2026-02-07 20:51:45', NULL, 1, 'ya mimso', '2026-02-07 20:51:45', '2026-02-07 20:51:45'),
(46, 69, 2, 'sustanciador', '2026-02-12 13:44:06', NULL, 1, 'PRUEBA3', '2026-02-12 13:44:06', '2026-02-12 13:44:06'),
(47, 69, 1, 'gerente', '2026-02-12 13:44:26', NULL, 1, 'PRUEBA3', '2026-02-12 13:44:26', '2026-02-12 13:44:26'),
(48, 70, 6, 'sustanciador', '2026-02-13 05:33:02', '2026-02-13 05:33:08', 0, 'prueba5', '2026-02-13 05:33:02', '2026-02-13 05:33:08'),
(49, 70, 2, 'sustanciador', '2026-02-13 05:33:27', NULL, 1, 'prueba5', '2026-02-13 05:33:27', '2026-02-13 05:33:27'),
(50, 71, 4, 'dependiente', '2026-02-13 22:28:30', '2026-02-13 22:29:07', 0, 'ggggg', '2026-02-13 22:28:30', '2026-02-13 22:29:07'),
(51, 71, 6, 'sustanciador', '2026-02-13 22:29:02', NULL, 1, 'rrrr', '2026-02-13 22:29:02', '2026-02-13 22:29:02'),
(52, 71, 6, 'negociador', '2026-03-11 09:45:33', NULL, 1, 'Prueba9', '2026-03-11 09:45:33', '2026-03-11 09:45:33'),
(53, 45, 6, 'sustanciador', '2026-03-11 10:02:33', NULL, 1, 'pruieba10', '2026-03-11 10:02:33', '2026-03-11 10:02:33'),
(54, 73, 6, 'negociador', '2026-03-12 10:39:24', NULL, 1, 'tttttttttt', '2026-03-12 10:39:24', '2026-03-12 10:39:24'),
(55, 75, 6, 'negociador', '2026-03-18 21:34:06', NULL, 1, 'hhh', '2026-03-18 21:34:06', '2026-03-18 21:34:06'),
(56, 78, 4, 'dependiente', '2026-05-06 03:29:06', NULL, 1, 'e', '2026-05-06 03:29:06', '2026-05-06 03:29:06');

-- --------------------------------------------------------

--
-- Estructura de tabla para la tabla `cache`
--

CREATE TABLE `cache` (
  `key` varchar(255) CHARACTER SET utf8mb4 COLLATE utf8mb4_unicode_ci NOT NULL,
  `value` mediumtext CHARACTER SET utf8mb4 COLLATE utf8mb4_unicode_ci NOT NULL,
  `expiration` int NOT NULL
) ENGINE=InnoDB DEFAULT CHARSET=utf8mb4 COLLATE=utf8mb4_unicode_ci;

--
-- Volcado de datos para la tabla `cache`
--

INSERT INTO `cache` (`key`, `value`, `expiration`) VALUES
('gestioncob-cache-spatie.permission.cache', 'a:3:{s:5:\"alias\";a:4:{s:1:\"a\";s:2:\"id\";s:1:\"b\";s:4:\"name\";s:1:\"c\";s:10:\"guard_name\";s:1:\"r\";s:5:\"roles\";}s:11:\"permissions\";a:32:{i:0;a:4:{s:1:\"a\";i:1;s:1:\"b\";s:11:\"users.index\";s:1:\"c\";s:3:\"web\";s:1:\"r\";a:2:{i:0;i:1;i:1;i:2;}}i:1;a:4:{s:1:\"a\";i:2;s:1:\"b\";s:12:\"users.create\";s:1:\"c\";s:3:\"web\";s:1:\"r\";a:2:{i:0;i:1;i:1;i:2;}}i:2;a:4:{s:1:\"a\";i:3;s:1:\"b\";s:10:\"users.edit\";s:1:\"c\";s:3:\"web\";s:1:\"r\";a:2:{i:0;i:1;i:1;i:2;}}i:3;a:4:{s:1:\"a\";i:4;s:1:\"b\";s:12:\"users.delete\";s:1:\"c\";s:3:\"web\";s:1:\"r\";a:1:{i:0;i:1;}}i:4;a:4:{s:1:\"a\";i:5;s:1:\"b\";s:14:\"procesos.index\";s:1:\"c\";s:3:\"web\";s:1:\"r\";a:6:{i:0;i:1;i:1;i:2;i:2;i:3;i:3;i:4;i:4;i:5;i:5;i:6;}}i:5;a:4:{s:1:\"a\";i:6;s:1:\"b\";s:15:\"procesos.create\";s:1:\"c\";s:3:\"web\";s:1:\"r\";a:3:{i:0;i:1;i:1;i:2;i:2;i:5;}}i:6;a:4:{s:1:\"a\";i:7;s:1:\"b\";s:13:\"procesos.edit\";s:1:\"c\";s:3:\"web\";s:1:\"r\";a:5:{i:0;i:1;i:1;i:2;i:2;i:3;i:3;i:4;i:4;i:5;}}i:7;a:4:{s:1:\"a\";i:8;s:1:\"b\";s:15:\"procesos.delete\";s:1:\"c\";s:3:\"web\";s:1:\"r\";a:2:{i:0;i:1;i:1;i:2;}}i:8;a:4:{s:1:\"a\";i:9;s:1:\"b\";s:15:\"procesos.assign\";s:1:\"c\";s:3:\"web\";s:1:\"r\";a:2:{i:0;i:1;i:1;i:2;}}i:9;a:4:{s:1:\"a\";i:10;s:1:\"b\";s:14:\"clientes.index\";s:1:\"c\";s:3:\"web\";s:1:\"r\";a:3:{i:0;i:1;i:1;i:2;i:2;i:5;}}i:10;a:4:{s:1:\"a\";i:11;s:1:\"b\";s:15:\"clientes.create\";s:1:\"c\";s:3:\"web\";s:1:\"r\";a:2:{i:0;i:1;i:1;i:2;}}i:11;a:4:{s:1:\"a\";i:12;s:1:\"b\";s:13:\"clientes.edit\";s:1:\"c\";s:3:\"web\";s:1:\"r\";a:2:{i:0;i:1;i:1;i:2;}}i:12;a:4:{s:1:\"a\";i:13;s:1:\"b\";s:15:\"clientes.delete\";s:1:\"c\";s:3:\"web\";s:1:\"r\";a:1:{i:0;i:1;}}i:13;a:4:{s:1:\"a\";i:14;s:1:\"b\";s:14:\"deudores.index\";s:1:\"c\";s:3:\"web\";s:1:\"r\";a:5:{i:0;i:1;i:1;i:2;i:2;i:3;i:3;i:5;i:4;i:6;}}i:14;a:4:{s:1:\"a\";i:15;s:1:\"b\";s:15:\"deudores.create\";s:1:\"c\";s:3:\"web\";s:1:\"r\";a:3:{i:0;i:1;i:1;i:2;i:2;i:5;}}i:15;a:4:{s:1:\"a\";i:16;s:1:\"b\";s:13:\"deudores.edit\";s:1:\"c\";s:3:\"web\";s:1:\"r\";a:5:{i:0;i:1;i:1;i:2;i:2;i:3;i:3;i:5;i:4;i:6;}}i:16;a:4:{s:1:\"a\";i:17;s:1:\"b\";s:15:\"deudores.delete\";s:1:\"c\";s:3:\"web\";s:1:\"r\";a:1:{i:0;i:1;}}i:17;a:4:{s:1:\"a\";i:18;s:1:\"b\";s:16:\"documentos.index\";s:1:\"c\";s:3:\"web\";s:1:\"r\";a:6:{i:0;i:1;i:1;i:2;i:2;i:3;i:3;i:4;i:4;i:5;i:5;i:6;}}i:18;a:4:{s:1:\"a\";i:19;s:1:\"b\";s:17:\"documentos.upload\";s:1:\"c\";s:3:\"web\";s:1:\"r\";a:5:{i:0;i:1;i:1;i:2;i:2;i:3;i:3;i:4;i:4;i:5;}}i:19;a:4:{s:1:\"a\";i:20;s:1:\"b\";s:17:\"documentos.delete\";s:1:\"c\";s:3:\"web\";s:1:\"r\";a:1:{i:0;i:1;}}i:20;a:4:{s:1:\"a\";i:21;s:1:\"b\";s:17:\"actuaciones.index\";s:1:\"c\";s:3:\"web\";s:1:\"r\";a:6:{i:0;i:1;i:1;i:2;i:2;i:3;i:3;i:4;i:4;i:5;i:5;i:6;}}i:21;a:4:{s:1:\"a\";i:22;s:1:\"b\";s:18:\"actuaciones.create\";s:1:\"c\";s:3:\"web\";s:1:\"r\";a:6:{i:0;i:1;i:1;i:2;i:2;i:3;i:3;i:4;i:4;i:5;i:5;i:6;}}i:22;a:4:{s:1:\"a\";i:23;s:1:\"b\";s:16:\"actuaciones.edit\";s:1:\"c\";s:3:\"web\";s:1:\"r\";a:3:{i:0;i:1;i:1;i:2;i:2;i:3;}}i:23;a:4:{s:1:\"a\";i:24;s:1:\"b\";s:13:\"alertas.index\";s:1:\"c\";s:3:\"web\";s:1:\"r\";a:5:{i:0;i:1;i:1;i:2;i:2;i:3;i:3;i:4;i:4;i:5;}}i:24;a:4:{s:1:\"a\";i:25;s:1:\"b\";s:15:\"alertas.resolve\";s:1:\"c\";s:3:\"web\";s:1:\"r\";a:4:{i:0;i:1;i:1;i:2;i:2;i:3;i:3;i:4;}}i:25;a:4:{s:1:\"a\";i:26;s:1:\"b\";s:14:\"reportes.index\";s:1:\"c\";s:3:\"web\";s:1:\"r\";a:2:{i:0;i:1;i:1;i:2;}}i:26;a:4:{s:1:\"a\";i:27;s:1:\"b\";s:15:\"reportes.export\";s:1:\"c\";s:3:\"web\";s:1:\"r\";a:2:{i:0;i:1;i:1;i:2;}}i:27;a:4:{s:1:\"a\";i:28;s:1:\"b\";s:19:\"dashboard.gerencial\";s:1:\"c\";s:3:\"web\";s:1:\"r\";a:2:{i:0;i:1;i:1;i:2;}}i:28;a:4:{s:1:\"a\";i:29;s:1:\"b\";s:19:\"dashboard.operativo\";s:1:\"c\";s:3:\"web\";s:1:\"r\";a:6:{i:0;i:1;i:1;i:2;i:2;i:3;i:3;i:4;i:4;i:5;i:5;i:6;}}i:29;a:4:{s:1:\"a\";i:30;s:1:\"b\";s:13:\"procesos.show\";s:1:\"c\";s:3:\"web\";s:1:\"r\";a:6:{i:0;i:1;i:1;i:2;i:2;i:3;i:3;i:4;i:4;i:5;i:5;i:6;}}i:30;a:4:{s:1:\"a\";i:31;s:1:\"b\";s:19:\"procesos.transition\";s:1:\"c\";s:3:\"web\";s:1:\"r\";a:3:{i:0;i:1;i:1;i:2;i:2;i:3;}}i:31;a:4:{s:1:\"a\";i:32;s:1:\"b\";s:14:\"importar.index\";s:1:\"c\";s:3:\"web\";s:1:\"r\";a:3:{i:0;i:1;i:1;i:2;i:2;i:5;}}}s:5:\"roles\";a:6:{i:0;a:3:{s:1:\"a\";i:1;s:1:\"b\";s:5:\"admin\";s:1:\"c\";s:3:\"web\";}i:1;a:3:{s:1:\"a\";i:2;s:1:\"b\";s:7:\"gerente\";s:1:\"c\";s:3:\"web\";}i:2;a:3:{s:1:\"a\";i:3;s:1:\"b\";s:12:\"sustanciador\";s:1:\"c\";s:3:\"web\";}i:3;a:3:{s:1:\"a\";i:4;s:1:\"b\";s:11:\"dependiente\";s:1:\"c\";s:3:\"web\";}i:4;a:3:{s:1:\"a\";i:5;s:1:\"b\";s:9:\"asistente\";s:1:\"c\";s:3:\"web\";}i:5;a:3:{s:1:\"a\";i:6;s:1:\"b\";s:10:\"negociador\";s:1:\"c\";s:3:\"web\";}}}', 1782510495),
('gestioncob-cache-wf_estados', 'a:9:{s:9:\"recepcion\";s:10:\"Recepción\";s:8:\"analisis\";s:9:\"Análisis\";s:9:\"redaccion\";s:10:\"Redacción\";s:8:\"revision\";s:9:\"Revisión\";s:8:\"radicado\";s:8:\"Radicado\";s:11:\"seguimiento\";s:11:\"Seguimiento\";s:9:\"sentencia\";s:9:\"Sentencia\";s:11:\"liquidacion\";s:12:\"Liquidación\";s:9:\"terminado\";s:9:\"Terminado\";}', 1782427809),
('gestioncob-cache-wf_estados_full', 'a:9:{s:9:\"recepcion\";a:7:{s:2:\"id\";i:1;s:6:\"nombre\";s:10:\"Recepción\";s:5:\"color\";s:4:\"gray\";s:5:\"icono\";s:4:\"📥\";s:5:\"orden\";i:1;s:10:\"es_inicial\";b:1;s:8:\"es_final\";b:0;}s:8:\"analisis\";a:7:{s:2:\"id\";i:2;s:6:\"nombre\";s:9:\"Análisis\";s:5:\"color\";s:4:\"blue\";s:5:\"icono\";s:4:\"🔍\";s:5:\"orden\";i:2;s:10:\"es_inicial\";b:0;s:8:\"es_final\";b:0;}s:9:\"redaccion\";a:7:{s:2:\"id\";i:3;s:6:\"nombre\";s:10:\"Redacción\";s:5:\"color\";s:6:\"yellow\";s:5:\"icono\";s:6:\"✍️\";s:5:\"orden\";i:3;s:10:\"es_inicial\";b:0;s:8:\"es_final\";b:0;}s:8:\"revision\";a:7:{s:2:\"id\";i:4;s:6:\"nombre\";s:9:\"Revisión\";s:5:\"color\";s:6:\"purple\";s:5:\"icono\";s:7:\"👁️\";s:5:\"orden\";i:4;s:10:\"es_inicial\";b:0;s:8:\"es_final\";b:0;}s:8:\"radicado\";a:7:{s:2:\"id\";i:5;s:6:\"nombre\";s:8:\"Radicado\";s:5:\"color\";s:6:\"indigo\";s:5:\"icono\";s:4:\"📋\";s:5:\"orden\";i:5;s:10:\"es_inicial\";b:0;s:8:\"es_final\";b:0;}s:11:\"seguimiento\";a:7:{s:2:\"id\";i:6;s:6:\"nombre\";s:11:\"Seguimiento\";s:5:\"color\";s:4:\"cyan\";s:5:\"icono\";s:4:\"📡\";s:5:\"orden\";i:6;s:10:\"es_inicial\";b:0;s:8:\"es_final\";b:0;}s:9:\"sentencia\";a:7:{s:2:\"id\";i:7;s:6:\"nombre\";s:9:\"Sentencia\";s:5:\"color\";s:6:\"orange\";s:5:\"icono\";s:6:\"⚖️\";s:5:\"orden\";i:7;s:10:\"es_inicial\";b:0;s:8:\"es_final\";b:0;}s:11:\"liquidacion\";a:7:{s:2:\"id\";i:8;s:6:\"nombre\";s:12:\"Liquidación\";s:5:\"color\";s:7:\"emerald\";s:5:\"icono\";s:4:\"💰\";s:5:\"orden\";i:8;s:10:\"es_inicial\";b:0;s:8:\"es_final\";b:0;}s:9:\"terminado\";a:7:{s:2:\"id\";i:9;s:6:\"nombre\";s:9:\"Terminado\";s:5:\"color\";s:5:\"green\";s:5:\"icono\";s:3:\"✅\";s:5:\"orden\";i:9;s:10:\"es_inicial\";b:0;s:8:\"es_final\";b:1;}}', 1782427695),
('gestioncob-cache-wf_etapas', 'a:10:{s:2:\"na\";s:3:\"N/A\";s:12:\"calificacion\";s:13:\"Calificación\";s:11:\"mandamiento\";s:19:\"Mandamiento de Pago\";s:12:\"notificacion\";s:13:\"Notificación\";s:11:\"excepciones\";s:11:\"Excepciones\";s:18:\"medidas_cautelares\";s:18:\"Medidas Cautelares\";s:9:\"sentencia\";s:9:\"Sentencia\";s:11:\"liquidacion\";s:12:\"Liquidación\";s:6:\"remate\";s:6:\"Remate\";s:9:\"audiencia\";s:9:\"Audiencia\";}', 1782427695),
('gestioncob-cache-wf_sla_analisis_2', 'a:3:{s:10:\"dias_verde\";i:3;s:13:\"dias_amarillo\";i:5;s:9:\"dias_rojo\";i:7;}', 1782427695),
('gestioncob-cache-wf_sla_analisis_4', 'a:3:{s:10:\"dias_verde\";i:3;s:13:\"dias_amarillo\";i:5;s:9:\"dias_rojo\";i:7;}', 1782427695),
('gestioncob-cache-wf_sla_analisis_5', 'a:3:{s:10:\"dias_verde\";i:3;s:13:\"dias_amarillo\";i:5;s:9:\"dias_rojo\";i:7;}', 1782427695),
('gestioncob-cache-wf_sla_radicado_2', 'a:3:{s:10:\"dias_verde\";i:3;s:13:\"dias_amarillo\";i:5;s:9:\"dias_rojo\";i:7;}', 1782427695),
('gestioncob-cache-wf_sla_radicado_3', 'a:3:{s:10:\"dias_verde\";i:3;s:13:\"dias_amarillo\";i:5;s:9:\"dias_rojo\";i:7;}', 1782427695),
('gestioncob-cache-wf_sla_radicado_4', 'a:3:{s:10:\"dias_verde\";i:3;s:13:\"dias_amarillo\";i:5;s:9:\"dias_rojo\";i:7;}', 1782427695),
('gestioncob-cache-wf_sla_radicado_5', 'a:3:{s:10:\"dias_verde\";i:3;s:13:\"dias_amarillo\";i:5;s:9:\"dias_rojo\";i:7;}', 1782427695),
('gestioncob-cache-wf_sla_recepcion_2', 'a:3:{s:10:\"dias_verde\";i:3;s:13:\"dias_amarillo\";i:5;s:9:\"dias_rojo\";i:7;}', 1782427695),
('gestioncob-cache-wf_sla_recepcion_3', 'a:3:{s:10:\"dias_verde\";i:3;s:13:\"dias_amarillo\";i:5;s:9:\"dias_rojo\";i:7;}', 1782427695),
('gestioncob-cache-wf_sla_recepcion_4', 'a:3:{s:10:\"dias_verde\";i:3;s:13:\"dias_amarillo\";i:5;s:9:\"dias_rojo\";i:7;}', 1782427695),
('gestioncob-cache-wf_sla_redaccion_2', 'a:3:{s:10:\"dias_verde\";i:3;s:13:\"dias_amarillo\";i:5;s:9:\"dias_rojo\";i:7;}', 1782427695),
('gestioncob-cache-wf_sla_redaccion_3', 'a:3:{s:10:\"dias_verde\";i:3;s:13:\"dias_amarillo\";i:5;s:9:\"dias_rojo\";i:7;}', 1782427695),
('gestioncob-cache-wf_sla_redaccion_4', 'a:3:{s:10:\"dias_verde\";i:3;s:13:\"dias_amarillo\";i:5;s:9:\"dias_rojo\";i:7;}', 1782427695),
('gestioncob-cache-wf_sla_redaccion_5', 'a:3:{s:10:\"dias_verde\";i:3;s:13:\"dias_amarillo\";i:5;s:9:\"dias_rojo\";i:7;}', 1782427695),
('gestioncob-cache-wf_sla_revision_4', 'a:3:{s:10:\"dias_verde\";i:3;s:13:\"dias_amarillo\";i:5;s:9:\"dias_rojo\";i:7;}', 1782427695),
('gestioncob-cache-wf_sla_seguimiento_2', 'a:3:{s:10:\"dias_verde\";i:3;s:13:\"dias_amarillo\";i:5;s:9:\"dias_rojo\";i:7;}', 1782427695),
('gestioncob-cache-wf_sla_seguimiento_3', 'a:3:{s:10:\"dias_verde\";i:3;s:13:\"dias_amarillo\";i:5;s:9:\"dias_rojo\";i:7;}', 1780526274),
('gestioncob-cache-wf_sla_seguimiento_4', 'a:3:{s:10:\"dias_verde\";i:3;s:13:\"dias_amarillo\";i:5;s:9:\"dias_rojo\";i:7;}', 1782427810),
('gestioncob-cache-wf_sla_seguimiento_5', 'a:3:{s:10:\"dias_verde\";i:3;s:13:\"dias_amarillo\";i:5;s:9:\"dias_rojo\";i:7;}', 1780526274),
('gestioncob-cache-wf_sla_sentencia_3', 'a:3:{s:10:\"dias_verde\";i:3;s:13:\"dias_amarillo\";i:5;s:9:\"dias_rojo\";i:7;}', 1778041257),
('gestioncob-cache-wf_transiciones', 'a:9:{s:9:\"recepcion\";a:1:{i:0;s:8:\"analisis\";}s:8:\"analisis\";a:2:{i:0;s:9:\"redaccion\";i:1;s:9:\"terminado\";}s:9:\"redaccion\";a:1:{i:0;s:8:\"revision\";}s:8:\"revision\";a:2:{i:0;s:9:\"redaccion\";i:1;s:8:\"radicado\";}s:8:\"radicado\";a:1:{i:0;s:11:\"seguimiento\";}s:11:\"seguimiento\";a:2:{i:0;s:9:\"sentencia\";i:1;s:9:\"terminado\";}s:9:\"sentencia\";a:2:{i:0;s:11:\"liquidacion\";i:1;s:9:\"terminado\";}s:11:\"liquidacion\";a:1:{i:0;s:9:\"terminado\";}s:9:\"terminado\";a:0:{}}', 1782427836),
('gestioncob-cache-yolima@yber.com|190.249.1.181', 'i:1;', 1779159375),
('gestioncob-cache-yolima@yber.com|190.249.1.181:timer', 'i:1779159375;', 1779159375);

-- --------------------------------------------------------

--
-- Estructura de tabla para la tabla `cache_locks`
--

CREATE TABLE `cache_locks` (
  `key` varchar(255) CHARACTER SET utf8mb4 COLLATE utf8mb4_unicode_ci NOT NULL,
  `owner` varchar(255) CHARACTER SET utf8mb4 COLLATE utf8mb4_unicode_ci NOT NULL,
  `expiration` int NOT NULL
) ENGINE=InnoDB DEFAULT CHARSET=utf8mb4 COLLATE=utf8mb4_unicode_ci;

-- --------------------------------------------------------

--
-- Estructura de tabla para la tabla `casos_prejuridicos`
--

CREATE TABLE `casos_prejuridicos` (
  `id` bigint UNSIGNED NOT NULL,
  `radicado` varchar(30) COLLATE utf8mb4_unicode_ci NOT NULL,
  `deudor_id` bigint UNSIGNED DEFAULT NULL,
  `cliente_corporativo_id` bigint UNSIGNED DEFAULT NULL,
  `responsable_id` bigint UNSIGNED DEFAULT NULL,
  `etapa` enum('recepcion','registro','localizacion','gestion_activa','acuerdo_en_curso','seguimiento_acuerdo') COLLATE utf8mb4_unicode_ci NOT NULL DEFAULT 'recepcion',
  `estado` enum('activo','cerrado_pago','cerrado_acuerdo','judicializado','archivado') COLLATE utf8mb4_unicode_ci NOT NULL DEFAULT 'activo',
  `saldo_capital` decimal(15,2) NOT NULL DEFAULT '0.00',
  `intereses` decimal(15,2) NOT NULL DEFAULT '0.00',
  `total_deuda` decimal(15,2) NOT NULL DEFAULT '0.00',
  `producto` enum('HIPOTECARIO','PRENDARIO','GARANTIA_MOBILIARIA','CONSUMO_TC','INSOLVENCIA','OTRO') COLLATE utf8mb4_unicode_ci DEFAULT NULL,
  `numero_obligacion` varchar(100) COLLATE utf8mb4_unicode_ci DEFAULT NULL,
  `numero_pagare` varchar(100) COLLATE utf8mb4_unicode_ci DEFAULT NULL,
  `dias_mora` int NOT NULL DEFAULT '0',
  `fecha_recepcion` date DEFAULT NULL,
  `proceso_juridico_id` bigint UNSIGNED DEFAULT NULL,
  `fecha_judicializacion` date DEFAULT NULL,
  `observaciones` text COLLATE utf8mb4_unicode_ci,
  `created_at` timestamp NULL DEFAULT NULL,
  `updated_at` timestamp NULL DEFAULT NULL,
  `deleted_at` timestamp NULL DEFAULT NULL
) ENGINE=InnoDB DEFAULT CHARSET=utf8mb4 COLLATE=utf8mb4_unicode_ci;

--
-- Volcado de datos para la tabla `casos_prejuridicos`
--

INSERT INTO `casos_prejuridicos` (`id`, `radicado`, `deudor_id`, `cliente_corporativo_id`, `responsable_id`, `etapa`, `estado`, `saldo_capital`, `intereses`, `total_deuda`, `producto`, `numero_obligacion`, `numero_pagare`, `dias_mora`, `fecha_recepcion`, `proceso_juridico_id`, `fecha_judicializacion`, `observaciones`, `created_at`, `updated_at`, `deleted_at`) VALUES
(1, '05-2026-1001', 10, 2, 1, 'gestion_activa', 'judicializado', 45972383.00, 3218067.00, 49190450.00, NULL, NULL, NULL, 162, '2025-11-17', 76, '2026-05-01', 'Caso prejurídico de prueba #1', '2026-04-28 12:46:10', '2026-05-01 12:58:28', NULL),
(2, '06-2026-1002', 13, 5, 3, 'recepcion', 'judicializado', 11429036.00, 1714355.00, 13143391.00, NULL, NULL, NULL, 25, '2026-04-03', 77, '2026-05-01', 'Caso prejurídico de prueba #2', '2026-04-28 12:46:10', '2026-05-01 16:46:10', NULL),
(3, '10-2026-1003', 15, 3, 1, 'localizacion', 'judicializado', 48063234.00, 4325691.00, 52388925.00, NULL, NULL, NULL, 48, '2026-03-11', 78, '2026-05-01', 'Caso prejurídico de prueba #3', '2026-04-28 12:46:10', '2026-05-01 16:54:32', NULL),
(4, '07-2026-1004', 9, 4, 3, 'registro', 'activo', 2476942.00, 346772.00, 2823714.00, NULL, NULL, NULL, 23, '2026-04-05', 73, NULL, 'Caso prejurídico de prueba #4', '2026-04-28 12:46:10', '2026-05-02 23:44:12', NULL),
(5, '06-2026-1005', 15, 3, 3, 'localizacion', 'activo', 33031568.00, 4624420.00, 37655988.00, NULL, NULL, NULL, 160, '2025-11-19', 37, NULL, 'Caso prejurídico de prueba #5', '2026-04-28 12:46:10', '2026-05-02 23:44:12', NULL),
(6, '08-2026-1006', 14, 1, 1, 'localizacion', 'activo', 18586279.00, 1858628.00, 20444907.00, NULL, NULL, NULL, 138, '2025-12-11', 38, NULL, 'Caso prejurídico de prueba #6', '2026-04-28 12:46:10', '2026-05-02 23:44:12', NULL),
(7, '10-2026-1007', 3, 5, 1, 'registro', 'activo', 38269330.00, 5357706.00, 43627036.00, NULL, NULL, NULL, 107, '2026-01-11', NULL, NULL, 'Caso prejurídico de prueba #7', '2026-04-28 12:46:10', '2026-04-28 12:46:10', NULL),
(8, '07-2026-1008', 9, 1, 3, 'registro', 'activo', 7548249.00, 1056755.00, 8605004.00, NULL, NULL, NULL, 147, '2025-12-02', NULL, NULL, 'Caso prejurídico de prueba #8', '2026-04-28 12:46:10', '2026-04-28 12:46:10', NULL),
(9, '02-2026-1009', 11, 4, 1, 'registro', 'activo', 28034134.00, 2242731.00, 30276865.00, NULL, NULL, NULL, 54, '2026-03-05', NULL, NULL, 'Caso prejurídico de prueba #9', '2026-04-28 12:46:10', '2026-04-28 12:46:10', NULL),
(10, '08-2026-1010', 6, 5, 1, 'registro', 'activo', 6800155.00, 816019.00, 7616174.00, NULL, NULL, NULL, 143, '2025-12-06', NULL, NULL, 'Caso prejurídico de prueba #10', '2026-04-28 12:46:10', '2026-04-28 12:46:10', NULL),
(11, '09-2026-1011', 5, 5, 2, 'localizacion', 'activo', 6723761.00, 537901.00, 7261662.00, NULL, NULL, NULL, 116, '2026-01-02', NULL, NULL, 'Caso prejurídico de prueba #11', '2026-04-28 12:46:10', '2026-04-28 12:46:10', NULL),
(12, '02-2026-1012', 5, 1, 2, 'seguimiento_acuerdo', 'activo', 24817691.00, 1240885.00, 26058576.00, NULL, NULL, NULL, 109, '2026-01-09', NULL, NULL, 'Caso prejurídico de prueba #12', '2026-04-28 12:46:10', '2026-04-28 12:46:10', NULL),
(13, '07-2026-1013', 8, 3, 1, 'seguimiento_acuerdo', 'activo', 12815800.00, 1153422.00, 13969222.00, NULL, NULL, NULL, 15, '2026-04-13', NULL, NULL, 'Caso prejurídico de prueba #13', '2026-04-28 12:46:10', '2026-04-28 12:46:10', NULL),
(14, '03-2026-1014', 10, 3, 1, 'seguimiento_acuerdo', 'activo', 2271112.00, 45422.00, 2316534.00, NULL, NULL, NULL, 148, '2025-12-01', NULL, NULL, 'Caso prejurídico de prueba #14', '2026-04-28 12:46:10', '2026-04-28 12:46:10', NULL),
(15, '03-2026-1015', 10, 1, 2, 'recepcion', 'activo', 1616719.00, 129338.00, 1746057.00, NULL, NULL, NULL, 67, '2026-02-20', NULL, NULL, 'Caso prejurídico de prueba #15', '2026-04-28 12:46:10', '2026-04-28 12:46:10', NULL),
(16, '05-2026-1016', 13, 2, 3, 'recepcion', 'activo', 5000000.00, 100000.00, 5100000.00, 'HIPOTECARIO', NULL, NULL, 0, '2026-05-01', NULL, NULL, 'PRUEBA 1 DE 01MAYO2026', '2026-05-01 17:57:09', '2026-05-01 17:57:09', NULL),
(17, '05-2026-1017', 33, 4, 4, 'localizacion', 'activo', 1000000000.00, 10000000.00, 1010000000.00, 'PRENDARIO', '23232323', '23232323', 256, '2026-05-01', NULL, NULL, 'PRUEBA DE FUEGO', '2026-05-01 18:01:21', '2026-05-06 03:25:10', NULL);

-- --------------------------------------------------------

--
-- Estructura de tabla para la tabla `clientes_corporativos`
--

CREATE TABLE `clientes_corporativos` (
  `id` bigint UNSIGNED NOT NULL,
  `nombre` varchar(255) CHARACTER SET utf8mb4 COLLATE utf8mb4_unicode_ci NOT NULL,
  `nit` varchar(255) CHARACTER SET utf8mb4 COLLATE utf8mb4_unicode_ci NOT NULL,
  `contacto_nombre` varchar(255) CHARACTER SET utf8mb4 COLLATE utf8mb4_unicode_ci DEFAULT NULL,
  `contacto_email` varchar(255) CHARACTER SET utf8mb4 COLLATE utf8mb4_unicode_ci DEFAULT NULL,
  `contacto_telefono` varchar(255) CHARACTER SET utf8mb4 COLLATE utf8mb4_unicode_ci DEFAULT NULL,
  `plataforma_externa` varchar(255) CHARACTER SET utf8mb4 COLLATE utf8mb4_unicode_ci DEFAULT NULL COMMENT 'Cyber/ISC/AdminInfo',
  `sla_dias_radicacion` int DEFAULT '5' COMMENT 'Días máx para radicar',
  `plantilla_demanda_path` varchar(255) CHARACTER SET utf8mb4 COLLATE utf8mb4_unicode_ci DEFAULT NULL,
  `activo` tinyint(1) NOT NULL DEFAULT '1',
  `created_at` timestamp NULL DEFAULT NULL,
  `updated_at` timestamp NULL DEFAULT NULL,
  `codigo_carpeta` varchar(50) CHARACTER SET utf8mb4 COLLATE utf8mb4_unicode_ci DEFAULT NULL COMMENT 'Prefijo para código de carpeta virtual',
  `consecutivo_actual` int UNSIGNED NOT NULL DEFAULT '0' COMMENT 'Contador para consecutivos YBER'
) ENGINE=InnoDB DEFAULT CHARSET=utf8mb4 COLLATE=utf8mb4_unicode_ci;

--
-- Volcado de datos para la tabla `clientes_corporativos`
--

INSERT INTO `clientes_corporativos` (`id`, `nombre`, `nit`, `contacto_nombre`, `contacto_email`, `contacto_telefono`, `plataforma_externa`, `sla_dias_radicacion`, `plantilla_demanda_path`, `activo`, `created_at`, `updated_at`, `codigo_carpeta`, `consecutivo_actual`) VALUES
(1, 'Colpatria', '860002184-3', NULL, NULL, NULL, 'Cyber', 5, NULL, 1, '2026-02-05 14:31:13', '2026-02-05 14:31:13', 'COL', 0),
(2, 'Banco de Bogotá', '860002964-4', NULL, NULL, NULL, 'ISC', 5, NULL, 1, '2026-02-05 14:31:13', '2026-02-05 14:31:13', 'BAN', 0),
(3, 'Colsubsidio', '860007336-1', NULL, NULL, NULL, 'AdminInfo', 7, NULL, 1, '2026-02-05 14:31:13', '2026-02-05 14:31:13', 'COLS', 0),
(4, 'Banco Colpatria', '860034313-1', 'Dr. Mauricio Cárdenas', 'juridica@colpatria.com.co', NULL, 'Cyber', 5, NULL, 1, '2026-02-05 17:50:18', '2026-02-05 17:50:18', 'BCOL', 0),
(5, 'Megalínea S.A.', '830053700-2', 'Ing. Sandra Ruiz', 'juridica@megalinea.com.co', NULL, NULL, 10, NULL, 1, '2026-02-05 17:50:18', '2026-02-05 17:50:18', 'MEG', 0);

-- --------------------------------------------------------

--
-- Estructura de tabla para la tabla `configuracion_plataforma`
--

CREATE TABLE `configuracion_plataforma` (
  `id` bigint UNSIGNED NOT NULL,
  `nombre_plataforma` varchar(100) CHARACTER SET utf8mb4 COLLATE utf8mb4_unicode_ci NOT NULL DEFAULT 'YBER',
  `nombre_corto` varchar(30) CHARACTER SET utf8mb4 COLLATE utf8mb4_unicode_ci NOT NULL DEFAULT 'YBER',
  `descripcion` text CHARACTER SET utf8mb4 COLLATE utf8mb4_unicode_ci,
  `logo_path` varchar(255) CHARACTER SET utf8mb4 COLLATE utf8mb4_unicode_ci DEFAULT NULL,
  `logo_login_path` varchar(255) CHARACTER SET utf8mb4 COLLATE utf8mb4_unicode_ci DEFAULT NULL,
  `favicon_path` varchar(255) CHARACTER SET utf8mb4 COLLATE utf8mb4_unicode_ci DEFAULT NULL,
  `login_bg_path` varchar(255) CHARACTER SET utf8mb4 COLLATE utf8mb4_unicode_ci DEFAULT NULL,
  `color_primario` varchar(20) CHARACTER SET utf8mb4 COLLATE utf8mb4_unicode_ci NOT NULL DEFAULT '#102a43',
  `color_secundario` varchar(20) CHARACTER SET utf8mb4 COLLATE utf8mb4_unicode_ci NOT NULL DEFAULT '#10b981',
  `color_acento` varchar(20) CHARACTER SET utf8mb4 COLLATE utf8mb4_unicode_ci NOT NULL DEFAULT '#6366f1',
  `footer_texto` varchar(255) CHARACTER SET utf8mb4 COLLATE utf8mb4_unicode_ci NOT NULL DEFAULT 'Powered by Singularidad IA',
  `smtp_host` varchar(255) CHARACTER SET utf8mb4 COLLATE utf8mb4_unicode_ci DEFAULT NULL,
  `smtp_port` smallint UNSIGNED NOT NULL DEFAULT '587',
  `smtp_user` varchar(255) CHARACTER SET utf8mb4 COLLATE utf8mb4_unicode_ci DEFAULT NULL,
  `smtp_password` text CHARACTER SET utf8mb4 COLLATE utf8mb4_unicode_ci,
  `smtp_encryption` enum('tls','ssl','none') CHARACTER SET utf8mb4 COLLATE utf8mb4_unicode_ci NOT NULL DEFAULT 'tls',
  `smtp_from_address` varchar(255) CHARACTER SET utf8mb4 COLLATE utf8mb4_unicode_ci DEFAULT NULL,
  `smtp_from_name` varchar(255) CHARACTER SET utf8mb4 COLLATE utf8mb4_unicode_ci DEFAULT NULL,
  `whatsapp_numero` varchar(20) CHARACTER SET utf8mb4 COLLATE utf8mb4_unicode_ci DEFAULT NULL,
  `whatsapp_mensaje` text CHARACTER SET utf8mb4 COLLATE utf8mb4_unicode_ci,
  `created_at` timestamp NULL DEFAULT NULL,
  `updated_at` timestamp NULL DEFAULT NULL
) ENGINE=InnoDB DEFAULT CHARSET=utf8mb4 COLLATE=utf8mb4_unicode_ci;

--
-- Volcado de datos para la tabla `configuracion_plataforma`
--

INSERT INTO `configuracion_plataforma` (`id`, `nombre_plataforma`, `nombre_corto`, `descripcion`, `logo_path`, `logo_login_path`, `favicon_path`, `login_bg_path`, `color_primario`, `color_secundario`, `color_acento`, `footer_texto`, `smtp_host`, `smtp_port`, `smtp_user`, `smtp_password`, `smtp_encryption`, `smtp_from_address`, `smtp_from_name`, `whatsapp_numero`, `whatsapp_mensaje`, `created_at`, `updated_at`) VALUES
(1, 'YBER - Gestión Jurídica', 'YBER', 'Plataforma de gestión jurídica y cobranzas con trazabilidad total', 'images/branding/logo_1770521456.png', 'images/branding/logo_login_1770524744.png', 'images/branding/favicon_1770525492.ico', 'images/login/bg-left.jpg', '#102a43', '#10b981', '#6366f1', 'Powered by Singularidad IA', NULL, 587, NULL, NULL, 'tls', NULL, NULL, NULL, NULL, '2026-02-07 20:28:34', '2026-02-08 04:38:12');

-- --------------------------------------------------------

--
-- Estructura de tabla para la tabla `cuotas_acuerdo`
--

CREATE TABLE `cuotas_acuerdo` (
  `id` bigint UNSIGNED NOT NULL,
  `acuerdo_id` bigint UNSIGNED NOT NULL,
  `numero_cuota` smallint UNSIGNED NOT NULL,
  `fecha_vencimiento` date NOT NULL,
  `monto_cuota` decimal(15,2) NOT NULL,
  `estado` enum('pendiente','pagada','vencida','parcial') COLLATE utf8mb4_unicode_ci NOT NULL DEFAULT 'pendiente',
  `fecha_pago` date DEFAULT NULL,
  `monto_pagado` decimal(15,2) DEFAULT NULL,
  `observaciones` text COLLATE utf8mb4_unicode_ci,
  `created_at` timestamp NULL DEFAULT NULL,
  `updated_at` timestamp NULL DEFAULT NULL
) ENGINE=InnoDB DEFAULT CHARSET=utf8mb4 COLLATE=utf8mb4_unicode_ci;

--
-- Volcado de datos para la tabla `cuotas_acuerdo`
--

INSERT INTO `cuotas_acuerdo` (`id`, `acuerdo_id`, `numero_cuota`, `fecha_vencimiento`, `monto_cuota`, `estado`, `fecha_pago`, `monto_pagado`, `observaciones`, `created_at`, `updated_at`) VALUES
(1, 1, 1, '2026-06-02', 100000.00, 'pagada', '2026-05-02', 100000.00, NULL, '2026-05-02 15:23:23', '2026-05-02 15:26:38'),
(2, 1, 2, '2026-04-27', 100000.00, 'pendiente', NULL, NULL, NULL, '2026-05-02 15:23:23', '2026-05-02 18:07:00'),
(3, 1, 3, '2026-08-02', 100000.00, 'pendiente', NULL, NULL, NULL, '2026-05-02 15:23:23', '2026-05-02 15:23:23'),
(4, 1, 4, '2026-09-02', 100000.00, 'pendiente', NULL, NULL, NULL, '2026-05-02 15:23:23', '2026-05-02 15:23:23'),
(5, 1, 5, '2026-10-02', 100000.00, 'pendiente', NULL, NULL, NULL, '2026-05-02 15:23:23', '2026-05-02 15:23:23'),
(6, 1, 6, '2026-11-02', 100000.00, 'pendiente', NULL, NULL, NULL, '2026-05-02 15:23:23', '2026-05-02 15:23:23'),
(7, 1, 7, '2026-12-02', 100000.00, 'pendiente', NULL, NULL, NULL, '2026-05-02 15:23:23', '2026-05-02 15:23:23'),
(8, 1, 8, '2027-01-02', 100000.00, 'pendiente', NULL, NULL, NULL, '2026-05-02 15:23:23', '2026-05-02 15:23:23'),
(9, 1, 9, '2027-02-02', 100000.00, 'pendiente', NULL, NULL, NULL, '2026-05-02 15:23:23', '2026-05-02 15:23:23'),
(10, 1, 10, '2027-03-02', 100000.00, 'pendiente', NULL, NULL, NULL, '2026-05-02 15:23:23', '2026-05-02 15:23:23'),
(11, 1, 11, '2027-04-02', 100000.00, 'pendiente', NULL, NULL, NULL, '2026-05-02 15:23:23', '2026-05-02 15:23:23'),
(12, 1, 12, '2027-05-02', 100000.00, 'pendiente', NULL, NULL, NULL, '2026-05-02 15:23:23', '2026-05-02 15:23:23'),
(13, 2, 1, '2026-04-12', 1000000.00, 'pendiente', NULL, NULL, NULL, '2026-05-02 18:01:54', '2026-05-02 18:07:00'),
(14, 2, 2, '2026-05-12', 1000000.00, 'pendiente', NULL, NULL, NULL, '2026-05-02 18:01:54', '2026-05-02 18:01:54'),
(15, 2, 3, '2026-06-12', 1000000.00, 'pendiente', NULL, NULL, NULL, '2026-05-02 18:01:54', '2026-05-02 18:01:54'),
(16, 2, 4, '2026-07-12', 1000000.00, 'pendiente', NULL, NULL, NULL, '2026-05-02 18:01:54', '2026-05-02 18:01:54'),
(17, 2, 5, '2026-08-12', 1000000.00, 'pendiente', NULL, NULL, NULL, '2026-05-02 18:01:54', '2026-05-02 18:01:54'),
(18, 2, 6, '2026-09-12', 1000000.00, 'pendiente', NULL, NULL, NULL, '2026-05-02 18:01:54', '2026-05-02 18:01:54'),
(19, 3, 1, '2026-03-23', 500000.00, 'pendiente', NULL, NULL, NULL, '2026-05-02 18:01:54', '2026-05-02 18:07:00'),
(20, 3, 2, '2026-04-23', 500000.00, 'pendiente', NULL, NULL, NULL, '2026-05-02 18:01:54', '2026-05-02 18:01:54'),
(21, 3, 3, '2026-05-23', 500000.00, 'pendiente', NULL, NULL, NULL, '2026-05-02 18:01:54', '2026-05-02 18:01:54'),
(22, 3, 4, '2026-06-23', 500000.00, 'pendiente', NULL, NULL, NULL, '2026-05-02 18:01:54', '2026-05-02 18:01:54'),
(23, 3, 5, '2026-07-23', 500000.00, 'pendiente', NULL, NULL, NULL, '2026-05-02 18:01:54', '2026-05-02 18:01:54'),
(24, 3, 6, '2026-08-23', 500000.00, 'pendiente', NULL, NULL, NULL, '2026-05-02 18:01:54', '2026-05-02 18:01:54');

-- --------------------------------------------------------

--
-- Estructura de tabla para la tabla `deudores`
--

CREATE TABLE `deudores` (
  `id` bigint UNSIGNED NOT NULL,
  `tipo_documento` enum('CC','NIT','CE','PP') CHARACTER SET utf8mb4 COLLATE utf8mb4_unicode_ci NOT NULL DEFAULT 'CC',
  `numero_documento` varchar(255) CHARACTER SET utf8mb4 COLLATE utf8mb4_unicode_ci NOT NULL,
  `nombre_completo` varchar(255) CHARACTER SET utf8mb4 COLLATE utf8mb4_unicode_ci NOT NULL,
  `email` varchar(255) CHARACTER SET utf8mb4 COLLATE utf8mb4_unicode_ci DEFAULT NULL,
  `telefono` varchar(255) CHARACTER SET utf8mb4 COLLATE utf8mb4_unicode_ci DEFAULT NULL,
  `direccion_notificacion` text CHARACTER SET utf8mb4 COLLATE utf8mb4_unicode_ci,
  `ciudad` varchar(255) CHARACTER SET utf8mb4 COLLATE utf8mb4_unicode_ci DEFAULT NULL,
  `banco` varchar(100) CHARACTER SET utf8mb4 COLLATE utf8mb4_unicode_ci DEFAULT NULL,
  `tiene_bienes` tinyint(1) NOT NULL DEFAULT '0',
  `notas_bienes` text CHARACTER SET utf8mb4 COLLATE utf8mb4_unicode_ci,
  `created_at` timestamp NULL DEFAULT NULL,
  `updated_at` timestamp NULL DEFAULT NULL,
  `numero_juicio` varchar(100) CHARACTER SET utf8mb4 COLLATE utf8mb4_unicode_ci DEFAULT NULL COMMENT 'Número del juicio/radicado judicial',
  `consecutivo_yber` varchar(30) CHARACTER SET utf8mb4 COLLATE utf8mb4_unicode_ci DEFAULT NULL COMMENT 'Consecutivo interno YBER del deudor',
  `ciudad_residencia` varchar(100) CHARACTER SET utf8mb4 COLLATE utf8mb4_unicode_ci DEFAULT NULL COMMENT 'Ciudad de residencia actual',
  `departamento` varchar(100) CHARACTER SET utf8mb4 COLLATE utf8mb4_unicode_ci DEFAULT NULL COMMENT 'Departamento de residencia'
) ENGINE=InnoDB DEFAULT CHARSET=utf8mb4 COLLATE=utf8mb4_unicode_ci;

--
-- Volcado de datos para la tabla `deudores`
--

INSERT INTO `deudores` (`id`, `tipo_documento`, `numero_documento`, `nombre_completo`, `email`, `telefono`, `direccion_notificacion`, `ciudad`, `banco`, `tiene_bienes`, `notas_bienes`, `created_at`, `updated_at`, `numero_juicio`, `consecutivo_yber`, `ciudad_residencia`, `departamento`) VALUES
(1, 'CC', '1019283746', 'Juan Carlos Martínez López', 'jc.martinez@gmail.com', '3101234567', 'Cra 45 #67-89 Apto 301, Bogotá', 'Bogotá', NULL, 1, 'Vehículo Mazda 3 modelo 2019. Apartamento en Suba.', '2026-02-05 17:50:18', '2026-02-05 17:50:18', NULL, NULL, NULL, NULL),
(2, 'CC', '52839471', 'María Fernanda Rodríguez Castro', 'mfrodriguez@hotmail.com', '3209876543', 'Cll 100 #15-20, Bogotá', 'Bogotá', NULL, 0, NULL, '2026-02-05 17:50:18', '2026-02-05 17:50:18', NULL, NULL, NULL, NULL),
(3, 'CC', '80123456', 'Pedro Antonio Gómez Vargas', 'pedro.gomez@outlook.com', '3156789012', 'Av 68 #34-12, Bogotá', 'Bogotá', NULL, 1, 'Casa en Fontibón. 2 vehículos registrados.', '2026-02-05 17:50:18', '2026-02-05 17:50:18', NULL, NULL, NULL, NULL),
(4, 'NIT', '900456789-1', 'Inversiones del Norte S.A.S.', 'contacto@inversionesnorte.co', '6012345678', 'Cll 72 #10-25 Of 501, Bogotá', 'Bogotá', NULL, 1, 'Equipos industriales y cartera por cobrar.', '2026-02-05 17:50:18', '2026-02-05 17:50:18', NULL, NULL, NULL, NULL),
(5, 'CC', '39876543', 'Ana Lucía Pedraza Moreno', NULL, '3187654321', 'Cra 7 #45-67, Tunja', 'Tunja', NULL, 0, NULL, '2026-02-05 17:50:18', '2026-02-05 17:50:18', NULL, NULL, NULL, NULL),
(6, 'CC', '1032987654', 'Diego Alejandro Vargas Suárez', 'dvargas@yahoo.com', '3001122334', 'Cll 13 #4-50, Bogotá', 'Bogotá', NULL, 1, 'Local comercial en Chapinero.', '2026-02-05 17:50:18', '2026-02-05 17:50:18', NULL, NULL, NULL, NULL),
(7, 'CE', 'E523789', 'Roberto Carlos Ferreira Dos Santos', 'rcferreira@gmail.com', '3224455667', 'Cra 15 #88-12, Bogotá', 'Bogotá', NULL, 0, NULL, '2026-02-05 17:50:18', '2026-02-05 17:50:18', NULL, NULL, NULL, NULL),
(8, 'CC', '52741896', 'Claudia Patricia Herrera López', 'claudia.h@gmail.com', '3178899001', 'Cll 53 #28-15, Bogotá', 'Bogotá', NULL, 1, 'Apartamento en Cedritos.', '2026-02-05 17:50:18', '2026-02-05 17:50:18', NULL, NULL, NULL, NULL),
(9, 'CC', '79654321', 'Óscar Mauricio Pineda Torres', NULL, '3112233445', 'Av Suba #115-30, Bogotá', 'Bogotá', NULL, 0, NULL, '2026-02-05 17:50:18', '2026-02-05 17:50:18', NULL, NULL, NULL, NULL),
(10, 'NIT', '800987654-3', 'Distribuidora La Estrella Ltda.', 'admin@laestrella.co', '6017654321', 'Zona Industrial Puente Aranda, Bogotá', 'Bogotá', NULL, 1, 'Bodega propia. Maquinaria industrial.', '2026-02-05 17:50:18', '2026-02-05 17:50:18', NULL, NULL, NULL, NULL),
(11, 'CC', '1098765432', 'Valentina Sánchez Rojas', 'valesanchez@outlook.com', '3205566778', 'Cll 170 #9-40, Bogotá', 'Bogotá', NULL, 0, NULL, '2026-02-05 17:50:18', '2026-02-05 17:50:18', NULL, NULL, NULL, NULL),
(12, 'CC', '80567890', 'Hernán Darío Castillo Mejía', 'hcastillo@gmail.com', '3149988776', 'Cra 30 #52-18, Bogotá', 'Bogotá', NULL, 1, 'Terreno en Mosquera. Vehículo Toyota.', '2026-02-05 17:50:18', '2026-02-05 17:50:18', NULL, NULL, NULL, NULL),
(13, 'CC', '39123987', 'Liliana Andrea Morales Ríos', NULL, '3196677554', 'Cll 80 #70-30, Bogotá', 'Bogotá', NULL, 0, NULL, '2026-02-05 17:50:18', '2026-02-05 17:50:18', NULL, NULL, NULL, NULL),
(14, 'CC', '1023456789', 'Santiago Felipe Ortiz Duarte', 'sortiz@gmail.com', '3167788990', 'Cra 68D #25-80, Bogotá', 'Bogotá', NULL, 1, 'Consultorio odontológico propio.', '2026-02-05 17:50:18', '2026-02-05 17:50:18', NULL, NULL, NULL, NULL),
(15, 'CC', '52369147', 'Gloria Esperanza Muñoz Prieto', 'gloriamunoz@hotmail.com', '3138899112', 'Diagonal 50 Sur #28-10, Bogotá', 'Bogotá', NULL, 0, NULL, '2026-02-05 17:50:18', '2026-02-05 17:50:18', NULL, NULL, NULL, NULL),
(16, 'CC', '79852369', 'Carlos Eduardo Ramírez Pardo', NULL, '3202233445', 'Cll 127 #20-55, Bogotá', 'Bogotá', NULL, 1, 'Parqueadero comercial en Usaquén.', '2026-02-05 17:50:18', '2026-02-05 17:50:18', NULL, NULL, NULL, NULL),
(17, 'NIT', '901234567-8', 'Tech Solutions Colombia S.A.S.', 'legal@techsolutions.co', '6019876543', 'Parque 93, Bogotá', 'Bogotá', NULL, 1, 'Equipos informáticos y propiedad intelectual.', '2026-02-05 17:50:18', '2026-02-05 17:50:18', NULL, NULL, NULL, NULL),
(18, 'CC', '1045678901', 'Camila Andrea Torres Vega', 'camila.torres@gmail.com', '3174455667', 'Av El Dorado #68C-61, Bogotá', 'Bogotá', NULL, 0, NULL, '2026-02-05 17:50:18', '2026-02-05 17:50:18', NULL, NULL, NULL, NULL),
(19, 'CC', '80741852', 'Fabio Andrés López Niño', NULL, '3119988776', 'Cll 63 #15-42, Bogotá', 'Bogotá', NULL, 1, 'Moto BMW R1200. Apartaestudio.', '2026-02-05 17:50:18', '2026-02-05 17:50:18', NULL, NULL, NULL, NULL),
(20, 'CC', '39654123', 'Martha Cecilia Duarte Rojas', 'mduarte@yahoo.com', '3186655443', 'Cra 50 #134-20, Bogotá', 'Bogotá', NULL, 0, NULL, '2026-02-05 17:50:18', '2026-02-05 17:50:18', NULL, NULL, NULL, NULL),
(21, 'CC', '1087654321', 'Nicolás Esteban Parra Mora', 'neparra@outlook.com', '3153344556', 'Cll 22 #5-80, Bogotá', 'Bogotá', NULL, 1, 'Finca en La Mesa, Cundinamarca.', '2026-02-05 17:50:18', '2026-02-05 17:50:18', NULL, NULL, NULL, NULL),
(22, 'CC', '52963852', 'Diana Marcela Cruz Acosta', NULL, '3127766998', 'Tv 42 #18-25, Bogotá', 'Bogotá', NULL, 0, NULL, '2026-02-05 17:50:18', '2026-02-05 17:50:18', NULL, NULL, NULL, NULL),
(23, 'CC', '79321654', 'Jorge Enrique Beltrán Soto', 'jbeltran@gmail.com', '3198877665', 'Cra 11 #90-20, Bogotá', 'Bogotá', NULL, 1, 'Local en C.C. Andino. Acciones en bolsa.', '2026-02-05 17:50:18', '2026-02-05 17:50:18', NULL, NULL, NULL, NULL),
(24, 'CC', '1056789123', 'Paola Fernanda Gil Mendoza', 'pfgil@hotmail.com', '3164433221', 'Av Boyacá #70-15, Bogotá', 'Bogotá', NULL, 0, NULL, '2026-02-05 17:50:19', '2026-02-05 17:50:19', NULL, NULL, NULL, NULL),
(25, 'CC', '80159357', 'Ricardo Andrés Salazar Peña', NULL, '3141122334', 'Cll 147 #17-60, Bogotá', 'Bogotá', NULL, 1, 'Bodega en Tocancipá. Camioneta Hilux 2021.', '2026-02-05 17:50:19', '2026-02-05 17:50:19', NULL, NULL, NULL, NULL),
(27, 'CC', '111', 'PRUEBA111', 'PRUEBA@PRUEBA.COM', '3111111111', 'CRA 1 N 1 - 1 ', 'BOGOTA', NULL, 1, 'SI', '2026-02-10 22:26:22', '2026-02-10 22:26:22', NULL, NULL, NULL, NULL),
(28, 'CC', '39876541', 'Ana Lucía Pedraza Moreno', 'mlpm@gimail.com.co', '31800000', 'Cra. 101  8 5', 'Cali', NULL, 0, 'NA', '2026-02-13 05:04:47', '2026-02-13 05:04:47', NULL, NULL, NULL, NULL),
(29, 'CC', '222222', 'prueba7', 'prueba7@uno', '555555555', 'cra 2 4 5', 'cali', NULL, 1, 'moto', '2026-02-13 21:31:29', '2026-02-13 21:31:29', NULL, NULL, NULL, NULL),
(30, 'CC', '101010101010', 'PRUEBA12 ', 'Prueba@prueba.com.co.pr', '101010101010', 'Cra. 101 #82 9324', 'Bogotá', NULL, 1, 'APTO EN DUBAI', '2026-03-11 10:14:13', '2026-03-11 10:14:13', NULL, NULL, NULL, NULL),
(31, 'CC', '101010101012', 'PRUEBA13', 'Prueba@prueba.com.co.pr', '101010101012', 'Cra. 101 #82 2919', 'Cali', NULL, 1, 'FONDO DE PENSION VOLUNTARIA X usd 1000.000.000.000', '2026-03-11 10:34:13', '2026-03-11 10:34:13', NULL, NULL, NULL, NULL),
(32, 'CC', '10', 'AA prueba12', '12@gmail.com.co', '12', 'Cra. 101  34 56', 'Tabio', NULL, 1, 'Prueba12 matricula 12', '2026-03-18 19:52:07', '2026-03-18 19:54:42', '12', NULL, 'Bogotá', ''),
(33, 'CC', '7333333', 'PRUEBA DE FUEGO', 'PRUEBADEFUEGO@UNO.COM', '333333333', NULL, 'BOGOTA', NULL, 0, NULL, '2026-05-01 17:59:59', '2026-05-01 17:59:59', NULL, NULL, NULL, NULL);

-- --------------------------------------------------------

--
-- Estructura de tabla para la tabla `documentos_caso`
--

CREATE TABLE `documentos_caso` (
  `id` bigint UNSIGNED NOT NULL,
  `proceso_id` bigint UNSIGNED NOT NULL,
  `user_id` bigint UNSIGNED NOT NULL,
  `consecutivo` int NOT NULL COMMENT 'Foliación: 001, 002...',
  `tipo_documento` enum('demanda','poder','pagare','garantia','memorial','oficio','subsanacion','acta_reparto','sentencia','liquidacion','impulso','notificacion','titulo_judicial','otro') CHARACTER SET utf8mb4 COLLATE utf8mb4_unicode_ci NOT NULL,
  `nombre_archivo` varchar(255) CHARACTER SET utf8mb4 COLLATE utf8mb4_unicode_ci NOT NULL,
  `nombre_original` varchar(255) CHARACTER SET utf8mb4 COLLATE utf8mb4_unicode_ci NOT NULL,
  `archivo_path` varchar(255) CHARACTER SET utf8mb4 COLLATE utf8mb4_unicode_ci NOT NULL,
  `mime_type` varchar(255) CHARACTER SET utf8mb4 COLLATE utf8mb4_unicode_ci DEFAULT NULL,
  `tamano_bytes` bigint UNSIGNED NOT NULL DEFAULT '0',
  `version` int NOT NULL DEFAULT '1',
  `notas` text CHARACTER SET utf8mb4 COLLATE utf8mb4_unicode_ci,
  `created_at` timestamp NULL DEFAULT NULL,
  `updated_at` timestamp NULL DEFAULT NULL,
  `peso_kb` int DEFAULT NULL COMMENT 'Peso del archivo en KB',
  `es_parte_merge` tinyint(1) NOT NULL DEFAULT '0' COMMENT 'Si forma parte de un merge',
  `merge_id` bigint UNSIGNED DEFAULT NULL COMMENT 'ID del documento resultante del merge',
  `orden_merge` int DEFAULT NULL COMMENT 'Orden dentro del merge'
) ENGINE=InnoDB DEFAULT CHARSET=utf8mb4 COLLATE=utf8mb4_unicode_ci;

--
-- Volcado de datos para la tabla `documentos_caso`
--

INSERT INTO `documentos_caso` (`id`, `proceso_id`, `user_id`, `consecutivo`, `tipo_documento`, `nombre_archivo`, `nombre_original`, `archivo_path`, `mime_type`, `tamano_bytes`, `version`, `notas`, `created_at`, `updated_at`, `peso_kb`, `es_parte_merge`, `merge_id`, `orden_merge`) VALUES
(1, 69, 1, 1, 'demanda', '001_demanda.docx', 'Prueba.docx', 'expedientes/Banco Colpatria/2026/YBER-2026-0069/demanda/001_demanda.docx', 'application/vnd.openxmlformats-officedocument.wordprocessingml.document', 0, 1, 'Prueba3', '2026-02-12 13:24:35', '2026-02-12 13:24:35', NULL, 0, NULL, NULL),
(2, 56, 1, 1, 'demanda', '001_demanda.docx', 'Prueba.docx', 'expedientes/Megalínea S.A./2026/YBER-2026-0056/demanda/001_demanda.docx', 'application/vnd.openxmlformats-officedocument.wordprocessingml.document', 0, 1, 'prueba3', '2026-02-12 20:42:52', '2026-02-12 20:42:52', NULL, 0, NULL, NULL),
(3, 70, 1, 1, 'poder', '001_poder.docx', 'Prueba.docx', 'expedientes/Banco Colpatria/2025/YBER-2026-0070/demanda/001_poder.docx', 'application/vnd.openxmlformats-officedocument.wordprocessingml.document', 0, 1, 'prueba5', '2026-02-13 05:36:34', '2026-02-13 05:36:34', NULL, 0, NULL, NULL),
(4, 70, 1, 2, 'demanda', '002_demanda.docx', 'Prueba.docx', 'expedientes/Banco Colpatria/2025/YBER-2026-0070/demanda/002_demanda.docx', 'application/vnd.openxmlformats-officedocument.wordprocessingml.document', 0, 1, 'p', '2026-02-13 05:38:16', '2026-02-13 05:38:16', NULL, 0, NULL, NULL),
(5, 71, 1, 1, 'otro', '001_otro.docx', 'Prueba.docx', 'expedientes/Banco Colpatria/2026/YBER-2026-0071/otros/001_otro.docx', 'application/vnd.openxmlformats-officedocument.wordprocessingml.document', 0, 1, NULL, '2026-02-13 22:07:39', '2026-02-13 22:07:39', NULL, 0, NULL, NULL),
(6, 71, 1, 2, 'demanda', '002_demanda.pdf', 'Decreto-334-de-2022.pdf', 'expedientes/Banco Colpatria/2026/YBER-2026-0071/demanda/002_demanda.pdf', 'application/pdf', 1498008, 1, 'pRueBa9', '2026-03-11 09:53:46', '2026-03-11 09:53:46', NULL, 0, NULL, NULL),
(7, 45, 1, 1, 'poder', '001_poder.pdf', 'Decreto-334-de-2022.pdf', 'expedientes/Colsubsidio/2026/YBER-2026-0045/demanda/001_poder.pdf', 'application/pdf', 1498008, 1, 'PRUEBA10', '2026-03-11 10:00:03', '2026-03-11 10:00:03', NULL, 0, NULL, NULL),
(8, 73, 1, 1, 'poder', '001_poder.pdf', 'Decreto-334-de-2022.pdf', 'expedientes/Banco Colpatria/2026/YBER-2026-0073/demanda/001_poder.pdf', 'application/pdf', 1498008, 1, 'www', '2026-03-12 10:23:21', '2026-03-12 10:23:21', NULL, 0, NULL, NULL),
(9, 73, 1, 2, 'demanda', '002_demanda.pdf', 'Decreto-334-de-2022.pdf', 'expedientes/Banco Colpatria/2026/YBER-2026-0073/demanda/002_demanda.pdf', 'application/pdf', 1498008, 1, 'mmm', '2026-03-12 10:26:48', '2026-03-12 10:26:48', NULL, 0, NULL, NULL),
(10, 73, 1, 3, 'pagare', '003_pagare.pdf', 'Decreto-334-de-2022.pdf', 'expedientes/Banco Colpatria/2026/YBER-2026-0073/otros/003_pagare.pdf', 'application/pdf', 1498008, 1, 'rrrrrrrrr', '2026-03-12 10:27:10', '2026-03-12 10:27:10', NULL, 0, NULL, NULL),
(11, 73, 1, 4, 'garantia', '004_garantia.pdf', 'Decreto-334-de-2022.pdf', 'expedientes/Banco Colpatria/2026/YBER-2026-0073/otros/004_garantia.pdf', 'application/pdf', 1498008, 1, 'ttttttttttt', '2026-03-12 10:27:34', '2026-03-12 10:27:34', NULL, 0, NULL, NULL);

-- --------------------------------------------------------

--
-- Estructura de tabla para la tabla `expedientes`
--

CREATE TABLE `expedientes` (
  `id` bigint UNSIGNED NOT NULL,
  `codigo_proceso` varchar(255) CHARACTER SET utf8mb4 COLLATE utf8mb4_unicode_ci NOT NULL,
  `cliente_nombre` varchar(255) CHARACTER SET utf8mb4 COLLATE utf8mb4_unicode_ci NOT NULL,
  `tipo_derecho` varchar(255) CHARACTER SET utf8mb4 COLLATE utf8mb4_unicode_ci NOT NULL,
  `estado` varchar(255) CHARACTER SET utf8mb4 COLLATE utf8mb4_unicode_ci NOT NULL DEFAULT 'abierto',
  `hechos_relevantes` text CHARACTER SET utf8mb4 COLLATE utf8mb4_unicode_ci,
  `fecha_limite` varchar(255) CHARACTER SET utf8mb4 COLLATE utf8mb4_unicode_ci DEFAULT NULL,
  `created_at` timestamp NULL DEFAULT NULL,
  `updated_at` timestamp NULL DEFAULT NULL
) ENGINE=InnoDB DEFAULT CHARSET=utf8mb4 COLLATE=utf8mb4_unicode_ci;

--
-- Volcado de datos para la tabla `expedientes`
--

INSERT INTO `expedientes` (`id`, `codigo_proceso`, `cliente_nombre`, `tipo_derecho`, `estado`, `hechos_relevantes`, `fecha_limite`, `created_at`, `updated_at`) VALUES
(1, '1', 'e', 'Electoral', 'abierto', 'er', '', '2026-02-05 05:53:56', '2026-02-05 05:53:56');

-- --------------------------------------------------------

--
-- Estructura de tabla para la tabla `failed_jobs`
--

CREATE TABLE `failed_jobs` (
  `id` bigint UNSIGNED NOT NULL,
  `uuid` varchar(255) CHARACTER SET utf8mb4 COLLATE utf8mb4_unicode_ci NOT NULL,
  `connection` text CHARACTER SET utf8mb4 COLLATE utf8mb4_unicode_ci NOT NULL,
  `queue` text CHARACTER SET utf8mb4 COLLATE utf8mb4_unicode_ci NOT NULL,
  `payload` longtext CHARACTER SET utf8mb4 COLLATE utf8mb4_unicode_ci NOT NULL,
  `exception` longtext CHARACTER SET utf8mb4 COLLATE utf8mb4_unicode_ci NOT NULL,
  `failed_at` timestamp NOT NULL DEFAULT CURRENT_TIMESTAMP
) ENGINE=InnoDB DEFAULT CHARSET=utf8mb4 COLLATE=utf8mb4_unicode_ci;

-- --------------------------------------------------------

--
-- Estructura de tabla para la tabla `gestiones_prejudiciales`
--

CREATE TABLE `gestiones_prejudiciales` (
  `id` bigint UNSIGNED NOT NULL,
  `caso_prejuridico_id` bigint UNSIGNED DEFAULT NULL,
  `user_id` bigint UNSIGNED NOT NULL,
  `fecha_gestion` datetime NOT NULL,
  `canal` enum('llamada','whatsapp','visita','email','carta','otro') COLLATE utf8mb4_unicode_ci NOT NULL,
  `resultado` enum('efectivo','no_contactado','mensaje_dejado','compromiso_pago','rechazo','numero_invalido','otro') COLLATE utf8mb4_unicode_ci NOT NULL,
  `contacto_directo` tinyint(1) NOT NULL DEFAULT '0',
  `duracion_minutos` smallint UNSIGNED DEFAULT NULL,
  `observaciones` text COLLATE utf8mb4_unicode_ci NOT NULL,
  `proximo_contacto_at` datetime DEFAULT NULL,
  `adjunto_path` varchar(500) COLLATE utf8mb4_unicode_ci DEFAULT NULL,
  `created_at` timestamp NULL DEFAULT NULL,
  `updated_at` timestamp NULL DEFAULT NULL,
  `deleted_at` timestamp NULL DEFAULT NULL
) ENGINE=InnoDB DEFAULT CHARSET=utf8mb4 COLLATE=utf8mb4_unicode_ci;

--
-- Volcado de datos para la tabla `gestiones_prejudiciales`
--

INSERT INTO `gestiones_prejudiciales` (`id`, `caso_prejuridico_id`, `user_id`, `fecha_gestion`, `canal`, `resultado`, `contacto_directo`, `duracion_minutos`, `observaciones`, `proximo_contacto_at`, `adjunto_path`, `created_at`, `updated_at`, `deleted_at`) VALUES
(5, 1, 1, '2026-04-28 15:55:19', 'llamada', 'compromiso_pago', 1, 5, 'Prueba de Sprint 2 paso 4 — primera gestión registrada en módulo nuevo', '2026-04-29 00:00:00', NULL, '2026-04-28 15:55:19', '2026-04-28 15:58:19', '2026-04-28 15:58:19'),
(6, 1, 1, '2026-04-28 15:58:45', 'llamada', 'efectivo', 1, 2, 'Prueba 1', '2026-04-30 00:00:00', NULL, '2026-04-28 15:58:45', '2026-04-28 15:58:45', NULL),
(7, 1, 1, '2026-04-28 15:59:12', 'whatsapp', 'mensaje_dejado', 1, 3, 'Prueba 2', '2026-05-01 00:00:00', NULL, '2026-04-28 15:59:12', '2026-04-28 15:59:12', NULL),
(8, 1, 1, '2026-04-28 15:59:37', 'visita', 'compromiso_pago', 1, 3, 'Prueba 3', '2026-05-01 00:00:00', NULL, '2026-04-28 15:59:37', '2026-04-28 15:59:37', NULL),
(9, 17, 1, '2026-05-06 03:25:47', 'whatsapp', 'mensaje_dejado', 0, 23, 'wewewewe', '2026-05-20 00:00:00', NULL, '2026-05-06 03:25:47', '2026-05-06 03:25:47', NULL);

-- --------------------------------------------------------

--
-- Estructura de tabla para la tabla `jobs`
--

CREATE TABLE `jobs` (
  `id` bigint UNSIGNED NOT NULL,
  `queue` varchar(255) CHARACTER SET utf8mb4 COLLATE utf8mb4_unicode_ci NOT NULL,
  `payload` longtext CHARACTER SET utf8mb4 COLLATE utf8mb4_unicode_ci NOT NULL,
  `attempts` tinyint UNSIGNED NOT NULL,
  `reserved_at` int UNSIGNED DEFAULT NULL,
  `available_at` int UNSIGNED NOT NULL,
  `created_at` int UNSIGNED NOT NULL
) ENGINE=InnoDB DEFAULT CHARSET=utf8mb4 COLLATE=utf8mb4_unicode_ci;

-- --------------------------------------------------------

--
-- Estructura de tabla para la tabla `job_batches`
--

CREATE TABLE `job_batches` (
  `id` varchar(255) CHARACTER SET utf8mb4 COLLATE utf8mb4_unicode_ci NOT NULL,
  `name` varchar(255) CHARACTER SET utf8mb4 COLLATE utf8mb4_unicode_ci NOT NULL,
  `total_jobs` int NOT NULL,
  `pending_jobs` int NOT NULL,
  `failed_jobs` int NOT NULL,
  `failed_job_ids` longtext CHARACTER SET utf8mb4 COLLATE utf8mb4_unicode_ci NOT NULL,
  `options` mediumtext CHARACTER SET utf8mb4 COLLATE utf8mb4_unicode_ci,
  `cancelled_at` int DEFAULT NULL,
  `created_at` int NOT NULL,
  `finished_at` int DEFAULT NULL
) ENGINE=InnoDB DEFAULT CHARSET=utf8mb4 COLLATE=utf8mb4_unicode_ci;

-- --------------------------------------------------------

--
-- Estructura de tabla para la tabla `migrations`
--

CREATE TABLE `migrations` (
  `id` int UNSIGNED NOT NULL,
  `migration` varchar(255) CHARACTER SET utf8mb4 COLLATE utf8mb4_unicode_ci NOT NULL,
  `batch` int NOT NULL
) ENGINE=InnoDB DEFAULT CHARSET=utf8mb4 COLLATE=utf8mb4_unicode_ci;

--
-- Volcado de datos para la tabla `migrations`
--

INSERT INTO `migrations` (`id`, `migration`, `batch`) VALUES
(1, '0001_01_01_000000_create_users_table', 1),
(2, '0001_01_01_000001_create_cache_table', 1),
(3, '0001_01_01_000002_create_jobs_table', 1),
(4, '2026_02_05_071226_create_permission_tables', 2),
(5, '2026_02_05_071228_create_activity_log_table', 2),
(6, '2026_02_05_071229_add_event_column_to_activity_log_table', 2),
(7, '2026_02_05_071230_add_batch_uuid_column_to_activity_log_table', 2),
(8, '2026_02_05_071245_create_notifications_table', 2),
(10, '2026_02_05_074615_add_is_active_to_users_table', 3),
(11, '2026_02_05_080058_create_clientes_corporativos_table', 4),
(12, '2026_02_05_080100_create_deudores_table', 4),
(13, '2026_02_05_144930_create_procesos_table', 5),
(14, '2026_02_05_144931_create_asignaciones_table', 5),
(15, '2026_02_05_144932_create_actuaciones_table', 5),
(16, '2026_02_05_145616_create_documentos_caso_table', 6),
(17, '2026_02_05_145617_create_ordenes_gestion_table', 6),
(18, '2026_02_05_161611_create_alertas_table', 7),
(19, '2026_02_05_170258_create_seguimientos_judiciales_table', 8),
(20, '2026_02_05_170259_create_oficios_medidas_table', 8),
(22, '2026_02_07_200000_create_configuracion_plataforma_table', 9),
(23, '2026_02_07_210000_create_workflow_estados_table', 10),
(24, '2026_02_07_210001_create_workflow_transiciones_table', 10),
(25, '2026_02_07_210002_create_workflow_etapas_table', 10),
(26, '2026_02_07_210003_create_workflow_sla_table', 10),
(27, '2026_02_08_041324_add_logo_login_path_to_configuracion_plataforma', 11),
(28, '2026_03_05_000001_sprint_b_deudores_campos_v2', 12),
(29, '2026_03_05_000002_sprint_b_procesos_financiero_v2', 12),
(30, '2026_03_05_000003_sprint_b_procesos_gestion_v2', 12),
(31, '2026_03_05_000004_sprint_b_clientes_corporativos_v2', 12),
(32, '2026_03_05_000005_sprint_b_create_obligaciones', 12),
(33, '2026_03_05_000006_sprint_b_ordenes_gestion_checkboxes', 12),
(34, '2026_03_05_000007_sprint_b_create_tiempos_subprocesos', 12),
(35, '2026_03_05_000008_sprint_b_create_validaciones_flujo', 12),
(36, '2026_03_05_000009_sprint_b_create_reportes_gestion', 12),
(37, '2026_03_05_000010_sprint_b_documentos_caso_merge', 12),
(38, '2026_04_25_120000_create_gestiones_prejudiciales_table', 13),
(39, '2026_04_28_120000_create_casos_prejuridicos_table', 14),
(40, '2026_04_28_140000_repuntar_gestiones_prejudiciales_a_casos', 15),
(41, '2026_05_01_180000_add_producto_columns_to_casos_prejuridicos', 16),
(42, '2026_05_02_120000_create_acuerdos_pago_table', 17),
(43, '2026_05_02_120001_create_cuotas_acuerdo_table', 17),
(44, '2026_05_02_180000_alterar_enum_tipo_alertas', 18);

-- --------------------------------------------------------

--
-- Estructura de tabla para la tabla `model_has_permissions`
--

CREATE TABLE `model_has_permissions` (
  `permission_id` bigint UNSIGNED NOT NULL,
  `model_type` varchar(255) CHARACTER SET utf8mb4 COLLATE utf8mb4_unicode_ci NOT NULL,
  `model_id` bigint UNSIGNED NOT NULL
) ENGINE=InnoDB DEFAULT CHARSET=utf8mb4 COLLATE=utf8mb4_unicode_ci;

-- --------------------------------------------------------

--
-- Estructura de tabla para la tabla `model_has_roles`
--

CREATE TABLE `model_has_roles` (
  `role_id` bigint UNSIGNED NOT NULL,
  `model_type` varchar(255) CHARACTER SET utf8mb4 COLLATE utf8mb4_unicode_ci NOT NULL,
  `model_id` bigint UNSIGNED NOT NULL
) ENGINE=InnoDB DEFAULT CHARSET=utf8mb4 COLLATE=utf8mb4_unicode_ci;

--
-- Volcado de datos para la tabla `model_has_roles`
--

INSERT INTO `model_has_roles` (`role_id`, `model_type`, `model_id`) VALUES
(1, 'App\\Models\\User', 1),
(3, 'App\\Models\\User', 2),
(2, 'App\\Models\\User', 3),
(4, 'App\\Models\\User', 4),
(5, 'App\\Models\\User', 5),
(6, 'App\\Models\\User', 6);

-- --------------------------------------------------------

--
-- Estructura de tabla para la tabla `notifications`
--

CREATE TABLE `notifications` (
  `id` char(36) CHARACTER SET utf8mb4 COLLATE utf8mb4_unicode_ci NOT NULL,
  `type` varchar(255) CHARACTER SET utf8mb4 COLLATE utf8mb4_unicode_ci NOT NULL,
  `notifiable_type` varchar(255) CHARACTER SET utf8mb4 COLLATE utf8mb4_unicode_ci NOT NULL,
  `notifiable_id` bigint UNSIGNED NOT NULL,
  `data` text CHARACTER SET utf8mb4 COLLATE utf8mb4_unicode_ci NOT NULL,
  `read_at` timestamp NULL DEFAULT NULL,
  `created_at` timestamp NULL DEFAULT NULL,
  `updated_at` timestamp NULL DEFAULT NULL
) ENGINE=InnoDB DEFAULT CHARSET=utf8mb4 COLLATE=utf8mb4_unicode_ci;

-- --------------------------------------------------------

--
-- Estructura de tabla para la tabla `obligaciones`
--

CREATE TABLE `obligaciones` (
  `id` bigint UNSIGNED NOT NULL,
  `proceso_id` bigint UNSIGNED NOT NULL,
  `numero_obligacion` varchar(100) CHARACTER SET utf8mb4 COLLATE utf8mb4_unicode_ci NOT NULL COMMENT 'Número de la obligación/crédito',
  `tipo_obligacion` varchar(50) CHARACTER SET utf8mb4 COLLATE utf8mb4_unicode_ci DEFAULT NULL COMMENT 'Tipo: crédito, leasing, tarjeta, etc.',
  `saldo_capital` decimal(15,2) NOT NULL DEFAULT '0.00',
  `saldo_intereses` decimal(15,2) NOT NULL DEFAULT '0.00',
  `saldo_total` decimal(15,2) NOT NULL DEFAULT '0.00',
  `fecha_vencimiento` date DEFAULT NULL,
  `estado` varchar(30) CHARACTER SET utf8mb4 COLLATE utf8mb4_unicode_ci NOT NULL DEFAULT 'activa' COMMENT 'activa, pagada, castigada',
  `observaciones` text CHARACTER SET utf8mb4 COLLATE utf8mb4_unicode_ci,
  `created_at` timestamp NULL DEFAULT NULL,
  `updated_at` timestamp NULL DEFAULT NULL
) ENGINE=InnoDB DEFAULT CHARSET=utf8mb4 COLLATE=utf8mb4_unicode_ci COMMENT='Obligaciones crediticias asociadas a un proceso (relación 1 a N)';

--
-- Volcado de datos para la tabla `obligaciones`
--

INSERT INTO `obligaciones` (`id`, `proceso_id`, `numero_obligacion`, `tipo_obligacion`, `saldo_capital`, `saldo_intereses`, `saldo_total`, `fecha_vencimiento`, `estado`, `observaciones`, `created_at`, `updated_at`) VALUES
(1, 1, 'COL-2025-4521', 'crédito', 15800000.00, 0.00, 15800000.00, NULL, 'activa', NULL, '2026-03-05 14:24:57', '2026-03-05 14:24:57'),
(2, 2, 'COL-2025-4522', 'crédito', 8500000.00, 0.00, 8500000.00, NULL, 'activa', NULL, '2026-03-05 14:24:57', '2026-03-05 14:24:57'),
(3, 3, 'COL-2025-4523', 'crédito', 32000000.00, 0.00, 32000000.00, NULL, 'activa', NULL, '2026-03-05 14:24:57', '2026-03-05 14:24:57'),
(4, 4, 'COL-2025-4521', 'crédito', 15800000.00, 0.00, 15800000.00, NULL, 'activa', NULL, '2026-03-05 14:24:57', '2026-03-05 14:24:57'),
(5, 5, 'COL-2025-4522', 'crédito', 8500000.00, 0.00, 8500000.00, NULL, 'activa', NULL, '2026-03-05 14:24:57', '2026-03-05 14:24:57'),
(6, 6, 'COL-2025-4523', 'crédito', 32000000.00, 0.00, 32000000.00, NULL, 'activa', NULL, '2026-03-05 14:24:57', '2026-03-05 14:24:57'),
(7, 7, 'COL-2025-4521', 'crédito', 15800000.00, 0.00, 15800000.00, NULL, 'activa', NULL, '2026-03-05 14:24:57', '2026-03-05 14:24:57'),
(8, 8, 'COL-2025-4522', 'crédito', 8500000.00, 0.00, 8500000.00, NULL, 'activa', NULL, '2026-03-05 14:24:57', '2026-03-05 14:24:57'),
(9, 9, 'COL-2025-4523', 'crédito', 32000000.00, 0.00, 32000000.00, NULL, 'activa', NULL, '2026-03-05 14:24:57', '2026-03-05 14:24:57'),
(10, 10, 'COL-2025-4478', 'crédito', 125000000.00, 0.00, 125000000.00, NULL, 'activa', NULL, '2026-03-05 14:24:57', '2026-03-05 14:24:57'),
(11, 11, 'COL-2025-4590', 'crédito', 4200000.00, 0.00, 4200000.00, NULL, 'activa', NULL, '2026-03-05 14:24:57', '2026-03-05 14:24:57'),
(12, 12, 'CSB-2025-1234', 'crédito', 22000000.00, 0.00, 22000000.00, NULL, 'activa', NULL, '2026-03-05 14:24:57', '2026-03-05 14:24:57'),
(13, 13, 'CSB-2025-1235', 'crédito', 6800000.00, 0.00, 6800000.00, NULL, 'activa', NULL, '2026-03-05 14:24:57', '2026-03-05 14:24:57'),
(14, 14, 'CSB-2025-1180', 'crédito', 18500000.00, 0.00, 18500000.00, NULL, 'activa', NULL, '2026-03-05 14:24:57', '2026-03-05 14:24:57'),
(15, 15, 'CSB-2025-1290', 'crédito', 9700000.00, 0.00, 9700000.00, NULL, 'activa', NULL, '2026-03-05 14:24:57', '2026-03-05 14:24:57'),
(16, 16, 'CSB-2025-1102', 'crédito', 45000000.00, 0.00, 45000000.00, NULL, 'activa', NULL, '2026-03-05 14:24:57', '2026-03-05 14:24:57'),
(17, 17, 'BDB-2025-7801', 'crédito', 11200000.00, 0.00, 11200000.00, NULL, 'activa', NULL, '2026-03-05 14:24:57', '2026-03-05 14:24:57'),
(18, 18, 'BDB-2025-7802', 'crédito', 28000000.00, 0.00, 28000000.00, NULL, 'activa', NULL, '2026-03-05 14:24:57', '2026-03-05 14:24:57'),
(19, 19, 'BDB-2025-7803', 'crédito', 5400000.00, 0.00, 5400000.00, NULL, 'activa', NULL, '2026-03-05 14:24:57', '2026-03-05 14:24:57'),
(20, 20, 'BDB-2025-7750', 'crédito', 67000000.00, 0.00, 67000000.00, NULL, 'activa', NULL, '2026-03-05 14:24:57', '2026-03-05 14:24:57'),
(21, 21, 'BDB-2025-7680', 'crédito', 3800000.00, 0.00, 3800000.00, NULL, 'activa', NULL, '2026-03-05 14:24:57', '2026-03-05 14:24:57'),
(22, 22, 'BDB-2025-7850', 'crédito', 19500000.00, 0.00, 19500000.00, NULL, 'activa', NULL, '2026-03-05 14:24:57', '2026-03-05 14:24:57'),
(23, 23, 'MGL-2025-0301', 'crédito', 85000000.00, 0.00, 85000000.00, NULL, 'activa', NULL, '2026-03-05 14:24:57', '2026-03-05 14:24:57'),
(24, 24, 'MGL-2025-0302', 'crédito', 7200000.00, 0.00, 7200000.00, NULL, 'activa', NULL, '2026-03-05 14:24:57', '2026-03-05 14:24:57'),
(25, 25, 'MGL-2025-0303', 'crédito', 14600000.00, 0.00, 14600000.00, NULL, 'activa', NULL, '2026-03-05 14:24:57', '2026-03-05 14:24:57'),
(26, 26, 'MGL-2025-0310', 'crédito', 6100000.00, 0.00, 6100000.00, NULL, 'activa', NULL, '2026-03-05 14:24:57', '2026-03-05 14:24:57'),
(27, 27, 'COL-2025-4450', 'crédito', 42000000.00, 0.00, 42000000.00, NULL, 'activa', NULL, '2026-03-05 14:24:57', '2026-03-05 14:24:57'),
(28, 28, 'COL-2025-4591', 'crédito', 9300000.00, 0.00, 9300000.00, NULL, 'activa', NULL, '2026-03-05 14:24:57', '2026-03-05 14:24:57'),
(29, 29, 'CSB-2025-1280', 'crédito', 16800000.00, 0.00, 16800000.00, NULL, 'activa', NULL, '2026-03-05 14:24:57', '2026-03-05 14:24:57'),
(30, 30, 'BDB-2025-7790', 'crédito', 38500000.00, 0.00, 38500000.00, NULL, 'activa', NULL, '2026-03-05 14:24:57', '2026-03-05 14:24:57'),
(31, 31, 'MGL-2025-0305', 'crédito', 21000000.00, 0.00, 21000000.00, NULL, 'activa', NULL, '2026-03-05 14:24:57', '2026-03-05 14:24:57'),
(32, 32, 'COL-2025-4410', 'crédito', 52000000.00, 0.00, 52000000.00, NULL, 'activa', NULL, '2026-03-05 14:24:57', '2026-03-05 14:24:57'),
(33, 33, 'CSB-2025-1050', 'crédito', 7500000.00, 0.00, 7500000.00, NULL, 'activa', NULL, '2026-03-05 14:24:57', '2026-03-05 14:24:57'),
(34, 34, 'BDB-2025-7810', 'crédito', 19800000.00, 0.00, 19800000.00, NULL, 'activa', NULL, '2026-03-05 14:24:57', '2026-03-05 14:24:57'),
(35, 35, 'COL-2025-4595', 'crédito', 8900000.00, 0.00, 8900000.00, NULL, 'activa', NULL, '2026-03-05 14:24:57', '2026-03-05 14:24:57'),
(36, 36, 'MGL-2025-0308', 'crédito', 31000000.00, 0.00, 31000000.00, NULL, 'activa', NULL, '2026-03-05 14:24:57', '2026-03-05 14:24:57'),
(37, 37, 'COL-2025-4521', 'crédito', 15800000.00, 0.00, 15800000.00, NULL, 'activa', NULL, '2026-03-05 14:24:57', '2026-03-05 14:24:57'),
(38, 38, 'COL-2025-4522', 'crédito', 8500000.00, 0.00, 8500000.00, NULL, 'activa', NULL, '2026-03-05 14:24:57', '2026-03-05 14:24:57'),
(39, 39, 'COL-2025-4523', 'crédito', 32000000.00, 0.00, 32000000.00, NULL, 'activa', NULL, '2026-03-05 14:24:57', '2026-03-05 14:24:57'),
(40, 40, 'COL-2025-4478', 'crédito', 125000000.00, 0.00, 125000000.00, NULL, 'activa', NULL, '2026-03-05 14:24:57', '2026-03-05 14:24:57'),
(41, 41, 'COL-2025-4590', 'crédito', 4200000.00, 0.00, 4200000.00, NULL, 'activa', NULL, '2026-03-05 14:24:57', '2026-03-05 14:24:57'),
(42, 42, 'CSB-2025-1234', 'crédito', 22000000.00, 0.00, 22000000.00, NULL, 'activa', NULL, '2026-03-05 14:24:57', '2026-03-05 14:24:57'),
(43, 43, 'CSB-2025-1235', 'crédito', 6800000.00, 0.00, 6800000.00, NULL, 'activa', NULL, '2026-03-05 14:24:57', '2026-03-05 14:24:57'),
(44, 44, 'CSB-2025-1180', 'crédito', 18500000.00, 0.00, 18500000.00, NULL, 'activa', NULL, '2026-03-05 14:24:57', '2026-03-05 14:24:57'),
(45, 45, 'CSB-2025-1290', 'crédito', 9700000.00, 0.00, 9700000.00, NULL, 'activa', NULL, '2026-03-05 14:24:57', '2026-03-05 14:24:57'),
(46, 46, 'CSB-2025-1102', 'crédito', 45000000.00, 0.00, 45000000.00, NULL, 'activa', NULL, '2026-03-05 14:24:57', '2026-03-05 14:24:57'),
(47, 47, 'BDB-2025-7801', 'crédito', 11200000.00, 0.00, 11200000.00, NULL, 'activa', NULL, '2026-03-05 14:24:57', '2026-03-05 14:24:57'),
(48, 48, 'BDB-2025-7802', 'crédito', 28000000.00, 0.00, 28000000.00, NULL, 'activa', NULL, '2026-03-05 14:24:57', '2026-03-05 14:24:57'),
(49, 49, 'BDB-2025-7803', 'crédito', 5400000.00, 0.00, 5400000.00, NULL, 'activa', NULL, '2026-03-05 14:24:57', '2026-03-05 14:24:57'),
(50, 50, 'BDB-2025-7750', 'crédito', 67000000.00, 0.00, 67000000.00, NULL, 'activa', NULL, '2026-03-05 14:24:57', '2026-03-05 14:24:57'),
(51, 51, 'BDB-2025-7680', 'crédito', 3800000.00, 0.00, 3800000.00, NULL, 'activa', NULL, '2026-03-05 14:24:57', '2026-03-05 14:24:57'),
(52, 52, 'BDB-2025-7850', 'crédito', 19500000.00, 0.00, 19500000.00, NULL, 'activa', NULL, '2026-03-05 14:24:57', '2026-03-05 14:24:57'),
(53, 53, 'MGL-2025-0301', 'crédito', 85000000.00, 0.00, 85000000.00, NULL, 'activa', NULL, '2026-03-05 14:24:57', '2026-03-05 14:24:57'),
(54, 54, 'MGL-2025-0302', 'crédito', 7200000.00, 0.00, 7200000.00, NULL, 'activa', NULL, '2026-03-05 14:24:57', '2026-03-05 14:24:57'),
(55, 55, 'MGL-2025-0303', 'crédito', 14600000.00, 0.00, 14600000.00, NULL, 'activa', NULL, '2026-03-05 14:24:57', '2026-03-05 14:24:57'),
(56, 56, 'MGL-2025-0310', 'crédito', 6100000.00, 0.00, 6100000.00, NULL, 'activa', NULL, '2026-03-05 14:24:57', '2026-03-05 14:24:57'),
(57, 57, 'COL-2025-4450', 'crédito', 42000000.00, 0.00, 42000000.00, NULL, 'activa', NULL, '2026-03-05 14:24:57', '2026-03-05 14:24:57'),
(58, 58, 'COL-2025-4591', 'crédito', 9300000.00, 0.00, 9300000.00, NULL, 'activa', NULL, '2026-03-05 14:24:57', '2026-03-05 14:24:57'),
(59, 59, 'CSB-2025-1280', 'crédito', 16800000.00, 0.00, 16800000.00, NULL, 'activa', NULL, '2026-03-05 14:24:57', '2026-03-05 14:24:57'),
(60, 60, 'BDB-2025-7790', 'crédito', 38500000.00, 0.00, 38500000.00, NULL, 'activa', NULL, '2026-03-05 14:24:57', '2026-03-05 14:24:57'),
(61, 61, 'MGL-2025-0305', 'crédito', 21000000.00, 0.00, 21000000.00, NULL, 'activa', NULL, '2026-03-05 14:24:57', '2026-03-05 14:24:57'),
(62, 62, 'COL-2025-4410', 'crédito', 52000000.00, 0.00, 52000000.00, NULL, 'activa', NULL, '2026-03-05 14:24:57', '2026-03-05 14:24:57'),
(63, 63, 'CSB-2025-1050', 'crédito', 7500000.00, 0.00, 7500000.00, NULL, 'activa', NULL, '2026-03-05 14:24:57', '2026-03-05 14:24:57'),
(64, 64, 'BDB-2025-7810', 'crédito', 19800000.00, 0.00, 19800000.00, NULL, 'activa', NULL, '2026-03-05 14:24:57', '2026-03-05 14:24:57'),
(65, 65, 'COL-2025-4595', 'crédito', 8900000.00, 0.00, 8900000.00, NULL, 'activa', NULL, '2026-03-05 14:24:57', '2026-03-05 14:24:57'),
(66, 66, 'MGL-2025-0308', 'crédito', 31000000.00, 0.00, 31000000.00, NULL, 'activa', NULL, '2026-03-05 14:24:57', '2026-03-05 14:24:57'),
(67, 67, '1', 'crédito', 1.00, 0.00, 1.00, NULL, 'activa', NULL, '2026-03-05 14:24:57', '2026-03-05 14:24:57'),
(68, 68, '11111', 'crédito', 11.00, 0.00, 11.00, NULL, 'activa', NULL, '2026-03-05 14:24:57', '2026-03-05 14:24:57'),
(69, 69, '2', 'crédito', 22.00, 0.00, 22.00, NULL, 'activa', NULL, '2026-03-05 14:24:57', '2026-03-05 14:24:57'),
(70, 70, '1', 'crédito', 33.00, 0.00, 33.00, NULL, 'activa', NULL, '2026-03-05 14:24:57', '2026-03-05 14:24:57'),
(71, 71, '1111', 'crédito', 1.00, 0.00, 1.00, NULL, 'activa', NULL, '2026-03-05 14:24:57', '2026-03-05 14:24:57');

-- --------------------------------------------------------

--
-- Estructura de tabla para la tabla `oficios_medidas`
--

CREATE TABLE `oficios_medidas` (
  `id` bigint UNSIGNED NOT NULL,
  `proceso_id` bigint UNSIGNED NOT NULL,
  `user_id` bigint UNSIGNED DEFAULT NULL,
  `tipo_oficio` enum('embargo_banco','embargo_vehiculo','embargo_inmueble','embargo_salario','ori','registraduria','transito','superfinanciera','otro') CHARACTER SET utf8mb4 COLLATE utf8mb4_unicode_ci NOT NULL,
  `entidad_destino` varchar(255) CHARACTER SET utf8mb4 COLLATE utf8mb4_unicode_ci NOT NULL COMMENT 'Banco Bogotá, ORI Bogotá, etc.',
  `numero_oficio` varchar(255) CHARACTER SET utf8mb4 COLLATE utf8mb4_unicode_ci DEFAULT NULL,
  `fecha_elaboracion` date DEFAULT NULL,
  `fecha_radicacion` date DEFAULT NULL,
  `fecha_respuesta` date DEFAULT NULL,
  `estado` enum('pendiente','elaborado','enviado','radicado','respondido','sin_resultado') CHARACTER SET utf8mb4 COLLATE utf8mb4_unicode_ci NOT NULL DEFAULT 'pendiente',
  `resultado` text CHARACTER SET utf8mb4 COLLATE utf8mb4_unicode_ci COMMENT 'Resumen de la respuesta',
  `monto_embargado` decimal(15,2) DEFAULT NULL,
  `archivo_oficio` varchar(255) CHARACTER SET utf8mb4 COLLATE utf8mb4_unicode_ci DEFAULT NULL,
  `archivo_respuesta` varchar(255) CHARACTER SET utf8mb4 COLLATE utf8mb4_unicode_ci DEFAULT NULL,
  `observaciones` text CHARACTER SET utf8mb4 COLLATE utf8mb4_unicode_ci,
  `created_at` timestamp NULL DEFAULT NULL,
  `updated_at` timestamp NULL DEFAULT NULL
) ENGINE=InnoDB DEFAULT CHARSET=utf8mb4 COLLATE=utf8mb4_unicode_ci;

--
-- Volcado de datos para la tabla `oficios_medidas`
--

INSERT INTO `oficios_medidas` (`id`, `proceso_id`, `user_id`, `tipo_oficio`, `entidad_destino`, `numero_oficio`, `fecha_elaboracion`, `fecha_radicacion`, `fecha_respuesta`, `estado`, `resultado`, `monto_embargado`, `archivo_oficio`, `archivo_respuesta`, `observaciones`, `created_at`, `updated_at`) VALUES
(1, 76, 1, 'embargo_banco', 'Bancolombia', '2121212', '2026-05-02', NULL, NULL, 'elaborado', NULL, 10000.00, NULL, NULL, 'rrrrr', '2026-05-02 03:27:38', '2026-05-02 03:27:38');

-- --------------------------------------------------------

--
-- Estructura de tabla para la tabla `ordenes_gestion`
--

CREATE TABLE `ordenes_gestion` (
  `id` bigint UNSIGNED NOT NULL,
  `proceso_id` bigint UNSIGNED NOT NULL,
  `fecha_vencimiento` date DEFAULT NULL,
  `tiene_deceval` tinyint(1) NOT NULL DEFAULT '0',
  `pagare_virtual` tinyint(1) NOT NULL DEFAULT '0',
  `con_escritura` tinyint(1) NOT NULL DEFAULT '0',
  `instrucciones_especiales` text CHARACTER SET utf8mb4 COLLATE utf8mb4_unicode_ci,
  `firmado_asistente_id` bigint UNSIGNED DEFAULT NULL,
  `firmado_asistente_at` datetime DEFAULT NULL,
  `firmado_sustanciador_id` bigint UNSIGNED DEFAULT NULL,
  `firmado_sustanciador_at` datetime DEFAULT NULL,
  `firmado_gerente_id` bigint UNSIGNED DEFAULT NULL,
  `firmado_gerente_at` datetime DEFAULT NULL,
  `observaciones` text CHARACTER SET utf8mb4 COLLATE utf8mb4_unicode_ci,
  `created_at` timestamp NULL DEFAULT NULL,
  `updated_at` timestamp NULL DEFAULT NULL,
  `check_liquidacion_credito` tinyint(1) NOT NULL DEFAULT '0' COMMENT 'Liquidación de crédito adjunta',
  `check_plan_pago` tinyint(1) NOT NULL DEFAULT '0' COMMENT 'Plan de pago adjunto',
  `check_investigacion_bienes` tinyint(1) NOT NULL DEFAULT '0' COMMENT 'Investigación de bienes realizada',
  `check_fosyga` tinyint(1) NOT NULL DEFAULT '0' COMMENT 'Consulta FOSYGA realizada',
  `check_poder` tinyint(1) NOT NULL DEFAULT '0' COMMENT 'Poder notariado adjunto',
  `check_formato` tinyint(1) NOT NULL DEFAULT '0' COMMENT 'Formato FO-SG-025 firmado'
) ENGINE=InnoDB DEFAULT CHARSET=utf8mb4 COLLATE=utf8mb4_unicode_ci;

--
-- Volcado de datos para la tabla `ordenes_gestion`
--

INSERT INTO `ordenes_gestion` (`id`, `proceso_id`, `fecha_vencimiento`, `tiene_deceval`, `pagare_virtual`, `con_escritura`, `instrucciones_especiales`, `firmado_asistente_id`, `firmado_asistente_at`, `firmado_sustanciador_id`, `firmado_sustanciador_at`, `firmado_gerente_id`, `firmado_gerente_at`, `observaciones`, `created_at`, `updated_at`, `check_liquidacion_credito`, `check_plan_pago`, `check_investigacion_bienes`, `check_fosyga`, `check_poder`, `check_formato`) VALUES
(1, 37, '2026-01-01', 0, 0, 0, 'Proceder con demanda ejecutiva según documentación aportada.', 5, '2025-12-24 00:00:00', 2, '2025-12-25 00:00:00', 3, '2025-12-26 00:00:00', 'Orden de gestión para proceso YBER-2026-0037', '2026-02-05 18:23:00', '2026-02-05 18:23:00', 0, 0, 0, 0, 0, 0),
(2, 38, '2026-01-16', 0, 1, 0, 'Proceder con demanda ejecutiva según documentación aportada.', 5, '2026-01-08 00:00:00', 2, '2026-01-09 00:00:00', 3, '2026-01-10 00:00:00', 'Orden de gestión para proceso YBER-2026-0038', '2026-02-05 18:23:00', '2026-02-05 18:23:00', 0, 0, 0, 0, 0, 0),
(3, 39, '2026-02-03', 0, 0, 1, 'Proceder con demanda ejecutiva según documentación aportada.', 5, '2026-01-26 00:00:00', 2, '2026-01-27 00:00:00', 3, '2026-01-28 00:00:00', 'Orden de gestión para proceso YBER-2026-0039', '2026-02-05 18:23:00', '2026-02-05 18:23:00', 0, 0, 0, 0, 0, 0),
(4, 40, '2025-12-17', 1, 1, 1, 'Proceder con demanda ejecutiva según documentación aportada.', 5, '2025-12-09 00:00:00', 2, '2025-12-10 00:00:00', 3, '2025-12-11 00:00:00', 'Orden de gestión para proceso YBER-2026-0040', '2026-02-05 18:23:00', '2026-02-05 18:23:00', 0, 0, 0, 0, 0, 0),
(5, 42, '2025-12-22', 1, 1, 0, 'Proceder con demanda ejecutiva según documentación aportada.', 5, '2025-12-14 00:00:00', 2, '2025-12-15 00:00:00', 3, '2025-12-16 00:00:00', 'Orden de gestión para proceso YBER-2026-0042', '2026-02-05 18:23:00', '2026-02-05 18:23:00', 0, 0, 0, 0, 0, 0),
(6, 43, '2026-01-21', 1, 1, 0, 'Proceder con demanda ejecutiva según documentación aportada.', 5, '2026-01-13 00:00:00', 2, '2026-01-14 00:00:00', 3, '2026-01-15 00:00:00', 'Orden de gestión para proceso YBER-2026-0043', '2026-02-05 18:23:01', '2026-02-05 18:23:01', 0, 0, 0, 0, 0, 0),
(7, 44, '2025-11-17', 0, 1, 0, 'Proceder con demanda ejecutiva según documentación aportada.', 5, '2025-11-09 00:00:00', 2, '2025-11-10 00:00:00', 3, '2025-11-11 00:00:00', 'Orden de gestión para proceso YBER-2026-0044', '2026-02-05 18:23:01', '2026-02-05 18:23:01', 0, 0, 0, 0, 0, 0),
(8, 46, '2025-10-18', 0, 0, 1, 'Proceder con demanda ejecutiva según documentación aportada.', 5, '2025-10-10 00:00:00', 2, '2025-10-11 00:00:00', 3, '2025-10-12 00:00:00', 'Orden de gestión para proceso YBER-2026-0046', '2026-02-05 18:23:01', '2026-02-05 18:23:01', 0, 0, 0, 0, 0, 0),
(9, 47, '2026-01-06', 0, 1, 0, 'Proceder con demanda ejecutiva según documentación aportada.', 5, '2025-12-29 00:00:00', 2, '2025-12-30 00:00:00', 3, '2025-12-31 00:00:00', 'Orden de gestión para proceso YBER-2026-0047', '2026-02-05 18:23:01', '2026-02-05 18:23:01', 0, 0, 0, 0, 0, 0),
(10, 48, '2026-01-31', 0, 1, 0, 'Proceder con demanda ejecutiva según documentación aportada.', 5, '2026-01-23 00:00:00', 2, '2026-01-24 00:00:00', 3, '2026-01-25 00:00:00', 'Orden de gestión para proceso YBER-2026-0048', '2026-02-05 18:23:01', '2026-02-05 18:23:01', 0, 0, 0, 0, 0, 0),
(11, 49, '2026-01-24', 0, 0, 0, 'Proceder con demanda ejecutiva según documentación aportada.', 5, '2026-01-16 00:00:00', 2, '2026-01-17 00:00:00', 3, '2026-01-18 00:00:00', 'Orden de gestión para proceso YBER-2026-0049', '2026-02-05 18:23:01', '2026-02-05 18:23:01', 0, 0, 0, 0, 0, 0),
(12, 50, '2025-12-02', 1, 0, 1, 'Proceder con demanda ejecutiva según documentación aportada.', 5, '2025-11-24 00:00:00', 2, '2025-11-25 00:00:00', 3, '2025-11-26 00:00:00', 'Orden de gestión para proceso YBER-2026-0050', '2026-02-05 18:23:01', '2026-02-05 18:23:01', 0, 0, 0, 0, 0, 0),
(13, 51, '2025-09-18', 1, 0, 0, 'Proceder con demanda ejecutiva según documentación aportada.', 5, '2025-09-10 00:00:00', 2, '2025-09-11 00:00:00', 3, '2025-09-12 00:00:00', 'Orden de gestión para proceso YBER-2026-0051', '2026-02-05 18:23:01', '2026-02-05 18:23:01', 0, 0, 0, 0, 0, 0),
(14, 53, '2025-12-27', 1, 1, 1, 'Proceder con demanda ejecutiva según documentación aportada.', 5, '2025-12-19 00:00:00', 2, '2025-12-20 00:00:00', 3, '2025-12-21 00:00:00', 'Orden de gestión para proceso YBER-2026-0053', '2026-02-05 18:23:01', '2026-02-05 18:23:01', 0, 0, 0, 0, 0, 0),
(15, 54, '2026-01-26', 0, 1, 0, 'Proceder con demanda ejecutiva según documentación aportada.', 5, '2026-01-18 00:00:00', 2, '2026-01-19 00:00:00', 3, '2026-01-20 00:00:00', 'Orden de gestión para proceso YBER-2026-0054', '2026-02-05 18:23:01', '2026-02-05 18:23:01', 0, 0, 0, 0, 0, 0),
(16, 55, '2026-02-05', 0, 1, 0, 'Proceder con demanda ejecutiva según documentación aportada.', 5, '2026-01-28 00:00:00', 2, '2026-01-29 00:00:00', 3, '2026-01-30 00:00:00', 'Orden de gestión para proceso YBER-2026-0055', '2026-02-05 18:23:01', '2026-02-05 18:23:01', 0, 0, 0, 0, 0, 0),
(17, 57, '2025-12-12', 1, 0, 1, 'Proceder con demanda ejecutiva según documentación aportada.', 5, '2025-12-04 00:00:00', 2, '2025-12-05 00:00:00', 3, '2025-12-06 00:00:00', 'Orden de gestión para proceso YBER-2026-0057', '2026-02-05 18:23:01', '2026-02-05 18:23:01', 0, 0, 0, 0, 0, 0),
(18, 58, '2026-01-28', 1, 0, 0, 'Proceder con demanda ejecutiva según documentación aportada.', 5, '2026-01-20 00:00:00', 2, '2026-01-21 00:00:00', 3, '2026-01-22 00:00:00', 'Orden de gestión para proceso YBER-2026-0058', '2026-02-05 18:23:01', '2026-02-05 18:23:01', 0, 0, 0, 0, 0, 0),
(19, 59, '2026-02-01', 1, 0, 0, 'Proceder con demanda ejecutiva según documentación aportada.', 5, '2026-01-24 00:00:00', 2, '2026-01-25 00:00:00', NULL, NULL, 'Orden de gestión para proceso YBER-2026-0059', '2026-02-05 18:23:01', '2026-02-05 18:23:01', 0, 0, 0, 0, 0, 0),
(20, 60, '2025-12-19', 1, 0, 1, 'Proceder con demanda ejecutiva según documentación aportada.', 5, '2025-12-11 00:00:00', 2, '2025-12-12 00:00:00', 3, '2025-12-13 00:00:00', 'Orden de gestión para proceso YBER-2026-0060', '2026-02-05 18:23:01', '2026-02-05 18:23:01', 0, 0, 0, 0, 0, 0),
(21, 62, '2025-11-27', 1, 0, 1, 'Proceder con demanda ejecutiva según documentación aportada.', 5, '2025-11-19 00:00:00', 2, '2025-11-20 00:00:00', 3, '2025-11-21 00:00:00', 'Orden de gestión para proceso YBER-2026-0062', '2026-02-05 18:23:01', '2026-02-05 18:23:01', 0, 0, 0, 0, 0, 0),
(22, 63, '2025-09-28', 0, 1, 0, 'Proceder con demanda ejecutiva según documentación aportada.', 5, '2025-09-20 00:00:00', 2, '2025-09-21 00:00:00', 3, '2025-09-22 00:00:00', 'Orden de gestión para proceso YBER-2026-0063', '2026-02-05 18:23:01', '2026-02-05 18:23:01', 0, 0, 0, 0, 0, 0),
(23, 64, '2026-01-18', 1, 0, 0, 'Proceder con demanda ejecutiva según documentación aportada.', 5, '2026-01-10 00:00:00', 2, '2026-01-11 00:00:00', 3, '2026-01-12 00:00:00', 'Orden de gestión para proceso YBER-2026-0064', '2026-02-05 18:23:01', '2026-02-05 18:23:01', 0, 0, 0, 0, 0, 0),
(24, 66, '2026-02-04', 0, 0, 1, 'Proceder con demanda ejecutiva según documentación aportada.', 5, '2026-01-27 00:00:00', 2, '2026-01-28 00:00:00', NULL, NULL, 'Orden de gestión para proceso YBER-2026-0066', '2026-02-05 18:23:01', '2026-02-05 18:23:01', 0, 0, 0, 0, 0, 0),
(25, 67, '2026-02-12', 1, 1, 1, 'Prueba1', 1, '2026-02-10 13:14:28', 1, '2026-02-10 13:14:43', 1, '2026-02-10 13:14:46', 'Prueba1', '2026-02-10 13:14:12', '2026-02-10 13:14:46', 0, 0, 0, 0, 0, 0),
(26, 69, '2025-11-06', 1, 1, 1, 'Pruevas con erorrez orto6raficos ', 1, '2026-02-12 13:36:29', 1, '2026-02-12 13:36:31', 1, '2026-02-12 13:36:33', 'PRUEBA3', '2026-02-12 13:35:21', '2026-02-12 13:36:33', 0, 0, 0, 0, 0, 0),
(27, 56, '2026-02-12', 0, 1, 1, 'prueba4', 1, '2026-02-12 20:30:42', 1, '2026-02-12 20:30:42', 1, '2026-02-12 20:30:43', 'prueba4', '2026-02-12 20:30:39', '2026-02-12 20:30:43', 0, 0, 0, 0, 0, 0),
(28, 70, '2026-02-20', 1, 0, 0, 'p', 1, '2026-02-13 05:32:02', 1, '2026-02-13 05:32:08', 1, '2026-02-13 05:32:13', 'p', '2026-02-13 05:31:50', '2026-02-13 05:32:13', 0, 0, 0, 0, 0, 0),
(29, 71, '2026-02-27', 1, 1, 1, 'nana', 1, '2026-02-13 22:27:20', 1, '2026-02-13 22:27:33', 1, '2026-02-13 22:27:38', 'na', '2026-02-13 22:17:12', '2026-02-13 22:27:38', 0, 0, 0, 0, 0, 0),
(30, 45, '2026-03-12', 1, 1, 1, 'RRRRRRRRRRRRRRRRRRRRRRRRRRRRRRRRRRRR RR rrrrr', 1, '2026-03-11 10:00:48', 1, '2026-03-11 10:00:50', 1, '2026-03-11 10:00:52', 'ttttt', '2026-03-11 10:00:43', '2026-03-11 10:00:52', 0, 0, 0, 0, 0, 0),
(31, 73, '2026-03-26', 1, 1, 1, 'ttttttttttt', 1, '2026-03-12 10:39:53', 1, '2026-03-12 10:39:54', 1, '2026-03-12 10:39:56', 'ttttttttttttt', '2026-03-12 10:39:50', '2026-03-12 10:39:56', 0, 0, 0, 0, 0, 0);

-- --------------------------------------------------------

--
-- Estructura de tabla para la tabla `password_reset_tokens`
--

CREATE TABLE `password_reset_tokens` (
  `email` varchar(255) CHARACTER SET utf8mb4 COLLATE utf8mb4_unicode_ci NOT NULL,
  `token` varchar(255) CHARACTER SET utf8mb4 COLLATE utf8mb4_unicode_ci NOT NULL,
  `created_at` timestamp NULL DEFAULT NULL
) ENGINE=InnoDB DEFAULT CHARSET=utf8mb4 COLLATE=utf8mb4_unicode_ci;

-- --------------------------------------------------------

--
-- Estructura de tabla para la tabla `permissions`
--

CREATE TABLE `permissions` (
  `id` bigint UNSIGNED NOT NULL,
  `name` varchar(255) CHARACTER SET utf8mb4 COLLATE utf8mb4_unicode_ci NOT NULL,
  `guard_name` varchar(255) CHARACTER SET utf8mb4 COLLATE utf8mb4_unicode_ci NOT NULL,
  `created_at` timestamp NULL DEFAULT NULL,
  `updated_at` timestamp NULL DEFAULT NULL
) ENGINE=InnoDB DEFAULT CHARSET=utf8mb4 COLLATE=utf8mb4_unicode_ci;

--
-- Volcado de datos para la tabla `permissions`
--

INSERT INTO `permissions` (`id`, `name`, `guard_name`, `created_at`, `updated_at`) VALUES
(1, 'users.index', 'web', '2026-02-05 07:14:51', '2026-02-05 07:14:51'),
(2, 'users.create', 'web', '2026-02-05 07:14:51', '2026-02-05 07:14:51'),
(3, 'users.edit', 'web', '2026-02-05 07:14:51', '2026-02-05 07:14:51'),
(4, 'users.delete', 'web', '2026-02-05 07:14:51', '2026-02-05 07:14:51'),
(5, 'procesos.index', 'web', '2026-02-05 07:14:51', '2026-02-05 07:14:51'),
(6, 'procesos.create', 'web', '2026-02-05 07:14:51', '2026-02-05 07:14:51'),
(7, 'procesos.edit', 'web', '2026-02-05 07:14:51', '2026-02-05 07:14:51'),
(8, 'procesos.delete', 'web', '2026-02-05 07:14:51', '2026-02-05 07:14:51'),
(9, 'procesos.assign', 'web', '2026-02-05 07:14:51', '2026-02-05 07:14:51'),
(10, 'clientes.index', 'web', '2026-02-05 07:14:51', '2026-02-05 07:14:51'),
(11, 'clientes.create', 'web', '2026-02-05 07:14:51', '2026-02-05 07:14:51'),
(12, 'clientes.edit', 'web', '2026-02-05 07:14:51', '2026-02-05 07:14:51'),
(13, 'clientes.delete', 'web', '2026-02-05 07:14:51', '2026-02-05 07:14:51'),
(14, 'deudores.index', 'web', '2026-02-05 07:14:51', '2026-02-05 07:14:51'),
(15, 'deudores.create', 'web', '2026-02-05 07:14:51', '2026-02-05 07:14:51'),
(16, 'deudores.edit', 'web', '2026-02-05 07:14:51', '2026-02-05 07:14:51'),
(17, 'deudores.delete', 'web', '2026-02-05 07:14:51', '2026-02-05 07:14:51'),
(18, 'documentos.index', 'web', '2026-02-05 07:14:51', '2026-02-05 07:14:51'),
(19, 'documentos.upload', 'web', '2026-02-05 07:14:51', '2026-02-05 07:14:51'),
(20, 'documentos.delete', 'web', '2026-02-05 07:14:51', '2026-02-05 07:14:51'),
(21, 'actuaciones.index', 'web', '2026-02-05 07:14:51', '2026-02-05 07:14:51'),
(22, 'actuaciones.create', 'web', '2026-02-05 07:14:51', '2026-02-05 07:14:51'),
(23, 'actuaciones.edit', 'web', '2026-02-05 07:14:51', '2026-02-05 07:14:51'),
(24, 'alertas.index', 'web', '2026-02-05 07:14:51', '2026-02-05 07:14:51'),
(25, 'alertas.resolve', 'web', '2026-02-05 07:14:51', '2026-02-05 07:14:51'),
(26, 'reportes.index', 'web', '2026-02-05 07:14:51', '2026-02-05 07:14:51'),
(27, 'reportes.export', 'web', '2026-02-05 07:14:51', '2026-02-05 07:14:51'),
(28, 'dashboard.gerencial', 'web', '2026-02-05 07:14:51', '2026-02-05 07:14:51'),
(29, 'dashboard.operativo', 'web', '2026-02-05 07:14:51', '2026-02-05 07:14:51'),
(30, 'procesos.show', 'web', '2026-02-05 14:49:32', '2026-02-05 14:49:32'),
(31, 'procesos.transition', 'web', '2026-02-05 14:49:32', '2026-02-05 14:49:32'),
(32, 'importar.index', 'web', '2026-02-05 14:49:32', '2026-02-05 14:49:32');

-- --------------------------------------------------------

--
-- Estructura de tabla para la tabla `procesos`
--

CREATE TABLE `procesos` (
  `id` bigint UNSIGNED NOT NULL,
  `cliente_corporativo_id` bigint UNSIGNED NOT NULL,
  `deudor_id` bigint UNSIGNED NOT NULL,
  `radicado_interno` varchar(255) CHARACTER SET utf8mb4 COLLATE utf8mb4_unicode_ci NOT NULL,
  `numero_obligacion` varchar(255) CHARACTER SET utf8mb4 COLLATE utf8mb4_unicode_ci DEFAULT NULL COMMENT 'ID banco/cliente',
  `cuantia_total` decimal(15,2) NOT NULL,
  `tipo_cuantia` enum('minima','menor','mayor') CHARACTER SET utf8mb4 COLLATE utf8mb4_unicode_ci DEFAULT NULL COMMENT 'Auto-calculado: <20SMLMV=minima, <150SMLMV=menor, >=150SMLMV=mayor',
  `estado` enum('recepcion','analisis','redaccion','revision','radicado','seguimiento','sentencia','liquidacion','terminado') CHARACTER SET utf8mb4 COLLATE utf8mb4_unicode_ci NOT NULL DEFAULT 'recepcion',
  `etapa_procesal` enum('na','calificacion','mandamiento','notificacion','excepciones','medidas_cautelares','sentencia','liquidacion','remate','audiencia','presentacion','liquidacion_costas','liquidacion_credito') COLLATE utf8mb4_unicode_ci DEFAULT 'na',
  `juzgado` varchar(255) CHARACTER SET utf8mb4 COLLATE utf8mb4_unicode_ci DEFAULT NULL,
  `radicado_juzgado` varchar(255) CHARACTER SET utf8mb4 COLLATE utf8mb4_unicode_ci DEFAULT NULL COMMENT 'Código 23 dígitos Rama Judicial',
  `fecha_ingreso` date NOT NULL,
  `fecha_radicacion` date DEFAULT NULL,
  `fecha_vencimiento_terminos` date DEFAULT NULL COMMENT 'Calculada para alertas',
  `tiene_deceval` tinyint(1) NOT NULL DEFAULT '0',
  `pagare_virtual` tinyint(1) NOT NULL DEFAULT '0',
  `con_escritura` tinyint(1) NOT NULL DEFAULT '0',
  `prioridad` enum('baja','media','alta','urgente') CHARACTER SET utf8mb4 COLLATE utf8mb4_unicode_ci NOT NULL DEFAULT 'media',
  `observaciones` text CHARACTER SET utf8mb4 COLLATE utf8mb4_unicode_ci,
  `creado_por` bigint UNSIGNED DEFAULT NULL,
  `created_at` timestamp NULL DEFAULT NULL,
  `updated_at` timestamp NULL DEFAULT NULL,
  `deleted_at` timestamp NULL DEFAULT NULL,
  `saldo_capital` decimal(15,2) DEFAULT '0.00' COMMENT 'Capital principal adeudado',
  `saldo_intereses` decimal(15,2) DEFAULT '0.00' COMMENT 'Intereses acumulados',
  `saldo_total` decimal(15,2) DEFAULT '0.00' COMMENT 'Total = capital + intereses',
  `fecha_completitud_docs` date DEFAULT NULL COMMENT 'Fecha en que se marcaron los documentos como completos',
  `flujo_bloqueado` tinyint(1) NOT NULL DEFAULT '0' COMMENT '1 si el flujo está bloqueado',
  `razon_bloqueo` text CHARACTER SET utf8mb4 COLLATE utf8mb4_unicode_ci COMMENT 'Razón del bloqueo del flujo',
  `bloqueado_por` bigint UNSIGNED DEFAULT NULL COMMENT 'ID del usuario que bloqueó',
  `bloqueado_at` timestamp NULL DEFAULT NULL COMMENT 'Fecha y hora del bloqueo',
  `codigo_carpeta_virtual` varchar(100) CHARACTER SET utf8mb4 COLLATE utf8mb4_unicode_ci DEFAULT NULL COMMENT 'Código carpeta virtual para agrupación de docs',
  `consecutivo_yber` varchar(30) CHARACTER SET utf8mb4 COLLATE utf8mb4_unicode_ci DEFAULT NULL COMMENT 'Consecutivo YBER formato: CC-YYYY-NNNN'
) ENGINE=InnoDB DEFAULT CHARSET=utf8mb4 COLLATE=utf8mb4_unicode_ci;

--
-- Volcado de datos para la tabla `procesos`
--

INSERT INTO `procesos` (`id`, `cliente_corporativo_id`, `deudor_id`, `radicado_interno`, `numero_obligacion`, `cuantia_total`, `tipo_cuantia`, `estado`, `etapa_procesal`, `juzgado`, `radicado_juzgado`, `fecha_ingreso`, `fecha_radicacion`, `fecha_vencimiento_terminos`, `tiene_deceval`, `pagare_virtual`, `con_escritura`, `prioridad`, `observaciones`, `creado_por`, `created_at`, `updated_at`, `deleted_at`, `saldo_capital`, `saldo_intereses`, `saldo_total`, `fecha_completitud_docs`, `flujo_bloqueado`, `razon_bloqueo`, `bloqueado_por`, `bloqueado_at`, `codigo_carpeta_virtual`, `consecutivo_yber`) VALUES
(1, 4, 1, 'YBER-2026-0001', 'COL-2025-4521', 15800000.00, 'minima', 'seguimiento', 'mandamiento', 'Juzgado 001 Civil Municipal de Bogotá', '11001764020263570100', '2025-12-22', '2026-01-04', '2026-02-17', 0, 1, 0, 'media', 'Proceso en trámite judicial. Seguimiento activo.', NULL, '2026-02-05 17:50:19', '2026-02-05 18:00:41', '2026-02-05 18:00:41', 15800000.00, 0.00, 15800000.00, NULL, 0, NULL, NULL, NULL, NULL, NULL),
(2, 4, 2, 'YBER-2026-0002', 'COL-2025-4522', 8500000.00, 'minima', 'radicado', 'calificacion', 'Juzgado 003 Civil Municipal de Bogotá', '11001804020268250700', '2026-01-06', '2026-01-12', NULL, 1, 0, 1, 'media', 'Demanda radicada en juzgado. Esperando reparto.', NULL, '2026-02-05 17:50:19', '2026-02-05 18:00:41', '2026-02-05 18:00:41', 8500000.00, 0.00, 8500000.00, NULL, 0, NULL, NULL, NULL, NULL, NULL),
(3, 4, 3, 'YBER-2026-0003', 'COL-2025-4523', 32000000.00, 'menor', 'redaccion', 'na', NULL, NULL, '2026-01-24', NULL, NULL, 1, 0, 1, 'media', 'En proceso de redacción de demanda ejecutiva.', NULL, '2026-02-05 17:50:19', '2026-02-05 18:00:41', '2026-02-05 18:00:41', 32000000.00, 0.00, 32000000.00, NULL, 0, NULL, NULL, NULL, NULL, NULL),
(4, 4, 1, 'YBER-2026-0004', 'COL-2025-4521', 15800000.00, 'minima', 'seguimiento', 'mandamiento', 'Juzgado 001 Civil Municipal de Bogotá', '11001924020261154200', '2025-12-22', '2025-12-28', '2026-02-18', 0, 0, 0, 'media', 'Proceso en trámite judicial. Seguimiento activo.', NULL, '2026-02-05 17:52:50', '2026-02-05 18:00:41', '2026-02-05 18:00:41', 15800000.00, 0.00, 15800000.00, NULL, 0, NULL, NULL, NULL, NULL, NULL),
(5, 4, 2, 'YBER-2026-0005', 'COL-2025-4522', 8500000.00, 'minima', 'radicado', 'calificacion', 'Juzgado 003 Civil Municipal de Bogotá', '11001904020265719200', '2026-01-06', '2026-01-15', NULL, 0, 0, 1, 'media', 'Demanda radicada en juzgado. Esperando reparto.', NULL, '2026-02-05 17:52:50', '2026-02-05 18:00:41', '2026-02-05 18:00:41', 8500000.00, 0.00, 8500000.00, NULL, 0, NULL, NULL, NULL, NULL, NULL),
(6, 4, 3, 'YBER-2026-0006', 'COL-2025-4523', 32000000.00, 'menor', 'redaccion', 'na', NULL, NULL, '2026-01-24', NULL, NULL, 1, 1, 1, 'media', 'En proceso de redacción de demanda ejecutiva.', NULL, '2026-02-05 17:52:50', '2026-02-05 18:00:41', '2026-02-05 18:00:41', 32000000.00, 0.00, 32000000.00, NULL, 0, NULL, NULL, NULL, NULL, NULL),
(7, 4, 1, 'YBER-2026-0007', 'COL-2025-4521', 15800000.00, 'minima', 'seguimiento', 'mandamiento', 'Juzgado 001 Civil Municipal de Bogotá', '11001744020265810200', '2025-12-22', '2025-12-29', '2026-02-16', 1, 1, 0, 'media', 'Proceso en trámite judicial. Seguimiento activo.', NULL, '2026-02-05 18:00:43', '2026-02-05 18:02:55', '2026-02-05 18:02:55', 15800000.00, 0.00, 15800000.00, NULL, 0, NULL, NULL, NULL, NULL, NULL),
(8, 4, 2, 'YBER-2026-0008', 'COL-2025-4522', 8500000.00, 'minima', 'radicado', 'calificacion', 'Juzgado 003 Civil Municipal de Bogotá', '11001274020268955000', '2026-01-06', '2026-01-15', NULL, 1, 1, 1, 'media', 'Demanda radicada en juzgado. Esperando reparto.', NULL, '2026-02-05 18:00:43', '2026-02-05 18:02:55', '2026-02-05 18:02:55', 8500000.00, 0.00, 8500000.00, NULL, 0, NULL, NULL, NULL, NULL, NULL),
(9, 4, 3, 'YBER-2026-0009', 'COL-2025-4523', 32000000.00, 'menor', 'redaccion', 'na', NULL, NULL, '2026-01-24', NULL, NULL, 1, 0, 1, 'media', 'En proceso de redacción de demanda ejecutiva.', NULL, '2026-02-05 18:00:43', '2026-02-05 18:02:55', '2026-02-05 18:02:55', 32000000.00, 0.00, 32000000.00, NULL, 0, NULL, NULL, NULL, NULL, NULL),
(10, 4, 4, 'YBER-2026-0010', 'COL-2025-4478', 125000000.00, 'menor', 'seguimiento', 'medidas_cautelares', 'Juzgado 007 Civil Municipal de Bogotá', '11001984020264291900', '2025-12-07', '2025-12-12', '2026-02-11', 1, 0, 1, 'media', 'Proceso en trámite judicial. Seguimiento activo.', NULL, '2026-02-05 18:00:43', '2026-02-05 18:02:55', '2026-02-05 18:02:55', 125000000.00, 0.00, 125000000.00, NULL, 0, NULL, NULL, NULL, NULL, NULL),
(11, 4, 5, 'YBER-2026-0011', 'COL-2025-4590', 4200000.00, 'minima', 'analisis', 'na', NULL, NULL, '2026-01-31', NULL, NULL, 1, 0, 1, 'media', 'Documentación en revisión. Verificando viabilidad jurídica.', NULL, '2026-02-05 18:00:43', '2026-02-05 18:02:55', '2026-02-05 18:02:55', 4200000.00, 0.00, 4200000.00, NULL, 0, NULL, NULL, NULL, NULL, NULL),
(12, 3, 6, 'YBER-2026-0012', 'CSB-2025-1234', 22000000.00, 'minima', 'seguimiento', 'notificacion', 'Juzgado 012 Civil Municipal de Bogotá', '11001854020260429700', '2025-12-12', '2025-12-27', '2026-02-14', 0, 0, 1, 'media', 'Proceso en trámite judicial. Seguimiento activo.', NULL, '2026-02-05 18:00:43', '2026-02-05 18:02:55', '2026-02-05 18:02:55', 22000000.00, 0.00, 22000000.00, NULL, 0, NULL, NULL, NULL, NULL, NULL),
(13, 3, 7, 'YBER-2026-0013', 'CSB-2025-1235', 6800000.00, 'minima', 'radicado', 'calificacion', 'Juzgado 015 Civil Municipal de Bogotá', '11001354020265764300', '2026-01-11', '2026-01-22', NULL, 1, 1, 1, 'media', 'Demanda radicada en juzgado. Esperando reparto.', NULL, '2026-02-05 18:00:43', '2026-02-05 18:02:55', '2026-02-05 18:02:55', 6800000.00, 0.00, 6800000.00, NULL, 0, NULL, NULL, NULL, NULL, NULL),
(14, 3, 8, 'YBER-2026-0014', 'CSB-2025-1180', 18500000.00, 'minima', 'sentencia', 'sentencia', 'Juzgado 021 Civil del Circuito de Bogotá', '11001554020261162000', '2025-11-07', '2025-11-16', '2026-02-17', 0, 0, 1, 'media', 'Sentencia emitida. Pendiente liquidación.', NULL, '2026-02-05 18:00:43', '2026-02-05 18:02:55', '2026-02-05 18:02:55', 18500000.00, 0.00, 18500000.00, NULL, 0, NULL, NULL, NULL, NULL, NULL),
(15, 3, 9, 'YBER-2026-0015', 'CSB-2025-1290', 9700000.00, 'minima', 'recepcion', 'na', NULL, NULL, '2026-02-03', NULL, NULL, 1, 0, 1, 'media', 'Caso recibido. Pendiente revisión documental.', NULL, '2026-02-05 18:00:43', '2026-02-05 18:02:55', '2026-02-05 18:02:55', 9700000.00, 0.00, 9700000.00, NULL, 0, NULL, NULL, NULL, NULL, NULL),
(16, 3, 10, 'YBER-2026-0016', 'CSB-2025-1102', 45000000.00, 'menor', 'liquidacion', 'liquidacion', 'Juzgado 001 Civil Municipal de Bogotá', '11001164020263903700', '2025-10-08', '2025-10-21', '2026-02-15', 0, 0, 1, 'media', 'En etapa de liquidación de crédito y costas.', NULL, '2026-02-05 18:00:43', '2026-02-05 18:02:55', '2026-02-05 18:02:55', 45000000.00, 0.00, 45000000.00, NULL, 0, NULL, NULL, NULL, NULL, NULL),
(17, 2, 11, 'YBER-2026-0017', 'BDB-2025-7801', 11200000.00, 'minima', 'seguimiento', 'mandamiento', 'Juzgado 003 Civil Municipal de Bogotá', '11001774020268702100', '2025-12-27', '2026-01-09', '2026-02-16', 0, 0, 0, 'media', 'Proceso en trámite judicial. Seguimiento activo.', NULL, '2026-02-05 18:00:43', '2026-02-05 18:02:55', '2026-02-05 18:02:55', 11200000.00, 0.00, 11200000.00, NULL, 0, NULL, NULL, NULL, NULL, NULL),
(18, 2, 12, 'YBER-2026-0018', 'BDB-2025-7802', 28000000.00, 'minima', 'redaccion', 'na', NULL, NULL, '2026-01-21', NULL, NULL, 1, 0, 1, 'media', 'En proceso de redacción de demanda ejecutiva.', NULL, '2026-02-05 18:00:43', '2026-02-05 18:02:55', '2026-02-05 18:02:55', 28000000.00, 0.00, 28000000.00, NULL, 0, NULL, NULL, NULL, NULL, NULL),
(19, 2, 13, 'YBER-2026-0019', 'BDB-2025-7803', 5400000.00, 'minima', 'radicado', 'calificacion', 'Juzgado 012 Civil Municipal de Bogotá', '11001344020262276300', '2026-01-14', '2026-01-21', NULL, 1, 0, 1, 'media', 'Demanda radicada en juzgado. Esperando reparto.', NULL, '2026-02-05 18:00:43', '2026-02-05 18:02:55', '2026-02-05 18:02:55', 5400000.00, 0.00, 5400000.00, NULL, 0, NULL, NULL, NULL, NULL, NULL),
(20, 2, 14, 'YBER-2026-0020', 'BDB-2025-7750', 67000000.00, 'menor', 'seguimiento', 'medidas_cautelares', 'Juzgado 005 Civil del Circuito de Bogotá', '11001854020269635500', '2025-11-22', '2025-12-07', '2026-02-03', 0, 0, 1, 'media', 'Proceso en trámite judicial. Seguimiento activo.', NULL, '2026-02-05 18:00:43', '2026-02-05 18:02:55', '2026-02-05 18:02:55', 67000000.00, 0.00, 67000000.00, NULL, 0, NULL, NULL, NULL, NULL, NULL),
(21, 2, 15, 'YBER-2026-0021', 'BDB-2025-7680', 3800000.00, 'minima', 'terminado', 'na', 'Juzgado 015 Civil Municipal de Bogotá', '11001044020262964900', '2025-09-08', '2025-09-18', NULL, 0, 0, 0, 'media', 'Proceso terminado y archivado.', NULL, '2026-02-05 18:00:43', '2026-02-05 18:02:55', '2026-02-05 18:02:55', 3800000.00, 0.00, 3800000.00, NULL, 0, NULL, NULL, NULL, NULL, NULL),
(22, 2, 16, 'YBER-2026-0022', 'BDB-2025-7850', 19500000.00, 'minima', 'analisis', 'na', NULL, NULL, '2026-02-01', NULL, NULL, 0, 0, 0, 'media', 'Documentación en revisión. Verificando viabilidad jurídica.', NULL, '2026-02-05 18:00:43', '2026-02-05 18:02:55', '2026-02-05 18:02:55', 19500000.00, 0.00, 19500000.00, NULL, 0, NULL, NULL, NULL, NULL, NULL),
(23, 5, 17, 'YBER-2026-0023', 'MGL-2025-0301', 85000000.00, 'menor', 'seguimiento', 'notificacion', 'Juzgado 021 Civil del Circuito de Bogotá', '11001944020266896500', '2025-12-17', '2026-01-01', '2026-02-09', 1, 0, 1, 'media', 'Proceso en trámite judicial. Seguimiento activo.', NULL, '2026-02-05 18:00:43', '2026-02-05 18:02:55', '2026-02-05 18:02:55', 85000000.00, 0.00, 85000000.00, NULL, 0, NULL, NULL, NULL, NULL, NULL),
(24, 5, 18, 'YBER-2026-0024', 'MGL-2025-0302', 7200000.00, 'minima', 'radicado', 'calificacion', 'Juzgado 002 Civil Municipal de Tunja', '11001634020260065300', '2026-01-16', '2026-01-21', NULL, 1, 0, 1, 'media', 'Demanda radicada en juzgado. Esperando reparto.', NULL, '2026-02-05 18:00:43', '2026-02-05 18:02:55', '2026-02-05 18:02:55', 7200000.00, 0.00, 7200000.00, NULL, 0, NULL, NULL, NULL, NULL, NULL),
(25, 5, 19, 'YBER-2026-0025', 'MGL-2025-0303', 14600000.00, 'minima', 'redaccion', 'na', NULL, NULL, '2026-01-26', NULL, NULL, 1, 0, 0, 'media', 'En proceso de redacción de demanda ejecutiva.', NULL, '2026-02-05 18:00:43', '2026-02-05 18:02:55', '2026-02-05 18:02:55', 14600000.00, 0.00, 14600000.00, NULL, 0, NULL, NULL, NULL, NULL, NULL),
(26, 5, 20, 'YBER-2026-0026', 'MGL-2025-0310', 6100000.00, 'minima', 'recepcion', 'na', NULL, NULL, '2026-02-04', NULL, NULL, 0, 1, 0, 'media', 'Caso recibido. Pendiente revisión documental.', NULL, '2026-02-05 18:00:43', '2026-02-05 18:02:55', '2026-02-05 18:02:55', 6100000.00, 0.00, 6100000.00, NULL, 0, NULL, NULL, NULL, NULL, NULL),
(27, 4, 21, 'YBER-2026-0027', 'COL-2025-4450', 42000000.00, 'menor', 'seguimiento', 'mandamiento', 'Juzgado 007 Civil Municipal de Bogotá', '11001254020262397100', '2025-12-02', '2025-12-13', '2026-02-19', 0, 0, 1, 'media', 'Proceso en trámite judicial. Seguimiento activo.', NULL, '2026-02-05 18:00:43', '2026-02-05 18:02:55', '2026-02-05 18:02:55', 42000000.00, 0.00, 42000000.00, NULL, 0, NULL, NULL, NULL, NULL, NULL),
(28, 4, 22, 'YBER-2026-0028', 'COL-2025-4591', 9300000.00, 'minima', 'radicado', 'calificacion', 'Juzgado 001 Civil Municipal de Bogotá', '11001394020262960300', '2026-01-18', '2026-02-02', NULL, 0, 1, 1, 'media', 'Demanda radicada en juzgado. Esperando reparto.', NULL, '2026-02-05 18:00:43', '2026-02-05 18:02:55', '2026-02-05 18:02:55', 9300000.00, 0.00, 9300000.00, NULL, 0, NULL, NULL, NULL, NULL, NULL),
(29, 3, 23, 'YBER-2026-0029', 'CSB-2025-1280', 16800000.00, 'minima', 'redaccion', 'na', NULL, NULL, '2026-01-22', NULL, NULL, 0, 0, 0, 'media', 'En proceso de redacción de demanda ejecutiva.', NULL, '2026-02-05 18:00:43', '2026-02-05 18:02:55', '2026-02-05 18:02:55', 16800000.00, 0.00, 16800000.00, NULL, 0, NULL, NULL, NULL, NULL, NULL),
(30, 2, 24, 'YBER-2026-0030', 'BDB-2025-7790', 38500000.00, 'menor', 'seguimiento', 'notificacion', 'Juzgado 005 Civil del Circuito de Bogotá', '11001714020266650100', '2025-12-09', '2025-12-22', '2026-02-08', 1, 1, 1, 'media', 'Proceso en trámite judicial. Seguimiento activo.', NULL, '2026-02-05 18:00:44', '2026-02-05 18:02:55', '2026-02-05 18:02:55', 38500000.00, 0.00, 38500000.00, NULL, 0, NULL, NULL, NULL, NULL, NULL),
(31, 5, 25, 'YBER-2026-0031', 'MGL-2025-0305', 21000000.00, 'minima', 'analisis', 'na', NULL, NULL, '2026-01-30', NULL, NULL, 1, 0, 1, 'media', 'Documentación en revisión. Verificando viabilidad jurídica.', NULL, '2026-02-05 18:00:44', '2026-02-05 18:02:55', '2026-02-05 18:02:55', 21000000.00, 0.00, 21000000.00, NULL, 0, NULL, NULL, NULL, NULL, NULL),
(32, 4, 6, 'YBER-2026-0032', 'COL-2025-4410', 52000000.00, 'menor', 'seguimiento', 'medidas_cautelares', 'Juzgado 003 Civil Municipal de Bogotá', '11001384020263169900', '2025-11-17', '2025-11-28', '2026-02-06', 0, 0, 1, 'media', 'Proceso en trámite judicial. Seguimiento activo.', NULL, '2026-02-05 18:00:44', '2026-02-05 18:02:55', '2026-02-05 18:02:55', 52000000.00, 0.00, 52000000.00, NULL, 0, NULL, NULL, NULL, NULL, NULL),
(33, 3, 12, 'YBER-2026-0033', 'CSB-2025-1050', 7500000.00, 'minima', 'terminado', 'na', 'Juzgado 012 Civil Municipal de Bogotá', '11001674020265687100', '2025-09-18', '2025-09-24', NULL, 1, 0, 0, 'media', 'Proceso terminado y archivado.', NULL, '2026-02-05 18:00:44', '2026-02-05 18:02:55', '2026-02-05 18:02:55', 7500000.00, 0.00, 7500000.00, NULL, 0, NULL, NULL, NULL, NULL, NULL),
(34, 2, 1, 'YBER-2026-0034', 'BDB-2025-7810', 19800000.00, 'minima', 'radicado', 'calificacion', 'Juzgado 021 Civil del Circuito de Bogotá', '11001414020266470500', '2026-01-08', '2026-01-15', NULL, 1, 0, 1, 'media', 'Demanda radicada en juzgado. Esperando reparto.', NULL, '2026-02-05 18:00:44', '2026-02-05 18:02:55', '2026-02-05 18:02:55', 19800000.00, 0.00, 19800000.00, NULL, 0, NULL, NULL, NULL, NULL, NULL),
(35, 4, 16, 'YBER-2026-0035', 'COL-2025-4595', 8900000.00, 'minima', 'recepcion', 'na', NULL, NULL, '2026-02-02', NULL, NULL, 0, 0, 0, 'media', 'Caso recibido. Pendiente revisión documental.', NULL, '2026-02-05 18:00:44', '2026-02-05 18:02:55', '2026-02-05 18:02:55', 8900000.00, 0.00, 8900000.00, NULL, 0, NULL, NULL, NULL, NULL, NULL),
(36, 5, 8, 'YBER-2026-0036', 'MGL-2025-0308', 31000000.00, 'menor', 'redaccion', 'na', NULL, NULL, '2026-01-25', NULL, NULL, 1, 1, 1, 'media', 'En proceso de redacción de demanda ejecutiva.', NULL, '2026-02-05 18:00:44', '2026-02-05 18:02:55', '2026-02-05 18:02:55', 31000000.00, 0.00, 31000000.00, NULL, 0, NULL, NULL, NULL, NULL, NULL),
(37, 4, 1, 'YBER-2026-0037', 'COL-2025-4521', 15800000.00, 'minima', 'seguimiento', 'mandamiento', 'Juzgado 001 Civil Municipal de Bogotá', '11001124020269692600', '2025-12-22', '2026-01-02', '2026-02-06', 1, 1, 1, 'media', 'Proceso en trámite judicial. Seguimiento activo.', NULL, '2026-02-05 18:02:57', '2026-02-05 18:02:57', NULL, 15800000.00, 0.00, 15800000.00, NULL, 0, NULL, NULL, NULL, NULL, NULL),
(38, 4, 2, 'YBER-2026-0038', 'COL-2025-4522', 8500000.00, 'minima', 'radicado', 'calificacion', 'Juzgado 003 Civil Municipal de Bogotá', '11001464020261325100', '2026-01-06', '2026-01-15', NULL, 0, 0, 1, 'media', 'Demanda radicada en juzgado. Esperando reparto.', NULL, '2026-02-05 18:02:57', '2026-02-05 18:02:57', NULL, 8500000.00, 0.00, 8500000.00, NULL, 0, NULL, NULL, NULL, NULL, NULL),
(39, 4, 3, 'YBER-2026-0039', 'COL-2025-4523', 32000000.00, 'menor', 'redaccion', 'na', NULL, NULL, '2026-01-24', NULL, NULL, 0, 1, 1, 'media', 'En proceso de redacción de demanda ejecutiva.', NULL, '2026-02-05 18:02:57', '2026-02-05 18:02:57', NULL, 32000000.00, 0.00, 32000000.00, NULL, 0, NULL, NULL, NULL, NULL, NULL),
(40, 4, 4, 'YBER-2026-0040', 'COL-2025-4478', 125000000.00, 'menor', 'seguimiento', 'medidas_cautelares', 'Juzgado 007 Civil Municipal de Bogotá', '11001574020266317100', '2025-12-07', '2025-12-12', '2026-02-08', 0, 1, 1, 'media', 'Proceso en trámite judicial. Seguimiento activo.', NULL, '2026-02-05 18:02:57', '2026-02-05 18:02:57', NULL, 125000000.00, 0.00, 125000000.00, NULL, 0, NULL, NULL, NULL, NULL, NULL),
(41, 4, 5, 'YBER-2026-0041', 'COL-2025-4590', 4200000.00, 'minima', 'analisis', 'na', NULL, NULL, '2026-01-31', NULL, NULL, 0, 1, 1, 'media', 'Documentación en revisión. Verificando viabilidad jurídica.', NULL, '2026-02-05 18:02:57', '2026-02-05 18:02:57', NULL, 4200000.00, 0.00, 4200000.00, NULL, 0, NULL, NULL, NULL, NULL, NULL),
(42, 3, 6, 'YBER-2026-0042', 'CSB-2025-1234', 22000000.00, 'minima', 'seguimiento', 'notificacion', 'Juzgado 012 Civil Municipal de Bogotá', '11001284020262362900', '2025-12-12', '2025-12-21', '2026-02-12', 0, 1, 0, 'media', 'Proceso en trámite judicial. Seguimiento activo.', NULL, '2026-02-05 18:02:57', '2026-02-05 18:02:57', NULL, 22000000.00, 0.00, 22000000.00, NULL, 0, NULL, NULL, NULL, NULL, NULL),
(43, 3, 7, 'YBER-2026-0043', 'CSB-2025-1235', 6800000.00, 'minima', 'radicado', 'calificacion', 'Juzgado 015 Civil Municipal de Bogotá', '11001114020262426100', '2026-01-11', '2026-01-19', NULL, 0, 1, 1, 'media', 'Demanda radicada en juzgado. Esperando reparto.', NULL, '2026-02-05 18:02:57', '2026-02-05 18:02:57', NULL, 6800000.00, 0.00, 6800000.00, NULL, 0, NULL, NULL, NULL, NULL, NULL),
(44, 3, 8, 'YBER-2026-0044', 'CSB-2025-1180', 18500000.00, 'minima', 'sentencia', 'sentencia', 'Juzgado 021 Civil del Circuito de Bogotá', '11001694020265237400', '2025-11-07', '2025-11-22', '2026-02-06', 1, 1, 1, 'media', 'Sentencia emitida. Pendiente liquidación.', NULL, '2026-02-05 18:02:57', '2026-02-05 18:02:57', NULL, 18500000.00, 0.00, 18500000.00, NULL, 0, NULL, NULL, NULL, NULL, NULL),
(45, 3, 9, 'YBER-2026-0045', 'CSB-2025-1290', 9700000.00, 'minima', 'redaccion', 'na', NULL, NULL, '2026-02-03', NULL, '2026-03-12', 1, 1, 1, 'urgente', 'Caso recibido. Pendiente revisión documental.', NULL, '2026-02-05 18:02:57', '2026-03-11 10:03:11', NULL, 9700000.00, 0.00, 9700000.00, '2026-03-11', 0, NULL, NULL, NULL, NULL, NULL),
(46, 3, 10, 'YBER-2026-0046', 'CSB-2025-1102', 45000000.00, 'menor', 'liquidacion', 'liquidacion', 'Juzgado 001 Civil Municipal de Bogotá', '11001104020267096100', '2025-10-08', '2025-10-15', '2026-02-03', 1, 1, 1, 'media', 'En etapa de liquidación de crédito y costas.', NULL, '2026-02-05 18:02:57', '2026-02-05 18:02:57', NULL, 45000000.00, 0.00, 45000000.00, NULL, 0, NULL, NULL, NULL, NULL, NULL),
(47, 2, 11, 'YBER-2026-0047', 'BDB-2025-7801', 11200000.00, 'minima', 'seguimiento', 'mandamiento', 'Juzgado 003 Civil Municipal de Bogotá', '11001314020267276500', '2025-12-27', '2026-01-11', '2026-02-18', 1, 0, 0, 'media', 'Proceso en trámite judicial. Seguimiento activo.', NULL, '2026-02-05 18:02:57', '2026-02-05 18:02:57', NULL, 11200000.00, 0.00, 11200000.00, NULL, 0, NULL, NULL, NULL, NULL, NULL),
(48, 2, 12, 'YBER-2026-0048', 'BDB-2025-7802', 28000000.00, 'minima', 'redaccion', 'na', NULL, NULL, '2026-01-21', NULL, NULL, 1, 1, 0, 'media', 'En proceso de redacción de demanda ejecutiva.', NULL, '2026-02-05 18:02:57', '2026-02-05 18:02:57', NULL, 28000000.00, 0.00, 28000000.00, NULL, 0, NULL, NULL, NULL, NULL, NULL),
(49, 2, 13, 'YBER-2026-0049', 'BDB-2025-7803', 5400000.00, 'minima', 'radicado', 'calificacion', 'Juzgado 012 Civil Municipal de Bogotá', '11001544020269829900', '2026-01-14', '2026-01-25', NULL, 1, 0, 0, 'media', 'Demanda radicada en juzgado. Esperando reparto.', NULL, '2026-02-05 18:02:57', '2026-02-05 18:02:57', NULL, 5400000.00, 0.00, 5400000.00, NULL, 0, NULL, NULL, NULL, NULL, NULL),
(50, 2, 14, 'YBER-2026-0050', 'BDB-2025-7750', 67000000.00, 'menor', 'seguimiento', 'medidas_cautelares', 'Juzgado 005 Civil del Circuito de Bogotá', '11001234020268918200', '2025-11-22', '2025-12-01', '2026-02-08', 1, 0, 1, 'media', 'Proceso en trámite judicial. Seguimiento activo.', NULL, '2026-02-05 18:02:57', '2026-02-05 18:02:57', NULL, 67000000.00, 0.00, 67000000.00, NULL, 0, NULL, NULL, NULL, NULL, NULL),
(51, 2, 15, 'YBER-2026-0051', 'BDB-2025-7680', 3800000.00, 'minima', 'terminado', 'na', 'Juzgado 015 Civil Municipal de Bogotá', '11001714020268746900', '2025-09-08', '2025-09-14', NULL, 1, 1, 1, 'media', 'Proceso terminado y archivado.', NULL, '2026-02-05 18:02:57', '2026-02-05 18:02:57', NULL, 3800000.00, 0.00, 3800000.00, NULL, 0, NULL, NULL, NULL, NULL, NULL),
(52, 2, 16, 'YBER-2026-0052', 'BDB-2025-7850', 19500000.00, 'minima', 'analisis', 'notificacion', NULL, NULL, '2026-02-01', NULL, NULL, 0, 0, 1, 'media', 'Documentación en revisión. Verificando viabilidad jurídica.', NULL, '2026-02-05 18:02:57', '2026-02-07 20:49:45', NULL, 19500000.00, 0.00, 19500000.00, NULL, 0, NULL, NULL, NULL, NULL, NULL),
(53, 5, 17, 'YBER-2026-0053', 'MGL-2025-0301', 85000000.00, 'menor', 'seguimiento', 'notificacion', 'Juzgado 021 Civil del Circuito de Bogotá', '11001534020264377600', '2025-12-17', '2025-12-22', '2026-02-13', 0, 1, 1, 'media', 'Proceso en trámite judicial. Seguimiento activo.', NULL, '2026-02-05 18:02:57', '2026-02-05 18:02:57', NULL, 85000000.00, 0.00, 85000000.00, NULL, 0, NULL, NULL, NULL, NULL, NULL),
(54, 5, 18, 'YBER-2026-0054', 'MGL-2025-0302', 7200000.00, 'minima', 'radicado', 'calificacion', 'Juzgado 002 Civil Municipal de Tunja', '11001264020269987700', '2026-01-16', '2026-01-25', NULL, 1, 0, 1, 'media', 'Demanda radicada en juzgado. Esperando reparto.', NULL, '2026-02-05 18:02:57', '2026-02-05 18:02:57', NULL, 7200000.00, 0.00, 7200000.00, NULL, 0, NULL, NULL, NULL, NULL, NULL),
(55, 5, 19, 'YBER-2026-0055', 'MGL-2025-0303', 14600000.00, 'minima', 'redaccion', 'na', NULL, NULL, '2026-01-26', NULL, NULL, 0, 1, 0, 'media', 'En proceso de redacción de demanda ejecutiva.', NULL, '2026-02-05 18:02:57', '2026-02-05 18:02:57', NULL, 14600000.00, 0.00, 14600000.00, NULL, 0, NULL, NULL, NULL, NULL, NULL),
(56, 5, 20, 'YBER-2026-0056', 'MGL-2025-0310', 6100000.00, 'minima', 'terminado', 'na', NULL, NULL, '2026-02-04', NULL, NULL, 0, 1, 1, 'media', 'Caso recibido. Pendiente revisión documental.', NULL, '2026-02-05 18:02:57', '2026-02-12 20:45:25', NULL, 6100000.00, 0.00, 6100000.00, NULL, 0, NULL, NULL, NULL, NULL, NULL),
(57, 4, 21, 'YBER-2026-0057', 'COL-2025-4450', 42000000.00, 'menor', 'seguimiento', 'mandamiento', 'Juzgado 007 Civil Municipal de Bogotá', '11001274020265587500', '2025-12-02', '2025-12-14', '2026-02-23', 0, 1, 1, 'media', 'Proceso en trámite judicial. Seguimiento activo.', NULL, '2026-02-05 18:02:57', '2026-02-05 18:02:57', NULL, 42000000.00, 0.00, 42000000.00, NULL, 0, NULL, NULL, NULL, NULL, NULL),
(58, 4, 22, 'YBER-2026-0058', 'COL-2025-4591', 9300000.00, 'minima', 'radicado', 'calificacion', 'Juzgado 001 Civil Municipal de Bogotá', '11001254020267005300', '2026-01-18', '2026-02-02', NULL, 0, 1, 1, 'media', 'Demanda radicada en juzgado. Esperando reparto.', NULL, '2026-02-05 18:02:57', '2026-02-05 18:02:57', NULL, 9300000.00, 0.00, 9300000.00, NULL, 0, NULL, NULL, NULL, NULL, NULL),
(59, 3, 23, 'YBER-2026-0059', 'CSB-2025-1280', 16800000.00, 'minima', 'redaccion', 'na', NULL, NULL, '2026-01-22', NULL, NULL, 0, 1, 0, 'media', 'En proceso de redacción de demanda ejecutiva.', NULL, '2026-02-05 18:02:57', '2026-02-05 18:02:57', NULL, 16800000.00, 0.00, 16800000.00, NULL, 0, NULL, NULL, NULL, NULL, NULL),
(60, 2, 24, 'YBER-2026-0060', 'BDB-2025-7790', 38500000.00, 'menor', 'seguimiento', 'notificacion', 'Juzgado 005 Civil del Circuito de Bogotá', '11001884020267556100', '2025-12-09', '2025-12-20', '2026-02-09', 0, 1, 1, 'media', 'Proceso en trámite judicial. Seguimiento activo.', NULL, '2026-02-05 18:02:57', '2026-02-05 18:02:57', NULL, 38500000.00, 0.00, 38500000.00, NULL, 0, NULL, NULL, NULL, NULL, NULL),
(61, 5, 25, 'YBER-2026-0061', 'MGL-2025-0305', 21000000.00, 'minima', 'analisis', 'na', NULL, NULL, '2026-01-30', NULL, NULL, 0, 0, 0, 'media', 'Documentación en revisión. Verificando viabilidad jurídica.', NULL, '2026-02-05 18:02:57', '2026-02-05 18:02:57', NULL, 21000000.00, 0.00, 21000000.00, NULL, 0, NULL, NULL, NULL, NULL, NULL),
(62, 4, 6, 'YBER-2026-0062', 'COL-2025-4410', 52000000.00, 'menor', 'seguimiento', 'medidas_cautelares', 'Juzgado 003 Civil Municipal de Bogotá', '11001154020266054000', '2025-11-17', '2025-11-30', '2026-02-05', 1, 0, 1, 'media', 'Proceso en trámite judicial. Seguimiento activo.', NULL, '2026-02-05 18:02:57', '2026-02-05 18:02:57', NULL, 52000000.00, 0.00, 52000000.00, NULL, 0, NULL, NULL, NULL, NULL, NULL),
(63, 3, 12, 'YBER-2026-0063', 'CSB-2025-1050', 7500000.00, 'minima', 'terminado', 'na', 'Juzgado 012 Civil Municipal de Bogotá', '11001234020264172600', '2025-09-18', '2025-09-29', NULL, 0, 1, 1, 'media', 'Proceso terminado y archivado.', NULL, '2026-02-05 18:02:57', '2026-02-05 18:02:57', NULL, 7500000.00, 0.00, 7500000.00, NULL, 0, NULL, NULL, NULL, NULL, NULL),
(64, 2, 1, 'YBER-2026-0064', 'BDB-2025-7810', 19800000.00, 'minima', 'radicado', 'calificacion', 'Juzgado 021 Civil del Circuito de Bogotá', '11001774020267642000', '2026-01-08', '2026-01-22', NULL, 0, 1, 0, 'media', 'Demanda radicada en juzgado. Esperando reparto.', NULL, '2026-02-05 18:02:57', '2026-02-05 18:02:57', NULL, 19800000.00, 0.00, 19800000.00, NULL, 0, NULL, NULL, NULL, NULL, NULL),
(65, 4, 16, 'YBER-2026-0065', 'COL-2025-4595', 8900000.00, 'minima', 'analisis', 'na', NULL, NULL, '2026-02-02', NULL, NULL, 0, 1, 1, 'media', 'Caso recibido. Pendiente revisión documental.', NULL, '2026-02-05 18:02:57', '2026-02-10 16:00:31', NULL, 8900000.00, 0.00, 8900000.00, NULL, 0, NULL, NULL, NULL, NULL, NULL),
(66, 5, 8, 'YBER-2026-0066', 'MGL-2025-0308', 31000000.00, 'menor', 'redaccion', 'na', NULL, NULL, '2026-01-25', NULL, NULL, 0, 0, 1, 'media', 'En proceso de redacción de demanda ejecutiva.', NULL, '2026-02-05 18:02:57', '2026-02-05 18:02:57', NULL, 31000000.00, 0.00, 31000000.00, NULL, 0, NULL, NULL, NULL, NULL, NULL),
(67, 4, 23, 'YBER-2026-0067', '1', 1.00, 'minima', 'terminado', 'na', NULL, NULL, '2026-02-10', NULL, '2026-02-12', 1, 1, 1, 'urgente', 'Prueba', 1, '2026-02-10 13:11:27', '2026-02-10 13:13:30', NULL, 1.00, 0.00, 1.00, NULL, 0, NULL, NULL, NULL, NULL, NULL),
(68, 4, 23, 'YBER-2026-0068', '11111', 11.00, 'minima', 'analisis', 'na', NULL, NULL, '2026-02-10', NULL, '2026-02-11', 1, 0, 0, 'alta', 'Prueba2.', 1, '2026-02-10 16:27:13', '2026-02-12 18:42:12', NULL, 11.00, 0.00, 11.00, NULL, 0, NULL, NULL, NULL, NULL, NULL),
(69, 4, 5, 'YBER-2026-0069', '2', 22.00, 'minima', 'analisis', 'calificacion', 'JUZGADO 3', '11111111', '2026-02-10', NULL, '2026-02-12', 0, 1, 0, 'alta', 'Prueba3', 1, '2026-02-10 16:47:01', '2026-02-12 14:16:27', NULL, 22.00, 0.00, 22.00, NULL, 0, NULL, NULL, NULL, NULL, NULL),
(70, 4, 9, 'YBER-2026-0070', '1', 33.00, 'minima', 'revision', 'liquidacion', 'juzgado5', '1', '2025-11-04', NULL, NULL, 1, 0, 0, 'media', 'Prueba5', 1, '2026-02-13 05:16:42', '2026-02-13 05:39:24', NULL, 33.00, 0.00, 33.00, NULL, 0, NULL, NULL, NULL, NULL, NULL),
(71, 4, 29, 'YBER-2026-0071', '1111', 250001000000.00, 'mayor', 'radicado', 'audiencia', '34', '666666666777888', '2026-02-13', NULL, '2026-02-27', 0, 0, 0, 'urgente', 'prueba7 y 8', 1, '2026-02-13 21:46:26', '2026-03-11 09:56:15', NULL, 1000000.00, 250000000000.00, 250001000000.00, NULL, 0, NULL, NULL, NULL, NULL, NULL),
(72, 4, 9, 'YBER-2026-0072', '12314', 82558.00, 'minima', 'recepcion', 'na', NULL, NULL, '2026-03-12', NULL, '2026-03-20', 1, 0, 0, 'alta', 'fgsgs', 1, '2026-03-12 05:36:57', '2026-03-12 05:36:57', NULL, 41234.00, 41324.00, 82558.00, NULL, 0, NULL, NULL, NULL, NULL, NULL),
(73, 4, 1, 'YBER-2026-0073', '11', 2556111110.00, 'mayor', 'revision', 'calificacion', 'juzgado 3', '11111111111', '2026-03-12', NULL, '2026-03-19', 1, 1, 1, 'alta', 'yyyyyyyyyyyyy', 1, '2026-03-12 10:19:16', '2026-03-12 10:40:44', NULL, 2555555555.00, 555555.00, 2556111110.00, '2026-03-12', 0, NULL, NULL, NULL, NULL, NULL),
(74, 4, 14, 'YBER-2026-0074', '1111111111111111111111', 44448888884.00, 'mayor', 'recepcion', 'na', NULL, NULL, '2026-03-12', NULL, '2026-03-20', 1, 1, 1, 'alta', 'gggggggggggggggggg', 1, '2026-03-12 12:52:32', '2026-03-12 12:52:32', NULL, 4444444.00, 44444444440.00, 44448888884.00, NULL, 0, NULL, NULL, NULL, NULL, NULL),
(75, 4, 1, 'YBER-2026-0075', '2072438765', 1010.00, 'minima', 'redaccion', 'na', NULL, NULL, '2026-03-18', NULL, '2026-03-25', 1, 0, 1, 'urgente', 'prueba12', 1, '2026-03-18 20:58:56', '2026-03-18 21:38:04', NULL, 1000.00, 10.00, 1010.00, NULL, 0, NULL, NULL, NULL, NULL, NULL),
(76, 2, 10, 'YBER-2026-0076', NULL, 49190450.00, 'menor', 'recepcion', 'na', NULL, NULL, '2026-05-01', NULL, NULL, 0, 0, 0, 'media', 'Caso judicializado desde gestion prejuridica. Radicado origen: 05-2026-1001', 1, '2026-05-01 01:44:45', '2026-05-01 01:44:45', NULL, 45972383.00, 3218067.00, 49190450.00, NULL, 0, NULL, NULL, NULL, NULL, NULL),
(77, 5, 13, 'YBER-2026-0077', NULL, 13143391.00, 'minima', 'analisis', 'na', NULL, NULL, '2026-05-01', '2026-04-28', NULL, 0, 0, 0, 'media', 'Caso judicializado desde gestion prejuridica.\nRadicado origen: 06-2026-1002\nFecha de presentacion de la demanda: 28/04/2026\n\nMotivo del escalamiento:\n\"Deudor no respondió a 5 intentos de contacto, gestión agotada\",', 1, '2026-05-01 16:46:10', '2026-05-01 16:51:34', NULL, 11429036.00, 1714355.00, 13143391.00, NULL, 0, NULL, NULL, NULL, NULL, NULL),
(78, 3, 15, 'YBER-2026-0078', NULL, 52388925.00, 'menor', 'recepcion', 'liquidacion_credito', NULL, NULL, '2026-05-01', '2026-05-01', NULL, 0, 0, 0, 'media', 'Caso judicializado desde gestion prejuridica.\nRadicado origen: 10-2026-1003\nFecha de presentacion de la demanda: 01/05/2026\n\nMotivo del escalamiento:\nDeudor no respondió a 5 intentos de contacto, gestión agotada', 1, '2026-05-01 16:54:32', '2026-05-06 00:45:38', NULL, 48063234.00, 4325691.00, 52388925.00, NULL, 0, NULL, NULL, NULL, NULL, NULL);

-- --------------------------------------------------------

--
-- Estructura de tabla para la tabla `reportes_gestion`
--

CREATE TABLE `reportes_gestion` (
  `id` bigint UNSIGNED NOT NULL,
  `proceso_id` bigint UNSIGNED NOT NULL,
  `user_id` bigint UNSIGNED NOT NULL,
  `fecha_reporte` date NOT NULL,
  `tipo_reporte` varchar(100) CHARACTER SET utf8mb4 COLLATE utf8mb4_unicode_ci NOT NULL DEFAULT 'gestion_judicial',
  `juzgado` varchar(255) CHARACTER SET utf8mb4 COLLATE utf8mb4_unicode_ci DEFAULT NULL,
  `radicado_juzgado` varchar(100) CHARACTER SET utf8mb4 COLLATE utf8mb4_unicode_ci DEFAULT NULL,
  `etapa_actual` varchar(100) CHARACTER SET utf8mb4 COLLATE utf8mb4_unicode_ci DEFAULT NULL,
  `actuacion_realizada` text CHARACTER SET utf8mb4 COLLATE utf8mb4_unicode_ci COMMENT 'Descripción de la actuación realizada',
  `resultado_obtenido` text CHARACTER SET utf8mb4 COLLATE utf8mb4_unicode_ci,
  `proxima_actuacion` text CHARACTER SET utf8mb4 COLLATE utf8mb4_unicode_ci COMMENT 'Siguiente paso a seguir',
  `fecha_proxima_actuacion` date DEFAULT NULL,
  `observaciones` text CHARACTER SET utf8mb4 COLLATE utf8mb4_unicode_ci,
  `archivo_pdf` varchar(500) CHARACTER SET utf8mb4 COLLATE utf8mb4_unicode_ci DEFAULT NULL,
  `created_at` timestamp NULL DEFAULT NULL,
  `updated_at` timestamp NULL DEFAULT NULL
) ENGINE=InnoDB DEFAULT CHARSET=utf8mb4 COLLATE=utf8mb4_unicode_ci;

-- --------------------------------------------------------

--
-- Estructura de tabla para la tabla `roles`
--

CREATE TABLE `roles` (
  `id` bigint UNSIGNED NOT NULL,
  `name` varchar(255) CHARACTER SET utf8mb4 COLLATE utf8mb4_unicode_ci NOT NULL,
  `guard_name` varchar(255) CHARACTER SET utf8mb4 COLLATE utf8mb4_unicode_ci NOT NULL,
  `created_at` timestamp NULL DEFAULT NULL,
  `updated_at` timestamp NULL DEFAULT NULL
) ENGINE=InnoDB DEFAULT CHARSET=utf8mb4 COLLATE=utf8mb4_unicode_ci;

--
-- Volcado de datos para la tabla `roles`
--

INSERT INTO `roles` (`id`, `name`, `guard_name`, `created_at`, `updated_at`) VALUES
(1, 'admin', 'web', '2026-02-05 07:14:51', '2026-02-05 07:14:51'),
(2, 'gerente', 'web', '2026-02-05 07:14:51', '2026-02-05 07:14:51'),
(3, 'sustanciador', 'web', '2026-02-05 07:14:51', '2026-02-05 07:14:51'),
(4, 'dependiente', 'web', '2026-02-05 07:14:51', '2026-02-05 07:14:51'),
(5, 'asistente', 'web', '2026-02-05 07:14:51', '2026-02-05 07:14:51'),
(6, 'negociador', 'web', '2026-02-05 07:14:51', '2026-02-05 07:14:51');

-- --------------------------------------------------------

--
-- Estructura de tabla para la tabla `role_has_permissions`
--

CREATE TABLE `role_has_permissions` (
  `permission_id` bigint UNSIGNED NOT NULL,
  `role_id` bigint UNSIGNED NOT NULL
) ENGINE=InnoDB DEFAULT CHARSET=utf8mb4 COLLATE=utf8mb4_unicode_ci;

--
-- Volcado de datos para la tabla `role_has_permissions`
--

INSERT INTO `role_has_permissions` (`permission_id`, `role_id`) VALUES
(1, 1),
(2, 1),
(3, 1),
(4, 1),
(5, 1),
(6, 1),
(7, 1),
(8, 1),
(9, 1),
(10, 1),
(11, 1),
(12, 1),
(13, 1),
(14, 1),
(15, 1),
(16, 1),
(17, 1),
(18, 1),
(19, 1),
(20, 1),
(21, 1),
(22, 1),
(23, 1),
(24, 1),
(25, 1),
(26, 1),
(27, 1),
(28, 1),
(29, 1),
(30, 1),
(31, 1),
(32, 1),
(1, 2),
(2, 2),
(3, 2),
(5, 2),
(6, 2),
(7, 2),
(8, 2),
(9, 2),
(10, 2),
(11, 2),
(12, 2),
(14, 2),
(15, 2),
(16, 2),
(18, 2),
(19, 2),
(21, 2),
(22, 2),
(23, 2),
(24, 2),
(25, 2),
(26, 2),
(27, 2),
(28, 2),
(29, 2),
(30, 2),
(31, 2),
(32, 2),
(5, 3),
(7, 3),
(14, 3),
(16, 3),
(18, 3),
(19, 3),
(21, 3),
(22, 3),
(23, 3),
(24, 3),
(25, 3),
(29, 3),
(30, 3),
(31, 3),
(5, 4),
(7, 4),
(18, 4),
(19, 4),
(21, 4),
(22, 4),
(24, 4),
(25, 4),
(29, 4),
(30, 4),
(5, 5),
(6, 5),
(7, 5),
(10, 5),
(14, 5),
(15, 5),
(16, 5),
(18, 5),
(19, 5),
(21, 5),
(22, 5),
(24, 5),
(29, 5),
(30, 5),
(32, 5),
(5, 6),
(14, 6),
(16, 6),
(18, 6),
(21, 6),
(22, 6),
(29, 6),
(30, 6);

-- --------------------------------------------------------

--
-- Estructura de tabla para la tabla `seguimientos_judiciales`
--

CREATE TABLE `seguimientos_judiciales` (
  `id` bigint UNSIGNED NOT NULL,
  `proceso_id` bigint UNSIGNED NOT NULL,
  `user_id` bigint UNSIGNED NOT NULL,
  `fecha_revision` date NOT NULL COMMENT 'Fecha en que se hizo la revisión',
  `tipo_novedad` enum('auto','sentencia','notificacion','inadmision','mandamiento_pago','medida_cautelar','audiencia','impulso_procesal','remision','otro') CHARACTER SET utf8mb4 COLLATE utf8mb4_unicode_ci NOT NULL,
  `numero_auto` varchar(255) CHARACTER SET utf8mb4 COLLATE utf8mb4_unicode_ci DEFAULT NULL COMMENT 'Número auto/providencia',
  `fecha_auto` date DEFAULT NULL COMMENT 'Fecha del auto/providencia',
  `descripcion` text CHARACTER SET utf8mb4 COLLATE utf8mb4_unicode_ci NOT NULL COMMENT 'Resumen de la novedad',
  `etapa_resultante` enum('calificacion','mandamiento','notificacion','excepciones','medidas_cautelares','sentencia','liquidacion','remate','audiencia','na') CHARACTER SET utf8mb4 COLLATE utf8mb4_unicode_ci DEFAULT NULL COMMENT 'Si la novedad cambió la etapa procesal',
  `requiere_accion` tinyint(1) NOT NULL DEFAULT '0',
  `accion_requerida` varchar(255) CHARACTER SET utf8mb4 COLLATE utf8mb4_unicode_ci DEFAULT NULL,
  `fecha_limite_accion` date DEFAULT NULL,
  `accion_completada` tinyint(1) NOT NULL DEFAULT '0',
  `archivo_adjunto` varchar(255) CHARACTER SET utf8mb4 COLLATE utf8mb4_unicode_ci DEFAULT NULL,
  `fuente` varchar(255) CHARACTER SET utf8mb4 COLLATE utf8mb4_unicode_ci DEFAULT 'manual' COMMENT 'manual|monolegal|rama_judicial',
  `created_at` timestamp NULL DEFAULT NULL,
  `updated_at` timestamp NULL DEFAULT NULL,
  `estado_rama` varchar(100) CHARACTER SET utf8mb4 COLLATE utf8mb4_unicode_ci DEFAULT NULL COMMENT 'Estado Rama Judicial',
  `ultima_actuacion` text CHARACTER SET utf8mb4 COLLATE utf8mb4_unicode_ci
) ENGINE=InnoDB DEFAULT CHARSET=utf8mb4 COLLATE=utf8mb4_unicode_ci;

--
-- Volcado de datos para la tabla `seguimientos_judiciales`
--

INSERT INTO `seguimientos_judiciales` (`id`, `proceso_id`, `user_id`, `fecha_revision`, `tipo_novedad`, `numero_auto`, `fecha_auto`, `descripcion`, `etapa_resultante`, `requiere_accion`, `accion_requerida`, `fecha_limite_accion`, `accion_completada`, `archivo_adjunto`, `fuente`, `created_at`, `updated_at`, `estado_rama`, `ultima_actuacion`) VALUES
(1, 37, 4, '2026-02-05', 'auto', NULL, '2026-01-10', 'Auto de trámite del juzgado para proceso YBER-2026-0037', NULL, 1, 'Verificar y dar cumplimiento', NULL, 0, NULL, 'manual', '2026-02-05 18:27:59', '2026-02-05 18:27:59', NULL, NULL),
(2, 40, 4, '2026-02-05', 'auto', NULL, '2025-12-27', 'Auto de trámite del juzgado para proceso YBER-2026-0040', NULL, 0, 'Verificar y dar cumplimiento', NULL, 0, NULL, 'manual', '2026-02-05 18:27:59', '2026-02-05 18:27:59', NULL, NULL);

-- --------------------------------------------------------

--
-- Estructura de tabla para la tabla `sessions`
--

CREATE TABLE `sessions` (
  `id` varchar(255) CHARACTER SET utf8mb4 COLLATE utf8mb4_unicode_ci NOT NULL,
  `user_id` bigint UNSIGNED DEFAULT NULL,
  `ip_address` varchar(45) CHARACTER SET utf8mb4 COLLATE utf8mb4_unicode_ci DEFAULT NULL,
  `user_agent` text CHARACTER SET utf8mb4 COLLATE utf8mb4_unicode_ci,
  `payload` longtext CHARACTER SET utf8mb4 COLLATE utf8mb4_unicode_ci NOT NULL,
  `last_activity` int NOT NULL
) ENGINE=InnoDB DEFAULT CHARSET=utf8mb4 COLLATE=utf8mb4_unicode_ci;

--
-- Volcado de datos para la tabla `sessions`
--

INSERT INTO `sessions` (`id`, `user_id`, `ip_address`, `user_agent`, `payload`, `last_activity`) VALUES
('3CJefp6ygYzkuppbgN6CW3ZI1sYVc9I35UaRmNaa', NULL, '181.68.169.217', 'Mozilla/5.0 (Windows NT 10.0; Win64; x64) AppleWebKit/537.36 (KHTML, like Gecko) Chrome/149.0.0.0 Safari/537.36', 'YTozOntzOjY6Il90b2tlbiI7czo0MDoibm42UmFWWWxZTHpRUFA0ajVpcVA2cE1oRnppaldTQU1QcjJ4OWwzayI7czo2OiJfZmxhc2giO2E6Mjp7czozOiJvbGQiO2E6MDp7fXM6MzoibmV3IjthOjA6e319czo5OiJfcHJldmlvdXMiO2E6Mjp7czozOiJ1cmwiO3M6NDA6Imh0dHBzOi8veWJlci1kZXYuZXZvbHVjaW9uYW1vcy5jb20vbG9naW4iO3M6NToicm91dGUiO3M6NToibG9naW4iO319', 1782424711),
('HzUeVxSiPmixlf15T89fDP1luX0MxJ172yj5KRaw', NULL, '181.68.180.150', 'Mozilla/5.0 (Windows NT 10.0; Win64; x64) AppleWebKit/537.36 (KHTML, like Gecko) Chrome/147.0.0.0 Safari/537.36', 'YTozOntzOjY6Il90b2tlbiI7czo0MDoiTTk3V2NzWWY4U09SNFJLTzV0Vkd0ck5QQ1lZMUhRamNtYU0xaUhLTiI7czo2OiJfZmxhc2giO2E6Mjp7czozOiJvbGQiO2E6MDp7fXM6MzoibmV3IjthOjA6e319czo5OiJfcHJldmlvdXMiO2E6Mjp7czozOiJ1cmwiO3M6NDA6Imh0dHBzOi8veWJlci1kZXYuZXZvbHVjaW9uYW1vcy5jb20vbG9naW4iO3M6NToicm91dGUiO3M6NToibG9naW4iO319', 1778039076),
('Lt55E2PsjyZ39Tt9EDXJrszedjdJ6EFwOZFQQGuE', 1, '181.68.144.223', 'Mozilla/5.0 (Windows NT 10.0; Win64; x64) AppleWebKit/537.36 (KHTML, like Gecko) Chrome/148.0.0.0 Safari/537.36', 'YTo0OntzOjY6Il90b2tlbiI7czo0MDoiVWYwb3JmelR2d1ZLT3hYODhPakRoS1VEcWRHZ3FMNFpoaVJ3UW5IcyI7czo5OiJfcHJldmlvdXMiO2E6Mjp7czozOiJ1cmwiO3M6NTY6Imh0dHBzOi8veWJlci1kZXYuZXZvbHVjaW9uYW1vcy5jb20vY2Fzb3MtcHJlanVyaWRpY29zLzE3IjtzOjU6InJvdXRlIjtzOjIzOiJjYXNvcy1wcmVqdXJpZGljb3Muc2hvdyI7fXM6NjoiX2ZsYXNoIjthOjI6e3M6Mzoib2xkIjthOjA6e31zOjM6Im5ldyI7YTowOnt9fXM6NTA6ImxvZ2luX3dlYl81OWJhMzZhZGRjMmIyZjk0MDE1ODBmMDE0YzdmNThlYTRlMzA5ODlkIjtpOjE7fQ==', 1780522796),
('wAKF3pTy8pW5DnKbsRClM2ww59rkzXZrEo34k8Gq', NULL, '190.249.1.181', 'Mozilla/5.0 (Windows NT 10.0; Win64; x64) AppleWebKit/537.36 (KHTML, like Gecko) Chrome/148.0.0.0 Safari/537.36', 'YTozOntzOjY6Il90b2tlbiI7czo0MDoiaXdzTVBZdXQyaUFJMXZaVDBjbzFaZ3MxNTJHNmgxOWR3TDc0clFzbiI7czo5OiJfcHJldmlvdXMiO2E6Mjp7czozOiJ1cmwiO3M6MzM6Imh0dHBzOi8veWJlci5nZXN0aW9uY29iLmNvbS9sb2dpbiI7czo1OiJyb3V0ZSI7czo1OiJsb2dpbiI7fXM6NjoiX2ZsYXNoIjthOjI6e3M6Mzoib2xkIjthOjA6e31zOjM6Im5ldyI7YTowOnt9fX0=', 1779159315);

-- --------------------------------------------------------

--
-- Estructura de tabla para la tabla `tiempos_subprocesos`
--

CREATE TABLE `tiempos_subprocesos` (
  `id` bigint UNSIGNED NOT NULL,
  `proceso_id` bigint UNSIGNED NOT NULL,
  `subproceso` varchar(50) CHARACTER SET utf8mb4 COLLATE utf8mb4_unicode_ci NOT NULL COMMENT 'administrativo, judicial, negociacion',
  `estado_inicio` varchar(100) CHARACTER SET utf8mb4 COLLATE utf8mb4_unicode_ci NOT NULL,
  `estado_fin` varchar(100) CHARACTER SET utf8mb4 COLLATE utf8mb4_unicode_ci DEFAULT NULL,
  `fecha_inicio` timestamp NOT NULL,
  `fecha_fin` timestamp NULL DEFAULT NULL,
  `duracion_dias` int DEFAULT NULL COMMENT 'Días calculados al cerrar',
  `duracion_horas` decimal(10,2) DEFAULT NULL,
  `es_estimado` tinyint(1) NOT NULL DEFAULT '0',
  `dias_estimados` int DEFAULT NULL,
  `created_at` timestamp NULL DEFAULT NULL,
  `updated_at` timestamp NULL DEFAULT NULL
) ENGINE=InnoDB DEFAULT CHARSET=utf8mb4 COLLATE=utf8mb4_unicode_ci;

-- --------------------------------------------------------

--
-- Estructura de tabla para la tabla `users`
--

CREATE TABLE `users` (
  `id` bigint UNSIGNED NOT NULL,
  `name` varchar(255) CHARACTER SET utf8mb4 COLLATE utf8mb4_unicode_ci NOT NULL,
  `email` varchar(255) CHARACTER SET utf8mb4 COLLATE utf8mb4_unicode_ci NOT NULL,
  `email_verified_at` timestamp NULL DEFAULT NULL,
  `password` varchar(255) CHARACTER SET utf8mb4 COLLATE utf8mb4_unicode_ci NOT NULL,
  `is_active` tinyint(1) NOT NULL DEFAULT '1',
  `remember_token` varchar(100) CHARACTER SET utf8mb4 COLLATE utf8mb4_unicode_ci DEFAULT NULL,
  `created_at` timestamp NULL DEFAULT NULL,
  `updated_at` timestamp NULL DEFAULT NULL
) ENGINE=InnoDB DEFAULT CHARSET=utf8mb4 COLLATE=utf8mb4_unicode_ci;

--
-- Volcado de datos para la tabla `users`
--

INSERT INTO `users` (`id`, `name`, `email`, `email_verified_at`, `password`, `is_active`, `remember_token`, `created_at`, `updated_at`) VALUES
(1, 'Admin YBER', 'admin@yber.com', '2026-02-05 19:00:07', '$2y$12$s6.xqC8rHoG.QzRRcyV/eOOzXmlUwdt3wV3UC4JRx4iVt5/xIaQie', 1, 'rZkEqaYWF9nDe3GwAPS0jrkY2e8zGbStYjoVYLiMvJvHyzmVN1trL6cTQRdD', '2026-02-05 07:25:04', '2026-02-05 19:00:07'),
(2, 'Carolina Prueba', 'carolina@yber.com', '2026-02-05 19:00:42', '$2y$12$3VFiNP22qoolPdEj8Ez.kO/dVy8CgipWyj2Gw0lr.Q.JdgvB7/cKa', 0, NULL, '2026-02-05 07:52:58', '2026-02-13 21:04:21'),
(3, 'Dra. Yolima Bermúdez', 'yolima@yber.com', '2026-02-05 19:00:42', '$2y$12$qZ2z6wSJCxpzpMrRR.MiveYw7acxMCI1a6tFYTmgAmQEmTypaaPZq', 1, NULL, '2026-02-05 17:50:17', '2026-02-05 19:00:42'),
(4, 'Andrés Patiño', 'andres@yber.com', '2026-02-05 19:00:42', '$2y$12$tYF51H6l5UVje.xKmpBr/uqcwuMPrLBO4WC9ZUCuwZ8qbwCqO2ILO', 1, NULL, '2026-02-05 17:50:17', '2026-02-05 19:00:42'),
(5, 'Laura Castillo', 'laura@yber.com', '2026-02-05 19:00:42', '$2y$12$iD6P9ZiB5sflESGD5A9c6exRoIrKdKwFcX2U9gj9SDMIOvWHGfZAq', 1, NULL, '2026-02-05 17:50:18', '2026-02-05 19:00:42'),
(6, 'Felipe Rodríguez', 'felipe@yber.com', '2026-02-05 19:00:42', '$2y$12$mYlo7No/rHfRowL2ZpyGtunc6hvijhvfAlRByGj1YydCOo5NKk4wq', 1, NULL, '2026-02-05 17:50:18', '2026-02-05 19:00:42');

-- --------------------------------------------------------

--
-- Estructura de tabla para la tabla `validaciones_flujo`
--

CREATE TABLE `validaciones_flujo` (
  `id` bigint UNSIGNED NOT NULL,
  `proceso_id` bigint UNSIGNED NOT NULL,
  `estado_requerido` varchar(100) CHARACTER SET utf8mb4 COLLATE utf8mb4_unicode_ci NOT NULL COMMENT 'Estado que requiere esta validación',
  `tipo_validacion` varchar(100) CHARACTER SET utf8mb4 COLLATE utf8mb4_unicode_ci NOT NULL COMMENT 'documentos, firmas, datos_judiciales, etc.',
  `descripcion` varchar(500) CHARACTER SET utf8mb4 COLLATE utf8mb4_unicode_ci NOT NULL,
  `cumplida` tinyint(1) NOT NULL DEFAULT '0',
  `cumplida_at` timestamp NULL DEFAULT NULL,
  `cumplida_por` bigint UNSIGNED DEFAULT NULL,
  `detalles` json DEFAULT NULL COMMENT 'Información adicional de la validación',
  `created_at` timestamp NULL DEFAULT NULL,
  `updated_at` timestamp NULL DEFAULT NULL
) ENGINE=InnoDB DEFAULT CHARSET=utf8mb4 COLLATE=utf8mb4_unicode_ci;

-- --------------------------------------------------------

--
-- Estructura de tabla para la tabla `workflow_estados`
--

CREATE TABLE `workflow_estados` (
  `id` bigint UNSIGNED NOT NULL,
  `nombre` varchar(60) CHARACTER SET utf8mb4 COLLATE utf8mb4_unicode_ci NOT NULL,
  `slug` varchar(40) CHARACTER SET utf8mb4 COLLATE utf8mb4_unicode_ci NOT NULL,
  `color` varchar(20) CHARACTER SET utf8mb4 COLLATE utf8mb4_unicode_ci NOT NULL DEFAULT 'gray',
  `icono` varchar(10) CHARACTER SET utf8mb4 COLLATE utf8mb4_unicode_ci NOT NULL DEFAULT '⚪',
  `orden` smallint UNSIGNED NOT NULL DEFAULT '0',
  `es_inicial` tinyint(1) NOT NULL DEFAULT '0',
  `es_final` tinyint(1) NOT NULL DEFAULT '0',
  `activo` tinyint(1) NOT NULL DEFAULT '1',
  `created_at` timestamp NULL DEFAULT NULL,
  `updated_at` timestamp NULL DEFAULT NULL
) ENGINE=InnoDB DEFAULT CHARSET=utf8mb4 COLLATE=utf8mb4_unicode_ci;

--
-- Volcado de datos para la tabla `workflow_estados`
--

INSERT INTO `workflow_estados` (`id`, `nombre`, `slug`, `color`, `icono`, `orden`, `es_inicial`, `es_final`, `activo`, `created_at`, `updated_at`) VALUES
(1, 'Recepción', 'recepcion', 'gray', '📥', 1, 1, 0, 1, '2026-02-07 21:04:54', '2026-02-07 21:04:54'),
(2, 'Análisis', 'analisis', 'blue', '🔍', 2, 0, 0, 1, '2026-02-07 21:04:54', '2026-02-07 21:04:54'),
(3, 'Redacción', 'redaccion', 'yellow', '✍️', 3, 0, 0, 1, '2026-02-07 21:04:55', '2026-02-07 21:04:55'),
(4, 'Revisión', 'revision', 'purple', '👁️', 4, 0, 0, 1, '2026-02-07 21:04:55', '2026-02-07 21:04:55'),
(5, 'Radicado', 'radicado', 'indigo', '📋', 5, 0, 0, 1, '2026-02-07 21:04:55', '2026-02-07 21:04:55'),
(6, 'Seguimiento', 'seguimiento', 'cyan', '📡', 6, 0, 0, 1, '2026-02-07 21:04:55', '2026-02-07 21:04:55'),
(7, 'Sentencia', 'sentencia', 'orange', '⚖️', 7, 0, 0, 1, '2026-02-07 21:04:55', '2026-02-07 21:04:55'),
(8, 'Liquidación', 'liquidacion', 'emerald', '💰', 8, 0, 0, 1, '2026-02-07 21:04:55', '2026-02-07 21:04:55'),
(9, 'Terminado', 'terminado', 'green', '✅', 9, 0, 1, 1, '2026-02-07 21:04:55', '2026-02-07 21:04:55');

-- --------------------------------------------------------

--
-- Estructura de tabla para la tabla `workflow_etapas`
--

CREATE TABLE `workflow_etapas` (
  `id` bigint UNSIGNED NOT NULL,
  `nombre` varchar(60) CHARACTER SET utf8mb4 COLLATE utf8mb4_unicode_ci NOT NULL,
  `slug` varchar(40) CHARACTER SET utf8mb4 COLLATE utf8mb4_unicode_ci NOT NULL,
  `orden` smallint UNSIGNED NOT NULL DEFAULT '0',
  `activo` tinyint(1) NOT NULL DEFAULT '1',
  `created_at` timestamp NULL DEFAULT NULL,
  `updated_at` timestamp NULL DEFAULT NULL
) ENGINE=InnoDB DEFAULT CHARSET=utf8mb4 COLLATE=utf8mb4_unicode_ci;

--
-- Volcado de datos para la tabla `workflow_etapas`
--

INSERT INTO `workflow_etapas` (`id`, `nombre`, `slug`, `orden`, `activo`, `created_at`, `updated_at`) VALUES
(1, 'N/A', 'na', 0, 1, '2026-02-07 21:04:55', '2026-02-07 21:04:55'),
(2, 'Calificación', 'calificacion', 1, 1, '2026-02-07 21:04:55', '2026-02-07 21:04:55'),
(3, 'Mandamiento de Pago', 'mandamiento', 2, 1, '2026-02-07 21:04:55', '2026-02-07 21:04:55'),
(4, 'Notificación', 'notificacion', 3, 1, '2026-02-07 21:04:55', '2026-02-07 21:04:55'),
(5, 'Excepciones', 'excepciones', 4, 1, '2026-02-07 21:04:55', '2026-02-07 21:04:55'),
(6, 'Medidas Cautelares', 'medidas_cautelares', 5, 1, '2026-02-07 21:04:55', '2026-02-07 21:04:55'),
(7, 'Sentencia', 'sentencia', 6, 1, '2026-02-07 21:04:55', '2026-02-07 21:04:55'),
(8, 'Liquidación', 'liquidacion', 7, 1, '2026-02-07 21:04:55', '2026-02-07 21:04:55'),
(9, 'Remate', 'remate', 8, 1, '2026-02-07 21:04:55', '2026-02-07 21:04:55'),
(10, 'Audiencia', 'audiencia', 9, 1, '2026-02-07 21:04:55', '2026-02-07 21:04:55');

-- --------------------------------------------------------

--
-- Estructura de tabla para la tabla `workflow_sla`
--

CREATE TABLE `workflow_sla` (
  `id` bigint UNSIGNED NOT NULL,
  `cliente_corporativo_id` bigint UNSIGNED DEFAULT NULL,
  `estado_id` bigint UNSIGNED NOT NULL,
  `dias_verde` smallint UNSIGNED NOT NULL DEFAULT '3' COMMENT 'Días en verde',
  `dias_amarillo` smallint UNSIGNED NOT NULL DEFAULT '5' COMMENT 'Días en amarillo',
  `dias_rojo` smallint UNSIGNED NOT NULL DEFAULT '7' COMMENT 'Días para rojo',
  `activo` tinyint(1) NOT NULL DEFAULT '1',
  `created_at` timestamp NULL DEFAULT NULL,
  `updated_at` timestamp NULL DEFAULT NULL
) ENGINE=InnoDB DEFAULT CHARSET=utf8mb4 COLLATE=utf8mb4_unicode_ci;

-- --------------------------------------------------------

--
-- Estructura de tabla para la tabla `workflow_transiciones`
--

CREATE TABLE `workflow_transiciones` (
  `id` bigint UNSIGNED NOT NULL,
  `estado_origen_id` bigint UNSIGNED NOT NULL,
  `estado_destino_id` bigint UNSIGNED NOT NULL,
  `validacion_clase` varchar(255) CHARACTER SET utf8mb4 COLLATE utf8mb4_unicode_ci DEFAULT NULL COMMENT 'Clase PHP de validación custom',
  `validacion_mensaje` varchar(255) CHARACTER SET utf8mb4 COLLATE utf8mb4_unicode_ci DEFAULT NULL COMMENT 'Mensaje si no pasa validación',
  `activo` tinyint(1) NOT NULL DEFAULT '1',
  `created_at` timestamp NULL DEFAULT NULL,
  `updated_at` timestamp NULL DEFAULT NULL
) ENGINE=InnoDB DEFAULT CHARSET=utf8mb4 COLLATE=utf8mb4_unicode_ci;

--
-- Volcado de datos para la tabla `workflow_transiciones`
--

INSERT INTO `workflow_transiciones` (`id`, `estado_origen_id`, `estado_destino_id`, `validacion_clase`, `validacion_mensaje`, `activo`, `created_at`, `updated_at`) VALUES
(1, 1, 2, NULL, NULL, 1, '2026-02-07 21:04:55', '2026-02-07 21:04:55'),
(2, 2, 3, NULL, NULL, 1, '2026-02-07 21:04:55', '2026-02-07 21:04:55'),
(3, 2, 9, NULL, NULL, 1, '2026-02-07 21:04:55', '2026-02-07 21:04:55'),
(4, 3, 4, NULL, NULL, 1, '2026-02-07 21:04:55', '2026-02-07 21:04:55'),
(5, 4, 3, NULL, NULL, 1, '2026-02-07 21:04:55', '2026-02-07 21:04:55'),
(6, 4, 5, NULL, NULL, 1, '2026-02-07 21:04:55', '2026-02-07 21:04:55'),
(7, 5, 6, NULL, NULL, 1, '2026-02-07 21:04:55', '2026-02-07 21:04:55'),
(8, 6, 7, NULL, NULL, 1, '2026-02-07 21:04:55', '2026-02-07 21:04:55'),
(9, 6, 9, NULL, NULL, 1, '2026-02-07 21:04:55', '2026-02-07 21:04:55'),
(10, 7, 8, NULL, NULL, 1, '2026-02-07 21:04:55', '2026-02-07 21:04:55'),
(11, 7, 9, NULL, NULL, 1, '2026-02-07 21:04:55', '2026-02-07 21:04:55'),
(12, 8, 9, NULL, NULL, 1, '2026-02-07 21:04:55', '2026-02-07 21:04:55');

--
-- Índices para tablas volcadas
--

--
-- Indices de la tabla `activity_log`
--
ALTER TABLE `activity_log`
  ADD PRIMARY KEY (`id`),
  ADD KEY `subject` (`subject_type`,`subject_id`),
  ADD KEY `causer` (`causer_type`,`causer_id`),
  ADD KEY `activity_log_log_name_index` (`log_name`);

--
-- Indices de la tabla `actuaciones`
--
ALTER TABLE `actuaciones`
  ADD PRIMARY KEY (`id`),
  ADD KEY `actuaciones_user_id_foreign` (`user_id`),
  ADD KEY `actuaciones_proceso_id_fecha_actuacion_index` (`proceso_id`,`fecha_actuacion`),
  ADD KEY `actuaciones_tipo_index` (`tipo`);

--
-- Indices de la tabla `acuerdos_pago`
--
ALTER TABLE `acuerdos_pago`
  ADD PRIMARY KEY (`id`),
  ADD KEY `acuerdos_pago_user_id_foreign` (`user_id`),
  ADD KEY `acuerdos_pago_proceso_id_estado_index` (`proceso_id`,`estado`);

--
-- Indices de la tabla `alertas`
--
ALTER TABLE `alertas`
  ADD PRIMARY KEY (`id`),
  ADD KEY `alertas_resuelta_por_foreign` (`resuelta_por`),
  ADD KEY `alertas_user_id_leida_index` (`user_id`,`leida`),
  ADD KEY `alertas_proceso_id_tipo_index` (`proceso_id`,`tipo`),
  ADD KEY `alertas_fecha_disparo_index` (`fecha_disparo`);

--
-- Indices de la tabla `asignaciones`
--
ALTER TABLE `asignaciones`
  ADD PRIMARY KEY (`id`),
  ADD KEY `asignaciones_proceso_id_activo_index` (`proceso_id`,`activo`),
  ADD KEY `asignaciones_user_id_activo_index` (`user_id`,`activo`);

--
-- Indices de la tabla `cache`
--
ALTER TABLE `cache`
  ADD PRIMARY KEY (`key`),
  ADD KEY `cache_expiration_index` (`expiration`);

--
-- Indices de la tabla `cache_locks`
--
ALTER TABLE `cache_locks`
  ADD PRIMARY KEY (`key`),
  ADD KEY `cache_locks_expiration_index` (`expiration`);

--
-- Indices de la tabla `casos_prejuridicos`
--
ALTER TABLE `casos_prejuridicos`
  ADD PRIMARY KEY (`id`),
  ADD UNIQUE KEY `casos_prejuridicos_radicado_unique` (`radicado`),
  ADD KEY `casos_prejuridicos_cliente_corporativo_id_foreign` (`cliente_corporativo_id`),
  ADD KEY `casos_prejuridicos_responsable_id_foreign` (`responsable_id`),
  ADD KEY `casos_prejuridicos_proceso_juridico_id_foreign` (`proceso_juridico_id`),
  ADD KEY `casos_prejuridicos_etapa_estado_index` (`etapa`,`estado`),
  ADD KEY `casos_prejuridicos_deudor_id_index` (`deudor_id`);

--
-- Indices de la tabla `clientes_corporativos`
--
ALTER TABLE `clientes_corporativos`
  ADD PRIMARY KEY (`id`),
  ADD UNIQUE KEY `clientes_corporativos_nit_unique` (`nit`);

--
-- Indices de la tabla `configuracion_plataforma`
--
ALTER TABLE `configuracion_plataforma`
  ADD PRIMARY KEY (`id`);

--
-- Indices de la tabla `cuotas_acuerdo`
--
ALTER TABLE `cuotas_acuerdo`
  ADD PRIMARY KEY (`id`),
  ADD KEY `cuotas_acuerdo_acuerdo_id_estado_index` (`acuerdo_id`,`estado`),
  ADD KEY `cuotas_acuerdo_fecha_vencimiento_index` (`fecha_vencimiento`);

--
-- Indices de la tabla `deudores`
--
ALTER TABLE `deudores`
  ADD PRIMARY KEY (`id`),
  ADD UNIQUE KEY `deudores_numero_documento_unique` (`numero_documento`);

--
-- Indices de la tabla `documentos_caso`
--
ALTER TABLE `documentos_caso`
  ADD PRIMARY KEY (`id`),
  ADD KEY `documentos_caso_user_id_foreign` (`user_id`),
  ADD KEY `documentos_caso_proceso_id_consecutivo_index` (`proceso_id`,`consecutivo`),
  ADD KEY `documentos_caso_tipo_documento_index` (`tipo_documento`);

--
-- Indices de la tabla `expedientes`
--
ALTER TABLE `expedientes`
  ADD PRIMARY KEY (`id`),
  ADD UNIQUE KEY `expedientes_codigo_proceso_unique` (`codigo_proceso`);

--
-- Indices de la tabla `failed_jobs`
--
ALTER TABLE `failed_jobs`
  ADD PRIMARY KEY (`id`),
  ADD UNIQUE KEY `failed_jobs_uuid_unique` (`uuid`);

--
-- Indices de la tabla `gestiones_prejudiciales`
--
ALTER TABLE `gestiones_prejudiciales`
  ADD PRIMARY KEY (`id`),
  ADD KEY `gestiones_prejudiciales_user_id_foreign` (`user_id`),
  ADD KEY `idx_canal` (`canal`),
  ADD KEY `idx_resultado` (`resultado`),
  ADD KEY `gestiones_prejudiciales_caso_prejuridico_id_foreign` (`caso_prejuridico_id`);

--
-- Indices de la tabla `jobs`
--
ALTER TABLE `jobs`
  ADD PRIMARY KEY (`id`),
  ADD KEY `jobs_queue_index` (`queue`);

--
-- Indices de la tabla `job_batches`
--
ALTER TABLE `job_batches`
  ADD PRIMARY KEY (`id`);

--
-- Indices de la tabla `migrations`
--
ALTER TABLE `migrations`
  ADD PRIMARY KEY (`id`);

--
-- Indices de la tabla `model_has_permissions`
--
ALTER TABLE `model_has_permissions`
  ADD PRIMARY KEY (`permission_id`,`model_id`,`model_type`),
  ADD KEY `model_has_permissions_model_id_model_type_index` (`model_id`,`model_type`);

--
-- Indices de la tabla `model_has_roles`
--
ALTER TABLE `model_has_roles`
  ADD PRIMARY KEY (`role_id`,`model_id`,`model_type`),
  ADD KEY `model_has_roles_model_id_model_type_index` (`model_id`,`model_type`);

--
-- Indices de la tabla `notifications`
--
ALTER TABLE `notifications`
  ADD PRIMARY KEY (`id`),
  ADD KEY `notifications_notifiable_type_notifiable_id_index` (`notifiable_type`,`notifiable_id`);

--
-- Indices de la tabla `obligaciones`
--
ALTER TABLE `obligaciones`
  ADD PRIMARY KEY (`id`),
  ADD KEY `idx_proceso_id` (`proceso_id`),
  ADD KEY `idx_numero_obligacion` (`numero_obligacion`);

--
-- Indices de la tabla `oficios_medidas`
--
ALTER TABLE `oficios_medidas`
  ADD PRIMARY KEY (`id`),
  ADD KEY `oficios_medidas_user_id_foreign` (`user_id`),
  ADD KEY `oficios_medidas_proceso_id_tipo_oficio_index` (`proceso_id`,`tipo_oficio`),
  ADD KEY `oficios_medidas_estado_index` (`estado`);

--
-- Indices de la tabla `ordenes_gestion`
--
ALTER TABLE `ordenes_gestion`
  ADD PRIMARY KEY (`id`),
  ADD UNIQUE KEY `ordenes_gestion_proceso_id_unique` (`proceso_id`),
  ADD KEY `ordenes_gestion_firmado_asistente_id_foreign` (`firmado_asistente_id`),
  ADD KEY `ordenes_gestion_firmado_sustanciador_id_foreign` (`firmado_sustanciador_id`),
  ADD KEY `ordenes_gestion_firmado_gerente_id_foreign` (`firmado_gerente_id`);

--
-- Indices de la tabla `password_reset_tokens`
--
ALTER TABLE `password_reset_tokens`
  ADD PRIMARY KEY (`email`);

--
-- Indices de la tabla `permissions`
--
ALTER TABLE `permissions`
  ADD PRIMARY KEY (`id`),
  ADD UNIQUE KEY `permissions_name_guard_name_unique` (`name`,`guard_name`);

--
-- Indices de la tabla `procesos`
--
ALTER TABLE `procesos`
  ADD PRIMARY KEY (`id`),
  ADD UNIQUE KEY `procesos_radicado_interno_unique` (`radicado_interno`),
  ADD KEY `procesos_cliente_corporativo_id_foreign` (`cliente_corporativo_id`),
  ADD KEY `procesos_deudor_id_foreign` (`deudor_id`),
  ADD KEY `procesos_creado_por_foreign` (`creado_por`),
  ADD KEY `procesos_estado_index` (`estado`),
  ADD KEY `procesos_fecha_ingreso_index` (`fecha_ingreso`),
  ADD KEY `procesos_radicado_juzgado_index` (`radicado_juzgado`);

--
-- Indices de la tabla `reportes_gestion`
--
ALTER TABLE `reportes_gestion`
  ADD PRIMARY KEY (`id`),
  ADD KEY `user_id` (`user_id`),
  ADD KEY `idx_proceso_fecha` (`proceso_id`,`fecha_reporte`);

--
-- Indices de la tabla `roles`
--
ALTER TABLE `roles`
  ADD PRIMARY KEY (`id`),
  ADD UNIQUE KEY `roles_name_guard_name_unique` (`name`,`guard_name`);

--
-- Indices de la tabla `role_has_permissions`
--
ALTER TABLE `role_has_permissions`
  ADD PRIMARY KEY (`permission_id`,`role_id`),
  ADD KEY `role_has_permissions_role_id_foreign` (`role_id`);

--
-- Indices de la tabla `seguimientos_judiciales`
--
ALTER TABLE `seguimientos_judiciales`
  ADD PRIMARY KEY (`id`),
  ADD KEY `seguimientos_judiciales_user_id_foreign` (`user_id`),
  ADD KEY `seguimientos_judiciales_proceso_id_fecha_revision_index` (`proceso_id`,`fecha_revision`),
  ADD KEY `seguimientos_judiciales_tipo_novedad_index` (`tipo_novedad`);

--
-- Indices de la tabla `sessions`
--
ALTER TABLE `sessions`
  ADD PRIMARY KEY (`id`),
  ADD KEY `sessions_user_id_index` (`user_id`),
  ADD KEY `sessions_last_activity_index` (`last_activity`);

--
-- Indices de la tabla `tiempos_subprocesos`
--
ALTER TABLE `tiempos_subprocesos`
  ADD PRIMARY KEY (`id`),
  ADD KEY `idx_proceso_subproceso` (`proceso_id`,`subproceso`);

--
-- Indices de la tabla `users`
--
ALTER TABLE `users`
  ADD PRIMARY KEY (`id`),
  ADD UNIQUE KEY `users_email_unique` (`email`);

--
-- Indices de la tabla `validaciones_flujo`
--
ALTER TABLE `validaciones_flujo`
  ADD PRIMARY KEY (`id`),
  ADD KEY `idx_proceso_estado` (`proceso_id`,`estado_requerido`);

--
-- Indices de la tabla `workflow_estados`
--
ALTER TABLE `workflow_estados`
  ADD PRIMARY KEY (`id`),
  ADD UNIQUE KEY `workflow_estados_slug_unique` (`slug`);

--
-- Indices de la tabla `workflow_etapas`
--
ALTER TABLE `workflow_etapas`
  ADD PRIMARY KEY (`id`),
  ADD UNIQUE KEY `workflow_etapas_slug_unique` (`slug`);

--
-- Indices de la tabla `workflow_sla`
--
ALTER TABLE `workflow_sla`
  ADD PRIMARY KEY (`id`),
  ADD UNIQUE KEY `wf_sla_unique` (`cliente_corporativo_id`,`estado_id`),
  ADD KEY `workflow_sla_estado_id_foreign` (`estado_id`);

--
-- Indices de la tabla `workflow_transiciones`
--
ALTER TABLE `workflow_transiciones`
  ADD PRIMARY KEY (`id`),
  ADD UNIQUE KEY `wf_trans_unique` (`estado_origen_id`,`estado_destino_id`),
  ADD KEY `workflow_transiciones_estado_destino_id_foreign` (`estado_destino_id`);

--
-- AUTO_INCREMENT de las tablas volcadas
--

--
-- AUTO_INCREMENT de la tabla `activity_log`
--
ALTER TABLE `activity_log`
  MODIFY `id` bigint UNSIGNED NOT NULL AUTO_INCREMENT, AUTO_INCREMENT=679;

--
-- AUTO_INCREMENT de la tabla `actuaciones`
--
ALTER TABLE `actuaciones`
  MODIFY `id` bigint UNSIGNED NOT NULL AUTO_INCREMENT, AUTO_INCREMENT=266;

--
-- AUTO_INCREMENT de la tabla `acuerdos_pago`
--
ALTER TABLE `acuerdos_pago`
  MODIFY `id` bigint UNSIGNED NOT NULL AUTO_INCREMENT, AUTO_INCREMENT=4;

--
-- AUTO_INCREMENT de la tabla `alertas`
--
ALTER TABLE `alertas`
  MODIFY `id` bigint UNSIGNED NOT NULL AUTO_INCREMENT, AUTO_INCREMENT=23;

--
-- AUTO_INCREMENT de la tabla `asignaciones`
--
ALTER TABLE `asignaciones`
  MODIFY `id` bigint UNSIGNED NOT NULL AUTO_INCREMENT, AUTO_INCREMENT=57;

--
-- AUTO_INCREMENT de la tabla `casos_prejuridicos`
--
ALTER TABLE `casos_prejuridicos`
  MODIFY `id` bigint UNSIGNED NOT NULL AUTO_INCREMENT, AUTO_INCREMENT=18;

--
-- AUTO_INCREMENT de la tabla `clientes_corporativos`
--
ALTER TABLE `clientes_corporativos`
  MODIFY `id` bigint UNSIGNED NOT NULL AUTO_INCREMENT, AUTO_INCREMENT=6;

--
-- AUTO_INCREMENT de la tabla `configuracion_plataforma`
--
ALTER TABLE `configuracion_plataforma`
  MODIFY `id` bigint UNSIGNED NOT NULL AUTO_INCREMENT, AUTO_INCREMENT=2;

--
-- AUTO_INCREMENT de la tabla `cuotas_acuerdo`
--
ALTER TABLE `cuotas_acuerdo`
  MODIFY `id` bigint UNSIGNED NOT NULL AUTO_INCREMENT, AUTO_INCREMENT=25;

--
-- AUTO_INCREMENT de la tabla `deudores`
--
ALTER TABLE `deudores`
  MODIFY `id` bigint UNSIGNED NOT NULL AUTO_INCREMENT, AUTO_INCREMENT=34;

--
-- AUTO_INCREMENT de la tabla `documentos_caso`
--
ALTER TABLE `documentos_caso`
  MODIFY `id` bigint UNSIGNED NOT NULL AUTO_INCREMENT, AUTO_INCREMENT=12;

--
-- AUTO_INCREMENT de la tabla `expedientes`
--
ALTER TABLE `expedientes`
  MODIFY `id` bigint UNSIGNED NOT NULL AUTO_INCREMENT, AUTO_INCREMENT=2;

--
-- AUTO_INCREMENT de la tabla `failed_jobs`
--
ALTER TABLE `failed_jobs`
  MODIFY `id` bigint UNSIGNED NOT NULL AUTO_INCREMENT;

--
-- AUTO_INCREMENT de la tabla `gestiones_prejudiciales`
--
ALTER TABLE `gestiones_prejudiciales`
  MODIFY `id` bigint UNSIGNED NOT NULL AUTO_INCREMENT, AUTO_INCREMENT=10;

--
-- AUTO_INCREMENT de la tabla `jobs`
--
ALTER TABLE `jobs`
  MODIFY `id` bigint UNSIGNED NOT NULL AUTO_INCREMENT;

--
-- AUTO_INCREMENT de la tabla `migrations`
--
ALTER TABLE `migrations`
  MODIFY `id` int UNSIGNED NOT NULL AUTO_INCREMENT, AUTO_INCREMENT=45;

--
-- AUTO_INCREMENT de la tabla `obligaciones`
--
ALTER TABLE `obligaciones`
  MODIFY `id` bigint UNSIGNED NOT NULL AUTO_INCREMENT, AUTO_INCREMENT=72;

--
-- AUTO_INCREMENT de la tabla `oficios_medidas`
--
ALTER TABLE `oficios_medidas`
  MODIFY `id` bigint UNSIGNED NOT NULL AUTO_INCREMENT, AUTO_INCREMENT=2;

--
-- AUTO_INCREMENT de la tabla `ordenes_gestion`
--
ALTER TABLE `ordenes_gestion`
  MODIFY `id` bigint UNSIGNED NOT NULL AUTO_INCREMENT, AUTO_INCREMENT=32;

--
-- AUTO_INCREMENT de la tabla `permissions`
--
ALTER TABLE `permissions`
  MODIFY `id` bigint UNSIGNED NOT NULL AUTO_INCREMENT, AUTO_INCREMENT=33;

--
-- AUTO_INCREMENT de la tabla `procesos`
--
ALTER TABLE `procesos`
  MODIFY `id` bigint UNSIGNED NOT NULL AUTO_INCREMENT, AUTO_INCREMENT=79;

--
-- AUTO_INCREMENT de la tabla `reportes_gestion`
--
ALTER TABLE `reportes_gestion`
  MODIFY `id` bigint UNSIGNED NOT NULL AUTO_INCREMENT;

--
-- AUTO_INCREMENT de la tabla `roles`
--
ALTER TABLE `roles`
  MODIFY `id` bigint UNSIGNED NOT NULL AUTO_INCREMENT, AUTO_INCREMENT=7;

--
-- AUTO_INCREMENT de la tabla `seguimientos_judiciales`
--
ALTER TABLE `seguimientos_judiciales`
  MODIFY `id` bigint UNSIGNED NOT NULL AUTO_INCREMENT, AUTO_INCREMENT=3;

--
-- AUTO_INCREMENT de la tabla `tiempos_subprocesos`
--
ALTER TABLE `tiempos_subprocesos`
  MODIFY `id` bigint UNSIGNED NOT NULL AUTO_INCREMENT;

--
-- AUTO_INCREMENT de la tabla `users`
--
ALTER TABLE `users`
  MODIFY `id` bigint UNSIGNED NOT NULL AUTO_INCREMENT, AUTO_INCREMENT=7;

--
-- AUTO_INCREMENT de la tabla `validaciones_flujo`
--
ALTER TABLE `validaciones_flujo`
  MODIFY `id` bigint UNSIGNED NOT NULL AUTO_INCREMENT;

--
-- AUTO_INCREMENT de la tabla `workflow_estados`
--
ALTER TABLE `workflow_estados`
  MODIFY `id` bigint UNSIGNED NOT NULL AUTO_INCREMENT, AUTO_INCREMENT=10;

--
-- AUTO_INCREMENT de la tabla `workflow_etapas`
--
ALTER TABLE `workflow_etapas`
  MODIFY `id` bigint UNSIGNED NOT NULL AUTO_INCREMENT, AUTO_INCREMENT=11;

--
-- AUTO_INCREMENT de la tabla `workflow_sla`
--
ALTER TABLE `workflow_sla`
  MODIFY `id` bigint UNSIGNED NOT NULL AUTO_INCREMENT;

--
-- AUTO_INCREMENT de la tabla `workflow_transiciones`
--
ALTER TABLE `workflow_transiciones`
  MODIFY `id` bigint UNSIGNED NOT NULL AUTO_INCREMENT, AUTO_INCREMENT=13;

--
-- Restricciones para tablas volcadas
--

--
-- Filtros para la tabla `actuaciones`
--
ALTER TABLE `actuaciones`
  ADD CONSTRAINT `actuaciones_proceso_id_foreign` FOREIGN KEY (`proceso_id`) REFERENCES `procesos` (`id`) ON DELETE CASCADE,
  ADD CONSTRAINT `actuaciones_user_id_foreign` FOREIGN KEY (`user_id`) REFERENCES `users` (`id`) ON DELETE RESTRICT;

--
-- Filtros para la tabla `acuerdos_pago`
--
ALTER TABLE `acuerdos_pago`
  ADD CONSTRAINT `acuerdos_pago_proceso_id_foreign` FOREIGN KEY (`proceso_id`) REFERENCES `procesos` (`id`) ON DELETE CASCADE,
  ADD CONSTRAINT `acuerdos_pago_user_id_foreign` FOREIGN KEY (`user_id`) REFERENCES `users` (`id`) ON DELETE SET NULL;

--
-- Filtros para la tabla `alertas`
--
ALTER TABLE `alertas`
  ADD CONSTRAINT `alertas_proceso_id_foreign` FOREIGN KEY (`proceso_id`) REFERENCES `procesos` (`id`) ON DELETE CASCADE,
  ADD CONSTRAINT `alertas_resuelta_por_foreign` FOREIGN KEY (`resuelta_por`) REFERENCES `users` (`id`) ON DELETE SET NULL,
  ADD CONSTRAINT `alertas_user_id_foreign` FOREIGN KEY (`user_id`) REFERENCES `users` (`id`) ON DELETE SET NULL;

--
-- Filtros para la tabla `asignaciones`
--
ALTER TABLE `asignaciones`
  ADD CONSTRAINT `asignaciones_proceso_id_foreign` FOREIGN KEY (`proceso_id`) REFERENCES `procesos` (`id`) ON DELETE CASCADE,
  ADD CONSTRAINT `asignaciones_user_id_foreign` FOREIGN KEY (`user_id`) REFERENCES `users` (`id`) ON DELETE RESTRICT;

--
-- Filtros para la tabla `casos_prejuridicos`
--
ALTER TABLE `casos_prejuridicos`
  ADD CONSTRAINT `casos_prejuridicos_cliente_corporativo_id_foreign` FOREIGN KEY (`cliente_corporativo_id`) REFERENCES `clientes_corporativos` (`id`) ON DELETE SET NULL,
  ADD CONSTRAINT `casos_prejuridicos_deudor_id_foreign` FOREIGN KEY (`deudor_id`) REFERENCES `deudores` (`id`) ON DELETE SET NULL,
  ADD CONSTRAINT `casos_prejuridicos_proceso_juridico_id_foreign` FOREIGN KEY (`proceso_juridico_id`) REFERENCES `procesos` (`id`) ON DELETE SET NULL,
  ADD CONSTRAINT `casos_prejuridicos_responsable_id_foreign` FOREIGN KEY (`responsable_id`) REFERENCES `users` (`id`) ON DELETE SET NULL;

--
-- Filtros para la tabla `cuotas_acuerdo`
--
ALTER TABLE `cuotas_acuerdo`
  ADD CONSTRAINT `cuotas_acuerdo_acuerdo_id_foreign` FOREIGN KEY (`acuerdo_id`) REFERENCES `acuerdos_pago` (`id`) ON DELETE CASCADE;

--
-- Filtros para la tabla `documentos_caso`
--
ALTER TABLE `documentos_caso`
  ADD CONSTRAINT `documentos_caso_proceso_id_foreign` FOREIGN KEY (`proceso_id`) REFERENCES `procesos` (`id`) ON DELETE CASCADE,
  ADD CONSTRAINT `documentos_caso_user_id_foreign` FOREIGN KEY (`user_id`) REFERENCES `users` (`id`) ON DELETE RESTRICT;

--
-- Filtros para la tabla `gestiones_prejudiciales`
--
ALTER TABLE `gestiones_prejudiciales`
  ADD CONSTRAINT `gestiones_prejudiciales_caso_prejuridico_id_foreign` FOREIGN KEY (`caso_prejuridico_id`) REFERENCES `casos_prejuridicos` (`id`) ON DELETE SET NULL,
  ADD CONSTRAINT `gestiones_prejudiciales_user_id_foreign` FOREIGN KEY (`user_id`) REFERENCES `users` (`id`) ON DELETE RESTRICT ON UPDATE CASCADE;

--
-- Filtros para la tabla `model_has_permissions`
--
ALTER TABLE `model_has_permissions`
  ADD CONSTRAINT `model_has_permissions_permission_id_foreign` FOREIGN KEY (`permission_id`) REFERENCES `permissions` (`id`) ON DELETE CASCADE;

--
-- Filtros para la tabla `model_has_roles`
--
ALTER TABLE `model_has_roles`
  ADD CONSTRAINT `model_has_roles_role_id_foreign` FOREIGN KEY (`role_id`) REFERENCES `roles` (`id`) ON DELETE CASCADE;

--
-- Filtros para la tabla `obligaciones`
--
ALTER TABLE `obligaciones`
  ADD CONSTRAINT `obligaciones_ibfk_1` FOREIGN KEY (`proceso_id`) REFERENCES `procesos` (`id`) ON DELETE CASCADE;

--
-- Filtros para la tabla `oficios_medidas`
--
ALTER TABLE `oficios_medidas`
  ADD CONSTRAINT `oficios_medidas_proceso_id_foreign` FOREIGN KEY (`proceso_id`) REFERENCES `procesos` (`id`) ON DELETE CASCADE,
  ADD CONSTRAINT `oficios_medidas_user_id_foreign` FOREIGN KEY (`user_id`) REFERENCES `users` (`id`) ON DELETE SET NULL;

--
-- Filtros para la tabla `ordenes_gestion`
--
ALTER TABLE `ordenes_gestion`
  ADD CONSTRAINT `ordenes_gestion_firmado_asistente_id_foreign` FOREIGN KEY (`firmado_asistente_id`) REFERENCES `users` (`id`) ON DELETE SET NULL,
  ADD CONSTRAINT `ordenes_gestion_firmado_gerente_id_foreign` FOREIGN KEY (`firmado_gerente_id`) REFERENCES `users` (`id`) ON DELETE SET NULL,
  ADD CONSTRAINT `ordenes_gestion_firmado_sustanciador_id_foreign` FOREIGN KEY (`firmado_sustanciador_id`) REFERENCES `users` (`id`) ON DELETE SET NULL,
  ADD CONSTRAINT `ordenes_gestion_proceso_id_foreign` FOREIGN KEY (`proceso_id`) REFERENCES `procesos` (`id`) ON DELETE CASCADE;

--
-- Filtros para la tabla `procesos`
--
ALTER TABLE `procesos`
  ADD CONSTRAINT `procesos_cliente_corporativo_id_foreign` FOREIGN KEY (`cliente_corporativo_id`) REFERENCES `clientes_corporativos` (`id`) ON DELETE RESTRICT,
  ADD CONSTRAINT `procesos_creado_por_foreign` FOREIGN KEY (`creado_por`) REFERENCES `users` (`id`) ON DELETE SET NULL,
  ADD CONSTRAINT `procesos_deudor_id_foreign` FOREIGN KEY (`deudor_id`) REFERENCES `deudores` (`id`) ON DELETE RESTRICT;

--
-- Filtros para la tabla `reportes_gestion`
--
ALTER TABLE `reportes_gestion`
  ADD CONSTRAINT `reportes_gestion_ibfk_1` FOREIGN KEY (`proceso_id`) REFERENCES `procesos` (`id`) ON DELETE CASCADE,
  ADD CONSTRAINT `reportes_gestion_ibfk_2` FOREIGN KEY (`user_id`) REFERENCES `users` (`id`);

--
-- Filtros para la tabla `role_has_permissions`
--
ALTER TABLE `role_has_permissions`
  ADD CONSTRAINT `role_has_permissions_permission_id_foreign` FOREIGN KEY (`permission_id`) REFERENCES `permissions` (`id`) ON DELETE CASCADE,
  ADD CONSTRAINT `role_has_permissions_role_id_foreign` FOREIGN KEY (`role_id`) REFERENCES `roles` (`id`) ON DELETE CASCADE;

--
-- Filtros para la tabla `seguimientos_judiciales`
--
ALTER TABLE `seguimientos_judiciales`
  ADD CONSTRAINT `seguimientos_judiciales_proceso_id_foreign` FOREIGN KEY (`proceso_id`) REFERENCES `procesos` (`id`) ON DELETE CASCADE,
  ADD CONSTRAINT `seguimientos_judiciales_user_id_foreign` FOREIGN KEY (`user_id`) REFERENCES `users` (`id`) ON DELETE RESTRICT;

--
-- Filtros para la tabla `tiempos_subprocesos`
--
ALTER TABLE `tiempos_subprocesos`
  ADD CONSTRAINT `tiempos_subprocesos_ibfk_1` FOREIGN KEY (`proceso_id`) REFERENCES `procesos` (`id`) ON DELETE CASCADE;

--
-- Filtros para la tabla `validaciones_flujo`
--
ALTER TABLE `validaciones_flujo`
  ADD CONSTRAINT `validaciones_flujo_ibfk_1` FOREIGN KEY (`proceso_id`) REFERENCES `procesos` (`id`) ON DELETE CASCADE;

--
-- Filtros para la tabla `workflow_sla`
--
ALTER TABLE `workflow_sla`
  ADD CONSTRAINT `workflow_sla_cliente_corporativo_id_foreign` FOREIGN KEY (`cliente_corporativo_id`) REFERENCES `clientes_corporativos` (`id`) ON DELETE SET NULL,
  ADD CONSTRAINT `workflow_sla_estado_id_foreign` FOREIGN KEY (`estado_id`) REFERENCES `workflow_estados` (`id`) ON DELETE CASCADE;

--
-- Filtros para la tabla `workflow_transiciones`
--
ALTER TABLE `workflow_transiciones`
  ADD CONSTRAINT `workflow_transiciones_estado_destino_id_foreign` FOREIGN KEY (`estado_destino_id`) REFERENCES `workflow_estados` (`id`) ON DELETE CASCADE,
  ADD CONSTRAINT `workflow_transiciones_estado_origen_id_foreign` FOREIGN KEY (`estado_origen_id`) REFERENCES `workflow_estados` (`id`) ON DELETE CASCADE;
COMMIT;

