CREATE TABLE `system_settings` (
  `id` bigint UNSIGNED NOT NULL,
  `group` varchar(255) CHARACTER SET utf8mb4 COLLATE utf8mb4_unicode_ci NOT NULL DEFAULT 'general',
  `key` varchar(255) CHARACTER SET utf8mb4 COLLATE utf8mb4_unicode_ci NOT NULL,
  `value` longtext CHARACTER SET utf8mb4 COLLATE utf8mb4_unicode_ci,
  `type` varchar(255) CHARACTER SET utf8mb4 COLLATE utf8mb4_unicode_ci NOT NULL DEFAULT 'string',
  `label` varchar(255) CHARACTER SET utf8mb4 COLLATE utf8mb4_unicode_ci DEFAULT NULL,
  `created_at` timestamp NULL DEFAULT NULL,
  `updated_at` timestamp NULL DEFAULT NULL
) ENGINE=InnoDB DEFAULT CHARSET=utf8mb4 COLLATE=utf8mb4_unicode_ci;

--
-- Volcado de datos para la tabla `system_settings`
--

INSERT INTO `system_settings` (`id`, `group`, `key`, `value`, `type`, `label`, `created_at`, `updated_at`) VALUES
(1, 'general', 'app_name', 'FYCLS Service Desk', 'string', NULL, '2026-02-26 06:03:17', '2026-05-01 23:17:10'),
(2, 'general', 'app_tagline', 'Gestión de soporte técnico', 'string', NULL, '2026-02-26 06:03:17', '2026-02-26 06:03:17'),
(3, 'branding', 'app_primary_color', '#379810', 'string', NULL, '2026-02-26 06:03:17', '2026-04-01 20:53:45'),
(4, 'general', 'support_email', 'soporte@fycls.com', 'string', NULL, '2026-02-26 06:03:17', '2026-05-01 23:17:10'),
(5, 'tickets', 'tickets_per_page', '20', 'integer', NULL, '2026-02-26 06:03:17', '2026-02-26 06:03:17'),
(6, 'tickets', 'auto_close_days', '7', 'integer', NULL, '2026-02-26 06:03:17', '2026-02-26 06:03:17'),
(7, 'sla', 'sla_pauses_outside', '0', 'boolean', NULL, '2026-02-26 06:03:17', '2026-02-26 06:03:17'),
(8, 'portal', 'welcome_message', '¿En qué podemos ayudarte hoy?', 'text', NULL, '2026-02-26 06:03:17', '2026-02-26 06:03:17'),
(9, 'branding', 'app_logo_url', '', 'string', NULL, '2026-03-13 07:34:45', '2026-03-13 07:34:45'),
(10, 'general', 'support_phone', '', 'string', NULL, '2026-03-13 07:34:45', '2026-03-13 07:34:45');

-- --------------------------------------------------------

--
-- Estructura de tabla para la tabla `tickets`
--

CREATE TABLE `tickets` (
  `id` bigint UNSIGNED NOT NULL,
  `company_id` bigint UNSIGNED DEFAULT NULL,
  `number` varchar(255) CHARACTER SET utf8mb4 COLLATE utf8mb4_unicode_ci NOT NULL,
  `title` varchar(255) CHARACTER SET utf8mb4 COLLATE utf8mb4_unicode_ci NOT NULL,
  `description` longtext CHARACTER SET utf8mb4 COLLATE utf8mb4_unicode_ci NOT NULL,
  `status_id` bigint UNSIGNED NOT NULL,
  `priority_id` bigint UNSIGNED NOT NULL,
  `category_id` bigint UNSIGNED DEFAULT NULL,
  `type_id` bigint UNSIGNED DEFAULT NULL,
  `requester_id` bigint UNSIGNED NOT NULL,
  `assignee_id` bigint UNSIGNED DEFAULT NULL,
  `department_id` bigint UNSIGNED DEFAULT NULL,
  `asset_id` bigint UNSIGNED DEFAULT NULL,
  `sla_response_due` timestamp NULL DEFAULT NULL,
  `sla_resolution_due` timestamp NULL DEFAULT NULL,
  `sla_response_breached` tinyint(1) NOT NULL DEFAULT '0',
  `sla_resolution_breached` tinyint(1) NOT NULL DEFAULT '0',
  `sla_warning_sent_at` timestamp NULL DEFAULT NULL,
  `first_response_at` timestamp NULL DEFAULT NULL,
  `resolved_at` timestamp NULL DEFAULT NULL,
  `closed_at` timestamp NULL DEFAULT NULL,
  `satisfaction_score` tinyint DEFAULT NULL,
  `satisfaction_token` varchar(60) COLLATE utf8mb4_unicode_ci DEFAULT NULL,
  `ai_kb_suggested` tinyint(1) NOT NULL DEFAULT '0',
  `satisfaction_comment` text CHARACTER SET utf8mb4 COLLATE utf8mb4_unicode_ci,
  `satisfaction_submitted_at` timestamp NULL DEFAULT NULL,
  `created_at` timestamp NULL DEFAULT NULL,
  `updated_at` timestamp NULL DEFAULT NULL,
  `deleted_at` timestamp NULL DEFAULT NULL
) ENGINE=InnoDB DEFAULT CHARSET=utf8mb4 COLLATE=utf8mb4_unicode_ci;

--
-- Volcado de datos para la tabla `tickets`
--

INSERT INTO `tickets` (`id`, `company_id`, `number`, `title`, `description`, `status_id`, `priority_id`, `category_id`, `type_id`, `requester_id`, `assignee_id`, `department_id`, `asset_id`, `sla_response_due`, `sla_resolution_due`, `sla_response_breached`, `sla_resolution_breached`, `sla_warning_sent_at`, `first_response_at`, `resolved_at`, `closed_at`, `satisfaction_score`, `satisfaction_token`, `ai_kb_suggested`, `satisfaction_comment`, `satisfaction_submitted_at`, `created_at`, `updated_at`, `deleted_at`) VALUES
(306, 3, 'GES-0001', 'Se fue la luz y el servidor no se ha encendido', '(Sin descripción)', 6, 2, 61, NULL, 234, 727, NULL, NULL, '2025-01-02 00:00:00', '2025-01-02 00:00:00', 0, 0, NULL, NULL, '2025-01-02 00:00:00', '2025-01-02 00:00:00', 5, NULL, 0, NULL, NULL, '2025-01-02 00:00:00', '2026-05-06 03:49:05', NULL),
(307, 3, 'GES-0002', 'revisión del equipo en la oficina de Paola Ramírez. Después del corte de energía, el equipo se apagó y al reiniciarlo presentó un problema en el arranque del sistema operativo', '(Sin descripción)', 6, 2, 72, NULL, 227, 727, NULL, NULL, '2025-01-02 00:00:00', '2025-01-02 00:00:00', 0, 0, NULL, NULL, '2025-01-02 00:00:00', '2025-01-02 00:00:00', 5, NULL, 0, NULL, NULL, '2025-01-02 00:00:00', '2026-05-06 03:49:05', NULL),
(308, 3, 'GES-0003', 'revisar el Internet en la Oficina ya que desde ayer no tienen Internet', '(Sin descripción)', 6, 2, 88, NULL, 234, 727, NULL, NULL, '2025-01-03 00:00:00', '2025-01-04 00:00:00', 0, 0, NULL, NULL, '2025-01-04 00:00:00', '2025-01-04 00:00:00', 5, NULL, 0, NULL, NULL, '2025-01-03 00:00:00', '2026-05-06 03:49:05', NULL),
(309, 3, 'GES-0004', 'soporte técnico para realizar la copia de la información de un disco duro al servidor correspondiente al proyecto GsA-224.', '(Sin descripción)', 6, 2, 189, NULL, 227, 727, NULL, NULL, '2025-01-09 00:00:00', '2025-01-09 00:00:00', 0, 0, NULL, NULL, '2025-01-13 00:00:00', '2025-01-13 00:00:00', 4, NULL, 0, NULL, NULL, '2025-01-09 00:00:00', '2026-05-06 03:49:05', NULL),
(310, 3, 'GES-0005', 'configure la VPN a Luz Stella Tellez para tener acceso al proyecto GsA-225. Número de Luz: 310 8659024', '(Sin descripción)', 6, 2, 104, NULL, 236, 727, NULL, NULL, '2025-01-10 00:00:00', '2025-01-16 00:00:00', 0, 0, NULL, NULL, '2025-01-16 00:00:00', '2025-01-16 00:00:00', 4, NULL, 0, NULL, NULL, '2025-01-10 00:00:00', '2026-05-06 03:49:05', NULL),
(311, 3, 'GES-0006', 'Escribo para solicitar soporte ya que desde el PC de la oficina no logro tener acceso al servidor', '(Sin descripción)', 6, 2, 104, NULL, 229, 727, NULL, NULL, '2025-01-13 00:00:00', '2025-01-13 00:00:00', 0, 0, NULL, NULL, '2025-01-13 00:00:00', '2025-01-13 00:00:00', 4, NULL, 0, NULL, NULL, '2025-01-13 00:00:00', '2026-05-06 03:49:05', NULL),
(312, 3, 'GES-0007', 'Catalina me hace la solicitud para que la profesional Linda Pinto tenga acceso al proyecto 210 como Coordinadora y se le configure la VPN. Se le va a solicitar correo de Gessig, una vez lo tenga les informo. El contacto de la persona es 3102875359', '(Sin descripción)', 6, 2, 104, NULL, 236, 727, NULL, NULL, '2025-01-14 00:00:00', '2025-01-15 00:00:00', 0, 0, NULL, NULL, '2025-01-15 00:00:00', '2025-01-15 00:00:00', 4, NULL, 0, NULL, NULL, '2025-01-14 00:00:00', '2026-05-06 03:49:05', NULL),
(313, 3, 'GES-0008', 'a se encuentra en el administrador la licencia Exchange para asignarle a Linda Pinto. Su correo debe quedar linda.pinto@gessig.com.', '(Sin descripción)', 6, 2, 72, NULL, 236, 727, NULL, NULL, '2025-01-14 00:00:00', '2025-01-14 00:00:00', 0, 0, NULL, NULL, '2025-01-14 00:00:00', '2025-01-14 00:00:00', 4, NULL, 0, NULL, NULL, '2025-01-14 00:00:00', '2026-05-06 03:49:05', NULL),
(314, 3, 'GES-0009', 'Tiene problemas para abrir la hoja de tiempos. Lo estoy haciendo desde File Server como siempre y no me está habilitando las macros', '(Sin descripción)', 6, 2, 190, NULL, 236, 727, NULL, NULL, '2025-01-14 00:00:00', '2025-01-24 00:00:00', 0, 0, NULL, NULL, '2025-01-24 00:00:00', '2025-01-24 00:00:00', 4, NULL, 0, NULL, NULL, '2025-01-14 00:00:00', '2026-05-06 03:49:05', NULL),
(315, 3, 'GES-0010', 'apoyo con el proceso de apagado del servidor el día de mañana, 18 de enero de 2025, en el horario de 7:30 a.m. a 8:30 a.m., debido a que se va a realizar la inspección eléctrica en la oficina.', '(Sin descripción)', 6, 2, 61, NULL, 227, 727, NULL, NULL, '2025-01-17 00:00:00', '2025-01-18 00:00:00', 0, 0, NULL, NULL, '2025-01-18 00:00:00', '2025-01-18 00:00:00', 4, NULL, 0, NULL, NULL, '2025-01-17 00:00:00', '2026-05-06 03:49:05', NULL),
(316, 3, 'GES-0011', 'actualizar la contraseña de la VPN en su computador personal, dado que a pesar de seguir el instructivo no me fue posible hacerlo.', '(Sin descripción)', 6, 2, 104, NULL, 234, 727, NULL, NULL, '2025-01-21 00:00:00', '2025-01-21 00:00:00', 0, 0, NULL, NULL, '2025-01-21 00:00:00', '2025-01-21 00:00:00', 4, NULL, 0, NULL, NULL, '2025-01-21 00:00:00', '2026-05-06 03:49:05', NULL),
(317, 3, 'GES-0012', 'acceso a la carpeta de ejecución del proyecto GSA-215', '(Sin descripción)', 6, 2, 104, NULL, 231, 727, NULL, NULL, '2025-01-22 00:00:00', '2025-01-22 00:00:00', 0, 0, NULL, NULL, '2025-01-22 00:00:00', '2025-01-22 00:00:00', 4, NULL, 0, NULL, NULL, '2025-01-22 00:00:00', '2026-05-06 03:49:05', NULL),
(318, 3, 'GES-0013', 'acceso a Esperanza Cuesta acceso a la carpeta 3 Ejecución del proyecto GsA-225', '(Sin descripción)', 6, 2, 104, NULL, 236, 727, NULL, NULL, '2025-01-22 00:00:00', '2025-01-22 00:00:00', 0, 0, NULL, NULL, '2025-01-22 00:00:00', '2025-01-22 00:00:00', 4, NULL, 0, NULL, NULL, '2025-01-22 00:00:00', '2026-05-06 03:49:05', NULL),
(319, 3, 'GES-0014', 'habilitar el acceso a VPN al profesional Edgar Lozano, quien compartirá el usuario de Diana Aguilar con los mismos permisos, el acceso es a partir del día 25/01/2025. Nombre: Edgar Lozano, Contacto: 310 6668618', '(Sin descripción)', 6, 2, 104, NULL, 227, 727, NULL, NULL, '2025-01-24 00:00:00', '2025-01-24 00:00:00', 0, 0, NULL, NULL, '2025-01-24 00:00:00', '2025-01-24 00:00:00', 4, NULL, 0, NULL, NULL, '2025-01-24 00:00:00', '2026-05-06 03:49:05', NULL),
(320, 3, 'GES-0015', 'recuperación del archivo HT_OS-003-2025_GsA-224 el cual se encontraba en la siguiente: Ruta: P:\\A_Proy_Ejecucion\\GsA-224_Frontera_EIAVIM-46ad\\1Inic\\15Proveedores\\Ordenes de Servicio', '(Sin descripción)', 6, 2, 189, NULL, 234, 727, NULL, NULL, '2025-01-27 00:00:00', '2025-01-27 00:00:00', 0, 0, NULL, NULL, '2025-01-27 00:00:00', '2025-01-27 00:00:00', 4, NULL, 0, NULL, NULL, '2025-01-27 00:00:00', '2026-05-06 03:49:05', NULL),
(321, 3, 'GES-0016', 'asignen permisos a Rocío Rojas a la carpeta 3 de Ejecución del proyecto GsA-225.', '(Sin descripción)', 6, 2, 104, NULL, 236, 727, NULL, NULL, '2025-01-27 00:00:00', '2025-01-27 00:00:00', 0, 0, NULL, NULL, '2025-01-27 00:00:00', '2025-01-27 00:00:00', 4, NULL, 0, NULL, NULL, '2025-01-27 00:00:00', '2026-05-06 03:49:05', NULL),
(322, 3, 'GES-0017', 'instalación de HELISA NIFF en el equipo asignado en la oficina a Sebastián Ramirez', '(Sin descripción)', 6, 2, 72, NULL, 234, 727, NULL, NULL, '2025-01-29 00:00:00', '2025-01-29 00:00:00', 0, 0, NULL, NULL, '2025-01-29 00:00:00', '2025-01-29 00:00:00', 4, NULL, 0, NULL, NULL, '2025-01-29 00:00:00', '2026-05-06 03:49:05', NULL),
(323, 3, 'GES-0018', 'accesos que debe tener Luz Stella Téllez al GsA-225 teniendo en cuenta que en la matriz se dejo que debía tener acceso a todo el proyecto', '(Sin descripción)', 6, 2, 104, NULL, 234, 727, NULL, NULL, '2025-01-30 00:00:00', '2025-01-30 00:00:00', 0, 0, NULL, NULL, '2025-01-30 00:00:00', '2025-01-30 00:00:00', 4, NULL, 0, NULL, NULL, '2025-01-30 00:00:00', '2026-05-06 03:49:05', NULL),
(324, 3, 'GES-0019', 'acceso al servidor con el fin de que revisen el tema de retención y liquidación de vacaciones', '(Sin descripción)', 6, 2, 104, NULL, 237, 727, NULL, NULL, '2025-01-30 00:00:00', '2025-01-30 00:00:00', 0, 0, NULL, NULL, '2025-01-30 00:00:00', '2025-01-30 00:00:00', 4, NULL, 0, NULL, NULL, '2025-01-30 00:00:00', '2026-05-06 03:49:05', NULL),
(325, 3, 'GES-0020', 'accesos descritos en la matriz del FILESERVER a las personas mencionadas allí mismo, por favor contactarse con cada persona y activar la VPN en los casos que aplique y por favor a Luz Stella Téllez ajustar los permisos de acuerdo a la matriz.', '(Sin descripción)', 6, 2, 104, NULL, 234, 727, NULL, NULL, '2025-02-03 00:00:00', '2025-02-03 00:00:00', 0, 0, NULL, NULL, '2025-02-05 00:00:00', '2025-02-05 00:00:00', 4, NULL, 0, NULL, NULL, '2025-02-03 00:00:00', '2026-05-06 03:49:05', NULL),
(326, 3, 'GES-0021', 'quitando el proyecto GsA-210 del usuario Técnico 2,', '(Sin descripción)', 6, 2, 104, NULL, 234, 727, NULL, NULL, '2025-02-03 00:00:00', '2025-02-03 00:00:00', 0, 0, NULL, NULL, '2025-02-03 00:00:00', '2025-02-03 00:00:00', 4, NULL, 0, NULL, NULL, '2025-02-03 00:00:00', '2026-05-06 03:49:05', NULL),
(327, 3, 'GES-0022', 'revisar el acceso a la VPN de Edgar Lozano ya que el día de hoy me indican que no puede ingresar. Teléfono Edgar: 310 6668618', '(Sin descripción)', 6, 2, 104, NULL, 234, 727, NULL, NULL, '2025-02-03 00:00:00', '2025-02-03 00:00:00', 0, 0, NULL, NULL, '2025-02-03 00:00:00', '2025-02-03 00:00:00', 4, NULL, 0, NULL, NULL, '2025-02-03 00:00:00', '2026-05-06 03:49:05', NULL),
(328, 3, 'GES-0023', 'realizando la recuperación de tres archivos los cuales se encontraban en la siguiente ruta, tienen como nombre Recomendaciones medicas: P:\\A_Proy_Ejecucion\\GsA-224_Frontera_EIAVIM-46ad\\1Inic\\15Proveedores\\Baquianos\\3 Campo Flora\\Docu Contrataciones\\C...', '(Sin descripción)', 6, 2, 189, NULL, 234, 727, NULL, NULL, '2025-02-03 00:00:00', '2025-02-03 00:00:00', 0, 0, NULL, NULL, '2025-02-05 00:00:00', '2025-02-05 00:00:00', 4, NULL, 0, NULL, NULL, '2025-02-03 00:00:00', '2026-05-06 03:49:05', NULL),
(329, 3, 'GES-0024', 'Le aparece que active el codigo de activación de Kasperky', '(Sin descripción)', 6, 2, 191, NULL, 236, 727, NULL, NULL, '2025-02-06 00:00:00', '2025-02-06 00:00:00', 0, 0, NULL, NULL, '2025-02-11 00:00:00', '2025-02-11 00:00:00', 4, NULL, 0, NULL, NULL, '2025-02-06 00:00:00', '2026-05-06 03:49:05', NULL),
(330, 3, 'GES-0025', 'dando acceso a carpetas de GsA-225 descrito en la matriz del FILESERVER para Verónica Arias.', '(Sin descripción)', 6, 2, 104, NULL, 234, 727, NULL, NULL, '2025-02-10 00:00:00', '2025-02-11 00:00:00', 0, 0, NULL, NULL, '2025-02-11 00:00:00', '2025-02-11 00:00:00', 4, NULL, 0, NULL, NULL, '2025-02-10 00:00:00', '2026-05-06 03:49:05', NULL),
(331, 3, 'GES-0026', 'acceso a Auxiliar Contable -Lucy Anzola, a la carpeta descrita en la Matriz FILESERVER la cual se encuentra resaltada en amarillo', '(Sin descripción)', 6, 2, 104, NULL, 234, 727, NULL, NULL, '2025-02-13 00:00:00', '2025-02-13 00:00:00', 0, 0, NULL, NULL, '2025-02-13 00:00:00', '2025-02-13 00:00:00', 4, NULL, 0, NULL, NULL, '2025-02-13 00:00:00', '2026-05-06 03:49:05', NULL),
(332, 3, 'GES-0027', 'acceso descrito en la matriz del FILESERVER al TECNICO DOS, la persona la menciono allí mismo, por favor contactarse con ella para activar la VPN.Datos de contacto de Jully Castillo: Teléfono: 3209034878', '(Sin descripción)', 6, 2, 104, NULL, 234, 727, NULL, NULL, '2025-02-14 00:00:00', '2025-02-17 00:00:00', 0, 0, NULL, NULL, '2025-02-18 00:00:00', '2025-02-18 00:00:00', 4, NULL, 0, NULL, NULL, '2025-02-14 00:00:00', '2026-05-06 03:49:05', NULL),
(333, 3, 'GES-0028', 'acceso descrito en la matriz del FILESERVER al TECNICO DOS, la persona la menciono es isidro: 3105281554, conectarse con ella para activar la VPN.', '(Sin descripción)', 6, 2, 104, NULL, 234, 727, NULL, NULL, '2025-02-17 00:00:00', '2025-02-18 00:00:00', 0, 0, NULL, NULL, '2025-02-18 00:00:00', '2025-02-18 00:00:00', 4, NULL, 0, NULL, NULL, '2025-02-17 00:00:00', '2026-05-06 03:49:05', NULL),
(334, 3, 'GES-0029', 'Revisando en el equipo de Natalia el Acrobat ya que el día de hoy le sale un anuncio (Comparto imagen por WhatsApp) y no lo puede abrir', '(Sin descripción)', 6, 2, 72, NULL, 234, 727, NULL, NULL, '2025-02-18 00:00:00', '2025-02-19 00:00:00', 0, 0, NULL, NULL, '2025-02-19 00:00:00', '2025-02-19 00:00:00', 4, NULL, 0, NULL, NULL, '2025-02-18 00:00:00', '2026-05-06 03:49:05', NULL),
(335, 3, 'GES-0030', 'recuperación de información borrada por error el día 20/02/2025 a continuación relaciono la ruta de la carpeta: G:\\4_Recursos\\2_Gestion Proveedores\\3_Personas Juridicas\\A1 Transporte SAS\\03_Contratos. La subcarpeta que se elimino es: • 02_PDF', '(Sin descripción)', 6, 2, 189, NULL, 228, 727, NULL, NULL, '2025-02-21 00:00:00', '2025-02-21 00:00:00', 0, 0, NULL, NULL, '2025-02-21 00:00:00', '2025-02-21 00:00:00', 4, NULL, 0, NULL, NULL, '2025-02-21 00:00:00', '2026-05-06 03:49:05', NULL),
(336, 3, 'GES-0031', 'Error cuando ingresa al servidor', '(Sin descripción)', 6, 2, 104, NULL, 226, 727, NULL, NULL, '2025-02-24 00:00:00', '2025-02-24 00:00:00', 0, 0, NULL, NULL, '2025-02-24 00:00:00', '2025-02-24 00:00:00', 4, NULL, 0, NULL, NULL, '2025-02-24 00:00:00', '2026-05-06 03:49:05', NULL),
(337, 3, 'GES-0032', 'PROGRAMACIÓN SABADO 8:00 AM: configuración de la VPN en un nuevo equipo, ya que el dispositivo anterior está presentando fallas.', '(Sin descripción)', 6, 2, 104, NULL, 241, 727, NULL, NULL, '2025-02-25 00:00:00', '2025-02-26 00:00:00', 0, 0, NULL, NULL, '2025-02-26 00:00:00', '2025-02-26 00:00:00', 4, NULL, 0, NULL, NULL, '2025-02-25 00:00:00', '2026-05-06 03:49:05', NULL),
(338, 3, 'GES-0033', 'Recuperación Carpeta 4-1 Vacunas: Ruta: G:\\4_Recursos\\2_Gestion Proveedores\\4_Personas Naturales\\01_Colaboradores\\Angie Cuervo\\04_Aptitud Laboral', '(Sin descripción)', 6, 2, 189, NULL, 234, 727, NULL, NULL, '2025-02-27 00:00:00', '2025-02-28 00:00:00', 0, 0, NULL, NULL, '2025-03-03 00:00:00', '2025-03-03 00:00:00', 4, NULL, 0, NULL, NULL, '2025-02-27 00:00:00', '2026-05-06 03:49:05', NULL),
(339, 3, 'GES-0034', 'Apoyo en la configuración de la VPN', '(Sin descripción)', 6, 2, 104, NULL, 625, 727, NULL, NULL, '2025-03-03 00:00:00', '2025-03-04 00:00:00', 0, 0, NULL, NULL, '2025-03-04 00:00:00', '2025-03-04 00:00:00', 4, NULL, 0, NULL, NULL, '2025-03-03 00:00:00', '2026-05-06 03:49:05', NULL),
(340, 3, 'GES-0035', 'Acceso al servidor a las carpetas descritas en la matriz del File GessiG para Auxiliar Contable (Lucy Anzola) las cuales están resaltadas en amarillo', '(Sin descripción)', 6, 2, 104, NULL, 234, 727, NULL, NULL, '2025-03-07 00:00:00', '2025-03-07 00:00:00', 0, 0, NULL, NULL, '2025-03-11 00:00:00', '2025-03-11 00:00:00', 4, NULL, 0, NULL, NULL, '2025-03-07 00:00:00', '2026-05-06 03:49:05', NULL),
(341, 3, 'GES-0036', 'soporte a Stella Téllez teniendo en cuenta que desde la semana pasada le aparece un aviso (Compartir por WhatsApp) y no puede acceder al servidor', '(Sin descripción)', 6, 2, 104, NULL, 234, 727, NULL, NULL, '2025-03-10 00:00:00', '2025-03-11 00:00:00', 0, 0, NULL, NULL, '2025-03-11 00:00:00', '2025-03-11 00:00:00', 4, NULL, 0, NULL, NULL, '2025-03-10 00:00:00', '2026-05-06 03:49:05', NULL),
(342, 3, 'GES-0037', 'no puede acceder a la VPN y no entiendo el error', '(Sin descripción)', 6, 2, 104, NULL, 240, 727, NULL, NULL, '2025-03-13 00:00:00', '2025-03-13 00:00:00', 0, 0, NULL, NULL, '2025-03-14 00:00:00', '2025-03-14 00:00:00', 4, NULL, 0, NULL, NULL, '2025-03-13 00:00:00', '2026-05-06 03:49:05', NULL),
(343, 3, 'GES-0038', 'Rocío Rojas: Se encontraba descargando un programa que se llama SAS Planet que se pueden descargar imágenes de Google earth y se reinicio, te comparto el código por whatsapp', '(Sin descripción)', 6, 2, 47, NULL, 234, 727, NULL, NULL, '2025-03-17 00:00:00', '2025-03-17 00:00:00', 0, 0, NULL, NULL, '2025-03-17 00:00:00', '2025-03-17 00:00:00', 4, NULL, 0, NULL, NULL, '2025-03-17 00:00:00', '2026-05-06 03:49:05', NULL),
(344, 3, 'GES-0039', 'Configurar la VPN del trabajador Sebastián Remirez quien no había configurado anteriormente, su número es: 3125199393', '(Sin descripción)', 6, 2, 104, NULL, 236, 727, NULL, NULL, '2025-03-17 00:00:00', '2025-03-18 00:00:00', 0, 0, NULL, NULL, '2025-03-18 00:00:00', '2025-03-18 00:00:00', 4, NULL, 0, NULL, NULL, '2025-03-17 00:00:00', '2026-05-06 03:49:05', NULL),
(345, 3, 'GES-0040', 'Debido a un inconveniente con el equipo de Rocío Rojas, será necesario formatearlo a causa de una falla en el sistema operativo. Aún no se tiene confirmada la fecha y hora del proceso por parte de Lenovo; sin embargo, una vez el equipo haya sido rein...', '(Sin descripción)', 6, 2, 72, NULL, 234, 727, NULL, NULL, '2025-03-19 00:00:00', '2025-03-22 00:00:00', 0, 0, NULL, NULL, '2025-03-25 00:00:00', '2025-03-25 00:00:00', 4, NULL, 0, NULL, NULL, '2025-03-19 00:00:00', '2026-05-06 03:49:05', NULL),
(346, 3, 'GES-0041', 'Rocio Rojas solicitar acceso al servidor, teniendo en cuenta que actualmente está utilizando otra computador.', '(Sin descripción)', 6, 2, 104, NULL, 234, 727, NULL, NULL, '2025-03-19 00:00:00', '2025-03-19 00:00:00', 0, 0, NULL, NULL, '2025-03-19 00:00:00', '2025-03-19 00:00:00', 4, NULL, 0, NULL, NULL, '2025-03-19 00:00:00', '2026-05-06 03:49:05', NULL),
(347, 3, 'GES-0042', 'acceso al servidor a la carpeta GsT-056 descrita en la matriz del File GessiG para Daniela Prieto la cual está resaltada en amarillo', '(Sin descripción)', 6, 2, 104, NULL, 234, 727, NULL, NULL, '2025-03-20 00:00:00', '2025-03-21 00:00:00', 0, 0, NULL, NULL, '2025-03-21 00:00:00', '2025-03-21 00:00:00', 4, NULL, 0, NULL, NULL, '2025-03-20 00:00:00', '2026-05-06 03:49:05', NULL),
(348, 3, 'GES-0043', 'Recuperar este archivo \"Informe Tecnico 01_Consorcio GESSIG-VQ\" de la ruta P:\\A_Proy_Ejecucion\\GsA-225_ARIS-VQ_Interv_PMA_Lower_Mine\\4SyC\\42Seg_proy\\434Consorcio. Por error el que está ahí se reemplazó. Necesita el de finales de febrero', '(Sin descripción)', 6, 2, 189, NULL, 236, 727, NULL, NULL, '2025-03-22 00:00:00', '2025-03-22 00:00:00', 0, 0, NULL, NULL, '2025-03-22 00:00:00', '2025-03-22 00:00:00', 4, NULL, 0, NULL, NULL, '2025-03-22 00:00:00', '2026-05-06 03:49:05', NULL),
(349, 3, 'GES-0044', 'realizando pruebas al monitor Samsung que tenia Rocío Rojas, ya que se llevo por garantía y el reporte técnico indica que la pantalla funciono correctamente por 10 horas continuas', '(Sin descripción)', 6, 2, 47, NULL, 234, 727, NULL, NULL, '2025-03-25 00:00:00', '2025-03-28 00:00:00', 0, 0, NULL, NULL, '2025-03-28 00:00:00', '2025-03-28 00:00:00', 4, NULL, 0, NULL, NULL, '2025-03-25 00:00:00', '2026-05-06 03:49:05', NULL),
(350, 3, 'GES-0045', 'Apoyo en la configuración de VPN y AD', '(Sin descripción)', 6, 2, 104, NULL, 625, 727, NULL, NULL, '2025-03-29 00:00:00', '2025-03-31 00:00:00', 0, 0, NULL, NULL, '2025-03-31 00:00:00', '2025-03-31 00:00:00', 4, NULL, 0, NULL, NULL, '2025-03-29 00:00:00', '2026-05-06 03:49:05', NULL),
(351, 3, 'GES-0046', 'a la carpetas y conexión al servidor, nómina y contabilidad no tiene acceso después de cambiar contraseñas', '(Sin descripción)', 6, 2, 104, NULL, 237, 727, NULL, NULL, '2025-03-31 00:00:00', '2025-03-31 00:00:00', 0, 0, NULL, NULL, '2025-03-31 00:00:00', '2025-03-31 00:00:00', 4, NULL, 0, NULL, NULL, '2025-03-31 00:00:00', '2026-05-06 03:49:05', NULL),
(352, 3, 'GES-0047', 'No se le esta realizando el cambio de contraseña', '(Sin descripción)', 6, 2, 104, NULL, 232, 727, NULL, NULL, '2025-03-31 00:00:00', '2025-03-31 00:00:00', 0, 0, NULL, NULL, '2025-03-31 00:00:00', '2025-03-31 00:00:00', 4, NULL, 0, NULL, NULL, '2025-03-31 00:00:00', '2026-05-06 03:49:05', NULL),
(353, 3, 'GES-0048', 'Solicitud de acceso al servidor - Flor Adela GsA-210, por favor contactarse con ella para activar la VPN.', '(Sin descripción)', 6, 2, 104, NULL, 234, 727, NULL, NULL, '2025-04-02 00:00:00', '2025-04-03 00:00:00', 0, 0, NULL, NULL, '2025-04-03 00:00:00', '2025-04-03 00:00:00', 4, NULL, 0, NULL, NULL, '2025-04-02 00:00:00', '2026-05-06 03:49:05', NULL),
(354, 3, 'GES-0049', 'información importante con los usuarios que tiene GESSIG establecidos ya que algunos tienen un cambio o han dejado de usarse: Paula Alba, Ahora es CONTRATISTA. Diana Aguilar, Esperanza Cuesta, Ahora es CONTRATISTA', '(Sin descripción)', 6, 2, 104, NULL, 234, 727, NULL, NULL, '2025-04-02 00:00:00', '2025-04-03 00:00:00', 0, 0, NULL, NULL, '2025-04-03 00:00:00', '2025-04-03 00:00:00', 4, NULL, 0, NULL, NULL, '2025-04-02 00:00:00', '2026-05-06 03:49:05', NULL),
(355, 3, 'GES-0050', 'Recuperación de una carpeta que se borro por error: Ruta: G:\\4_Recursos\\2_Gestion Proveedores\\3_Personas Juridicas\\EsoAmb SAS\\03_Contratos. Nombre: 01_Originales', '(Sin descripción)', 6, 2, 189, NULL, 234, 727, NULL, NULL, '2025-04-03 00:00:00', '2025-04-03 00:00:00', 0, 0, NULL, NULL, '2025-04-03 00:00:00', '2025-04-03 00:00:00', 4, NULL, 0, NULL, NULL, '2025-04-03 00:00:00', '2026-05-06 03:49:05', NULL),
(356, 3, 'GES-0051', 'Acceso Impresora EPSONE412D4 (L5590 Series), al equipo de tiene Sebastián Ramirez asignado para que pueda imprimir. Sebastián Ramirez : Tel: 312 519939', '(Sin descripción)', 6, 2, 190, NULL, 234, 727, NULL, NULL, '2025-04-07 00:00:00', '2025-04-08 00:00:00', 0, 0, NULL, NULL, '2025-04-08 00:00:00', '2025-04-08 00:00:00', 4, NULL, 0, NULL, NULL, '2025-04-07 00:00:00', '2026-05-06 03:49:05', NULL),
(357, 3, 'GES-0052', 'Apoyo con el acceso a la VPN en su computador personal, ya que Natalia no puede ingresar con su nueva clave', '(Sin descripción)', 6, 2, 104, NULL, 234, 727, NULL, NULL, '2025-04-14 00:00:00', '2025-04-14 00:00:00', 0, 0, NULL, NULL, '2025-04-14 00:00:00', '2025-04-14 00:00:00', 4, NULL, 0, NULL, NULL, '2025-04-14 00:00:00', '2026-05-06 03:49:05', NULL),
(358, 3, 'GES-0053', 'Soporte Daniela prieto para instalación de ArcGis.', '(Sin descripción)', 6, 2, 72, NULL, 234, 727, NULL, NULL, '2025-04-15 00:00:00', '2025-04-15 00:00:00', 0, 0, NULL, NULL, '2025-04-15 00:00:00', '2025-04-15 00:00:00', 4, NULL, 0, NULL, NULL, '2025-04-15 00:00:00', '2026-05-06 03:49:05', NULL),
(359, 3, 'GES-0054', 'soporte a Daniela Prieto ya que el Asus Vivook no quiere ingresar al servidor', '(Sin descripción)', 6, 2, 104, NULL, 234, 727, NULL, NULL, '2025-04-21 00:00:00', '2025-04-21 00:00:00', 0, 0, NULL, NULL, '2025-04-21 00:00:00', '2025-04-21 00:00:00', 4, NULL, 0, NULL, NULL, '2025-04-21 00:00:00', '2026-05-06 03:49:05', NULL),
(360, 3, 'GES-0055', 'Soporte Portatil Asus Vivook , teniendo en cuenta que cada vez que se enciende aparece una imagen (Te la compartiré por whatsapp)', '(Sin descripción)', 6, 2, 72, NULL, 234, 727, NULL, NULL, '2025-04-22 00:00:00', '2025-04-22 00:00:00', 0, 0, NULL, NULL, '2025-04-22 00:00:00', '2025-04-22 00:00:00', 4, NULL, 0, NULL, NULL, '2025-04-22 00:00:00', '2026-05-06 03:49:05', NULL),
(361, 3, 'GES-0056', 'Acceso a la VPN a Luis parra, ya que no pudo conectar', '(Sin descripción)', 6, 2, 104, NULL, 234, 727, NULL, NULL, '2025-04-28 00:00:00', '2025-04-28 00:00:00', 0, 0, NULL, NULL, '2025-04-28 00:00:00', '2025-04-28 00:00:00', 4, NULL, 0, NULL, NULL, '2025-04-28 00:00:00', '2026-05-06 03:49:05', NULL),
(362, 3, 'GES-0057', 'recuperación de los siguientes archivos los cuales reposan en la siguiente ruta: G:\\4_Recursos\\1_Gestion del Proceso\\4_Formatos. Nombre de Archivos: 1. F56_Acta de suspensión o Terminacion OS. 2. F54_Induccion HSE _precampo_v2.1_', '(Sin descripción)', 6, 2, 189, NULL, 234, 727, NULL, NULL, '2025-05-05 00:00:00', '2025-05-05 00:00:00', 0, 0, NULL, NULL, '2025-05-05 00:00:00', '2025-05-05 00:00:00', 4, NULL, 0, NULL, NULL, '2025-05-05 00:00:00', '2026-05-06 03:49:05', NULL),
(363, 3, 'GES-0058', 'Permiso para poder copiar carpetas, ya que de acuerdo al permiso puede editar, en alguna ocacion la deja copiar pero en otras me sale la siguiente imagen (compartida por whatsapp). Natalia inicialmente tenia permiso por el administrador pero ahora no...', '(Sin descripción)', 6, 2, 104, NULL, 234, 727, NULL, NULL, '2025-05-05 00:00:00', '2025-05-06 00:00:00', 0, 0, NULL, NULL, '2025-05-06 00:00:00', '2025-05-06 00:00:00', 4, NULL, 0, NULL, NULL, '2025-05-05 00:00:00', '2026-05-06 03:49:05', NULL),
(364, 3, 'GES-0059', 'instalación de un equipo de escritorio para nuestra colaboradora Linda Pinto. La idea es utilizar el equipo previamente asignado a Paula Alba, realizar su respectiva instalación y actualizar Microsoft Office con el usuario de Linda Pinto y Usuario in...', '(Sin descripción)', 6, 2, 104, NULL, 234, 727, NULL, NULL, '2025-05-08 00:00:00', '2025-05-09 00:00:00', 0, 0, NULL, NULL, '2025-05-09 00:00:00', '2025-05-09 00:00:00', 4, NULL, 0, NULL, NULL, '2025-05-08 00:00:00', '2026-05-06 03:49:05', NULL),
(365, 3, 'GES-0060', 'Instalación pantalla Samsung para Lucy Anzola', '(Sin descripción)', 6, 2, 72, NULL, 234, 727, NULL, NULL, '2025-05-15 00:00:00', '2025-05-16 00:00:00', 0, 0, NULL, NULL, '2025-05-16 00:00:00', '2025-05-16 00:00:00', 4, NULL, 0, NULL, NULL, '2025-05-15 00:00:00', '2026-05-06 03:49:05', NULL),
(366, 3, 'GES-0061', 'Activar cámaras en el equipo de la Sra. Mónica Fernandez ', '(Sin descripción)', 6, 2, 72, NULL, 234, 727, NULL, NULL, '2025-05-15 00:00:00', '2025-05-20 00:00:00', 0, 0, NULL, NULL, '2025-05-16 00:00:00', '2025-05-16 00:00:00', 4, NULL, 0, NULL, NULL, '2025-05-15 00:00:00', '2026-05-06 03:49:05', NULL),
(367, 3, 'GES-0062', 'acceso a la carpeta Sig 5 donde realizo backup de cartografía.', '(Sin descripción)', 6, 2, 104, NULL, 226, 727, NULL, NULL, '2025-05-16 00:00:00', '2025-05-16 00:00:00', 0, 0, NULL, NULL, '2025-05-16 00:00:00', '2025-05-16 00:00:00', 4, NULL, 0, NULL, NULL, '2025-05-16 00:00:00', '2026-05-06 03:49:05', NULL),
(368, 3, 'GES-0063', 'Acceso Carpeta GsA-224 a los siguientes usuarios (Daniela Prieto, Diego Ardila y Karen Bermudez) ', '(Sin descripción)', 6, 2, 104, NULL, 234, 727, NULL, NULL, '2025-05-16 00:00:00', '2025-05-16 00:00:00', 0, 0, NULL, NULL, '2025-05-16 00:00:00', '2025-05-16 00:00:00', 4, NULL, 0, NULL, NULL, '2025-05-16 00:00:00', '2026-05-06 03:49:05', NULL),
(369, 3, 'GES-0064', 'soporte a Lucy Anzola teniendo en cuenta que el viernes se instalo una pantalla y el día de hoy no le dio señal, por lo que se la cambie por una LG y sigue sin dar señal ', '(Sin descripción)', 6, 2, 47, NULL, 234, 727, NULL, NULL, '2025-05-19 00:00:00', '2025-05-20 00:00:00', 0, 0, NULL, NULL, '2025-05-20 00:00:00', '2025-05-20 00:00:00', 4, NULL, 0, NULL, NULL, '2025-05-19 00:00:00', '2026-05-06 03:49:05', NULL),
(370, 3, 'GES-0065', 'Acceso Carpeta GsA-224 los siguientes usuarios Roció Rojas y Esperanza Cuesta \"Permiso para Flor Adela con el usuario de Esperanza\"', '(Sin descripción)', 6, 2, 104, NULL, 234, 727, NULL, NULL, '2025-05-19 00:00:00', '2025-05-23 00:00:00', 0, 0, NULL, NULL, '2025-05-23 00:00:00', '2025-05-23 00:00:00', 4, NULL, 0, NULL, NULL, '2025-05-19 00:00:00', '2026-05-06 03:49:05', NULL),
(371, 3, 'GES-0066', 'soporte para hacerle un backup al correo y al One Drive de Esperanza Cuesta, que se va a cancelar y dejarlo en el servidor', '(Sin descripción)', 6, 2, 72, NULL, 236, 727, NULL, NULL, '2025-05-22 00:00:00', '2025-05-23 00:00:00', 0, 0, NULL, NULL, '2025-05-24 00:00:00', '2025-05-24 00:00:00', 4, NULL, 0, NULL, NULL, '2025-05-22 00:00:00', '2026-05-06 03:49:05', NULL),
(372, 3, 'GES-0067', 'Acceso Carpeta GsA-210 Linda Pinto', '(Sin descripción)', 6, 2, 104, NULL, 234, 727, NULL, NULL, '2025-05-22 00:00:00', '2025-05-23 00:00:00', 0, 0, NULL, NULL, '2025-05-23 00:00:00', '2025-05-23 00:00:00', 4, NULL, 0, NULL, NULL, '2025-05-22 00:00:00', '2026-05-06 03:49:05', NULL),
(373, 3, 'GES-0068', 'instalación de la hoja de tiempo de Linda Pinto, ella se encuentran con trabajo en casa, contacto de ella para poder brindar el soporte a Linda Pinto; 310 287535. La hoja de tiempo se encuentra por carpeta con nombre de cada colaborador, por favor de...', '(Sin descripción)', 6, 2, 72, NULL, 234, 727, NULL, NULL, '2025-05-23 00:00:00', '2025-05-28 00:00:00', 0, 0, NULL, NULL, '2025-05-28 00:00:00', '2025-05-28 00:00:00', 4, NULL, 0, NULL, NULL, '2025-05-23 00:00:00', '2026-05-06 03:49:05', NULL),
(374, 3, 'GES-0069', 'generando un informe técnico del diagnostico del Monitor Samsung de acuerdo a las fallas indicadas por el ingeniero Hollman, todo esto con el fin de adjuntarla junto con la PQR que vamos a pasar a Samsung ', '(Sin descripción)', 6, 2, 72, NULL, 234, 727, NULL, NULL, '2025-05-23 00:00:00', '2025-05-26 00:00:00', 0, 0, NULL, NULL, '2025-05-26 00:00:00', '2025-05-26 00:00:00', 4, NULL, 0, NULL, NULL, '2025-05-23 00:00:00', '2026-05-06 03:49:05', NULL),
(375, 3, 'GES-0070', 'recuperación de archivo con fecha al día de ayer 22/05/2025, el cual se encuentra en la siguiente Ruta: G:\\4_Recursos\\2_Gestion Proveedores\\4_Personas Naturales\\01_Colaboradores\\Cesar Parra\\05_Contratos\\1_Originalesm y se llama CP_Otrosí 1_CT-375', '(Sin descripción)', 6, 2, 189, NULL, 234, 727, NULL, NULL, '2025-05-23 00:00:00', '2025-05-23 00:00:00', 0, 0, NULL, NULL, '2025-05-23 00:00:00', '2025-05-23 00:00:00', 4, NULL, 0, NULL, NULL, '2025-05-23 00:00:00', '2026-05-06 03:49:05', NULL),
(376, 3, 'GES-0071', 'Realizar el respaldo (backup) del correo corporativo que anteriormente utilizaba Paula Alba. Posteriormente, agradezco se realicen los ajustes necesarios para que dicha licencia sea asignada a Yulieth Velásquez, quien a partir del día de mañana se vi...', '(Sin descripción)', 6, 2, 104, NULL, 234, 727, NULL, NULL, '2025-05-26 00:00:00', '2025-05-30 00:00:00', 0, 0, NULL, NULL, '2025-05-30 00:00:00', '2025-05-30 00:00:00', 4, NULL, 0, NULL, NULL, '2025-05-26 00:00:00', '2026-05-06 03:49:05', NULL),
(377, 3, 'GES-0072', 'Instalación y configuración de OpenVPN y acceso VPN Yulieth Velásquez. Asimismo, verificar que el acceso a la VPN esté configurado conforme a los permisos establecidos en la matriz del FILESERVER que relaciona en la matriz', '(Sin descripción)', 6, 2, 104, NULL, 234, 727, NULL, NULL, '2025-05-26 00:00:00', '2025-05-27 00:00:00', 0, 0, NULL, NULL, '2025-05-27 00:00:00', '2025-05-27 00:00:00', 4, NULL, 0, NULL, NULL, '2025-05-26 00:00:00', '2026-05-06 03:49:05', NULL),
(378, 3, 'GES-0073', 'Soporte técnico CPU de su equipo: Teléfono: 312 5199393', '(Sin descripción)', 6, 2, 47, NULL, 244, 727, NULL, NULL, '2025-05-30 00:00:00', '2025-05-30 00:00:00', 0, 0, NULL, NULL, '2025-06-03 00:00:00', '2025-06-03 00:00:00', 4, NULL, 0, NULL, NULL, '2025-05-30 00:00:00', '2026-05-06 03:49:05', NULL),
(379, 3, 'GES-0074', 'Solicito amablemente ayuda con el acceso a la hoja de tiempos desde mi computador debido a que me aparece el siguiente mensaje y no me permite editar el documento.', '(Sin descripción)', 6, 2, 72, NULL, 240, 727, NULL, NULL, '2025-06-04 00:00:00', '2025-06-04 00:00:00', 0, 0, NULL, NULL, '2025-06-04 00:00:00', '2025-06-04 00:00:00', 4, NULL, 0, NULL, NULL, '2025-06-04 00:00:00', '2026-05-06 03:49:05', NULL),
(380, 3, 'GES-0075', 'Por medio del presente correo, solicito amablemente su colaboración revisando los dos portátiles de GessiG, ya que han presentado los siguientes inconvenientes:\n\nPortátil Campo ACER: El portátil esta muy lento desde el momento que se enciende \nPortát...', '(Sin descripción)', 6, 2, 72, NULL, 234, 727, NULL, NULL, '2025-06-04 00:00:00', '2025-06-05 00:00:00', 0, 0, NULL, NULL, '2025-06-05 00:00:00', '2025-06-05 00:00:00', 4, NULL, 0, NULL, NULL, '2025-06-04 00:00:00', '2026-05-06 03:49:05', NULL),
(381, 3, 'GES-0076', 'por medio de la presente solicito amablemente me ayuden con la instalación de la hoja de tiempo de Yulieth Velasquez, ella se encuentra con trabajo en casa, a continuación, comparto contacto de ella para poder brindar el soporte\n\nYulieth Velasquez 30...', '(Sin descripción)', 6, 2, 72, NULL, 234, 727, NULL, NULL, '2025-06-04 00:00:00', '2025-06-13 00:00:00', 0, 0, NULL, NULL, '2025-06-13 00:00:00', '2025-06-13 00:00:00', 4, NULL, 0, NULL, NULL, '2025-06-04 00:00:00', '2026-05-06 03:49:05', NULL),
(382, 3, 'GES-0077', 'Por medio del presente correo, solicitamos amablemente su colaboración para realizar la recuperación de las piezas que puedan ser útiles como repuestos de la CPU HP Z400, mencionada en el asunto, la cual será dada de baja próximamente.', '(Sin descripción)', 6, 2, 47, NULL, 234, 727, NULL, NULL, '2025-06-04 00:00:00', '2025-06-05 00:00:00', 0, 0, NULL, NULL, '2025-06-05 00:00:00', '2025-06-05 00:00:00', 4, NULL, 0, NULL, NULL, '2025-06-04 00:00:00', '2026-05-06 03:49:05', NULL),
(383, 3, 'GES-0078', 'Por medio del presente correo, me permito solicitar amablemente su colaboración configurando el equipo mencionado en el asunto. i2820', '(Sin descripción)', 6, 2, 72, NULL, 244, 727, NULL, NULL, '2025-06-05 00:00:00', '2025-06-05 00:00:00', 0, 0, NULL, NULL, '2025-06-05 00:00:00', '2025-06-05 00:00:00', 4, NULL, 0, NULL, NULL, '2025-06-05 00:00:00', '2026-05-06 03:49:05', NULL),
(384, 3, 'GES-0079', 'Buen día, solicito por favor ayuda con el acceso a la hoja de tiempo ya que al ingresar no me permite realizar ninguna acción, no solo en mi nombre sino en general en el archivo, anexo una evidencia de lo que se observa al abrir el documento. Quedo a...', '(Sin descripción)', 6, 2, 72, NULL, 625, 727, NULL, NULL, '2025-06-12 00:00:00', '2025-06-13 00:00:00', 0, 0, NULL, NULL, '2025-06-13 00:00:00', '2025-06-13 00:00:00', 4, NULL, 0, NULL, NULL, '2025-06-12 00:00:00', '2026-05-06 03:49:05', NULL),
(385, 3, 'GES-0080', 'Apoyo con Instalacion de Hellisa en Portatil Campo', '(Sin descripción)', 6, 2, 192, NULL, 234, 727, NULL, NULL, '2025-06-24 00:00:00', '2025-06-24 00:00:00', 0, 0, NULL, NULL, '2025-06-24 00:00:00', '2025-06-24 00:00:00', 4, NULL, 0, NULL, NULL, '2025-06-24 00:00:00', '2026-05-06 03:49:05', NULL),
(386, 3, 'GES-0081', 'Revision de OpenVPN en PC Personal', '(Sin descripción)', 6, 2, 104, NULL, 229, 727, NULL, NULL, '2025-07-01 00:00:00', '2025-07-01 00:00:00', 0, 0, NULL, NULL, '2025-07-01 00:00:00', '2025-07-01 00:00:00', 4, NULL, 0, NULL, NULL, '2025-07-01 00:00:00', '2026-05-06 03:49:05', NULL),
(387, 3, 'GES-0082', 'Instalación de ArcGIS, Google Earth y Qgis en equipo de Karen Bermudez.', '(Sin descripción)', 6, 2, 72, NULL, 234, 727, NULL, NULL, '2025-07-01 00:00:00', '2025-07-02 00:00:00', 0, 0, NULL, NULL, '2025-07-02 00:00:00', '2025-07-02 00:00:00', 4, NULL, 0, NULL, NULL, '2025-07-01 00:00:00', '2026-05-06 03:49:05', NULL),
(388, 3, 'GES-0083', 'Crear VPN, instalar Open VPN y dar acceso a unidad de red a Marcela Fonseca.', '(Sin descripción)', 6, 2, 104, NULL, 234, 727, NULL, NULL, '2025-07-02 00:00:00', '2025-07-03 00:00:00', 0, 0, NULL, NULL, '2025-07-03 00:00:00', '2025-07-03 00:00:00', 4, NULL, 0, NULL, NULL, '2025-07-02 00:00:00', '2026-05-06 03:49:05', NULL),
(389, 3, 'GES-0084', 'Se requiere acceso a carpeta Proyectos Cerrados', '(Sin descripción)', 6, 2, 104, NULL, 244, 727, NULL, NULL, '2025-07-07 00:00:00', '2025-07-07 00:00:00', 0, 0, NULL, NULL, '2025-07-07 00:00:00', '2025-07-07 00:00:00', 4, NULL, 0, NULL, NULL, '2025-07-07 00:00:00', '2026-05-06 03:49:05', NULL),
(390, 3, 'GES-0085', 'Se requiere agregar una cuenta local al portatil asignado para campo. Agregar permisos para Invitadog', '(Sin descripción)', 6, 2, 104, NULL, 234, 727, NULL, NULL, '2025-07-08 00:00:00', '2025-07-08 00:00:00', 0, 0, NULL, NULL, '2025-07-08 00:00:00', '2025-07-08 00:00:00', 4, NULL, 0, NULL, NULL, '2025-07-08 00:00:00', '2026-05-06 03:49:05', NULL),
(391, 3, 'GES-0086', 'Crear usuario de VPN para Diana Niño, instalar y conifigurar accesos en pc personal.', '(Sin descripción)', 6, 2, 104, NULL, 234, 727, NULL, NULL, '2025-07-08 00:00:00', '2025-07-09 00:00:00', 0, 0, NULL, NULL, '2025-07-09 00:00:00', '2025-07-09 00:00:00', 4, NULL, 0, NULL, NULL, '2025-07-08 00:00:00', '2026-05-06 03:49:05', NULL),
(392, 3, 'GES-0087', 'Recuperacion de Partes en Portatil Dañado', '(Sin descripción)', 6, 2, 47, NULL, 234, 727, NULL, NULL, '2025-07-17 00:00:00', '2025-07-18 00:00:00', 0, 0, NULL, NULL, '2025-07-18 00:00:00', '2025-07-18 00:00:00', 4, NULL, 0, NULL, NULL, '2025-07-17 00:00:00', '2026-05-06 03:49:05', NULL),
(393, 3, 'GES-0088', 'Configurar Portatil Acer con Dos usuarios Locales.', '(Sin descripción)', 6, 2, 104, NULL, 234, 727, NULL, NULL, '2025-07-17 00:00:00', '2025-07-18 00:00:00', 0, 0, NULL, NULL, '2025-07-18 00:00:00', '2025-07-18 00:00:00', 4, NULL, 0, NULL, NULL, '2025-07-17 00:00:00', '2026-05-06 03:49:05', NULL),
(394, 3, 'GES-0089', 'Recuperacion archivo eliminado.', '(Sin descripción)', 6, 2, 104, NULL, 234, 727, NULL, NULL, '2025-07-28 00:00:00', '2025-07-25 00:00:00', 0, 0, NULL, NULL, '2025-07-25 00:00:00', '2025-07-25 00:00:00', 4, NULL, 0, NULL, NULL, '2025-07-28 00:00:00', '2026-05-06 03:49:05', NULL),
(395, 3, 'GES-0090', 'Instalacion de Teracopy', '(Sin descripción)', 6, 2, 72, NULL, 244, 727, NULL, NULL, '2025-07-25 00:00:00', '2025-07-28 00:00:00', 0, 0, NULL, NULL, '2025-07-28 00:00:00', '2025-07-28 00:00:00', 4, NULL, 0, NULL, NULL, '2025-07-25 00:00:00', '2026-05-06 03:49:05', NULL),
(396, 3, 'GES-0091', 'Recuperar archivos de Proyecto 224', '(Sin descripción)', 6, 2, 104, NULL, 230, 727, NULL, NULL, '2025-07-28 00:00:00', '2025-07-28 00:00:00', 0, 0, NULL, NULL, '2025-07-28 00:00:00', '2025-07-28 00:00:00', 4, NULL, 0, NULL, NULL, '2025-07-28 00:00:00', '2026-05-06 03:49:05', NULL),
(397, 3, 'GES-0092', 'instalar Helisa y hoja de tiempo Equipo Sebastián Ramírez', '(Sin descripción)', 6, 2, 72, NULL, 244, 727, NULL, NULL, '2025-07-29 00:00:00', '2025-07-28 00:00:00', 0, 0, NULL, NULL, '2025-07-28 00:00:00', '2025-07-28 00:00:00', 4, NULL, 0, NULL, NULL, '2025-07-29 00:00:00', '2026-05-06 03:49:05', NULL),
(398, 3, 'GES-0093', 'Me permito solicitar amablemente su colaboración brindando soporte para revisar el Excel de mi equipo asignado ya que no abre ningún archivo, ya reinicio el equipo y sigo sin poder abrir', '(Sin descripción)', 6, 2, 72, NULL, 234, 727, NULL, NULL, '2025-07-30 00:00:00', '2025-08-19 00:00:00', 0, 0, NULL, NULL, '2025-08-19 00:00:00', '2025-08-19 00:00:00', 4, NULL, 0, NULL, NULL, '2025-07-30 00:00:00', '2026-05-06 03:49:05', NULL),
(399, 3, 'GES-0094', 'Eliminar usuarios de Veronica Arias y realizar backup pst .', '(Sin descripción)', 6, 2, 72, NULL, 234, 727, NULL, NULL, '2025-08-05 00:00:00', '2025-08-05 00:00:00', 0, 0, NULL, NULL, '2025-08-05 00:00:00', '2025-08-05 00:00:00', 4, NULL, 0, NULL, NULL, '2025-08-05 00:00:00', '2026-05-06 03:49:05', NULL),
(400, 3, 'GES-0095', 'Permisos en el servidor segun matriz para Angie Cuervo', '(Sin descripción)', 6, 2, 104, NULL, 234, 727, NULL, NULL, '2025-08-08 00:00:00', '2025-08-08 00:00:00', 0, 0, NULL, NULL, '2025-08-08 00:00:00', '2025-08-08 00:00:00', 4, NULL, 0, NULL, NULL, '2025-08-08 00:00:00', '2026-05-06 03:49:05', NULL),
(401, 3, 'GES-0096', 'Revision de PC por lentitud en el BIOS.', '(Sin descripción)', 6, 2, 72, NULL, 229, 727, NULL, NULL, '2025-08-08 00:00:00', '2025-08-08 00:00:00', 0, 0, NULL, NULL, '2025-08-08 00:00:00', '2025-08-08 00:00:00', 4, NULL, 0, NULL, NULL, '2025-08-08 00:00:00', '2026-05-06 03:49:05', NULL),
(402, 3, 'GES-0097', 'Buen día, solicito amablemente la restauración de un documento de excel el cual se borró por error.', '(Sin descripción)', 6, 2, 104, NULL, 625, 727, NULL, NULL, '2025-08-12 00:00:00', '2025-08-13 00:00:00', 0, 0, NULL, NULL, '2025-08-13 00:00:00', '2025-08-13 00:00:00', 4, NULL, 0, NULL, NULL, '2025-08-12 00:00:00', '2026-05-06 03:49:05', NULL),
(403, 3, 'GES-0098', 'La presente con el fin de solicitar a ustedes la configuración de la VPN de Daniela Guevara y garantizar que tenga acceso a la Carpeta 3 del GsA-210 Según la matriz de permisos del servidor.', '(Sin descripción)', 6, 2, 104, NULL, 229, 727, NULL, NULL, '2025-08-12 00:00:00', '2025-08-13 00:00:00', 0, 0, NULL, NULL, '2025-08-13 00:00:00', '2025-08-13 00:00:00', 4, NULL, 0, NULL, NULL, '2025-08-12 00:00:00', '2026-05-06 03:49:05', NULL),
(404, 3, 'GES-0099', 'Me permito solicitar su colaboración realizando la recuperación del archivo con nombre Formato Vacantes ONGC VL-1626321279-23 en power point el mismo se encentraba en la siguiente ruta: P:\\A_Proy_Ejecucion\\GsA-', '(Sin descripción)', 6, 2, 104, NULL, 234, 727, NULL, NULL, '2025-08-14 00:00:00', '2025-08-15 00:00:00', 0, 0, NULL, NULL, '2025-08-15 00:00:00', '2025-08-15 00:00:00', 4, NULL, 0, NULL, NULL, '2025-08-14 00:00:00', '2026-05-06 03:49:05', NULL),
(405, 3, 'GES-0100', 'Me pongo en contacto para solicitar de su soporte para acceder a mi VPN.', '(Sin descripción)', 6, 2, 104, NULL, 244, 727, NULL, NULL, '2025-08-19 00:00:00', '2025-08-20 00:00:00', 0, 0, NULL, NULL, '2025-08-20 00:00:00', '2025-08-20 00:00:00', 4, NULL, 0, NULL, NULL, '2025-08-19 00:00:00', '2026-05-06 03:49:05', NULL),
(406, 3, 'GES-0101', 'Amablemente solicito su colaboración con programar el servidor para que se apague antes del corte de luz programado para el jueves 21 de agosto en el horario de 9:30 de la noche a 1:30 a.m. y que no tenga ninguna afectación así mismo contar con el se...', '(Sin descripción)', 6, 2, 47, NULL, 234, 727, NULL, NULL, '2025-08-19 00:00:00', '2025-08-21 00:00:00', 0, 0, NULL, NULL, '2025-08-22 00:00:00', '2025-08-22 00:00:00', 4, NULL, 0, NULL, NULL, '2025-08-19 00:00:00', '2026-05-06 03:49:05', NULL),
(407, 3, 'GES-0102', 'por medio del presente correo, me permito solicitar su colaboración recuperando el archivo de nombre mencionado en el asunto el cual reposa en la siguiente Ruta: G:\\4_Recursos\\2_Gestion Proveedores\\4_Personas Naturales\\02_Proveedores\\Luisa Alvarez\\05...', '(Sin descripción)', 6, 2, 104, NULL, 234, 727, NULL, NULL, '2025-08-20 00:00:00', '2025-08-20 00:00:00', 0, 0, NULL, NULL, '2025-08-20 00:00:00', '2025-08-20 00:00:00', 4, NULL, 0, NULL, NULL, '2025-08-20 00:00:00', '2026-05-06 03:49:05', NULL),
(408, 3, 'GES-0103', 'Se requiere acceso por Rutsdesk a Contadores externos en pc de Contabilidad.', '(Sin descripción)', 6, 2, 72, NULL, 236, 727, NULL, NULL, '2025-08-27 00:00:00', '2025-08-27 00:00:00', 0, 0, NULL, NULL, '2025-08-27 00:00:00', '2025-08-27 00:00:00', 4, NULL, 0, NULL, NULL, '2025-08-27 00:00:00', '2026-05-06 03:49:05', NULL),
(409, 3, 'GES-0104', 'Asignar clave a Anydesk', '(Sin descripción)', 6, 2, 88, NULL, 228, 727, NULL, NULL, '2025-09-05 00:00:00', '2025-09-05 00:00:00', 0, 0, NULL, NULL, '2025-09-05 00:00:00', '2025-09-05 00:00:00', 4, NULL, 0, NULL, NULL, '2025-09-05 00:00:00', '2026-05-06 03:49:05', NULL),
(410, 3, 'GES-0105', 'Me permito solicitar amablemente su colaboración recuperando el archivo mencionado en el asunto el cual se encontraba guardado en la siguiente\n\nRuta: P:\\A_Proy_Ejecucion\\GsA-224_Frontera_EIAVIM-46ad\\1Inic\\15Proveedores\\Ordenes de Servicio|', '(Sin descripción)', 6, 2, 104, NULL, 234, 727, NULL, NULL, '2025-09-05 00:00:00', '2025-09-05 00:00:00', 0, 0, NULL, NULL, '2025-09-05 00:00:00', '2025-09-05 00:00:00', 4, NULL, 0, NULL, NULL, '2025-09-05 00:00:00', '2026-05-06 03:49:05', NULL),
(411, 3, 'GES-0106', 'Solicito amablemente su colaboración con el acceso al servidor para el usuario Auxiliar corporativo, los permisos que se requieren están descritos en la matriz del File Server y resaltados en amarillo', '(Sin descripción)', 6, 2, 104, NULL, 234, 727, NULL, NULL, '2025-10-06 00:00:00', '2025-10-06 00:00:00', 0, 0, NULL, NULL, '2025-10-06 00:00:00', '2025-10-06 00:00:00', 4, NULL, 0, NULL, NULL, '2025-10-06 00:00:00', '2026-05-06 03:49:05', NULL),
(412, 3, 'GES-0107', 'Revision de PC por fallas de microfono', '(Sin descripción)', 6, 2, 47, NULL, 234, 727, NULL, NULL, '2025-10-06 00:00:00', '2025-10-07 00:00:00', 0, 0, NULL, NULL, '2025-10-07 00:00:00', '2025-10-07 00:00:00', 4, NULL, 0, NULL, NULL, '2025-10-06 00:00:00', '2026-05-06 03:49:05', NULL),
(413, 3, 'GES-0108', 'Por medio del presente correo, solicito amablemente su colaboración para realizar las siguientes acciones relacionadas con la cuenta corporativa que manejaba Yulieth Velasquez, teniendo en cuenta que ya no trabaja con GessiG.\nRetirar todos los acceso...', '(Sin descripción)', 6, 2, 72, NULL, 234, 727, NULL, NULL, '2025-10-06 00:00:00', '2025-10-07 00:00:00', 0, 0, NULL, NULL, '2025-10-07 00:00:00', '2025-10-07 00:00:00', 4, NULL, 0, NULL, NULL, '2025-10-06 00:00:00', '2026-05-06 03:49:05', NULL),
(414, 3, 'GES-0109', 'Solicito amablemente su colaboración realizando la recuperación de un archivo en Excel no recuerdo el nombre por lo que agradezco se pongan en contacto conmigo para revisar este archivo se encuentra en la siguiente ruta: G:\\1_Gestion_Estrategica\\8_Se...', '(Sin descripción)', 6, 2, 104, NULL, 234, 727, NULL, NULL, '2025-11-05 00:00:00', '2025-11-05 00:00:00', 0, 0, NULL, NULL, '2025-11-05 00:00:00', '2025-11-05 00:00:00', 4, NULL, 0, NULL, NULL, '2025-11-05 00:00:00', '2026-05-06 03:49:05', NULL),
(415, 3, 'GES-0110', 'Error en Office Macros', '(Sin descripción)', 6, 2, 72, NULL, 227, 727, NULL, NULL, '2025-11-12 00:00:00', '2025-11-18 00:00:00', 0, 0, NULL, NULL, '2025-11-18 00:00:00', '2025-11-18 00:00:00', 4, NULL, 0, NULL, NULL, '2025-11-12 00:00:00', '2026-05-06 03:49:05', NULL),
(416, 3, 'GES-0111', 'Solicito su apoyo para realizar las configuraciones necesarias para el ingreso del colaborador Julio Cañas', '(Sin descripción)', 6, 2, 104, NULL, 234, 727, NULL, NULL, '2025-11-06 00:00:00', '2025-11-13 00:00:00', 0, 0, NULL, NULL, '2025-11-13 00:00:00', '2025-11-13 00:00:00', 4, NULL, 0, NULL, NULL, '2025-11-06 00:00:00', '2026-05-06 03:49:05', NULL),
(417, 3, 'GES-0112', 'me permito solicitar amablemente su colaboración recuperando el siguiente archivo:\n\nRuta: P:\\A_Proy_Ejecucion\\GsA-210_ONGC_Modif_Licencias\\1Inic\\15Proveedores\\OS\nNombre Archivo: DM_OS-249-2025_GsA-210', '(Sin descripción)', 6, 2, 104, NULL, 234, 727, NULL, NULL, '2025-11-20 00:00:00', '2025-11-20 00:00:00', 0, 0, NULL, NULL, '2025-11-20 00:00:00', '2025-11-20 00:00:00', 4, NULL, 0, NULL, NULL, '2025-11-20 00:00:00', '2026-05-06 03:49:05', NULL),
(418, 3, 'GES-0113', 'Por medio del presente me permito solicitar cordialmente el cambio de la VPN de Karen Bermudez a un nuevo equipo.', '(Sin descripción)', 6, 2, 104, NULL, 239, 727, NULL, NULL, '2025-11-28 00:00:00', '2025-11-28 00:00:00', 0, 0, NULL, NULL, '2025-11-28 00:00:00', '2025-11-28 00:00:00', 4, NULL, 0, NULL, NULL, '2025-11-28 00:00:00', '2026-05-06 03:49:05', NULL),
(419, 3, 'GES-0114', 'Direccionar la hoja a de tiempo a ruta por filesgessig nombre de archivo: Hoja de Tiempo C_Costo 2023', '(Sin descripción)', 6, 2, 72, NULL, 234, 727, NULL, NULL, '2025-12-05 00:00:00', '2025-12-31 00:00:00', 0, 0, NULL, NULL, '2025-12-31 00:00:00', '2025-12-31 00:00:00', 4, NULL, 0, NULL, NULL, '2025-12-05 00:00:00', '2026-05-06 03:49:05', NULL),
(420, 3, 'GES-0115', 'Solicito amablemente su colaboración dando el siguiente permiso al usuario mencionado en el asunto el cual se encuentra en el portátil de campo AsusVivobook', '(Sin descripción)', 6, 2, 104, NULL, 234, 727, NULL, NULL, '2025-12-05 00:00:00', '2025-12-09 00:00:00', 0, 0, NULL, NULL, '2025-12-09 00:00:00', '2025-12-09 00:00:00', 4, NULL, 0, NULL, NULL, '2025-12-05 00:00:00', '2026-05-06 03:49:05', NULL),
(421, 3, 'GES-0116', 'Solicito amablemente su colaboración activando la VPN en el equipo de Laura Zambrano la cual va a quedar con el usuario de Julio Cañas y posteriormente dar acceso al servidor a las carpetas mencionadas en la matriz', '(Sin descripción)', 6, 2, 104, NULL, 234, 727, NULL, NULL, '2025-12-18 00:00:00', '2025-12-22 00:00:00', 0, 0, NULL, NULL, '2025-12-22 00:00:00', '2025-12-22 00:00:00', 4, NULL, 0, NULL, NULL, '2025-12-18 00:00:00', '2026-05-06 03:49:05', NULL),
(422, 3, 'GES-0117', 'De manera atenta me permito solicitar la instalación del scanner en el portátil de contabilidad', '(Sin descripción)', 6, 2, 72, NULL, 228, 727, NULL, NULL, '2025-12-22 00:00:00', '2025-12-22 00:00:00', 0, 0, NULL, NULL, '2025-12-23 00:00:00', '2025-12-23 00:00:00', 4, NULL, 0, NULL, NULL, '2025-12-22 00:00:00', '2026-05-06 03:49:05', NULL),
(423, 3, 'GES-0118', 'Falla en imagen del monitor', '(Sin descripción)', 6, 2, 47, NULL, 241, 727, NULL, NULL, '2026-01-19 00:00:00', '2026-01-21 00:00:00', 0, 0, NULL, NULL, '2026-01-21 00:00:00', '2026-01-21 00:00:00', 4, NULL, 0, NULL, NULL, '2026-01-19 00:00:00', '2026-05-06 03:49:05', NULL),
(424, 3, 'GES-0119', 'Falla en excel y lentitud en pc', '(Sin descripción)', 6, 2, 72, NULL, 228, 727, NULL, NULL, '2026-01-26 00:00:00', '2026-01-26 00:00:00', 0, 0, NULL, NULL, '2026-01-26 00:00:00', '2026-01-26 00:00:00', 4, NULL, 0, NULL, NULL, '2026-01-26 00:00:00', '2026-05-06 03:49:05', NULL),
(425, 3, 'GES-0120', 'Recuperacion de archivo', '(Sin descripción)', 6, 2, 104, NULL, 234, 727, NULL, NULL, '2026-01-27 00:00:00', '2026-01-27 00:00:00', 0, 0, NULL, NULL, '2026-01-27 00:00:00', '2026-01-27 00:00:00', 4, NULL, 0, NULL, NULL, '2026-01-27 00:00:00', '2026-05-06 03:49:05', NULL),
(426, 3, 'GES-0121', 'Error de configuración en Scanner', '(Sin descripción)', 6, 2, 72, NULL, 227, 727, NULL, NULL, '2026-01-29 00:00:00', '2026-01-30 00:00:00', 0, 0, NULL, NULL, NULL, NULL, 4, NULL, 0, NULL, NULL, '2026-01-29 00:00:00', '2026-05-06 03:49:05', NULL),
(427, 3, 'GES-0122', 'Mediante el presente correo, me permito solicitar amablemente dando acceso a las carpetas resaltadas en amarillo en la matriz de permisos a las personas mencionadas allí mismo ', '(Sin descripción)', 6, 2, 104, NULL, 234, 727, NULL, NULL, '2026-01-23 00:00:00', '2026-01-28 00:00:00', 0, 0, NULL, NULL, NULL, NULL, 4, NULL, 0, NULL, NULL, '2026-01-23 00:00:00', '2026-05-06 03:49:05', NULL),
(428, 3, 'GES-0123', 'Buenos días por medio de la presente y de manera cordial solicito su apoyo para reconectar al servidor a la profesional Stella Téllez', '(Sin descripción)', 6, 2, 104, NULL, 241, 727, NULL, NULL, '2026-02-06 00:00:00', '2026-02-06 00:00:00', 0, 0, NULL, NULL, NULL, NULL, 4, NULL, 0, NULL, NULL, '2026-02-06 00:00:00', '2026-05-06 03:49:05', NULL),
(429, 3, 'GES-0124', 'Agradezco su colaboración validando si en la siguiente ruta hay un archivo con el nombre de Adriana Sanchez o Catalina Sanchez esta carpeta fue creada en el 2024 \n\nRuta 1: G:\\4_Recursos\\2_Gestion Proveedores\\4_Personas Naturales\\02_Proveedores\nRuta 2...', '(Sin descripción)', 6, 2, 189, NULL, 234, 727, NULL, NULL, '2026-02-06 00:00:00', '2026-02-06 00:00:00', 0, 0, NULL, NULL, NULL, NULL, 4, NULL, 0, NULL, NULL, '2026-02-06 00:00:00', '2026-05-06 03:49:05', NULL);
INSERT INTO `tickets` (`id`, `company_id`, `number`, `title`, `description`, `status_id`, `priority_id`, `category_id`, `type_id`, `requester_id`, `assignee_id`, `department_id`, `asset_id`, `sla_response_due`, `sla_resolution_due`, `sla_response_breached`, `sla_resolution_breached`, `sla_warning_sent_at`, `first_response_at`, `resolved_at`, `closed_at`, `satisfaction_score`, `satisfaction_token`, `ai_kb_suggested`, `satisfaction_comment`, `satisfaction_submitted_at`, `created_at`, `updated_at`, `deleted_at`) VALUES
(430, 3, 'GES-0125', 'Solicito de manera amable su colaboración con acceso a la VPN y a la carpeta descrita en la matriz del File Server la cual se encuentra resaltada en amarillo, estos accesos son para Marcela Fonseca', '(Sin descripción)', 6, 2, 104, NULL, 234, 727, NULL, NULL, '2026-02-10 00:00:00', '2026-02-10 00:00:00', 0, 0, NULL, NULL, NULL, NULL, 4, NULL, 0, NULL, NULL, '2026-02-10 00:00:00', '2026-05-06 03:49:05', NULL),
(431, 3, 'GES-0126', 'Solicito amablemente su colaboración realizando la recuperación de una carpeta de nombre Distribución y suministros ServiseG la cual reposa en la siguiente ruta: G:\\4_Recursos\\2_Gestion Proveedores\\3_Personas Juridicas', '(Sin descripción)', 6, 2, 189, NULL, 234, 727, NULL, NULL, '2026-03-12 00:00:00', '2026-03-12 00:00:00', 0, 0, NULL, NULL, NULL, NULL, 4, NULL, 0, NULL, NULL, '2026-03-12 00:00:00', '2026-05-06 03:49:05', NULL),
(432, 3, 'GES-0127', 'Por medio del presente correo, solicito amablemente su colaboración para realizar las siguientes acciones relacionadas con la cuenta corporativa que manejaba Laura Zambrano, teniendo en cuenta que ya no trabaja con GessiG.\nRetirar todos los accesos q...', '(Sin descripción)', 6, 2, 72, NULL, 234, 727, NULL, NULL, '2026-03-26 00:00:00', '2026-03-26 00:00:00', 0, 0, NULL, NULL, NULL, NULL, 4, NULL, 0, NULL, NULL, '2026-03-26 00:00:00', '2026-05-06 03:49:05', NULL),
(433, 3, 'GES-0128', 'Por medio del presente correo, solicito amablemente su colaboración para realizar las siguientes acciones relacionadas con la cuenta corporativa que manejaba Cesar Parra, teniendo en cuenta que ya no trabaja con GessiG.\nRetirar todos los accesos que...', '(Sin descripción)', 6, 2, 72, NULL, 234, 727, NULL, NULL, '2026-03-26 00:00:00', '2026-03-26 00:00:00', 0, 0, NULL, NULL, NULL, NULL, 4, NULL, 0, NULL, NULL, '2026-03-26 00:00:00', '2026-05-06 03:49:05', NULL),
(434, 3, 'GES-0129', 'Solicito de manera amable su colaboración con acceso a la carpeta descrita en la matriz del File Server la cual se encuentra resaltada en amarillo, estos accesos son para Daniela Prieto\n(Ver Imagen)\nPROYECTOS\nA_PROY_EJECUCION\nGsA-224_Frontera_EIAVIM-...', '(Sin descripción)', 6, 2, 104, NULL, 234, 727, NULL, NULL, '2026-03-31 00:00:00', '2026-03-31 00:00:00', 0, 0, NULL, NULL, NULL, NULL, 4, NULL, 0, NULL, NULL, '2026-03-31 00:00:00', '2026-05-06 03:49:05', NULL),
(435, 3, 'GES-0130', 'Lentitud en PC y acceso a Hoja de trabajo', '(Sin descripción)', 6, 2, 72, NULL, 233, 727, NULL, NULL, '2026-04-07 00:00:00', '2026-04-07 00:00:00', 0, 0, NULL, NULL, NULL, NULL, 4, NULL, 0, NULL, NULL, '2026-04-07 00:00:00', '2026-05-06 03:49:05', NULL),
(436, 3, 'GES-0131', 'Por medio del presente correo solicito amablemente la configuración de la VPN de usuaria Karen Bermudez en un nuevo PC, dado el cambio de este para el día de mañana 8 de abril a las 8 am.', '(Sin descripción)', 6, 2, 104, NULL, 234, 727, NULL, NULL, '2026-04-07 00:00:00', '2026-04-07 00:00:00', 0, 0, NULL, NULL, NULL, NULL, 4, NULL, 0, NULL, NULL, '2026-04-07 00:00:00', '2026-05-06 03:49:05', NULL),
(437, 3, 'GES-0132', 'De manera atenta me permito solicitar la actualización de RustDesk del computador y portátil de contabilidad, ya que al conectarse no es posible.', '(Sin descripción)', 6, 2, 72, NULL, 228, 727, NULL, NULL, '2026-04-16 00:00:00', '2026-04-16 00:00:00', 0, 0, NULL, NULL, NULL, NULL, 4, NULL, 0, NULL, NULL, '2026-04-16 00:00:00', '2026-05-06 03:49:05', NULL),
(438, 3, 'GES-0133', 'Solicito amablemente su colaboración brindando soporte a Diego Ardila. con la conexión a la VPN en su equipo de casa', '(Sin descripción)', 6, 2, 104, NULL, 234, 727, NULL, NULL, '2026-04-20 00:00:00', '2026-04-20 00:00:00', 0, 0, NULL, NULL, NULL, NULL, 4, NULL, 0, NULL, NULL, '2026-04-20 00:00:00', '2026-05-06 03:49:05', NULL),
(439, 3, 'GES-0134', 'Revision de VPN', '(Sin descripción)', 6, 2, 104, NULL, 231, 727, NULL, NULL, '2026-04-17 00:00:00', '2026-04-17 00:00:00', 0, 0, NULL, NULL, NULL, NULL, 4, NULL, 0, NULL, NULL, '2026-04-17 00:00:00', '2026-05-06 03:49:05', NULL),
(440, 3, 'GES-0135', 'De acuerdo con la solicitud realizada por la ingeniera Catalina, solicito amablemente su colaboración para otorgar acceso a la carpeta descrita en la matriz, previamente resaltada en amarillo, a las personas allí relacionadas.', '(Sin descripción)', 6, 2, 104, NULL, 234, 727, NULL, NULL, '2026-04-28 00:00:00', '2026-04-29 00:00:00', 0, 0, NULL, NULL, NULL, NULL, 4, NULL, 0, NULL, NULL, '2026-04-28 00:00:00', '2026-05-06 03:49:05', NULL),
(441, 3, 'GES-0136', 'Modificar cuenta de correo', 'Amablemente solicito su colaboración para realizar el cambio de nombre del correo que actualmente utiliza Sebastián Ramírez (sebastian.ramirez@gessig.com). Se requiere que la dirección principal sea gestionhumana@gessig.com, manteniendo a Sebastián Ramírez como alias.', 2, 2, 80, 2, 41, 727, 21, NULL, '2026-05-06 04:05:10', '2026-05-06 20:05:10', 0, 0, NULL, NULL, NULL, NULL, NULL, NULL, 0, NULL, NULL, '2026-05-05 20:05:10', '2026-05-06 03:49:05', NULL),
(515, 4, 'RQ-0001', 'test correro', 'test correo', 4, 1, 111, 4, 41, 727, 24, NULL, '2026-05-07 01:23:24', '2026-05-09 01:23:24', 0, 0, NULL, NULL, NULL, NULL, NULL, NULL, 0, NULL, NULL, '2026-05-06 01:23:24', '2026-05-06 01:23:44', NULL),
(516, 3, 'GES-0137', 'Falla de impresoa', 'No puedo imprimir', 2, 2, 54, 1, 234, 727, 13, NULL, '2026-05-06 23:17:11', '2026-05-07 15:17:11', 0, 0, NULL, NULL, NULL, NULL, NULL, NULL, 0, NULL, NULL, '2026-05-06 15:17:11', '2026-05-06 15:17:11', NULL);

-- --------------------------------------------------------

--
-- Estructura de tabla para la tabla `ticket_attachments`
--

CREATE TABLE `ticket_attachments` (
  `id` bigint UNSIGNED NOT NULL,
  `ticket_id` bigint UNSIGNED NOT NULL,
  `comment_id` bigint UNSIGNED DEFAULT NULL,
  `user_id` bigint UNSIGNED NOT NULL,
  `original_name` varchar(255) CHARACTER SET utf8mb4 COLLATE utf8mb4_unicode_ci NOT NULL,
  `stored_name` varchar(255) CHARACTER SET utf8mb4 COLLATE utf8mb4_unicode_ci NOT NULL,
  `path` varchar(255) CHARACTER SET utf8mb4 COLLATE utf8mb4_unicode_ci NOT NULL,
  `mime_type` varchar(255) CHARACTER SET utf8mb4 COLLATE utf8mb4_unicode_ci DEFAULT NULL,
  `size` bigint UNSIGNED NOT NULL DEFAULT '0',
  `created_at` timestamp NULL DEFAULT NULL,
  `updated_at` timestamp NULL DEFAULT NULL
) ENGINE=InnoDB DEFAULT CHARSET=utf8mb4 COLLATE=utf8mb4_unicode_ci;

-- --------------------------------------------------------

--
-- Estructura de tabla para la tabla `ticket_categories`
--

CREATE TABLE `ticket_categories` (
  `id` bigint UNSIGNED NOT NULL,
  `company_id` bigint UNSIGNED DEFAULT NULL,
  `name` varchar(255) CHARACTER SET utf8mb4 COLLATE utf8mb4_unicode_ci NOT NULL,
  `description` varchar(255) CHARACTER SET utf8mb4 COLLATE utf8mb4_unicode_ci DEFAULT NULL,
  `icon` varchar(255) CHARACTER SET utf8mb4 COLLATE utf8mb4_unicode_ci DEFAULT 'tag',
  `color` varchar(7) CHARACTER SET utf8mb4 COLLATE utf8mb4_unicode_ci NOT NULL DEFAULT '#2E86AB',
  `parent_id` bigint UNSIGNED DEFAULT NULL,
  `active` tinyint(1) NOT NULL DEFAULT '1',
  `order` int NOT NULL DEFAULT '0',
  `created_at` timestamp NULL DEFAULT NULL,
  `updated_at` timestamp NULL DEFAULT NULL
) ENGINE=InnoDB DEFAULT CHARSET=utf8mb4 COLLATE=utf8mb4_unicode_ci;

--
-- Volcado de datos para la tabla `ticket_categories`
--

INSERT INTO `ticket_categories` (`id`, `company_id`, `name`, `description`, `icon`, `color`, `parent_id`, `active`, `order`, `created_at`, `updated_at`) VALUES
(46, 4, 'Hardware', NULL, 'tag', '#E74C3C', NULL, 1, 0, '2026-02-26 05:13:39', '2026-02-26 05:13:39'),
(47, 3, 'Hardware', NULL, 'tag', '#E74C3C', NULL, 1, 0, '2026-02-26 05:13:39', '2026-02-26 05:13:39'),
(48, 1, 'Hardware', NULL, 'tag', '#E74C3C', NULL, 1, 0, '2026-02-26 05:13:39', '2026-02-26 05:13:39'),
(49, 4, 'Computadores', NULL, 'tag', '#E74C3C', NULL, 1, 0, '2026-02-26 05:13:39', '2026-02-26 05:13:39'),
(50, 3, 'Computadores', NULL, 'tag', '#E74C3C', NULL, 1, 0, '2026-02-26 05:13:39', '2026-02-26 05:13:39'),
(52, 1, 'Computadores', NULL, 'tag', '#E74C3C', NULL, 1, 0, '2026-02-26 05:13:39', '2026-02-26 05:13:39'),
(53, 4, 'Impresoras', NULL, 'tag', '#E74C3C', NULL, 1, 0, '2026-02-26 05:13:39', '2026-02-26 05:13:39'),
(54, 3, 'Impresoras', NULL, 'tag', '#E74C3C', NULL, 1, 0, '2026-02-26 05:13:39', '2026-02-26 05:13:39'),
(55, 1, 'Impresoras', NULL, 'tag', '#E74C3C', NULL, 1, 0, '2026-02-26 05:13:39', '2026-02-26 05:13:39'),
(56, 4, 'Periféricos', NULL, 'tag', '#E74C3C', NULL, 1, 0, '2026-02-26 05:13:39', '2026-02-26 05:13:39'),
(57, 3, 'Periféricos', NULL, 'tag', '#E74C3C', NULL, 1, 0, '2026-02-26 05:13:39', '2026-02-26 05:13:39'),
(59, 1, 'Periféricos', NULL, 'tag', '#E74C3C', NULL, 1, 0, '2026-02-26 05:13:39', '2026-02-26 05:13:39'),
(60, 4, 'Servidores', NULL, 'tag', '#E74C3C', NULL, 1, 0, '2026-02-26 05:13:39', '2026-02-26 05:13:39'),
(61, 3, 'Servidores', NULL, 'tag', '#E74C3C', NULL, 1, 0, '2026-02-26 05:13:39', '2026-02-26 05:13:39'),
(63, 1, 'Servidores', NULL, 'tag', '#E74C3C', NULL, 1, 0, '2026-02-26 05:13:39', '2026-02-26 05:13:39'),
(64, 4, 'Software', NULL, 'tag', '#2E86AB', NULL, 1, 0, '2026-02-26 05:13:39', '2026-02-26 05:13:39'),
(65, 3, 'Software', NULL, 'tag', '#2E86AB', NULL, 1, 0, '2026-02-26 05:13:39', '2026-02-26 05:13:39'),
(66, 1, 'Software', NULL, 'tag', '#2E86AB', NULL, 1, 0, '2026-02-26 05:13:39', '2026-02-26 05:13:39'),
(67, 4, 'Sistema Operativo', NULL, 'tag', '#2E86AB', NULL, 1, 0, '2026-02-26 05:13:39', '2026-02-26 05:13:39'),
(68, 3, 'Sistema Operativo', NULL, 'tag', '#2E86AB', NULL, 1, 0, '2026-02-26 05:13:39', '2026-02-26 05:13:39'),
(70, 1, 'Sistema Operativo', NULL, 'tag', '#2E86AB', NULL, 1, 0, '2026-02-26 05:13:39', '2026-02-26 05:13:39'),
(71, 4, 'Office / Productividad', NULL, 'tag', '#2E86AB', NULL, 1, 0, '2026-02-26 05:13:39', '2026-02-26 05:13:39'),
(72, 3, 'Office / Productividad', NULL, 'tag', '#2E86AB', NULL, 1, 0, '2026-02-26 05:13:39', '2026-02-26 05:13:39'),
(74, 1, 'Office / Productividad', NULL, 'tag', '#2E86AB', NULL, 1, 0, '2026-02-26 05:13:39', '2026-02-26 05:13:39'),
(75, 4, 'Aplicaciones internas', NULL, 'tag', '#2E86AB', NULL, 1, 0, '2026-02-26 05:13:39', '2026-02-26 05:13:39'),
(76, 3, 'Aplicaciones internas', NULL, 'tag', '#2E86AB', NULL, 1, 0, '2026-02-26 05:13:39', '2026-02-26 05:13:39'),
(78, 1, 'Aplicaciones internas', NULL, 'tag', '#2E86AB', NULL, 1, 0, '2026-02-26 05:13:39', '2026-02-26 05:13:39'),
(79, 4, 'Correo electrónico', NULL, 'tag', '#2E86AB', NULL, 1, 0, '2026-02-26 05:13:39', '2026-02-26 05:13:39'),
(80, 3, 'Correo electrónico', NULL, 'tag', '#2E86AB', NULL, 1, 0, '2026-02-26 05:13:39', '2026-02-26 05:13:39'),
(82, 1, 'Correo electrónico', NULL, 'tag', '#2E86AB', NULL, 1, 0, '2026-02-26 05:13:39', '2026-02-26 05:13:39'),
(83, 4, 'Red', NULL, 'tag', '#27AE60', NULL, 1, 0, '2026-02-26 05:13:39', '2026-02-26 05:13:39'),
(84, 3, 'Red', NULL, 'tag', '#27AE60', NULL, 1, 0, '2026-02-26 05:13:39', '2026-02-26 05:13:39'),
(86, 1, 'Red', NULL, 'tag', '#27AE60', NULL, 1, 0, '2026-02-26 05:13:39', '2026-02-26 05:13:39'),
(87, 4, 'Internet', NULL, 'tag', '#27AE60', NULL, 1, 0, '2026-02-26 05:13:39', '2026-02-26 05:13:39'),
(88, 3, 'Internet', NULL, 'tag', '#27AE60', NULL, 1, 0, '2026-02-26 05:13:39', '2026-02-26 05:13:39'),
(90, 1, 'Internet', NULL, 'tag', '#27AE60', NULL, 1, 0, '2026-02-26 05:13:39', '2026-02-26 05:13:39'),
(91, 4, 'Wi-Fi', NULL, 'tag', '#27AE60', NULL, 1, 0, '2026-02-26 05:13:39', '2026-02-26 05:13:39'),
(92, 3, 'Wi-Fi', NULL, 'tag', '#27AE60', NULL, 1, 0, '2026-02-26 05:13:39', '2026-02-26 05:13:39'),
(94, 1, 'Wi-Fi', NULL, 'tag', '#27AE60', NULL, 1, 0, '2026-02-26 05:13:39', '2026-02-26 05:13:39'),
(95, 4, 'VPN', NULL, 'tag', '#27AE60', NULL, 1, 0, '2026-02-26 05:13:39', '2026-02-26 05:13:39'),
(96, 3, 'VPN', NULL, 'tag', '#27AE60', NULL, 1, 0, '2026-02-26 05:13:39', '2026-02-26 05:13:39'),
(98, 1, 'VPN', NULL, 'tag', '#27AE60', NULL, 1, 0, '2026-02-26 05:13:39', '2026-02-26 05:13:39'),
(99, 4, 'Conectividad interna', NULL, 'tag', '#27AE60', NULL, 1, 0, '2026-02-26 05:13:39', '2026-02-26 05:13:39'),
(100, 3, 'Conectividad interna', NULL, 'tag', '#27AE60', NULL, 1, 0, '2026-02-26 05:13:39', '2026-02-26 05:13:39'),
(102, 1, 'Conectividad interna', NULL, 'tag', '#27AE60', NULL, 1, 0, '2026-02-26 05:13:39', '2026-02-26 05:13:39'),
(103, 4, 'Accesos', NULL, 'tag', '#F39C12', NULL, 1, 0, '2026-02-26 05:13:39', '2026-02-26 05:13:39'),
(104, 3, 'Accesos', NULL, 'tag', '#F39C12', NULL, 1, 0, '2026-02-26 05:13:39', '2026-02-26 05:13:39'),
(106, 1, 'Accesos', NULL, 'tag', '#F39C12', NULL, 1, 0, '2026-02-26 05:13:39', '2026-02-26 05:13:39'),
(107, 4, 'Creación de usuario', NULL, 'tag', '#F39C12', NULL, 1, 0, '2026-02-26 05:13:39', '2026-02-26 05:13:39'),
(108, 3, 'Creación de usuario', NULL, 'tag', '#F39C12', NULL, 1, 0, '2026-02-26 05:13:39', '2026-02-26 05:13:39'),
(110, 1, 'Creación de usuario', NULL, 'tag', '#F39C12', NULL, 1, 0, '2026-02-26 05:13:39', '2026-02-26 05:13:39'),
(111, 4, 'Reseteo de contraseña', NULL, 'tag', '#F39C12', NULL, 1, 0, '2026-02-26 05:13:39', '2026-02-26 05:13:39'),
(112, 3, 'Reseteo de contraseña', NULL, 'tag', '#F39C12', NULL, 1, 0, '2026-02-26 05:13:39', '2026-02-26 05:13:39'),
(114, 1, 'Reseteo de contraseña', NULL, 'tag', '#F39C12', NULL, 1, 0, '2026-02-26 05:13:39', '2026-02-26 05:13:39'),
(115, 4, 'Permisos', NULL, 'tag', '#F39C12', NULL, 1, 0, '2026-02-26 05:13:39', '2026-02-26 05:13:39'),
(116, 3, 'Permisos', NULL, 'tag', '#F39C12', NULL, 1, 0, '2026-02-26 05:13:39', '2026-02-26 05:13:39'),
(118, 1, 'Permisos', NULL, 'tag', '#F39C12', NULL, 1, 0, '2026-02-26 05:13:39', '2026-02-26 05:13:39'),
(119, 4, 'Bloqueo de cuenta', NULL, 'tag', '#F39C12', NULL, 1, 0, '2026-02-26 05:13:39', '2026-02-26 05:13:39'),
(120, 3, 'Bloqueo de cuenta', NULL, 'tag', '#F39C12', NULL, 1, 0, '2026-02-26 05:13:39', '2026-02-26 05:13:39'),
(122, 1, 'Bloqueo de cuenta', NULL, 'tag', '#F39C12', NULL, 1, 0, '2026-02-26 05:13:39', '2026-02-26 05:13:39'),
(123, 4, 'Otros', NULL, 'tag', '#6C757D', NULL, 1, 0, '2026-02-26 05:13:39', '2026-02-26 05:13:39'),
(124, 3, 'Otros', NULL, 'tag', '#6C757D', NULL, 1, 0, '2026-02-26 05:13:39', '2026-02-26 05:13:39'),
(126, 1, 'Otros', NULL, 'tag', '#6C757D', NULL, 1, 0, '2026-02-26 05:13:39', '2026-02-26 05:13:39'),
(127, 4, 'LINIX', NULL, 'tag', '#2E86AB', NULL, 1, 1, '2026-03-31 04:10:46', '2026-03-31 04:10:46'),
(128, 3, 'LINIX', NULL, 'tag', '#2E86AB', NULL, 1, 1, '2026-03-31 04:10:46', '2026-03-31 04:10:46'),
(130, 1, 'LINIX', NULL, 'tag', '#2E86AB', NULL, 1, 1, '2026-03-31 04:10:46', '2026-03-31 04:10:46'),
(131, 4, 'WORMANAGER', NULL, 'tag', '#2E86AB', NULL, 1, 2, '2026-03-31 04:10:46', '2026-03-31 04:10:46'),
(132, 3, 'WORMANAGER', NULL, 'tag', '#2E86AB', NULL, 1, 2, '2026-03-31 04:10:46', '2026-03-31 04:10:46'),
(134, 1, 'WORMANAGER', NULL, 'tag', '#2E86AB', NULL, 1, 2, '2026-03-31 04:10:46', '2026-03-31 04:10:46'),
(173, 1, 'Correo', NULL, 'tag', '#64748b', NULL, 1, 0, '2026-05-05 18:45:11', '2026-05-05 18:45:11'),
(174, 1, 'Red / Internet', NULL, 'tag', '#64748b', NULL, 1, 0, '2026-05-05 18:45:11', '2026-05-05 18:45:11'),
(175, 1, 'Cuentas / Acceso', NULL, 'tag', '#64748b', NULL, 1, 0, '2026-05-05 18:45:11', '2026-05-05 18:45:11'),
(176, 1, 'Telefonía', NULL, 'tag', '#64748b', NULL, 1, 0, '2026-05-05 18:45:11', '2026-05-05 18:45:11'),
(177, 1, 'Solicitudes', NULL, 'tag', '#64748b', NULL, 1, 0, '2026-05-05 18:45:11', '2026-05-05 18:45:11'),
(178, 1, 'General', NULL, 'tag', '#64748b', NULL, 1, 0, '2026-05-05 18:45:11', '2026-05-05 18:45:11'),
(183, 3, 'Correo', NULL, 'tag', '#64748b', NULL, 1, 0, '2026-05-05 18:47:38', '2026-05-05 18:47:38'),
(184, 3, 'Red / Internet', NULL, 'tag', '#64748b', NULL, 1, 0, '2026-05-05 18:47:38', '2026-05-05 18:47:38'),
(185, 3, 'Cuentas / Acceso', NULL, 'tag', '#64748b', NULL, 1, 0, '2026-05-05 18:47:38', '2026-05-05 18:47:38'),
(186, 3, 'Telefonía', NULL, 'tag', '#64748b', NULL, 1, 0, '2026-05-05 18:47:38', '2026-05-05 18:47:38'),
(187, 3, 'Solicitudes', NULL, 'tag', '#64748b', NULL, 1, 0, '2026-05-05 18:47:38', '2026-05-05 18:47:38'),
(188, 3, 'General', NULL, 'tag', '#64748b', NULL, 1, 0, '2026-05-05 18:47:38', '2026-05-05 18:47:38'),
(189, 3, 'Backup en la nube', NULL, 'tag', '#64748b', NULL, 1, 0, '2026-05-05 18:47:40', '2026-05-05 18:47:40'),
(190, 3, 'Impresora', NULL, 'tag', '#64748b', NULL, 1, 0, '2026-05-05 18:47:42', '2026-05-05 18:47:42'),
(191, 3, 'Antivirus', NULL, 'tag', '#64748b', NULL, 1, 0, '2026-05-05 18:47:46', '2026-05-05 18:47:46'),
(192, 3, 'Helisa', NULL, 'tag', '#64748b', NULL, 1, 0, '2026-05-05 18:50:10', '2026-05-05 18:50:10');

-- --------------------------------------------------------

--
-- Estructura de tabla para la tabla `ticket_comments`
--

CREATE TABLE `ticket_comments` (
  `id` bigint UNSIGNED NOT NULL,
  `ticket_id` bigint UNSIGNED NOT NULL,
  `user_id` bigint UNSIGNED NOT NULL,
  `body` longtext CHARACTER SET utf8mb4 COLLATE utf8mb4_unicode_ci NOT NULL,
  `is_internal` tinyint(1) NOT NULL DEFAULT '0',
  `created_at` timestamp NULL DEFAULT NULL,
  `updated_at` timestamp NULL DEFAULT NULL,
  `deleted_at` timestamp NULL DEFAULT NULL
) ENGINE=InnoDB DEFAULT CHARSET=utf8mb4 COLLATE=utf8mb4_unicode_ci;

-- --------------------------------------------------------

--
-- Estructura de tabla para la tabla `ticket_history`
--

CREATE TABLE `ticket_history` (
  `id` bigint UNSIGNED NOT NULL,
  `ticket_id` bigint UNSIGNED NOT NULL,
  `user_id` bigint UNSIGNED DEFAULT NULL,
  `action` varchar(255) CHARACTER SET utf8mb4 COLLATE utf8mb4_unicode_ci NOT NULL,
  `field_changed` varchar(255) CHARACTER SET utf8mb4 COLLATE utf8mb4_unicode_ci DEFAULT NULL,
  `old_value` varchar(255) CHARACTER SET utf8mb4 COLLATE utf8mb4_unicode_ci DEFAULT NULL,
  `new_value` varchar(255) CHARACTER SET utf8mb4 COLLATE utf8mb4_unicode_ci DEFAULT NULL,
  `description` varchar(255) CHARACTER SET utf8mb4 COLLATE utf8mb4_unicode_ci NOT NULL,
  `created_at` timestamp NULL DEFAULT NULL,
  `updated_at` timestamp NULL DEFAULT NULL
) ENGINE=InnoDB DEFAULT CHARSET=utf8mb4 COLLATE=utf8mb4_unicode_ci;

--
-- Volcado de datos para la tabla `ticket_history`
--

INSERT INTO `ticket_history` (`id`, `ticket_id`, `user_id`, `action`, `field_changed`, `old_value`, `new_value`, `description`, `created_at`, `updated_at`) VALUES
(137, 441, 41, 'created', NULL, NULL, NULL, 'Ticket TKT-7090 creado', '2026-05-05 20:05:10', '2026-05-05 20:05:10'),
(141, 515, 41, 'created', NULL, NULL, NULL, 'Ticket RQ-0001 creado', '2026-05-06 01:23:25', '2026-05-06 01:23:25'),
(142, 515, 41, 'status_changed', 'status', 'Nuevo', 'Pendiente Usuario', 'Estado cambiado de \'Nuevo\' a \'Pendiente Usuario\'', '2026-05-06 01:23:45', '2026-05-06 01:23:45'),
(143, 516, 234, 'created', NULL, NULL, NULL, 'Ticket GES-0137 creado', '2026-05-06 15:17:12', '2026-05-06 15:17:12');

-- --------------------------------------------------------

--
-- Estructura de tabla para la tabla `ticket_priorities`
--

CREATE TABLE `ticket_priorities` (
  `id` bigint UNSIGNED NOT NULL,
  `name` varchar(255) CHARACTER SET utf8mb4 COLLATE utf8mb4_unicode_ci NOT NULL,
  `level` tinyint NOT NULL DEFAULT '1',
  `color` varchar(7) CHARACTER SET utf8mb4 COLLATE utf8mb4_unicode_ci NOT NULL DEFAULT '#6C757D',
  `badge_color` varchar(30) CHARACTER SET utf8mb4 COLLATE utf8mb4_unicode_ci NOT NULL DEFAULT 'bg-gray-100 text-gray-800',
  `sla_response_hours` int NOT NULL DEFAULT '24',
  `sla_resolution_hours` int NOT NULL DEFAULT '72',
  `active` tinyint(1) NOT NULL DEFAULT '1',
  `created_at` timestamp NULL DEFAULT NULL,
  `updated_at` timestamp NULL DEFAULT NULL
) ENGINE=InnoDB DEFAULT CHARSET=utf8mb4 COLLATE=utf8mb4_unicode_ci;

--
-- Volcado de datos para la tabla `ticket_priorities`
--

INSERT INTO `ticket_priorities` (`id`, `name`, `level`, `color`, `badge_color`, `sla_response_hours`, `sla_resolution_hours`, `active`, `created_at`, `updated_at`) VALUES
(1, 'Baja', 1, '#6C757D', 'bg-gray-100 text-gray-800', 24, 72, 1, '2026-02-26 05:13:39', '2026-02-26 05:13:39'),
(2, 'Media', 2, '#2E86AB', 'bg-gray-100 text-gray-800', 8, 24, 1, '2026-02-26 05:13:39', '2026-02-26 05:13:39'),
(3, 'Alta', 3, '#F39C12', 'bg-gray-100 text-gray-800', 2, 8, 1, '2026-02-26 05:13:39', '2026-02-26 05:13:39'),
(4, 'Crítica', 4, '#E74C3C', 'bg-gray-100 text-gray-800', 1, 4, 1, '2026-02-26 05:13:39', '2026-02-26 05:13:39');

-- --------------------------------------------------------

--
-- Estructura de tabla para la tabla `ticket_statuses`
--

CREATE TABLE `ticket_statuses` (
  `id` bigint UNSIGNED NOT NULL,
  `name` varchar(255) CHARACTER SET utf8mb4 COLLATE utf8mb4_unicode_ci NOT NULL,
  `color` varchar(7) CHARACTER SET utf8mb4 COLLATE utf8mb4_unicode_ci NOT NULL DEFAULT '#6C757D',
  `badge_color` varchar(50) CHARACTER SET utf8mb4 COLLATE utf8mb4_unicode_ci NOT NULL DEFAULT 'bg-gray-100 text-gray-800',
  `is_initial` tinyint(1) NOT NULL DEFAULT '0',
  `is_final` tinyint(1) NOT NULL DEFAULT '0',
  `is_pending` tinyint(1) NOT NULL DEFAULT '0',
  `allowed_next` json DEFAULT NULL,
  `order` int NOT NULL DEFAULT '0',
  `active` tinyint(1) NOT NULL DEFAULT '1',
  `created_at` timestamp NULL DEFAULT NULL,
  `updated_at` timestamp NULL DEFAULT NULL
) ENGINE=InnoDB DEFAULT CHARSET=utf8mb4 COLLATE=utf8mb4_unicode_ci;

--
-- Volcado de datos para la tabla `ticket_statuses`
--

INSERT INTO `ticket_statuses` (`id`, `name`, `color`, `badge_color`, `is_initial`, `is_final`, `is_pending`, `allowed_next`, `order`, `active`, `created_at`, `updated_at`) VALUES
(1, 'Nuevo', '#2E86AB', 'bg-gray-100 text-gray-800', 1, 0, 0, NULL, 1, 1, '2026-02-26 05:13:39', '2026-02-26 05:13:39'),
(2, 'Asignado', '#8E44AD', 'bg-gray-100 text-gray-800', 0, 0, 0, NULL, 2, 1, '2026-02-26 05:13:39', '2026-02-26 05:13:39'),
(3, 'En Progreso', '#F39C12', 'bg-gray-100 text-gray-800', 0, 0, 0, NULL, 3, 1, '2026-02-26 05:13:39', '2026-02-26 05:13:39'),
(4, 'Pendiente Usuario', '#E67E22', 'bg-gray-100 text-gray-800', 0, 0, 1, NULL, 4, 1, '2026-02-26 05:13:39', '2026-02-26 05:13:39'),
(5, 'Resuelto', '#27AE60', 'bg-gray-100 text-gray-800', 0, 0, 0, NULL, 5, 1, '2026-02-26 05:13:39', '2026-02-26 05:13:39'),
(6, 'Cerrado', '#6C757D', 'bg-gray-100 text-gray-800', 0, 1, 0, NULL, 6, 1, '2026-02-26 05:13:39', '2026-02-26 05:13:39');

-- --------------------------------------------------------

--
-- Estructura de tabla para la tabla `ticket_types`
--

CREATE TABLE `ticket_types` (
  `id` bigint UNSIGNED NOT NULL,
  `name` varchar(255) CHARACTER SET utf8mb4 COLLATE utf8mb4_unicode_ci NOT NULL,
  `description` varchar(255) CHARACTER SET utf8mb4 COLLATE utf8mb4_unicode_ci DEFAULT NULL,
  `icon` varchar(255) CHARACTER SET utf8mb4 COLLATE utf8mb4_unicode_ci DEFAULT 'ticket',
  `active` tinyint(1) NOT NULL DEFAULT '1',
  `created_at` timestamp NULL DEFAULT NULL,
  `updated_at` timestamp NULL DEFAULT NULL
) ENGINE=InnoDB DEFAULT CHARSET=utf8mb4 COLLATE=utf8mb4_unicode_ci;

--
-- Volcado de datos para la tabla `ticket_types`
--

INSERT INTO `ticket_types` (`id`, `name`, `description`, `icon`, `active`, `created_at`, `updated_at`) VALUES
(1, 'Incidente', NULL, 'ticket', 1, '2026-02-26 05:13:39', '2026-02-26 05:13:39'),
(2, 'Solicitud de Servicio', NULL, 'ticket', 1, '2026-02-26 05:13:39', '2026-02-26 05:13:39'),
(3, 'Problema', NULL, 'ticket', 1, '2026-02-26 05:13:39', '2026-02-26 05:13:39'),
(4, 'Cambio', NULL, 'ticket', 1, '2026-02-26 05:13:39', '2026-02-26 05:13:39'),
(5, 'Consulta', NULL, 'ticket', 1, '2026-02-26 05:13:39', '2026-02-26 05:13:39');

-- --------------------------------------------------------

--
-- Estructura de tabla para la tabla `users`
--

CREATE TABLE `users` (
  `id` bigint UNSIGNED NOT NULL,
  `company_id` bigint UNSIGNED DEFAULT NULL,
  `name` varchar(255) CHARACTER SET utf8mb4 COLLATE utf8mb4_unicode_ci NOT NULL,
  `email` varchar(255) CHARACTER SET utf8mb4 COLLATE utf8mb4_unicode_ci NOT NULL,
  `phone` varchar(255) CHARACTER SET utf8mb4 COLLATE utf8mb4_unicode_ci DEFAULT NULL,
  `extension` varchar(255) CHARACTER SET utf8mb4 COLLATE utf8mb4_unicode_ci DEFAULT NULL,
  `position` varchar(255) CHARACTER SET utf8mb4 COLLATE utf8mb4_unicode_ci DEFAULT NULL,
  `location` varchar(255) CHARACTER SET utf8mb4 COLLATE utf8mb4_unicode_ci DEFAULT NULL,
  `avatar` varchar(255) CHARACTER SET utf8mb4 COLLATE utf8mb4_unicode_ci DEFAULT NULL,
  `is_active` tinyint(1) NOT NULL DEFAULT '1',
  `is_available` tinyint(1) NOT NULL DEFAULT '1',
  `email_verified_at` timestamp NULL DEFAULT NULL,
  `password` varchar(255) CHARACTER SET utf8mb4 COLLATE utf8mb4_unicode_ci NOT NULL,
  `remember_token` varchar(100) CHARACTER SET utf8mb4 COLLATE utf8mb4_unicode_ci DEFAULT NULL,
  `created_at` timestamp NULL DEFAULT NULL,
  `updated_at` timestamp NULL DEFAULT NULL,
  `department_id` bigint UNSIGNED DEFAULT NULL
) ENGINE=InnoDB DEFAULT CHARSET=utf8mb4 COLLATE=utf8mb4_unicode_ci;

--
-- Volcado de datos para la tabla `users`
--

INSERT INTO `users` (`id`, `company_id`, `name`, `email`, `phone`, `extension`, `position`, `location`, `avatar`, `is_active`, `is_available`, `email_verified_at`, `password`, `remember_token`, `created_at`, `updated_at`, `department_id`) VALUES
(41, 1, 'Administrador Fycls', 'admin@fycls.com', NULL, NULL, NULL, NULL, NULL, 1, 1, NULL, '$2y$12$ZzkRhUNwCw0c891d/F7OX.WvwyFOgcKkhZA.eDj7vDo9cni7K43v2', NULL, '2026-05-02 02:27:35', '2026-06-03 02:05:46', NULL),
(42, 1, 'Procesos Fycls', 'procesos@fycls.com', '3187777152', NULL, 'Coordinador Soporte Tecnico', NULL, NULL, 1, 1, NULL, '$2y$12$KgpviijAj/CkLb6j9yNa2Ofj0ESHSIP9Vyfh4u47liysIdUNg6BIm', NULL, '2026-05-02 02:27:35', '2026-05-05 20:11:01', NULL),
(44, 3, 'Usuario Gessig', 'usuario@gessig.com', NULL, NULL, NULL, NULL, NULL, 1, 1, NULL, '$2y$12$BAt7PHYNBvTOB3BRzcHDe.oVNU8T3K6A97AOF/1XoHD3Oo28D7Ruy', NULL, '2026-05-02 02:27:35', '2026-05-02 09:25:33', NULL),
(45, 4, 'Usuario Trexdi', 'usuario@trexdi.com', NULL, NULL, NULL, NULL, NULL, 1, 1, NULL, '$2y$10$d5vfvvImTR2bMcrsHl9A8uaz1gMUvo8i0WzPvut1tQa59/rlLOr1y', NULL, '2026-05-02 02:27:35', '2026-05-02 02:27:35', NULL),
(225, 1, 'John Freddy Moreno', 'john.moreno@fyclsingenieria.com', NULL, NULL, 'Jefe de Tecnologia', NULL, NULL, 1, 1, NULL, '$2y$12$LXZdp//BmUiIiytKCnHrbuLKiwT34daJ0UbqlA17ogSfIfxSP7SNe', NULL, '2026-04-05 21:13:50', '2026-04-05 21:17:14', NULL),
(226, 3, 'Rocio Rojas', 'rocio.rojas@gessig.com', NULL, NULL, NULL, NULL, NULL, 1, 1, NULL, '$2y$10$sw.UW1cjSlvUlOePnnrpIeFDv5EiPevICJ.0MSH3Lm8RoUHFBOJY.', NULL, '2026-05-05 21:51:36', '2026-05-05 21:51:36', NULL),
(227, 3, 'Paola Ramirez', 'paola.ramirez@gessig.com', NULL, NULL, NULL, NULL, NULL, 1, 1, NULL, '$2y$10$sw.UW1cjSlvUlOePnnrpIeFDv5EiPevICJ.0MSH3Lm8RoUHFBOJY.', NULL, '2026-05-05 21:51:36', '2026-05-05 21:51:36', NULL),
(228, 3, 'Lucy Anzola', 'contabilidad@gessig.com', NULL, NULL, NULL, NULL, NULL, 1, 1, NULL, '$2y$12$4mguLnsintm3ZPbI.rtTcuyJVBUcM6pvevgusjojt0Iv9Fi6EWPzC', NULL, '2026-05-05 21:51:36', '2026-05-06 11:21:41', NULL),
(229, 3, 'Catalina Sepulveda', 'catalina.sepulveda@gessig.com', NULL, NULL, NULL, NULL, NULL, 1, 1, NULL, '$2y$10$sw.UW1cjSlvUlOePnnrpIeFDv5EiPevICJ.0MSH3Lm8RoUHFBOJY.', NULL, '2026-05-05 21:51:36', '2026-05-05 21:51:36', NULL),
(230, 3, 'Carlos Parra', 'carlos.parra@gessig.com', NULL, NULL, NULL, NULL, NULL, 1, 1, NULL, '$2y$10$sw.UW1cjSlvUlOePnnrpIeFDv5EiPevICJ.0MSH3Lm8RoUHFBOJY.', NULL, '2026-05-05 21:51:36', '2026-05-05 21:51:36', NULL),
(231, 3, 'Julián Rozo', 'profesionaltematico@gessig.com', NULL, NULL, NULL, NULL, NULL, 1, 1, NULL, '$2y$10$sw.UW1cjSlvUlOePnnrpIeFDv5EiPevICJ.0MSH3Lm8RoUHFBOJY.', NULL, '2026-05-05 21:51:36', '2026-05-05 21:51:36', NULL),
(232, 3, 'Monica Garcia', 'Monica.garcia@gessig.com', NULL, NULL, NULL, NULL, NULL, 1, 1, NULL, '$2y$10$sw.UW1cjSlvUlOePnnrpIeFDv5EiPevICJ.0MSH3Lm8RoUHFBOJY.', NULL, '2026-05-05 21:51:36', '2026-05-05 21:51:36', NULL),
(233, 3, 'Wilder Gomez', 'fayad.gomez@gessig.com', NULL, NULL, NULL, NULL, NULL, 1, 1, NULL, '$2y$10$sw.UW1cjSlvUlOePnnrpIeFDv5EiPevICJ.0MSH3Lm8RoUHFBOJY.', NULL, '2026-05-05 21:51:36', '2026-05-05 21:51:36', NULL),
(234, 3, 'Natalia Ortiz', 'gestion@gessig.com', NULL, NULL, NULL, NULL, NULL, 1, 1, NULL, '$2y$12$B4jmsxbNC1Zzz/eqHj2P9.eQXND2AcfjF8izI5rK9ZCU7wxOiNjqO', NULL, '2026-05-05 21:51:36', '2026-05-06 14:51:12', NULL),
(235, 3, 'Rene Alfonso', 'rene.alfonso@gessig.com', NULL, NULL, NULL, NULL, NULL, 1, 1, NULL, '$2y$10$sw.UW1cjSlvUlOePnnrpIeFDv5EiPevICJ.0MSH3Lm8RoUHFBOJY.', NULL, '2026-05-05 21:51:36', '2026-05-05 21:51:36', NULL),
(236, 3, 'Monica Fernandez', 'monica.fernandez@gessig.com', NULL, NULL, NULL, NULL, NULL, 1, 1, NULL, '$2y$12$J3YUhEam5gCFCFU7oDaQceJdTZFUiSydQc1KFjnbNKw0rGBtfTbrG', NULL, '2026-05-05 21:51:36', '2026-05-06 14:55:34', NULL),
(237, 3, 'Luis Parra', 'luis.parra@gessig.com', NULL, NULL, NULL, NULL, NULL, 1, 1, NULL, '$2y$10$sw.UW1cjSlvUlOePnnrpIeFDv5EiPevICJ.0MSH3Lm8RoUHFBOJY.', NULL, '2026-05-05 21:51:36', '2026-05-05 21:51:36', NULL),
(238, 3, 'Diego Ardila Vega', 'diego.ardila@gessig.com', NULL, NULL, NULL, NULL, NULL, 1, 1, NULL, '$2y$10$sw.UW1cjSlvUlOePnnrpIeFDv5EiPevICJ.0MSH3Lm8RoUHFBOJY.', NULL, '2026-05-05 21:51:36', '2026-05-05 21:51:36', NULL),
(239, 3, 'Karen Bermudez Chiguazuque', 'karen.bermudez@gessig.com', NULL, NULL, NULL, NULL, NULL, 1, 1, NULL, '$2y$10$sw.UW1cjSlvUlOePnnrpIeFDv5EiPevICJ.0MSH3Lm8RoUHFBOJY.', NULL, '2026-05-05 21:51:36', '2026-05-05 21:51:36', NULL),
(240, 3, 'Daniela Prieto', 'profesionaltematico1@gessig.com', NULL, NULL, NULL, NULL, NULL, 1, 1, NULL, '$2y$10$sw.UW1cjSlvUlOePnnrpIeFDv5EiPevICJ.0MSH3Lm8RoUHFBOJY.', NULL, '2026-05-05 21:51:36', '2026-05-05 21:51:36', NULL),
(241, 3, 'Angie Cuervo', 'comercial@gessig.com', NULL, NULL, NULL, NULL, NULL, 1, 1, NULL, '$2y$10$sw.UW1cjSlvUlOePnnrpIeFDv5EiPevICJ.0MSH3Lm8RoUHFBOJY.', NULL, '2026-05-05 21:51:36', '2026-05-05 21:51:36', NULL),
(242, 3, 'Stella Téllez', 'stella.tellez@gessig.com', NULL, NULL, NULL, NULL, NULL, 1, 1, NULL, '$2y$10$sw.UW1cjSlvUlOePnnrpIeFDv5EiPevICJ.0MSH3Lm8RoUHFBOJY.', NULL, '2026-05-05 21:51:36', '2026-05-05 21:51:36', NULL),
(243, 3, 'Linda Pinto', 'linda.pinto@gessig.com', NULL, NULL, NULL, NULL, NULL, 1, 1, NULL, '$2y$10$sw.UW1cjSlvUlOePnnrpIeFDv5EiPevICJ.0MSH3Lm8RoUHFBOJY.', NULL, '2026-05-05 21:51:36', '2026-05-05 21:51:36', NULL),
(244, 3, 'Sebastian Ramírez', 'gestionhumana@gessig.com', NULL, NULL, NULL, NULL, NULL, 1, 1, NULL, '$2y$10$sw.UW1cjSlvUlOePnnrpIeFDv5EiPevICJ.0MSH3Lm8RoUHFBOJY.', NULL, '2026-05-05 21:51:36', '2026-05-05 21:51:36', NULL),
(245, 3, 'Julio Cañas', 'julio.canas@gessig.com', NULL, NULL, NULL, NULL, NULL, 1, 1, NULL, '$2y$10$sw.UW1cjSlvUlOePnnrpIeFDv5EiPevICJ.0MSH3Lm8RoUHFBOJY.', NULL, '2026-05-05 21:51:36', '2026-05-05 21:51:36', NULL),
(246, 3, 'René Sánchez', 'rene.sanchez@gessig.com', NULL, NULL, NULL, NULL, NULL, 1, 1, NULL, '$2y$10$sw.UW1cjSlvUlOePnnrpIeFDv5EiPevICJ.0MSH3Lm8RoUHFBOJY.', NULL, '2026-05-05 21:51:36', '2026-05-05 21:51:36', NULL),
(625, 3, 'Diego  Ardila Vega', 'diego.ardila.vega@gessig.com', NULL, NULL, NULL, NULL, NULL, 1, 1, NULL, '$2y$12$BoZVxqa3jAqntjx4ojyI9OMjdcFPJN1OWXpTMZNPeJ5B2EMhnUU12', NULL, '2026-05-05 18:47:49', '2026-05-05 18:47:49', NULL),
(727, 1, 'Soporte Fycls', 'soporte@fycls.com', NULL, NULL, 'Mesa de Ayuda', NULL, NULL, 1, 1, NULL, '$2y$12$7CFGcnO5Q5oX7VVJ2/MlbeF2W9/O9gwuVNbw6Ng9bvTu4OpxKiI1S', NULL, '2026-05-06 01:14:19', '2026-06-02 21:14:41', 11),
(730, NULL, 'Mesa de Ayuda', 'mesadeayuda@fycls.com', NULL, NULL, NULL, NULL, NULL, 1, 1, NULL, '$2y$12$ZhyvsnJEM8KzSdWsmAbdpO9dhVsPzeTOE7Siou0ANtxwRi5Nwjy.i', NULL, '2026-05-06 14:31:14', '2026-05-06 14:37:48', 8);

--
-- Índices para tablas volcadas
--

--
-- Indices de la tabla `activity_log`
--
ALTER TABLE `activity_log`
  ADD PRIMARY KEY (`id`),
  ADD KEY `subject` (`subject_type`,`subject_id`),
  ADD KEY `causer` (`causer_type`,`causer_id`),
  ADD KEY `activity_log_log_name_index` (`log_name`);

--
-- Indices de la tabla `agent_groups`
--
ALTER TABLE `agent_groups`
  ADD PRIMARY KEY (`id`),
  ADD KEY `idx_groups_company` (`company_id`);

--
-- Indices de la tabla `agent_group_user`
--
ALTER TABLE `agent_group_user`
  ADD PRIMARY KEY (`agent_group_id`,`user_id`),
  ADD KEY `agent_group_user_user_id_foreign` (`user_id`);

--
-- Indices de la tabla `ai_classifications`
--
ALTER TABLE `ai_classifications`
  ADD PRIMARY KEY (`id`),
  ADD UNIQUE KEY `ai_classifications_ticket_id_unique` (`ticket_id`),
  ADD KEY `ai_classifications_suggested_category_id_foreign` (`suggested_category_id`),
  ADD KEY `ai_classifications_suggested_priority_id_foreign` (`suggested_priority_id`);

--
-- Indices de la tabla `ai_kb_drafts`
--
ALTER TABLE `ai_kb_drafts`
  ADD PRIMARY KEY (`id`),
  ADD KEY `ai_kb_drafts_ticket_id_foreign` (`ticket_id`),
  ADD KEY `ai_kb_drafts_category_id_foreign` (`category_id`),
  ADD KEY `ai_kb_drafts_published_article_id_foreign` (`published_article_id`);

--
-- Indices de la tabla `ai_keyword_rules`
--
ALTER TABLE `ai_keyword_rules`
  ADD PRIMARY KEY (`id`),
  ADD KEY `ai_keyword_rules_entity_type_entity_id_index` (`entity_type`,`entity_id`);

--
-- Indices de la tabla `ai_response_templates`
--
ALTER TABLE `ai_response_templates`
  ADD PRIMARY KEY (`id`),
  ADD KEY `ai_response_templates_category_id_foreign` (`category_id`);

--
-- Indices de la tabla `assets`
--
ALTER TABLE `assets`
  ADD PRIMARY KEY (`id`),
  ADD UNIQUE KEY `uniq_company_code` (`company_id`,`code`),
  ADD KEY `assets_category_id_foreign` (`category_id`),
  ADD KEY `assets_model_id_foreign` (`model_id`),
  ADD KEY `assets_department_id_foreign` (`department_id`),
  ADD KEY `assets_status_category_id_index` (`status`,`category_id`),
  ADD KEY `assets_assigned_to_index` (`assigned_to`),
  ADD KEY `idx_assets_company` (`company_id`),
  ADD KEY `idx_parent_asset` (`parent_asset_id`);

--
-- Indices de la tabla `asset_assignments`
--
ALTER TABLE `asset_assignments`
  ADD PRIMARY KEY (`id`),
  ADD KEY `asset_assignments_asset_id_foreign` (`asset_id`),
  ADD KEY `asset_assignments_user_id_foreign` (`user_id`),
  ADD KEY `asset_assignments_assigned_by_foreign` (`assigned_by`);

--
-- Indices de la tabla `asset_categories`
--
ALTER TABLE `asset_categories`
  ADD PRIMARY KEY (`id`),
  ADD KEY `idx_assetcat_company` (`company_id`);

--
-- Indices de la tabla `asset_custom_fields`
--
ALTER TABLE `asset_custom_fields`
  ADD PRIMARY KEY (`id`),
  ADD KEY `asset_custom_fields_category_id_foreign` (`category_id`);

--
-- Indices de la tabla `asset_field_values`
--
ALTER TABLE `asset_field_values`
  ADD PRIMARY KEY (`id`),
  ADD UNIQUE KEY `asset_field_values_asset_id_field_id_unique` (`asset_id`,`field_id`),
  ADD KEY `asset_field_values_field_id_foreign` (`field_id`);

--
-- Indices de la tabla `asset_interventions`
--
ALTER TABLE `asset_interventions`
  ADD PRIMARY KEY (`id`),
  ADD KEY `asset_interventions_asset_id_foreign` (`asset_id`),
  ADD KEY `asset_interventions_technician_id_foreign` (`technician_id`),
  ADD KEY `asset_interventions_ticket_id_foreign` (`ticket_id`);

--
-- Indices de la tabla `asset_manufacturers`
--
ALTER TABLE `asset_manufacturers`
  ADD PRIMARY KEY (`id`),
  ADD UNIQUE KEY `asset_manufacturers_name_unique` (`name`);

--
-- Indices de la tabla `asset_models`
--
ALTER TABLE `asset_models`
  ADD PRIMARY KEY (`id`),
  ADD KEY `asset_models_manufacturer_id_foreign` (`manufacturer_id`),
  ADD KEY `asset_models_category_id_foreign` (`category_id`);

--
-- Indices de la tabla `automation_logs`
--
ALTER TABLE `automation_logs`
  ADD PRIMARY KEY (`id`),
  ADD KEY `automation_logs_ticket_id_foreign` (`ticket_id`),
  ADD KEY `automation_logs_rule_id_executed_at_index` (`rule_id`,`executed_at`);

--
-- Indices de la tabla `automation_rules`
--
ALTER TABLE `automation_rules`
  ADD PRIMARY KEY (`id`),
  ADD KEY `idx_autorules_company` (`company_id`);

--
-- Indices de la tabla `business_hours`
--
ALTER TABLE `business_hours`
  ADD PRIMARY KEY (`id`),
  ADD UNIQUE KEY `business_hours_day_company_unique` (`day_of_week`,`company_id`),
  ADD KEY `idx_bizhrs_company` (`company_id`);

--
-- Indices de la tabla `cache`
--
ALTER TABLE `cache`
  ADD PRIMARY KEY (`key`),
  ADD KEY `cache_expiration_index` (`expiration`);

--
-- Indices de la tabla `cache_locks`
--
ALTER TABLE `cache_locks`
  ADD PRIMARY KEY (`key`),
  ADD KEY `cache_locks_expiration_index` (`expiration`);

--
-- Indices de la tabla `companies`
--
ALTER TABLE `companies`
  ADD PRIMARY KEY (`id`),
  ADD UNIQUE KEY `companies_slug_unique` (`slug`),
  ADD KEY `companies_is_active_index` (`is_active`),
  ADD KEY `companies_is_operator_index` (`is_operator`);

--
-- Indices de la tabla `configurations`
--
ALTER TABLE `configurations`
  ADD PRIMARY KEY (`id`),
  ADD UNIQUE KEY `configurations_key_unique` (`key`);

--
-- Indices de la tabla `departments`
--
ALTER TABLE `departments`
  ADD PRIMARY KEY (`id`),
  ADD KEY `departments_parent_id_foreign` (`parent_id`),
  ADD KEY `departments_manager_id_foreign` (`manager_id`),
  ADD KEY `idx_depts_company` (`company_id`);

--
-- Indices de la tabla `failed_jobs`
--
ALTER TABLE `failed_jobs`
  ADD PRIMARY KEY (`id`),
  ADD UNIQUE KEY `failed_jobs_uuid_unique` (`uuid`);

--
-- Indices de la tabla `jobs`
--
ALTER TABLE `jobs`
  ADD PRIMARY KEY (`id`),
  ADD KEY `jobs_queue_index` (`queue`);

--
-- Indices de la tabla `job_batches`
--
ALTER TABLE `job_batches`
  ADD PRIMARY KEY (`id`);

--
-- Indices de la tabla `kb_articles`
--
ALTER TABLE `kb_articles`
  ADD PRIMARY KEY (`id`),
  ADD UNIQUE KEY `kb_articles_slug_unique` (`slug`),
  ADD KEY `kb_articles_category_id_foreign` (`category_id`),
  ADD KEY `kb_articles_author_id_foreign` (`author_id`),
  ADD KEY `idx_kbart_company` (`company_id`);
ALTER TABLE `kb_articles` ADD FULLTEXT KEY `kb_articles_title_excerpt_fulltext` (`title`,`excerpt`);

--
-- Indices de la tabla `kb_categories`
--
ALTER TABLE `kb_categories`
  ADD PRIMARY KEY (`id`),
  ADD UNIQUE KEY `kb_categories_slug_unique` (`slug`),
  ADD KEY `kb_categories_parent_id_foreign` (`parent_id`),
  ADD KEY `idx_kbcat_company` (`company_id`);

--
-- Indices de la tabla `kb_votes`
--
ALTER TABLE `kb_votes`
  ADD PRIMARY KEY (`id`),
  ADD UNIQUE KEY `kb_votes_article_id_user_id_unique` (`article_id`,`user_id`),
  ADD KEY `kb_votes_user_id_foreign` (`user_id`);

--
-- Indices de la tabla `migrations`
--
ALTER TABLE `migrations`
  ADD PRIMARY KEY (`id`);

--
-- Indices de la tabla `model_has_permissions`
--
ALTER TABLE `model_has_permissions`
  ADD PRIMARY KEY (`permission_id`,`model_id`,`model_type`),
  ADD KEY `model_has_permissions_model_id_model_type_index` (`model_id`,`model_type`);

--
-- Indices de la tabla `model_has_roles`
--
ALTER TABLE `model_has_roles`
  ADD PRIMARY KEY (`role_id`,`model_id`,`model_type`),
  ADD KEY `model_has_roles_model_id_model_type_index` (`model_id`,`model_type`);

--
-- Indices de la tabla `nexus_notifications`
--
ALTER TABLE `nexus_notifications`
  ADD PRIMARY KEY (`id`),
  ADD KEY `nexus_notifications_user_id_read_at_index` (`user_id`,`read_at`);

--
-- Indices de la tabla `notifications`
--
ALTER TABLE `notifications`
  ADD PRIMARY KEY (`id`),
  ADD KEY `notifications_notifiable_type_notifiable_id_index` (`notifiable_type`,`notifiable_id`);

--
-- Indices de la tabla `password_reset_tokens`
--
ALTER TABLE `password_reset_tokens`
  ADD PRIMARY KEY (`email`);

--
-- Indices de la tabla `permissions`
--
ALTER TABLE `permissions`
  ADD PRIMARY KEY (`id`),
  ADD UNIQUE KEY `permissions_name_guard_name_unique` (`name`,`guard_name`);

--
-- Indices de la tabla `personal_access_tokens`
--
ALTER TABLE `personal_access_tokens`
  ADD PRIMARY KEY (`id`),
  ADD UNIQUE KEY `personal_access_tokens_token_unique` (`token`),
  ADD KEY `personal_access_tokens_tokenable_type_tokenable_id_index` (`tokenable_type`,`tokenable_id`),
  ADD KEY `personal_access_tokens_expires_at_index` (`expires_at`);

--
-- Indices de la tabla `reply_templates`
--
ALTER TABLE `reply_templates`
  ADD PRIMARY KEY (`id`),
  ADD UNIQUE KEY `reply_templates_shortcut_company_unique` (`shortcut`,`company_id`),
  ADD KEY `reply_templates_category_id_foreign` (`category_id`),
  ADD KEY `idx_replytmpl_company` (`company_id`);

--
-- Indices de la tabla `roles`
--
ALTER TABLE `roles`
  ADD PRIMARY KEY (`id`),
  ADD UNIQUE KEY `roles_name_guard_name_unique` (`name`,`guard_name`);

--
-- Indices de la tabla `role_has_permissions`
--
ALTER TABLE `role_has_permissions`
  ADD PRIMARY KEY (`permission_id`,`role_id`),
  ADD KEY `role_has_permissions_role_id_foreign` (`role_id`);

--
-- Indices de la tabla `schedules`
--
ALTER TABLE `schedules`
  ADD PRIMARY KEY (`id`),
  ADD KEY `schedules_department_id_foreign` (`department_id`);

--
-- Indices de la tabla `sessions`
--
ALTER TABLE `sessions`
  ADD PRIMARY KEY (`id`),
  ADD KEY `sessions_user_id_index` (`user_id`),
  ADD KEY `sessions_last_activity_index` (`last_activity`);

--
-- Indices de la tabla `system_settings`
--
ALTER TABLE `system_settings`
  ADD PRIMARY KEY (`id`),
  ADD UNIQUE KEY `system_settings_key_unique` (`key`),
  ADD KEY `system_settings_group_index` (`group`);

--
-- Indices de la tabla `tickets`
--
ALTER TABLE `tickets`
  ADD PRIMARY KEY (`id`),
  ADD UNIQUE KEY `tickets_number_unique` (`number`),
  ADD UNIQUE KEY `satisfaction_token` (`satisfaction_token`),
  ADD KEY `tickets_priority_id_foreign` (`priority_id`),
  ADD KEY `tickets_category_id_foreign` (`category_id`),
  ADD KEY `tickets_type_id_foreign` (`type_id`),
  ADD KEY `tickets_department_id_foreign` (`department_id`),
  ADD KEY `tickets_status_id_priority_id_index` (`status_id`,`priority_id`),
  ADD KEY `tickets_assignee_id_status_id_index` (`assignee_id`,`status_id`),
  ADD KEY `tickets_requester_id_index` (`requester_id`),
  ADD KEY `tickets_asset_id_foreign` (`asset_id`),
  ADD KEY `idx_tickets_company` (`company_id`);

--
-- Indices de la tabla `ticket_attachments`
--
ALTER TABLE `ticket_attachments`
  ADD PRIMARY KEY (`id`),
  ADD KEY `ticket_attachments_ticket_id_foreign` (`ticket_id`),
  ADD KEY `ticket_attachments_comment_id_foreign` (`comment_id`),
  ADD KEY `ticket_attachments_user_id_foreign` (`user_id`);

--
-- Indices de la tabla `ticket_categories`
--
ALTER TABLE `ticket_categories`
  ADD PRIMARY KEY (`id`),
  ADD KEY `ticket_categories_parent_id_foreign` (`parent_id`),
  ADD KEY `idx_ticket_cat_company` (`company_id`);

--
-- Indices de la tabla `ticket_comments`
--
ALTER TABLE `ticket_comments`
  ADD PRIMARY KEY (`id`),
  ADD KEY `ticket_comments_ticket_id_foreign` (`ticket_id`),
  ADD KEY `ticket_comments_user_id_foreign` (`user_id`);

--
-- Indices de la tabla `ticket_history`
--
ALTER TABLE `ticket_history`
  ADD PRIMARY KEY (`id`),
  ADD KEY `ticket_history_ticket_id_foreign` (`ticket_id`),
  ADD KEY `ticket_history_user_id_foreign` (`user_id`);

--
-- Indices de la tabla `ticket_priorities`
--
ALTER TABLE `ticket_priorities`
  ADD PRIMARY KEY (`id`);

--
-- Indices de la tabla `ticket_statuses`
--
ALTER TABLE `ticket_statuses`
  ADD PRIMARY KEY (`id`);

--
-- Indices de la tabla `ticket_types`
--
ALTER TABLE `ticket_types`
  ADD PRIMARY KEY (`id`);

--
-- Indices de la tabla `users`
--
ALTER TABLE `users`
  ADD PRIMARY KEY (`id`),
  ADD UNIQUE KEY `users_email_unique` (`email`),
  ADD KEY `users_department_id_foreign` (`department_id`),
  ADD KEY `idx_users_company` (`company_id`);

--
-- AUTO_INCREMENT de las tablas volcadas
--

--
-- AUTO_INCREMENT de la tabla `activity_log`
--
ALTER TABLE `activity_log`
  MODIFY `id` bigint UNSIGNED NOT NULL AUTO_INCREMENT, AUTO_INCREMENT=1260;

--
-- AUTO_INCREMENT de la tabla `agent_groups`
--
ALTER TABLE `agent_groups`
  MODIFY `id` bigint UNSIGNED NOT NULL AUTO_INCREMENT, AUTO_INCREMENT=6;

--
-- AUTO_INCREMENT de la tabla `ai_classifications`
--
ALTER TABLE `ai_classifications`
  MODIFY `id` bigint UNSIGNED NOT NULL AUTO_INCREMENT, AUTO_INCREMENT=37;

--
-- AUTO_INCREMENT de la tabla `ai_kb_drafts`
--
ALTER TABLE `ai_kb_drafts`
  MODIFY `id` bigint UNSIGNED NOT NULL AUTO_INCREMENT, AUTO_INCREMENT=4;

--
-- AUTO_INCREMENT de la tabla `ai_keyword_rules`
--
ALTER TABLE `ai_keyword_rules`
  MODIFY `id` bigint UNSIGNED NOT NULL AUTO_INCREMENT, AUTO_INCREMENT=200;

--
-- AUTO_INCREMENT de la tabla `ai_response_templates`
--
ALTER TABLE `ai_response_templates`
  MODIFY `id` bigint UNSIGNED NOT NULL AUTO_INCREMENT, AUTO_INCREMENT=6;

--
-- AUTO_INCREMENT de la tabla `assets`
--
ALTER TABLE `assets`
  MODIFY `id` bigint UNSIGNED NOT NULL AUTO_INCREMENT;

--
-- AUTO_INCREMENT de la tabla `asset_assignments`
--
ALTER TABLE `asset_assignments`
  MODIFY `id` bigint UNSIGNED NOT NULL AUTO_INCREMENT;

--
-- AUTO_INCREMENT de la tabla `asset_categories`
--
ALTER TABLE `asset_categories`
  MODIFY `id` bigint UNSIGNED NOT NULL AUTO_INCREMENT, AUTO_INCREMENT=8;

--
-- AUTO_INCREMENT de la tabla `asset_custom_fields`
--
ALTER TABLE `asset_custom_fields`
  MODIFY `id` bigint UNSIGNED NOT NULL AUTO_INCREMENT, AUTO_INCREMENT=26;

--
-- AUTO_INCREMENT de la tabla `asset_field_values`
--
ALTER TABLE `asset_field_values`
  MODIFY `id` bigint UNSIGNED NOT NULL AUTO_INCREMENT;

--
-- AUTO_INCREMENT de la tabla `asset_interventions`
--
ALTER TABLE `asset_interventions`
  MODIFY `id` bigint UNSIGNED NOT NULL AUTO_INCREMENT;

--
-- AUTO_INCREMENT de la tabla `asset_manufacturers`
--
ALTER TABLE `asset_manufacturers`
  MODIFY `id` bigint UNSIGNED NOT NULL AUTO_INCREMENT, AUTO_INCREMENT=11;

--
-- AUTO_INCREMENT de la tabla `asset_models`
--
ALTER TABLE `asset_models`
  MODIFY `id` bigint UNSIGNED NOT NULL AUTO_INCREMENT;

--
-- AUTO_INCREMENT de la tabla `automation_logs`
--
ALTER TABLE `automation_logs`
  MODIFY `id` bigint UNSIGNED NOT NULL AUTO_INCREMENT;

--
-- AUTO_INCREMENT de la tabla `automation_rules`
--
ALTER TABLE `automation_rules`
  MODIFY `id` bigint UNSIGNED NOT NULL AUTO_INCREMENT, AUTO_INCREMENT=2;

--
-- AUTO_INCREMENT de la tabla `business_hours`
--
ALTER TABLE `business_hours`
  MODIFY `id` bigint UNSIGNED NOT NULL AUTO_INCREMENT, AUTO_INCREMENT=9;

--
-- AUTO_INCREMENT de la tabla `companies`
--
ALTER TABLE `companies`
  MODIFY `id` bigint UNSIGNED NOT NULL AUTO_INCREMENT, AUTO_INCREMENT=5;

--
-- AUTO_INCREMENT de la tabla `configurations`
--
ALTER TABLE `configurations`
  MODIFY `id` bigint UNSIGNED NOT NULL AUTO_INCREMENT, AUTO_INCREMENT=25;

--
-- AUTO_INCREMENT de la tabla `departments`
--
ALTER TABLE `departments`
  MODIFY `id` bigint UNSIGNED NOT NULL AUTO_INCREMENT, AUTO_INCREMENT=28;

--
-- AUTO_INCREMENT de la tabla `failed_jobs`
--
ALTER TABLE `failed_jobs`
  MODIFY `id` bigint UNSIGNED NOT NULL AUTO_INCREMENT;

--
-- AUTO_INCREMENT de la tabla `jobs`
--
ALTER TABLE `jobs`
  MODIFY `id` bigint UNSIGNED NOT NULL AUTO_INCREMENT;

--
-- AUTO_INCREMENT de la tabla `kb_articles`
--
ALTER TABLE `kb_articles`
  MODIFY `id` bigint UNSIGNED NOT NULL AUTO_INCREMENT, AUTO_INCREMENT=2;

--
-- AUTO_INCREMENT de la tabla `kb_categories`
--
ALTER TABLE `kb_categories`
  MODIFY `id` bigint UNSIGNED NOT NULL AUTO_INCREMENT, AUTO_INCREMENT=7;

--
-- AUTO_INCREMENT de la tabla `kb_votes`
--
ALTER TABLE `kb_votes`
  MODIFY `id` bigint UNSIGNED NOT NULL AUTO_INCREMENT, AUTO_INCREMENT=2;

--
-- AUTO_INCREMENT de la tabla `migrations`
--
ALTER TABLE `migrations`
  MODIFY `id` int UNSIGNED NOT NULL AUTO_INCREMENT, AUTO_INCREMENT=48;

--
-- AUTO_INCREMENT de la tabla `nexus_notifications`
--
ALTER TABLE `nexus_notifications`
  MODIFY `id` bigint UNSIGNED NOT NULL AUTO_INCREMENT, AUTO_INCREMENT=222;

--
-- AUTO_INCREMENT de la tabla `permissions`
--
ALTER TABLE `permissions`
  MODIFY `id` bigint UNSIGNED NOT NULL AUTO_INCREMENT, AUTO_INCREMENT=30;

--
-- AUTO_INCREMENT de la tabla `personal_access_tokens`
--
ALTER TABLE `personal_access_tokens`
  MODIFY `id` bigint UNSIGNED NOT NULL AUTO_INCREMENT;

--
-- AUTO_INCREMENT de la tabla `reply_templates`
--
ALTER TABLE `reply_templates`
  MODIFY `id` bigint UNSIGNED NOT NULL AUTO_INCREMENT, AUTO_INCREMENT=6;

--
-- AUTO_INCREMENT de la tabla `roles`
--
ALTER TABLE `roles`
  MODIFY `id` bigint UNSIGNED NOT NULL AUTO_INCREMENT, AUTO_INCREMENT=10;

--
-- AUTO_INCREMENT de la tabla `schedules`
--
ALTER TABLE `schedules`
  MODIFY `id` bigint UNSIGNED NOT NULL AUTO_INCREMENT;

--
-- AUTO_INCREMENT de la tabla `system_settings`
--
ALTER TABLE `system_settings`
  MODIFY `id` bigint UNSIGNED NOT NULL AUTO_INCREMENT, AUTO_INCREMENT=11;

--
-- AUTO_INCREMENT de la tabla `tickets`
--
ALTER TABLE `tickets`
  MODIFY `id` bigint UNSIGNED NOT NULL AUTO_INCREMENT, AUTO_INCREMENT=517;

--
-- AUTO_INCREMENT de la tabla `ticket_attachments`
--
ALTER TABLE `ticket_attachments`
  MODIFY `id` bigint UNSIGNED NOT NULL AUTO_INCREMENT, AUTO_INCREMENT=5;

--
-- AUTO_INCREMENT de la tabla `ticket_categories`
--
ALTER TABLE `ticket_categories`
  MODIFY `id` bigint UNSIGNED NOT NULL AUTO_INCREMENT, AUTO_INCREMENT=193;

--
-- AUTO_INCREMENT de la tabla `ticket_comments`
--
ALTER TABLE `ticket_comments`
  MODIFY `id` bigint UNSIGNED NOT NULL AUTO_INCREMENT, AUTO_INCREMENT=40;

--
-- AUTO_INCREMENT de la tabla `ticket_history`
--
ALTER TABLE `ticket_history`
  MODIFY `id` bigint UNSIGNED NOT NULL AUTO_INCREMENT, AUTO_INCREMENT=144;

--
-- AUTO_INCREMENT de la tabla `ticket_priorities`
--
ALTER TABLE `ticket_priorities`
  MODIFY `id` bigint UNSIGNED NOT NULL AUTO_INCREMENT, AUTO_INCREMENT=5;

--
-- AUTO_INCREMENT de la tabla `ticket_statuses`
--
ALTER TABLE `ticket_statuses`
  MODIFY `id` bigint UNSIGNED NOT NULL AUTO_INCREMENT, AUTO_INCREMENT=7;

--
-- AUTO_INCREMENT de la tabla `ticket_types`
--
ALTER TABLE `ticket_types`
  MODIFY `id` bigint UNSIGNED NOT NULL AUTO_INCREMENT, AUTO_INCREMENT=6;

--
-- AUTO_INCREMENT de la tabla `users`
--
ALTER TABLE `users`
  MODIFY `id` bigint UNSIGNED NOT NULL AUTO_INCREMENT, AUTO_INCREMENT=731;

--
-- Restricciones para tablas volcadas
--

--
-- Filtros para la tabla `agent_groups`
--
ALTER TABLE `agent_groups`
  ADD CONSTRAINT `agent_groups_company_fk` FOREIGN KEY (`company_id`) REFERENCES `companies` (`id`) ON DELETE SET NULL;

--
-- Filtros para la tabla `agent_group_user`
--
ALTER TABLE `agent_group_user`
  ADD CONSTRAINT `agent_group_user_agent_group_id_foreign` FOREIGN KEY (`agent_group_id`) REFERENCES `agent_groups` (`id`) ON DELETE CASCADE,
  ADD CONSTRAINT `agent_group_user_user_id_foreign` FOREIGN KEY (`user_id`) REFERENCES `users` (`id`) ON DELETE CASCADE;

--
-- Filtros para la tabla `ai_classifications`
--
ALTER TABLE `ai_classifications`
  ADD CONSTRAINT `ai_classifications_suggested_category_id_foreign` FOREIGN KEY (`suggested_category_id`) REFERENCES `ticket_categories` (`id`) ON DELETE SET NULL,
  ADD CONSTRAINT `ai_classifications_suggested_priority_id_foreign` FOREIGN KEY (`suggested_priority_id`) REFERENCES `ticket_priorities` (`id`) ON DELETE SET NULL,
  ADD CONSTRAINT `ai_classifications_ticket_id_foreign` FOREIGN KEY (`ticket_id`) REFERENCES `tickets` (`id`) ON DELETE CASCADE;

--
-- Filtros para la tabla `ai_kb_drafts`
--
ALTER TABLE `ai_kb_drafts`
  ADD CONSTRAINT `ai_kb_drafts_category_id_foreign` FOREIGN KEY (`category_id`) REFERENCES `kb_categories` (`id`) ON DELETE SET NULL,
  ADD CONSTRAINT `ai_kb_drafts_published_article_id_foreign` FOREIGN KEY (`published_article_id`) REFERENCES `kb_articles` (`id`) ON DELETE SET NULL,
  ADD CONSTRAINT `ai_kb_drafts_ticket_id_foreign` FOREIGN KEY (`ticket_id`) REFERENCES `tickets` (`id`) ON DELETE CASCADE;

--
-- Filtros para la tabla `ai_response_templates`
--
ALTER TABLE `ai_response_templates`
  ADD CONSTRAINT `ai_response_templates_category_id_foreign` FOREIGN KEY (`category_id`) REFERENCES `ticket_categories` (`id`) ON DELETE SET NULL;

--
-- Filtros para la tabla `assets`
--
ALTER TABLE `assets`
  ADD CONSTRAINT `assets_assigned_to_foreign` FOREIGN KEY (`assigned_to`) REFERENCES `users` (`id`) ON DELETE SET NULL,
  ADD CONSTRAINT `assets_category_id_foreign` FOREIGN KEY (`category_id`) REFERENCES `asset_categories` (`id`),
  ADD CONSTRAINT `assets_company_fk` FOREIGN KEY (`company_id`) REFERENCES `companies` (`id`) ON DELETE SET NULL,
  ADD CONSTRAINT `assets_department_id_foreign` FOREIGN KEY (`department_id`) REFERENCES `departments` (`id`) ON DELETE SET NULL,
  ADD CONSTRAINT `assets_model_id_foreign` FOREIGN KEY (`model_id`) REFERENCES `asset_models` (`id`) ON DELETE SET NULL,
  ADD CONSTRAINT `fk_assets_parent` FOREIGN KEY (`parent_asset_id`) REFERENCES `assets` (`id`) ON DELETE SET NULL;

--
-- Filtros para la tabla `asset_assignments`
--
ALTER TABLE `asset_assignments`
  ADD CONSTRAINT `asset_assignments_asset_id_foreign` FOREIGN KEY (`asset_id`) REFERENCES `assets` (`id`) ON DELETE CASCADE,
  ADD CONSTRAINT `asset_assignments_assigned_by_foreign` FOREIGN KEY (`assigned_by`) REFERENCES `users` (`id`),
  ADD CONSTRAINT `asset_assignments_user_id_foreign` FOREIGN KEY (`user_id`) REFERENCES `users` (`id`) ON DELETE CASCADE;

--
-- Filtros para la tabla `asset_categories`
--
ALTER TABLE `asset_categories`
  ADD CONSTRAINT `asset_categories_company_fk` FOREIGN KEY (`company_id`) REFERENCES `companies` (`id`) ON DELETE SET NULL;

--
-- Filtros para la tabla `asset_custom_fields`
--
ALTER TABLE `asset_custom_fields`
  ADD CONSTRAINT `asset_custom_fields_category_id_foreign` FOREIGN KEY (`category_id`) REFERENCES `asset_categories` (`id`) ON DELETE CASCADE;

--
-- Filtros para la tabla `asset_field_values`
--
ALTER TABLE `asset_field_values`
  ADD CONSTRAINT `asset_field_values_asset_id_foreign` FOREIGN KEY (`asset_id`) REFERENCES `assets` (`id`) ON DELETE CASCADE,
  ADD CONSTRAINT `asset_field_values_field_id_foreign` FOREIGN KEY (`field_id`) REFERENCES `asset_custom_fields` (`id`) ON DELETE CASCADE;

--
-- Filtros para la tabla `asset_interventions`
--
ALTER TABLE `asset_interventions`
  ADD CONSTRAINT `asset_interventions_asset_id_foreign` FOREIGN KEY (`asset_id`) REFERENCES `assets` (`id`) ON DELETE CASCADE,
  ADD CONSTRAINT `asset_interventions_technician_id_foreign` FOREIGN KEY (`technician_id`) REFERENCES `users` (`id`),
  ADD CONSTRAINT `asset_interventions_ticket_id_foreign` FOREIGN KEY (`ticket_id`) REFERENCES `tickets` (`id`) ON DELETE SET NULL;

--
-- Filtros para la tabla `asset_models`
--
ALTER TABLE `asset_models`
  ADD CONSTRAINT `asset_models_category_id_foreign` FOREIGN KEY (`category_id`) REFERENCES `asset_categories` (`id`),
  ADD CONSTRAINT `asset_models_manufacturer_id_foreign` FOREIGN KEY (`manufacturer_id`) REFERENCES `asset_manufacturers` (`id`) ON DELETE SET NULL;

--
-- Filtros para la tabla `automation_logs`
--
ALTER TABLE `automation_logs`
  ADD CONSTRAINT `automation_logs_rule_id_foreign` FOREIGN KEY (`rule_id`) REFERENCES `automation_rules` (`id`) ON DELETE CASCADE,
  ADD CONSTRAINT `automation_logs_ticket_id_foreign` FOREIGN KEY (`ticket_id`) REFERENCES `tickets` (`id`) ON DELETE CASCADE;

--
-- Filtros para la tabla `automation_rules`
--
ALTER TABLE `automation_rules`
  ADD CONSTRAINT `automation_rules_company_fk` FOREIGN KEY (`company_id`) REFERENCES `companies` (`id`) ON DELETE SET NULL;

--
-- Filtros para la tabla `business_hours`
--
ALTER TABLE `business_hours`
  ADD CONSTRAINT `business_hours_company_fk` FOREIGN KEY (`company_id`) REFERENCES `companies` (`id`) ON DELETE SET NULL;

--
-- Filtros para la tabla `departments`
--
ALTER TABLE `departments`
  ADD CONSTRAINT `departments_company_fk` FOREIGN KEY (`company_id`) REFERENCES `companies` (`id`) ON DELETE SET NULL,
  ADD CONSTRAINT `departments_manager_id_foreign` FOREIGN KEY (`manager_id`) REFERENCES `users` (`id`) ON DELETE SET NULL,
  ADD CONSTRAINT `departments_parent_id_foreign` FOREIGN KEY (`parent_id`) REFERENCES `departments` (`id`) ON DELETE SET NULL;

--
-- Filtros para la tabla `kb_articles`
--
ALTER TABLE `kb_articles`
  ADD CONSTRAINT `kb_articles_author_id_foreign` FOREIGN KEY (`author_id`) REFERENCES `users` (`id`),
  ADD CONSTRAINT `kb_articles_category_id_foreign` FOREIGN KEY (`category_id`) REFERENCES `kb_categories` (`id`) ON DELETE SET NULL,
  ADD CONSTRAINT `kb_articles_company_fk` FOREIGN KEY (`company_id`) REFERENCES `companies` (`id`) ON DELETE SET NULL;

--
-- Filtros para la tabla `kb_categories`
--
ALTER TABLE `kb_categories`
  ADD CONSTRAINT `kb_categories_company_fk` FOREIGN KEY (`company_id`) REFERENCES `companies` (`id`) ON DELETE SET NULL,
  ADD CONSTRAINT `kb_categories_parent_id_foreign` FOREIGN KEY (`parent_id`) REFERENCES `kb_categories` (`id`) ON DELETE SET NULL;

--
-- Filtros para la tabla `kb_votes`
--
ALTER TABLE `kb_votes`
  ADD CONSTRAINT `kb_votes_article_id_foreign` FOREIGN KEY (`article_id`) REFERENCES `kb_articles` (`id`) ON DELETE CASCADE,
  ADD CONSTRAINT `kb_votes_user_id_foreign` FOREIGN KEY (`user_id`) REFERENCES `users` (`id`) ON DELETE CASCADE;

--
-- Filtros para la tabla `model_has_permissions`
--
ALTER TABLE `model_has_permissions`
  ADD CONSTRAINT `model_has_permissions_permission_id_foreign` FOREIGN KEY (`permission_id`) REFERENCES `permissions` (`id`) ON DELETE CASCADE;

--
-- Filtros para la tabla `model_has_roles`
--
ALTER TABLE `model_has_roles`
  ADD CONSTRAINT `model_has_roles_role_id_foreign` FOREIGN KEY (`role_id`) REFERENCES `roles` (`id`) ON DELETE CASCADE;

--
-- Filtros para la tabla `nexus_notifications`
--
ALTER TABLE `nexus_notifications`
  ADD CONSTRAINT `nexus_notifications_user_id_foreign` FOREIGN KEY (`user_id`) REFERENCES `users` (`id`) ON DELETE CASCADE;

--
-- Filtros para la tabla `reply_templates`
--
ALTER TABLE `reply_templates`
  ADD CONSTRAINT `reply_templates_category_id_foreign` FOREIGN KEY (`category_id`) REFERENCES `ticket_categories` (`id`) ON DELETE SET NULL,
  ADD CONSTRAINT `reply_templates_company_fk` FOREIGN KEY (`company_id`) REFERENCES `companies` (`id`) ON DELETE SET NULL;

--
-- Filtros para la tabla `role_has_permissions`
--
ALTER TABLE `role_has_permissions`
  ADD CONSTRAINT `role_has_permissions_permission_id_foreign` FOREIGN KEY (`permission_id`) REFERENCES `permissions` (`id`) ON DELETE CASCADE,
  ADD CONSTRAINT `role_has_permissions_role_id_foreign` FOREIGN KEY (`role_id`) REFERENCES `roles` (`id`) ON DELETE CASCADE;

--
-- Filtros para la tabla `schedules`
--
ALTER TABLE `schedules`
  ADD CONSTRAINT `schedules_department_id_foreign` FOREIGN KEY (`department_id`) REFERENCES `departments` (`id`) ON DELETE CASCADE;

--
-- Filtros para la tabla `tickets`
--
ALTER TABLE `tickets`
  ADD CONSTRAINT `tickets_asset_id_foreign` FOREIGN KEY (`asset_id`) REFERENCES `assets` (`id`) ON DELETE SET NULL,
  ADD CONSTRAINT `tickets_assignee_id_foreign` FOREIGN KEY (`assignee_id`) REFERENCES `users` (`id`) ON DELETE SET NULL,
  ADD CONSTRAINT `tickets_category_id_foreign` FOREIGN KEY (`category_id`) REFERENCES `ticket_categories` (`id`) ON DELETE SET NULL,
  ADD CONSTRAINT `tickets_company_fk` FOREIGN KEY (`company_id`) REFERENCES `companies` (`id`) ON DELETE SET NULL,
  ADD CONSTRAINT `tickets_department_id_foreign` FOREIGN KEY (`department_id`) REFERENCES `departments` (`id`) ON DELETE SET NULL,
  ADD CONSTRAINT `tickets_priority_id_foreign` FOREIGN KEY (`priority_id`) REFERENCES `ticket_priorities` (`id`),
  ADD CONSTRAINT `tickets_requester_id_foreign` FOREIGN KEY (`requester_id`) REFERENCES `users` (`id`),
  ADD CONSTRAINT `tickets_status_id_foreign` FOREIGN KEY (`status_id`) REFERENCES `ticket_statuses` (`id`),
  ADD CONSTRAINT `tickets_type_id_foreign` FOREIGN KEY (`type_id`) REFERENCES `ticket_types` (`id`) ON DELETE SET NULL;

--
-- Filtros para la tabla `ticket_attachments`
--
ALTER TABLE `ticket_attachments`
  ADD CONSTRAINT `ticket_attachments_comment_id_foreign` FOREIGN KEY (`comment_id`) REFERENCES `ticket_comments` (`id`) ON DELETE SET NULL,
  ADD CONSTRAINT `ticket_attachments_ticket_id_foreign` FOREIGN KEY (`ticket_id`) REFERENCES `tickets` (`id`) ON DELETE CASCADE,
  ADD CONSTRAINT `ticket_attachments_user_id_foreign` FOREIGN KEY (`user_id`) REFERENCES `users` (`id`) ON DELETE CASCADE;

--
-- Filtros para la tabla `ticket_categories`
--
ALTER TABLE `ticket_categories`
  ADD CONSTRAINT `ticket_categories_company_fk` FOREIGN KEY (`company_id`) REFERENCES `companies` (`id`) ON DELETE SET NULL,
  ADD CONSTRAINT `ticket_categories_parent_id_foreign` FOREIGN KEY (`parent_id`) REFERENCES `ticket_categories` (`id`) ON DELETE SET NULL;

--
-- Filtros para la tabla `ticket_comments`
--
ALTER TABLE `ticket_comments`
  ADD CONSTRAINT `ticket_comments_ticket_id_foreign` FOREIGN KEY (`ticket_id`) REFERENCES `tickets` (`id`) ON DELETE CASCADE,
  ADD CONSTRAINT `ticket_comments_user_id_foreign` FOREIGN KEY (`user_id`) REFERENCES `users` (`id`) ON DELETE CASCADE;

--
-- Filtros para la tabla `ticket_history`
--
ALTER TABLE `ticket_history`
  ADD CONSTRAINT `ticket_history_ticket_id_foreign` FOREIGN KEY (`ticket_id`) REFERENCES `tickets` (`id`) ON DELETE CASCADE,
  ADD CONSTRAINT `ticket_history_user_id_foreign` FOREIGN KEY (`user_id`) REFERENCES `users` (`id`) ON DELETE SET NULL;

--
-- Filtros para la tabla `users`
--
ALTER TABLE `users`
  ADD CONSTRAINT `users_company_fk` FOREIGN KEY (`company_id`) REFERENCES `companies` (`id`) ON DELETE SET NULL,
  ADD CONSTRAINT `users_department_id_foreign` FOREIGN KEY (`department_id`) REFERENCES `departments` (`id`) ON DELETE SET NULL;
--
-- Base de datos: `evolucionamos_hoja_tiempo`
--
CREATE DATABASE IF NOT EXISTS `evolucionamos_hoja_tiempo` DEFAULT CHARACTER SET utf8mb4 COLLATE utf8mb4_0900_ai_ci;
USE `evolucionamos_hoja_tiempo`;

-- --------------------------------------------------------

--
-- Estructura de tabla para la tabla `calendario`
--

CREATE TABLE `calendario` (
  `id` bigint UNSIGNED NOT NULL,
  `fecha` date NOT NULL,
  `dia_semana` tinyint UNSIGNED NOT NULL COMMENT '0=Dom,1=Lun,...,6=Sab',
  `es_festivo` tinyint(1) DEFAULT '0',
  `descripcion_festivo` varchar(100) COLLATE utf8mb4_unicode_ci DEFAULT NULL,
  `created_at` timestamp NULL DEFAULT NULL,
  `updated_at` timestamp NULL DEFAULT NULL
) ENGINE=InnoDB DEFAULT CHARSET=utf8mb4 COLLATE=utf8mb4_unicode_ci;

--
-- Volcado de datos para la tabla `calendario`
--

INSERT INTO `calendario` (`id`, `fecha`, `dia_semana`, `es_festivo`, `descripcion_festivo`, `created_at`, `updated_at`) VALUES
(1, '2026-05-01', 5, 1, 'Día del Trabajo', '2026-05-09 22:31:07', '2026-05-12 23:26:06'),
(2, '2026-05-02', 6, 0, NULL, '2026-05-09 22:31:07', '2026-05-09 22:32:12'),
(3, '2026-05-03', 0, 0, NULL, '2026-05-09 22:31:07', '2026-05-09 22:31:07'),
(4, '2026-05-04', 1, 0, NULL, '2026-05-09 22:31:07', '2026-05-09 22:31:07'),
(5, '2026-05-05', 2, 0, NULL, '2026-05-09 22:31:07', '2026-05-09 22:31:07'),
(6, '2026-05-06', 3, 0, NULL, '2026-05-09 22:31:07', '2026-05-09 22:31:07'),
(7, '2026-05-07', 4, 0, NULL, '2026-05-09 22:31:07', '2026-05-09 22:31:07'),
(8, '2026-05-08', 5, 0, NULL, '2026-05-09 22:31:07', '2026-05-09 22:31:07'),
(9, '2026-05-09', 6, 0, NULL, '2026-05-09 22:31:07', '2026-05-09 22:31:07'),
(10, '2026-05-10', 0, 0, NULL, '2026-05-09 22:31:07', '2026-05-09 22:31:07'),
(11, '2026-05-11', 1, 0, NULL, '2026-05-09 22:31:07', '2026-05-09 22:31:07'),
(12, '2026-05-12', 2, 0, NULL, '2026-05-09 22:31:07', '2026-05-09 22:31:07'),
(13, '2026-05-13', 3, 0, NULL, '2026-05-09 22:31:07', '2026-05-09 22:31:07'),
(14, '2026-05-14', 4, 0, NULL, '2026-05-09 22:31:07', '2026-05-09 22:31:07'),
(15, '2026-05-15', 5, 0, NULL, '2026-05-09 22:31:07', '2026-05-09 22:31:07'),
(16, '2026-05-16', 6, 0, NULL, '2026-05-09 22:31:07', '2026-05-09 22:31:07'),
(17, '2026-05-17', 0, 0, NULL, '2026-05-09 22:31:07', '2026-05-09 22:31:07'),
(18, '2026-05-18', 1, 1, 'Ascensión del Señor', '2026-05-09 22:31:07', '2026-05-12 23:26:06'),
(19, '2026-05-19', 2, 0, NULL, '2026-05-09 22:31:07', '2026-05-09 22:31:07'),
(20, '2026-05-20', 3, 0, NULL, '2026-05-09 22:31:07', '2026-05-09 22:31:07'),
(21, '2026-05-21', 4, 0, NULL, '2026-05-09 22:31:07', '2026-05-09 22:31:07'),
(22, '2026-05-22', 5, 0, NULL, '2026-05-09 22:31:07', '2026-05-09 22:31:07'),
(23, '2026-05-23', 6, 0, NULL, '2026-05-09 22:31:07', '2026-05-09 22:31:07'),
(24, '2026-05-24', 0, 0, NULL, '2026-05-09 22:31:07', '2026-05-09 22:31:07'),
(25, '2026-05-25', 1, 0, NULL, '2026-05-09 22:31:07', '2026-05-09 22:31:07'),
(26, '2026-05-26', 2, 0, NULL, '2026-05-09 22:31:07', '2026-05-09 22:31:07'),
(27, '2026-05-27', 3, 0, NULL, '2026-05-09 22:31:07', '2026-05-09 22:31:07'),
(28, '2026-05-28', 4, 0, NULL, '2026-05-09 22:31:07', '2026-05-09 22:31:07'),
(29, '2026-05-29', 5, 0, NULL, '2026-05-09 22:31:07', '2026-05-09 22:31:07'),
(30, '2026-05-30', 6, 0, NULL, '2026-05-09 22:31:07', '2026-05-09 22:31:07'),
(31, '2026-05-31', 0, 0, NULL, '2026-05-09 22:31:07', '2026-05-09 22:31:07'),
(32, '2026-01-01', 4, 1, 'Año Nuevo', '2026-05-12 23:26:06', '2026-05-12 23:26:06'),
(33, '2026-01-02', 5, 0, NULL, '2026-05-12 23:26:06', '2026-05-12 23:26:06'),
(34, '2026-01-03', 6, 0, NULL, '2026-05-12 23:26:06', '2026-05-12 23:26:06'),
(35, '2026-01-04', 0, 0, NULL, '2026-05-12 23:26:06', '2026-05-12 23:26:06'),
(36, '2026-01-05', 1, 0, NULL, '2026-05-12 23:26:06', '2026-05-12 23:26:06'),
(37, '2026-01-06', 2, 0, NULL, '2026-05-12 23:26:06', '2026-05-12 23:26:06'),
(38, '2026-01-07', 3, 0, NULL, '2026-05-12 23:26:06', '2026-05-12 23:26:06'),
(39, '2026-01-08', 4, 0, NULL, '2026-05-12 23:26:06', '2026-05-12 23:26:06'),
(40, '2026-01-09', 5, 0, NULL, '2026-05-12 23:26:06', '2026-05-12 23:26:06'),
(41, '2026-01-10', 6, 0, NULL, '2026-05-12 23:26:06', '2026-05-12 23:26:06'),
(42, '2026-01-11', 0, 0, NULL, '2026-05-12 23:26:06', '2026-05-12 23:26:06'),
(43, '2026-01-12', 1, 1, 'Reyes Magos', '2026-05-12 23:26:06', '2026-05-12 23:26:06'),
(44, '2026-01-13', 2, 0, NULL, '2026-05-12 23:26:06', '2026-05-12 23:26:06'),
(45, '2026-01-14', 3, 0, NULL, '2026-05-12 23:26:06', '2026-05-12 23:26:06'),
(46, '2026-01-15', 4, 0, NULL, '2026-05-12 23:26:06', '2026-05-12 23:26:06'),
(47, '2026-01-16', 5, 0, NULL, '2026-05-12 23:26:06', '2026-05-12 23:26:06'),
(48, '2026-01-17', 6, 0, NULL, '2026-05-12 23:26:06', '2026-05-12 23:26:06'),
(49, '2026-01-18', 0, 0, NULL, '2026-05-12 23:26:06', '2026-05-12 23:26:06'),
(50, '2026-01-19', 1, 0, NULL, '2026-05-12 23:26:06', '2026-05-12 23:26:06'),
(51, '2026-01-20', 2, 0, NULL, '2026-05-12 23:26:06', '2026-05-12 23:26:06'),
(52, '2026-01-21', 3, 0, NULL, '2026-05-12 23:26:06', '2026-05-12 23:26:06'),
(53, '2026-01-22', 4, 0, NULL, '2026-05-12 23:26:06', '2026-05-12 23:26:06'),
(54, '2026-01-23', 5, 0, NULL, '2026-05-12 23:26:06', '2026-05-12 23:26:06'),
(55, '2026-01-24', 6, 0, NULL, '2026-05-12 23:26:06', '2026-05-12 23:26:06'),
(56, '2026-01-25', 0, 0, NULL, '2026-05-12 23:26:06', '2026-05-12 23:26:06'),
(57, '2026-01-26', 1, 0, NULL, '2026-05-12 23:26:06', '2026-05-12 23:26:06'),
(58, '2026-01-27', 2, 0, NULL, '2026-05-12 23:26:06', '2026-05-12 23:26:06'),
(59, '2026-01-28', 3, 0, NULL, '2026-05-12 23:26:06', '2026-05-12 23:26:06'),
(60, '2026-01-29', 4, 0, NULL, '2026-05-12 23:26:06', '2026-05-12 23:26:06'),
(61, '2026-01-30', 5, 0, NULL, '2026-05-12 23:26:06', '2026-05-12 23:26:06'),
(62, '2026-01-31', 6, 0, NULL, '2026-05-12 23:26:06', '2026-05-12 23:26:06'),
(63, '2026-02-01', 0, 0, NULL, '2026-05-12 23:26:06', '2026-05-12 23:26:06'),
(64, '2026-02-02', 1, 0, NULL, '2026-05-12 23:26:06', '2026-05-12 23:26:06'),
(65, '2026-02-03', 2, 0, NULL, '2026-05-12 23:26:06', '2026-05-12 23:26:06'),
(66, '2026-02-04', 3, 0, NULL, '2026-05-12 23:26:06', '2026-05-12 23:26:06'),
(67, '2026-02-05', 4, 0, NULL, '2026-05-12 23:26:06', '2026-05-12 23:26:06'),
(68, '2026-02-06', 5, 0, NULL, '2026-05-12 23:26:06', '2026-05-12 23:26:06'),
(69, '2026-02-07', 6, 0, NULL, '2026-05-12 23:26:06', '2026-05-12 23:26:06'),
(70, '2026-02-08', 0, 0, NULL, '2026-05-12 23:26:06', '2026-05-12 23:26:06'),
(71, '2026-02-09', 1, 0, NULL, '2026-05-12 23:26:06', '2026-05-12 23:26:06'),
(72, '2026-02-10', 2, 0, NULL, '2026-05-12 23:26:06', '2026-05-12 23:26:06'),
(73, '2026-02-11', 3, 0, NULL, '2026-05-12 23:26:06', '2026-05-12 23:26:06'),
(74, '2026-02-12', 4, 0, NULL, '2026-05-12 23:26:06', '2026-05-12 23:26:06'),
(75, '2026-02-13', 5, 0, NULL, '2026-05-12 23:26:06', '2026-05-12 23:26:06'),
(76, '2026-02-14', 6, 0, NULL, '2026-05-12 23:26:06', '2026-05-12 23:26:06'),
(77, '2026-02-15', 0, 0, NULL, '2026-05-12 23:26:06', '2026-05-12 23:26:06'),
(78, '2026-02-16', 1, 0, NULL, '2026-05-12 23:26:06', '2026-05-12 23:26:06'),
(79, '2026-02-17', 2, 0, NULL, '2026-05-12 23:26:06', '2026-05-12 23:26:06'),
(80, '2026-02-18', 3, 0, NULL, '2026-05-12 23:26:06', '2026-05-12 23:26:06'),
(81, '2026-02-19', 4, 0, NULL, '2026-05-12 23:26:06', '2026-05-12 23:26:06'),
(82, '2026-02-20', 5, 0, NULL, '2026-05-12 23:26:06', '2026-05-12 23:26:06'),
(83, '2026-02-21', 6, 0, NULL, '2026-05-12 23:26:06', '2026-05-12 23:26:06'),
(84, '2026-02-22', 0, 0, NULL, '2026-05-12 23:26:06', '2026-05-12 23:26:06'),
(85, '2026-02-23', 1, 0, NULL, '2026-05-12 23:26:06', '2026-05-12 23:26:06'),
(86, '2026-02-24', 2, 0, NULL, '2026-05-12 23:26:06', '2026-05-12 23:26:06'),
(87, '2026-02-25', 3, 0, NULL, '2026-05-12 23:26:06', '2026-05-12 23:26:06'),
(88, '2026-02-26', 4, 0, NULL, '2026-05-12 23:26:06', '2026-05-12 23:26:06'),
(89, '2026-02-27', 5, 0, NULL, '2026-05-12 23:26:06', '2026-05-12 23:26:06'),
(90, '2026-02-28', 6, 0, NULL, '2026-05-12 23:26:06', '2026-05-12 23:26:06'),
(91, '2026-03-01', 0, 0, NULL, '2026-05-12 23:26:06', '2026-05-12 23:26:06'),
(92, '2026-03-02', 1, 0, NULL, '2026-05-12 23:26:06', '2026-05-12 23:26:06'),
(93, '2026-03-03', 2, 0, NULL, '2026-05-12 23:26:06', '2026-05-12 23:26:06'),
(94, '2026-03-04', 3, 0, NULL, '2026-05-12 23:26:06', '2026-05-12 23:26:06'),
(95, '2026-03-05', 4, 0, NULL, '2026-05-12 23:26:06', '2026-05-12 23:26:06'),
(96, '2026-03-06', 5, 0, NULL, '2026-05-12 23:26:06', '2026-05-12 23:26:06'),
(97, '2026-03-07', 6, 0, NULL, '2026-05-12 23:26:06', '2026-05-12 23:26:06'),
(98, '2026-03-08', 0, 0, NULL, '2026-05-12 23:26:06', '2026-05-12 23:26:06'),
(99, '2026-03-09', 1, 0, NULL, '2026-05-12 23:26:06', '2026-05-12 23:26:06'),
(100, '2026-03-10', 2, 0, NULL, '2026-05-12 23:26:06', '2026-05-12 23:26:06'),
(101, '2026-03-11', 3, 0, NULL, '2026-05-12 23:26:06', '2026-05-12 23:26:06'),
(102, '2026-03-12', 4, 0, NULL, '2026-05-12 23:26:06', '2026-05-12 23:26:06'),
(103, '2026-03-13', 5, 0, NULL, '2026-05-12 23:26:06', '2026-05-12 23:26:06'),
(104, '2026-03-14', 6, 0, NULL, '2026-05-12 23:26:06', '2026-05-12 23:26:06'),
(105, '2026-03-15', 0, 0, NULL, '2026-05-12 23:26:06', '2026-05-12 23:26:06'),
(106, '2026-03-16', 1, 0, NULL, '2026-05-12 23:26:06', '2026-05-12 23:26:06'),
(107, '2026-03-17', 2, 0, NULL, '2026-05-12 23:26:06', '2026-05-12 23:26:06'),
(108, '2026-03-18', 3, 0, NULL, '2026-05-12 23:26:06', '2026-05-12 23:26:06'),
(109, '2026-03-19', 4, 0, NULL, '2026-05-12 23:26:06', '2026-05-12 23:26:06'),
(110, '2026-03-20', 5, 0, NULL, '2026-05-12 23:26:06', '2026-05-12 23:26:06'),
(111, '2026-03-21', 6, 0, NULL, '2026-05-12 23:26:06', '2026-05-12 23:26:06'),
(112, '2026-03-22', 0, 0, NULL, '2026-05-12 23:26:06', '2026-05-12 23:26:06'),
(113, '2026-03-23', 1, 1, 'San José', '2026-05-12 23:26:06', '2026-05-12 23:26:06'),
(114, '2026-03-24', 2, 0, NULL, '2026-05-12 23:26:06', '2026-05-12 23:26:06'),
(115, '2026-03-25', 3, 0, NULL, '2026-05-12 23:26:06', '2026-05-12 23:26:06'),
(116, '2026-03-26', 4, 0, NULL, '2026-05-12 23:26:06', '2026-05-12 23:26:06'),
(117, '2026-03-27', 5, 0, NULL, '2026-05-12 23:26:06', '2026-05-12 23:26:06'),
(118, '2026-03-28', 6, 0, NULL, '2026-05-12 23:26:06', '2026-05-12 23:26:06'),
(119, '2026-03-29', 0, 0, NULL, '2026-05-12 23:26:06', '2026-05-12 23:26:06'),
(120, '2026-03-30', 1, 0, NULL, '2026-05-12 23:26:06', '2026-05-12 23:26:06'),
(121, '2026-03-31', 2, 0, NULL, '2026-05-12 23:26:06', '2026-05-12 23:26:06'),
(122, '2026-04-01', 3, 0, NULL, '2026-05-12 23:26:06', '2026-05-12 23:26:06'),
(123, '2026-04-02', 4, 1, 'Jueves Santo', '2026-05-12 23:26:06', '2026-05-12 23:26:06'),
(124, '2026-04-03', 5, 1, 'Viernes Santo', '2026-05-12 23:26:06', '2026-05-12 23:26:06'),
(125, '2026-04-04', 6, 0, NULL, '2026-05-12 23:26:06', '2026-05-12 23:26:06'),
(126, '2026-04-05', 0, 0, NULL, '2026-05-12 23:26:06', '2026-05-12 23:26:06'),
(127, '2026-04-06', 1, 0, NULL, '2026-05-12 23:26:06', '2026-05-12 23:26:06'),
(128, '2026-04-07', 2, 0, NULL, '2026-05-12 23:26:06', '2026-05-12 23:26:06'),
(129, '2026-04-08', 3, 0, NULL, '2026-05-12 23:26:06', '2026-05-12 23:26:06'),
(130, '2026-04-09', 4, 0, NULL, '2026-05-12 23:26:06', '2026-05-12 23:26:06'),
(131, '2026-04-10', 5, 0, NULL, '2026-05-12 23:26:06', '2026-05-12 23:26:06'),
(132, '2026-04-11', 6, 0, NULL, '2026-05-12 23:26:06', '2026-05-12 23:26:06'),
(133, '2026-04-12', 0, 0, NULL, '2026-05-12 23:26:06', '2026-05-12 23:26:06'),
(134, '2026-04-13', 1, 0, NULL, '2026-05-12 23:26:06', '2026-05-12 23:26:06'),
(135, '2026-04-14', 2, 0, NULL, '2026-05-12 23:26:06', '2026-05-12 23:26:06'),
(136, '2026-04-15', 3, 0, NULL, '2026-05-12 23:26:06', '2026-05-12 23:26:06'),
(137, '2026-04-16', 4, 0, NULL, '2026-05-12 23:26:06', '2026-05-12 23:26:06'),
(138, '2026-04-17', 5, 0, NULL, '2026-05-12 23:26:06', '2026-05-12 23:26:06'),
(139, '2026-04-18', 6, 0, NULL, '2026-05-12 23:26:06', '2026-05-12 23:26:06'),
(140, '2026-04-19', 0, 0, NULL, '2026-05-12 23:26:06', '2026-05-12 23:26:06'),
(141, '2026-04-20', 1, 0, NULL, '2026-05-12 23:26:06', '2026-05-12 23:26:06'),
(142, '2026-04-21', 2, 0, NULL, '2026-05-12 23:26:06', '2026-05-12 23:26:06'),
(143, '2026-04-22', 3, 0, NULL, '2026-05-12 23:26:06', '2026-05-12 23:26:06'),
(144, '2026-04-23', 4, 0, NULL, '2026-05-12 23:26:06', '2026-05-12 23:26:06'),
(145, '2026-04-24', 5, 0, NULL, '2026-05-12 23:26:06', '2026-05-12 23:26:06'),
(146, '2026-04-25', 6, 0, NULL, '2026-05-12 23:26:06', '2026-05-12 23:26:06'),
(147, '2026-04-26', 0, 0, NULL, '2026-05-12 23:26:06', '2026-05-12 23:26:06'),
(148, '2026-04-27', 1, 0, NULL, '2026-05-12 23:26:06', '2026-05-12 23:26:06'),
(149, '2026-04-28', 2, 0, NULL, '2026-05-12 23:26:06', '2026-05-12 23:26:06'),
(150, '2026-04-29', 3, 0, NULL, '2026-05-12 23:26:06', '2026-05-12 23:26:06'),
(151, '2026-04-30', 4, 0, NULL, '2026-05-12 23:26:06', '2026-05-12 23:26:06'),
(152, '2026-06-01', 1, 0, NULL, '2026-05-12 23:26:06', '2026-05-12 23:26:06'),
(153, '2026-06-02', 2, 0, NULL, '2026-05-12 23:26:06', '2026-05-12 23:26:06'),
(154, '2026-06-03', 3, 0, NULL, '2026-05-12 23:26:06', '2026-05-12 23:26:06'),
(155, '2026-06-04', 4, 0, NULL, '2026-05-12 23:26:06', '2026-05-12 23:26:06'),
(156, '2026-06-05', 5, 0, NULL, '2026-05-12 23:26:06', '2026-05-12 23:26:06'),
(157, '2026-06-06', 6, 0, NULL, '2026-05-12 23:26:06', '2026-05-12 23:26:06'),
(158, '2026-06-07', 0, 0, NULL, '2026-05-12 23:26:06', '2026-05-12 23:26:06'),
(159, '2026-06-08', 1, 1, 'Corpus Christi', '2026-05-12 23:26:06', '2026-05-12 23:26:06'),
(160, '2026-06-09', 2, 0, NULL, '2026-05-12 23:26:06', '2026-05-12 23:26:06'),
(161, '2026-06-10', 3, 0, NULL, '2026-05-12 23:26:06', '2026-05-12 23:26:06'),
(162, '2026-06-11', 4, 0, NULL, '2026-05-12 23:26:06', '2026-05-12 23:26:06'),
(163, '2026-06-12', 5, 0, NULL, '2026-05-12 23:26:06', '2026-05-12 23:26:06'),
(164, '2026-06-13', 6, 0, NULL, '2026-05-12 23:26:06', '2026-05-12 23:26:06'),
(165, '2026-06-14', 0, 0, NULL, '2026-05-12 23:26:06', '2026-05-12 23:26:06'),
(166, '2026-06-15', 1, 1, 'Sagrado Corazón de Jesús', '2026-05-12 23:26:06', '2026-05-12 23:26:06'),
(167, '2026-06-16', 2, 0, NULL, '2026-05-12 23:26:06', '2026-05-12 23:26:06'),
(168, '2026-06-17', 3, 0, NULL, '2026-05-12 23:26:06', '2026-05-12 23:26:06'),
(169, '2026-06-18', 4, 0, NULL, '2026-05-12 23:26:06', '2026-05-12 23:26:06'),
(170, '2026-06-19', 5, 0, NULL, '2026-05-12 23:26:06', '2026-05-12 23:26:06'),
(171, '2026-06-20', 6, 0, NULL, '2026-05-12 23:26:06', '2026-05-12 23:26:06'),
(172, '2026-06-21', 0, 0, NULL, '2026-05-12 23:26:06', '2026-05-12 23:26:06'),
(173, '2026-06-22', 1, 0, NULL, '2026-05-12 23:26:06', '2026-05-12 23:26:06'),
(174, '2026-06-23', 2, 0, NULL, '2026-05-12 23:26:06', '2026-05-12 23:26:06'),
(175, '2026-06-24', 3, 0, NULL, '2026-05-12 23:26:06', '2026-05-12 23:26:06'),
(176, '2026-06-25', 4, 0, NULL, '2026-05-12 23:26:06', '2026-05-12 23:26:06'),
(177, '2026-06-26', 5, 0, NULL, '2026-05-12 23:26:06', '2026-05-12 23:26:06'),
(178, '2026-06-27', 6, 0, NULL, '2026-05-12 23:26:06', '2026-05-12 23:26:06'),
(179, '2026-06-28', 0, 0, NULL, '2026-05-12 23:26:06', '2026-05-12 23:26:06'),
(180, '2026-06-29', 1, 1, 'San Pedro y San Pablo', '2026-05-12 23:26:06', '2026-05-12 23:26:06'),
(181, '2026-06-30', 2, 0, NULL, '2026-05-12 23:26:06', '2026-05-12 23:26:06'),
(182, '2026-07-01', 3, 0, NULL, '2026-05-12 23:26:06', '2026-05-12 23:26:06'),
(183, '2026-07-02', 4, 0, NULL, '2026-05-12 23:26:06', '2026-05-12 23:26:06'),
(184, '2026-07-03', 5, 0, NULL, '2026-05-12 23:26:06', '2026-05-12 23:26:06'),
(185, '2026-07-04', 6, 0, NULL, '2026-05-12 23:26:06', '2026-05-12 23:26:06'),
(186, '2026-07-05', 0, 0, NULL, '2026-05-12 23:26:06', '2026-05-12 23:26:06'),
(187, '2026-07-06', 1, 0, NULL, '2026-05-12 23:26:06', '2026-05-12 23:26:06'),
(188, '2026-07-07', 2, 0, NULL, '2026-05-12 23:26:06', '2026-05-12 23:26:06'),
(189, '2026-07-08', 3, 0, NULL, '2026-05-12 23:26:06', '2026-05-12 23:26:06'),
(190, '2026-07-09', 4, 0, NULL, '2026-05-12 23:26:06', '2026-05-12 23:26:06'),
(191, '2026-07-10', 5, 0, NULL, '2026-05-12 23:26:06', '2026-05-12 23:26:06'),
(192, '2026-07-11', 6, 0, NULL, '2026-05-12 23:26:06', '2026-05-12 23:26:06'),
(193, '2026-07-12', 0, 0, NULL, '2026-05-12 23:26:06', '2026-05-12 23:26:06'),
(194, '2026-07-13', 1, 0, NULL, '2026-05-12 23:26:06', '2026-05-12 23:26:06'),
(195, '2026-07-14', 2, 0, NULL, '2026-05-12 23:26:06', '2026-05-12 23:26:06'),
(196, '2026-07-15', 3, 0, NULL, '2026-05-12 23:26:06', '2026-05-12 23:26:06'),
(197, '2026-07-16', 4, 0, NULL, '2026-05-12 23:26:06', '2026-05-12 23:26:06'),
(198, '2026-07-17', 5, 0, NULL, '2026-05-12 23:26:06', '2026-05-12 23:26:06'),
(199, '2026-07-18', 6, 0, NULL, '2026-05-12 23:26:06', '2026-05-12 23:26:06'),
(200, '2026-07-19', 0, 0, NULL, '2026-05-12 23:26:06', '2026-05-12 23:26:06'),
(201, '2026-07-20', 1, 1, 'Día de la Independencia', '2026-05-12 23:26:06', '2026-05-12 23:26:06'),
(202, '2026-07-21', 2, 0, NULL, '2026-05-12 23:26:06', '2026-05-12 23:26:06'),
(203, '2026-07-22', 3, 0, NULL, '2026-05-12 23:26:06', '2026-05-12 23:26:06'),
(204, '2026-07-23', 4, 0, NULL, '2026-05-12 23:26:06', '2026-05-12 23:26:06'),
(205, '2026-07-24', 5, 0, NULL, '2026-05-12 23:26:06', '2026-05-12 23:26:06'),
(206, '2026-07-25', 6, 0, NULL, '2026-05-12 23:26:06', '2026-05-12 23:26:06'),
(207, '2026-07-26', 0, 0, NULL, '2026-05-12 23:26:06', '2026-05-12 23:26:06'),
(208, '2026-07-27', 1, 0, NULL, '2026-05-12 23:26:06', '2026-05-12 23:26:06'),
(209, '2026-07-28', 2, 0, NULL, '2026-05-12 23:26:06', '2026-05-12 23:26:06'),
(210, '2026-07-29', 3, 0, NULL, '2026-05-12 23:26:06', '2026-05-12 23:26:06'),
(211, '2026-07-30', 4, 0, NULL, '2026-05-12 23:26:06', '2026-05-12 23:26:06'),
(212, '2026-07-31', 5, 0, NULL, '2026-05-12 23:26:06', '2026-05-12 23:26:06'),
(213, '2026-08-01', 6, 0, NULL, '2026-05-12 23:26:06', '2026-05-12 23:26:06'),
(214, '2026-08-02', 0, 0, NULL, '2026-05-12 23:26:06', '2026-05-12 23:26:06'),
(215, '2026-08-03', 1, 0, NULL, '2026-05-12 23:26:06', '2026-05-12 23:26:06'),
(216, '2026-08-04', 2, 0, NULL, '2026-05-12 23:26:06', '2026-05-12 23:26:06'),
(217, '2026-08-05', 3, 0, NULL, '2026-05-12 23:26:06', '2026-05-12 23:26:06'),
(218, '2026-08-06', 4, 0, NULL, '2026-05-12 23:26:06', '2026-05-12 23:26:06'),
(219, '2026-08-07', 5, 1, 'Batalla de Boyacá', '2026-05-12 23:26:06', '2026-05-12 23:26:06'),
(220, '2026-08-08', 6, 0, NULL, '2026-05-12 23:26:06', '2026-05-12 23:26:06'),
(221, '2026-08-09', 0, 0, NULL, '2026-05-12 23:26:06', '2026-05-12 23:26:06'),
(222, '2026-08-10', 1, 0, NULL, '2026-05-12 23:26:06', '2026-05-12 23:26:06'),
(223, '2026-08-11', 2, 0, NULL, '2026-05-12 23:26:06', '2026-05-12 23:26:06'),
(224, '2026-08-12', 3, 0, NULL, '2026-05-12 23:26:06', '2026-05-12 23:26:06'),
(225, '2026-08-13', 4, 0, NULL, '2026-05-12 23:26:06', '2026-05-12 23:26:06'),
(226, '2026-08-14', 5, 0, NULL, '2026-05-12 23:26:06', '2026-05-12 23:26:06'),
(227, '2026-08-15', 6, 0, NULL, '2026-05-12 23:26:06', '2026-05-12 23:26:06'),
(228, '2026-08-16', 0, 0, NULL, '2026-05-12 23:26:06', '2026-05-12 23:26:06'),
(229, '2026-08-17', 1, 1, 'Asunción de la Virgen', '2026-05-12 23:26:06', '2026-05-12 23:26:06'),
(230, '2026-08-18', 2, 0, NULL, '2026-05-12 23:26:06', '2026-05-12 23:26:06'),
(231, '2026-08-19', 3, 0, NULL, '2026-05-12 23:26:06', '2026-05-12 23:26:06'),
(232, '2026-08-20', 4, 0, NULL, '2026-05-12 23:26:06', '2026-05-12 23:26:06'),
(233, '2026-08-21', 5, 0, NULL, '2026-05-12 23:26:06', '2026-05-12 23:26:06'),
(234, '2026-08-22', 6, 0, NULL, '2026-05-12 23:26:06', '2026-05-12 23:26:06'),
(235, '2026-08-23', 0, 0, NULL, '2026-05-12 23:26:06', '2026-05-12 23:26:06'),
(236, '2026-08-24', 1, 0, NULL, '2026-05-12 23:26:06', '2026-05-12 23:26:06'),
(237, '2026-08-25', 2, 0, NULL, '2026-05-12 23:26:06', '2026-05-12 23:26:06'),
(238, '2026-08-26', 3, 0, NULL, '2026-05-12 23:26:06', '2026-05-12 23:26:06'),
(239, '2026-08-27', 4, 0, NULL, '2026-05-12 23:26:06', '2026-05-12 23:26:06'),
(240, '2026-08-28', 5, 0, NULL, '2026-05-12 23:26:06', '2026-05-12 23:26:06'),
(241, '2026-08-29', 6, 0, NULL, '2026-05-12 23:26:06', '2026-05-12 23:26:06'),
(242, '2026-08-30', 0, 0, NULL, '2026-05-12 23:26:06', '2026-05-12 23:26:06'),
(243, '2026-08-31', 1, 0, NULL, '2026-05-12 23:26:06', '2026-05-12 23:26:06'),
(244, '2026-09-01', 2, 0, NULL, '2026-05-12 23:26:06', '2026-05-12 23:26:06'),
(245, '2026-09-02', 3, 0, NULL, '2026-05-12 23:26:06', '2026-05-12 23:26:06'),
(246, '2026-09-03', 4, 0, NULL, '2026-05-12 23:26:06', '2026-05-12 23:26:06'),
(247, '2026-09-04', 5, 0, NULL, '2026-05-12 23:26:06', '2026-05-12 23:26:06'),
(248, '2026-09-05', 6, 0, NULL, '2026-05-12 23:26:06', '2026-05-12 23:26:06'),
(249, '2026-09-06', 0, 0, NULL, '2026-05-12 23:26:06', '2026-05-12 23:26:06'),
(250, '2026-09-07', 1, 0, NULL, '2026-05-12 23:26:06', '2026-05-12 23:26:06'),
(251, '2026-09-08', 2, 0, NULL, '2026-05-12 23:26:06', '2026-05-12 23:26:06'),
(252, '2026-09-09', 3, 0, NULL, '2026-05-12 23:26:06', '2026-05-12 23:26:06'),
(253, '2026-09-10', 4, 0, NULL, '2026-05-12 23:26:06', '2026-05-12 23:26:06'),
(254, '2026-09-11', 5, 0, NULL, '2026-05-12 23:26:06', '2026-05-12 23:26:06'),
(255, '2026-09-12', 6, 0, NULL, '2026-05-12 23:26:06', '2026-05-12 23:26:06'),
(256, '2026-09-13', 0, 0, NULL, '2026-05-12 23:26:06', '2026-05-12 23:26:06'),
(257, '2026-09-14', 1, 0, NULL, '2026-05-12 23:26:06', '2026-05-12 23:26:06'),
(258, '2026-09-15', 2, 0, NULL, '2026-05-12 23:26:06', '2026-05-12 23:26:06'),
(259, '2026-09-16', 3, 0, NULL, '2026-05-12 23:26:06', '2026-05-12 23:26:06'),
(260, '2026-09-17', 4, 0, NULL, '2026-05-12 23:26:06', '2026-05-12 23:26:06'),
(261, '2026-09-18', 5, 0, NULL, '2026-05-12 23:26:06', '2026-05-12 23:26:06'),
(262, '2026-09-19', 6, 0, NULL, '2026-05-12 23:26:06', '2026-05-12 23:26:06'),
(263, '2026-09-20', 0, 0, NULL, '2026-05-12 23:26:06', '2026-05-12 23:26:06'),
(264, '2026-09-21', 1, 0, NULL, '2026-05-12 23:26:06', '2026-05-12 23:26:06'),
(265, '2026-09-22', 2, 0, NULL, '2026-05-12 23:26:06', '2026-05-12 23:26:06'),
(266, '2026-09-23', 3, 0, NULL, '2026-05-12 23:26:06', '2026-05-12 23:26:06'),
(267, '2026-09-24', 4, 0, NULL, '2026-05-12 23:26:06', '2026-05-12 23:26:06'),
(268, '2026-09-25', 5, 0, NULL, '2026-05-12 23:26:06', '2026-05-12 23:26:06'),
(269, '2026-09-26', 6, 0, NULL, '2026-05-12 23:26:06', '2026-05-12 23:26:06'),
(270, '2026-09-27', 0, 0, NULL, '2026-05-12 23:26:06', '2026-05-12 23:26:06'),
(271, '2026-09-28', 1, 0, NULL, '2026-05-12 23:26:06', '2026-05-12 23:26:06'),
(272, '2026-09-29', 2, 0, NULL, '2026-05-12 23:26:06', '2026-05-12 23:26:06'),
(273, '2026-09-30', 3, 0, NULL, '2026-05-12 23:26:06', '2026-05-12 23:26:06'),
(274, '2026-10-01', 4, 0, NULL, '2026-05-12 23:26:06', '2026-05-12 23:26:06'),
(275, '2026-10-02', 5, 0, NULL, '2026-05-12 23:26:06', '2026-05-12 23:26:06'),
(276, '2026-10-03', 6, 0, NULL, '2026-05-12 23:26:06', '2026-05-12 23:26:06'),
(277, '2026-10-04', 0, 0, NULL, '2026-05-12 23:26:06', '2026-05-12 23:26:06'),
(278, '2026-10-05', 1, 0, NULL, '2026-05-12 23:26:06', '2026-05-12 23:26:06'),
(279, '2026-10-06', 2, 0, NULL, '2026-05-12 23:26:06', '2026-05-12 23:26:06'),
(280, '2026-10-07', 3, 0, NULL, '2026-05-12 23:26:06', '2026-05-12 23:26:06'),
(281, '2026-10-08', 4, 0, NULL, '2026-05-12 23:26:06', '2026-05-12 23:26:06'),
(282, '2026-10-09', 5, 0, NULL, '2026-05-12 23:26:06', '2026-05-12 23:26:06'),
(283, '2026-10-10', 6, 0, NULL, '2026-05-12 23:26:06', '2026-05-12 23:26:06'),
(284, '2026-10-11', 0, 0, NULL, '2026-05-12 23:26:06', '2026-05-12 23:26:06'),
(285, '2026-10-12', 1, 1, 'Día de la Raza', '2026-05-12 23:26:06', '2026-05-12 23:26:06'),
(286, '2026-10-13', 2, 0, NULL, '2026-05-12 23:26:06', '2026-05-12 23:26:06'),
(287, '2026-10-14', 3, 0, NULL, '2026-05-12 23:26:06', '2026-05-12 23:26:06'),
(288, '2026-10-15', 4, 0, NULL, '2026-05-12 23:26:06', '2026-05-12 23:26:06'),
(289, '2026-10-16', 5, 0, NULL, '2026-05-12 23:26:06', '2026-05-12 23:26:06'),
(290, '2026-10-17', 6, 0, NULL, '2026-05-12 23:26:06', '2026-05-12 23:26:06'),
(291, '2026-10-18', 0, 0, NULL, '2026-05-12 23:26:06', '2026-05-12 23:26:06'),
(292, '2026-10-19', 1, 0, NULL, '2026-05-12 23:26:06', '2026-05-12 23:26:06'),
(293, '2026-10-20', 2, 0, NULL, '2026-05-12 23:26:06', '2026-05-12 23:26:06'),
(294, '2026-10-21', 3, 0, NULL, '2026-05-12 23:26:06', '2026-05-12 23:26:06'),
(295, '2026-10-22', 4, 0, NULL, '2026-05-12 23:26:06', '2026-05-12 23:26:06'),
(296, '2026-10-23', 5, 0, NULL, '2026-05-12 23:26:06', '2026-05-12 23:26:06'),
(297, '2026-10-24', 6, 0, NULL, '2026-05-12 23:26:06', '2026-05-12 23:26:06'),
(298, '2026-10-25', 0, 0, NULL, '2026-05-12 23:26:06', '2026-05-12 23:26:06'),
(299, '2026-10-26', 1, 0, NULL, '2026-05-12 23:26:06', '2026-05-12 23:26:06'),
(300, '2026-10-27', 2, 0, NULL, '2026-05-12 23:26:06', '2026-05-12 23:26:06'),
(301, '2026-10-28', 3, 0, NULL, '2026-05-12 23:26:06', '2026-05-12 23:26:06'),
(302, '2026-10-29', 4, 0, NULL, '2026-05-12 23:26:06', '2026-05-12 23:26:06'),
(303, '2026-10-30', 5, 0, NULL, '2026-05-12 23:26:06', '2026-05-12 23:26:06'),
(304, '2026-10-31', 6, 0, NULL, '2026-05-12 23:26:06', '2026-05-12 23:26:06'),
(305, '2026-11-01', 0, 0, NULL, '2026-05-12 23:26:06', '2026-05-12 23:26:06'),
(306, '2026-11-02', 1, 1, 'Todos los Santos', '2026-05-12 23:26:06', '2026-05-12 23:26:06'),
(307, '2026-11-03', 2, 0, NULL, '2026-05-12 23:26:06', '2026-05-12 23:26:06'),
(308, '2026-11-04', 3, 0, NULL, '2026-05-12 23:26:06', '2026-05-12 23:26:06'),
(309, '2026-11-05', 4, 0, NULL, '2026-05-12 23:26:06', '2026-05-12 23:26:06'),
(310, '2026-11-06', 5, 0, NULL, '2026-05-12 23:26:06', '2026-05-12 23:26:06'),
(311, '2026-11-07', 6, 0, NULL, '2026-05-12 23:26:06', '2026-05-12 23:26:06'),
(312, '2026-11-08', 0, 0, NULL, '2026-05-12 23:26:06', '2026-05-12 23:26:06'),
(313, '2026-11-09', 1, 0, NULL, '2026-05-12 23:26:06', '2026-05-12 23:26:06'),
(314, '2026-11-10', 2, 0, NULL, '2026-05-12 23:26:06', '2026-05-12 23:26:06'),
(315, '2026-11-11', 3, 0, NULL, '2026-05-12 23:26:06', '2026-05-12 23:26:06'),
(316, '2026-11-12', 4, 0, NULL, '2026-05-12 23:26:06', '2026-05-12 23:26:06'),
(317, '2026-11-13', 5, 0, NULL, '2026-05-12 23:26:06', '2026-05-12 23:26:06'),
(318, '2026-11-14', 6, 0, NULL, '2026-05-12 23:26:06', '2026-05-12 23:26:06'),
(319, '2026-11-15', 0, 0, NULL, '2026-05-12 23:26:06', '2026-05-12 23:26:06'),
(320, '2026-11-16', 1, 1, 'Independencia de Cartagena', '2026-05-12 23:26:06', '2026-05-12 23:26:06'),
(321, '2026-11-17', 2, 0, NULL, '2026-05-12 23:26:06', '2026-05-12 23:26:06'),
(322, '2026-11-18', 3, 0, NULL, '2026-05-12 23:26:06', '2026-05-12 23:26:06'),
(323, '2026-11-19', 4, 0, NULL, '2026-05-12 23:26:06', '2026-05-12 23:26:06'),
(324, '2026-11-20', 5, 0, NULL, '2026-05-12 23:26:06', '2026-05-12 23:26:06'),
(325, '2026-11-21', 6, 0, NULL, '2026-05-12 23:26:06', '2026-05-12 23:26:06'),
(326, '2026-11-22', 0, 0, NULL, '2026-05-12 23:26:06', '2026-05-12 23:26:06'),
(327, '2026-11-23', 1, 0, NULL, '2026-05-12 23:26:06', '2026-05-12 23:26:06'),
(328, '2026-11-24', 2, 0, NULL, '2026-05-12 23:26:06', '2026-05-12 23:26:06'),
(329, '2026-11-25', 3, 0, NULL, '2026-05-12 23:26:06', '2026-05-12 23:26:06'),
(330, '2026-11-26', 4, 0, NULL, '2026-05-12 23:26:06', '2026-05-12 23:26:06'),
(331, '2026-11-27', 5, 0, NULL, '2026-05-12 23:26:06', '2026-05-12 23:26:06'),
(332, '2026-11-28', 6, 0, NULL, '2026-05-12 23:26:06', '2026-05-12 23:26:06'),
(333, '2026-11-29', 0, 0, NULL, '2026-05-12 23:26:06', '2026-05-12 23:26:06'),
(334, '2026-11-30', 1, 0, NULL, '2026-05-12 23:26:06', '2026-05-12 23:26:06'),
(335, '2026-12-01', 2, 0, NULL, '2026-05-12 23:26:06', '2026-05-12 23:26:06'),
(336, '2026-12-02', 3, 0, NULL, '2026-05-12 23:26:06', '2026-05-12 23:26:06'),
(337, '2026-12-03', 4, 0, NULL, '2026-05-12 23:26:06', '2026-05-12 23:26:06'),
(338, '2026-12-04', 5, 0, NULL, '2026-05-12 23:26:06', '2026-05-12 23:26:06'),
(339, '2026-12-05', 6, 0, NULL, '2026-05-12 23:26:06', '2026-05-12 23:26:06'),
(340, '2026-12-06', 0, 0, NULL, '2026-05-12 23:26:06', '2026-05-12 23:26:06'),
(341, '2026-12-07', 1, 0, NULL, '2026-05-12 23:26:06', '2026-05-12 23:26:06'),
(342, '2026-12-08', 2, 1, 'Inmaculada Concepción', '2026-05-12 23:26:06', '2026-05-12 23:26:06'),
(343, '2026-12-09', 3, 0, NULL, '2026-05-12 23:26:06', '2026-05-12 23:26:06'),
(344, '2026-12-10', 4, 0, NULL, '2026-05-12 23:26:06', '2026-05-12 23:26:06'),
(345, '2026-12-11', 5, 0, NULL, '2026-05-12 23:26:06', '2026-05-12 23:26:06'),
(346, '2026-12-12', 6, 0, NULL, '2026-05-12 23:26:06', '2026-05-12 23:26:06'),
(347, '2026-12-13', 0, 0, NULL, '2026-05-12 23:26:06', '2026-05-12 23:26:06'),
(348, '2026-12-14', 1, 0, NULL, '2026-05-12 23:26:06', '2026-05-12 23:26:06'),
(349, '2026-12-15', 2, 0, NULL, '2026-05-12 23:26:06', '2026-05-12 23:26:06'),
(350, '2026-12-16', 3, 0, NULL, '2026-05-12 23:26:06', '2026-05-12 23:26:06'),
(351, '2026-12-17', 4, 0, NULL, '2026-05-12 23:26:06', '2026-05-12 23:26:06'),
(352, '2026-12-18', 5, 0, NULL, '2026-05-12 23:26:06', '2026-05-12 23:26:06'),
(353, '2026-12-19', 6, 0, NULL, '2026-05-12 23:26:06', '2026-05-12 23:26:06'),
(354, '2026-12-20', 0, 0, NULL, '2026-05-12 23:26:06', '2026-05-12 23:26:06'),
(355, '2026-12-21', 1, 0, NULL, '2026-05-12 23:26:06', '2026-05-12 23:26:06'),
(356, '2026-12-22', 2, 0, NULL, '2026-05-12 23:26:06', '2026-05-12 23:26:06'),
(357, '2026-12-23', 3, 0, NULL, '2026-05-12 23:26:06', '2026-05-12 23:26:06'),
(358, '2026-12-24', 4, 0, NULL, '2026-05-12 23:26:06', '2026-05-12 23:26:06'),
(359, '2026-12-25', 5, 1, 'Navidad', '2026-05-12 23:26:06', '2026-05-12 23:26:06'),
(360, '2026-12-26', 6, 0, NULL, '2026-05-12 23:26:06', '2026-05-12 23:26:06'),
(361, '2026-12-27', 0, 0, NULL, '2026-05-12 23:26:06', '2026-05-12 23:26:06'),
(362, '2026-12-28', 1, 0, NULL, '2026-05-12 23:26:06', '2026-05-12 23:26:06'),
(363, '2026-12-29', 2, 0, NULL, '2026-05-12 23:26:06', '2026-05-12 23:26:06'),
(364, '2026-12-30', 3, 0, NULL, '2026-05-12 23:26:06', '2026-05-12 23:26:06'),
(365, '2026-12-31', 4, 0, NULL, '2026-05-12 23:26:06', '2026-05-12 23:26:06'),
(366, '2027-01-01', 5, 1, 'Año Nuevo', '2026-05-12 23:26:21', '2026-05-12 23:26:21'),
(367, '2027-01-02', 6, 0, NULL, '2026-05-12 23:26:21', '2026-05-12 23:26:21'),
(368, '2027-01-03', 0, 0, NULL, '2026-05-12 23:26:21', '2026-05-12 23:26:21'),
(369, '2027-01-04', 1, 0, NULL, '2026-05-12 23:26:21', '2026-05-12 23:26:21'),
(370, '2027-01-05', 2, 0, NULL, '2026-05-12 23:26:21', '2026-05-12 23:26:21'),
(371, '2027-01-06', 3, 0, NULL, '2026-05-12 23:26:21', '2026-05-12 23:26:21'),
(372, '2027-01-07', 4, 0, NULL, '2026-05-12 23:26:21', '2026-05-12 23:26:21'),
(373, '2027-01-08', 5, 0, NULL, '2026-05-12 23:26:21', '2026-05-12 23:26:21'),
(374, '2027-01-09', 6, 0, NULL, '2026-05-12 23:26:21', '2026-05-12 23:26:21'),
(375, '2027-01-10', 0, 0, NULL, '2026-05-12 23:26:21', '2026-05-12 23:26:21'),
(376, '2027-01-11', 1, 1, 'Reyes Magos', '2026-05-12 23:26:21', '2026-05-12 23:26:21'),
(377, '2027-01-12', 2, 0, NULL, '2026-05-12 23:26:21', '2026-05-12 23:26:21'),
(378, '2027-01-13', 3, 0, NULL, '2026-05-12 23:26:21', '2026-05-12 23:26:21'),
(379, '2027-01-14', 4, 0, NULL, '2026-05-12 23:26:21', '2026-05-12 23:26:21'),
(380, '2027-01-15', 5, 0, NULL, '2026-05-12 23:26:21', '2026-05-12 23:26:21'),
(381, '2027-01-16', 6, 0, NULL, '2026-05-12 23:26:21', '2026-05-12 23:26:21'),
(382, '2027-01-17', 0, 0, NULL, '2026-05-12 23:26:21', '2026-05-12 23:26:21'),
(383, '2027-01-18', 1, 0, NULL, '2026-05-12 23:26:21', '2026-05-12 23:26:21'),
(384, '2027-01-19', 2, 0, NULL, '2026-05-12 23:26:21', '2026-05-12 23:26:21'),
(385, '2027-01-20', 3, 0, NULL, '2026-05-12 23:26:21', '2026-05-12 23:26:21'),
(386, '2027-01-21', 4, 0, NULL, '2026-05-12 23:26:21', '2026-05-12 23:26:21'),
(387, '2027-01-22', 5, 0, NULL, '2026-05-12 23:26:21', '2026-05-12 23:26:21'),
(388, '2027-01-23', 6, 0, NULL, '2026-05-12 23:26:21', '2026-05-12 23:26:21'),
(389, '2027-01-24', 0, 0, NULL, '2026-05-12 23:26:21', '2026-05-12 23:26:21'),
(390, '2027-01-25', 1, 0, NULL, '2026-05-12 23:26:21', '2026-05-12 23:26:21'),
(391, '2027-01-26', 2, 0, NULL, '2026-05-12 23:26:21', '2026-05-12 23:26:21'),
(392, '2027-01-27', 3, 0, NULL, '2026-05-12 23:26:21', '2026-05-12 23:26:21'),
(393, '2027-01-28', 4, 0, NULL, '2026-05-12 23:26:21', '2026-05-12 23:26:21'),
(394, '2027-01-29', 5, 0, NULL, '2026-05-12 23:26:21', '2026-05-12 23:26:21'),
(395, '2027-01-30', 6, 0, NULL, '2026-05-12 23:26:21', '2026-05-12 23:26:21'),
(396, '2027-01-31', 0, 0, NULL, '2026-05-12 23:26:21', '2026-05-12 23:26:21'),
(397, '2027-02-01', 1, 0, NULL, '2026-05-12 23:26:21', '2026-05-12 23:26:21'),
(398, '2027-02-02', 2, 0, NULL, '2026-05-12 23:26:21', '2026-05-12 23:26:21'),
(399, '2027-02-03', 3, 0, NULL, '2026-05-12 23:26:21', '2026-05-12 23:26:21'),
(400, '2027-02-04', 4, 0, NULL, '2026-05-12 23:26:21', '2026-05-12 23:26:21'),
(401, '2027-02-05', 5, 0, NULL, '2026-05-12 23:26:21', '2026-05-12 23:26:21'),
(402, '2027-02-06', 6, 0, NULL, '2026-05-12 23:26:21', '2026-05-12 23:26:21'),
(403, '2027-02-07', 0, 0, NULL, '2026-05-12 23:26:21', '2026-05-12 23:26:21'),
(404, '2027-02-08', 1, 0, NULL, '2026-05-12 23:26:21', '2026-05-12 23:26:21'),
(405, '2027-02-09', 2, 0, NULL, '2026-05-12 23:26:21', '2026-05-12 23:26:21'),
(406, '2027-02-10', 3, 0, NULL, '2026-05-12 23:26:21', '2026-05-12 23:26:21'),
(407, '2027-02-11', 4, 0, NULL, '2026-05-12 23:26:21', '2026-05-12 23:26:21'),
(408, '2027-02-12', 5, 0, NULL, '2026-05-12 23:26:21', '2026-05-12 23:26:21'),
(409, '2027-02-13', 6, 0, NULL, '2026-05-12 23:26:21', '2026-05-12 23:26:21'),
(410, '2027-02-14', 0, 0, NULL, '2026-05-12 23:26:21', '2026-05-12 23:26:21'),
(411, '2027-02-15', 1, 0, NULL, '2026-05-12 23:26:21', '2026-05-12 23:26:21'),
(412, '2027-02-16', 2, 0, NULL, '2026-05-12 23:26:21', '2026-05-12 23:26:21'),
(413, '2027-02-17', 3, 0, NULL, '2026-05-12 23:26:21', '2026-05-12 23:26:21'),
(414, '2027-02-18', 4, 0, NULL, '2026-05-12 23:26:21', '2026-05-12 23:26:21'),
(415, '2027-02-19', 5, 0, NULL, '2026-05-12 23:26:21', '2026-05-12 23:26:21'),
(416, '2027-02-20', 6, 0, NULL, '2026-05-12 23:26:21', '2026-05-12 23:26:21'),
(417, '2027-02-21', 0, 0, NULL, '2026-05-12 23:26:21', '2026-05-12 23:26:21'),
(418, '2027-02-22', 1, 0, NULL, '2026-05-12 23:26:21', '2026-05-12 23:26:21'),
(419, '2027-02-23', 2, 0, NULL, '2026-05-12 23:26:21', '2026-05-12 23:26:21'),
(420, '2027-02-24', 3, 0, NULL, '2026-05-12 23:26:21', '2026-05-12 23:26:21'),
(421, '2027-02-25', 4, 0, NULL, '2026-05-12 23:26:21', '2026-05-12 23:26:21'),
(422, '2027-02-26', 5, 0, NULL, '2026-05-12 23:26:21', '2026-05-12 23:26:21'),
(423, '2027-02-27', 6, 0, NULL, '2026-05-12 23:26:21', '2026-05-12 23:26:21'),
(424, '2027-02-28', 0, 0, NULL, '2026-05-12 23:26:21', '2026-05-12 23:26:21'),
(425, '2027-03-01', 1, 0, NULL, '2026-05-12 23:26:21', '2026-05-12 23:26:21'),
(426, '2027-03-02', 2, 0, NULL, '2026-05-12 23:26:21', '2026-05-12 23:26:21'),
(427, '2027-03-03', 3, 0, NULL, '2026-05-12 23:26:21', '2026-05-12 23:26:21'),
(428, '2027-03-04', 4, 0, NULL, '2026-05-12 23:26:21', '2026-05-12 23:26:21'),
(429, '2027-03-05', 5, 0, NULL, '2026-05-12 23:26:21', '2026-05-12 23:26:21'),
(430, '2027-03-06', 6, 0, NULL, '2026-05-12 23:26:21', '2026-05-12 23:26:21'),
(431, '2027-03-07', 0, 0, NULL, '2026-05-12 23:26:21', '2026-05-12 23:26:21'),
(432, '2027-03-08', 1, 0, NULL, '2026-05-12 23:26:21', '2026-05-12 23:26:21'),
(433, '2027-03-09', 2, 0, NULL, '2026-05-12 23:26:21', '2026-05-12 23:26:21'),
(434, '2027-03-10', 3, 0, NULL, '2026-05-12 23:26:21', '2026-05-12 23:26:21'),
(435, '2027-03-11', 4, 0, NULL, '2026-05-12 23:26:21', '2026-05-12 23:26:21'),
(436, '2027-03-12', 5, 0, NULL, '2026-05-12 23:26:21', '2026-05-12 23:26:21'),
(437, '2027-03-13', 6, 0, NULL, '2026-05-12 23:26:21', '2026-05-12 23:26:21'),
(438, '2027-03-14', 0, 0, NULL, '2026-05-12 23:26:21', '2026-05-12 23:26:21'),
(439, '2027-03-15', 1, 0, NULL, '2026-05-12 23:26:21', '2026-05-12 23:26:21'),
(440, '2027-03-16', 2, 0, NULL, '2026-05-12 23:26:21', '2026-05-12 23:26:21'),
(441, '2027-03-17', 3, 0, NULL, '2026-05-12 23:26:21', '2026-05-12 23:26:21'),
(442, '2027-03-18', 4, 0, NULL, '2026-05-12 23:26:21', '2026-05-12 23:26:21'),
(443, '2027-03-19', 5, 0, NULL, '2026-05-12 23:26:21', '2026-05-12 23:26:21'),
(444, '2027-03-20', 6, 0, NULL, '2026-05-12 23:26:21', '2026-05-12 23:26:21'),
(445, '2027-03-21', 0, 0, NULL, '2026-05-12 23:26:21', '2026-05-12 23:26:21'),
(446, '2027-03-22', 1, 1, 'San José', '2026-05-12 23:26:21', '2026-05-12 23:26:21'),
(447, '2027-03-23', 2, 0, NULL, '2026-05-12 23:26:21', '2026-05-12 23:26:21'),
(448, '2027-03-24', 3, 0, NULL, '2026-05-12 23:26:21', '2026-05-12 23:26:21'),
(449, '2027-03-25', 4, 1, 'Jueves Santo', '2026-05-12 23:26:21', '2026-05-12 23:26:21'),
(450, '2027-03-26', 5, 1, 'Viernes Santo', '2026-05-12 23:26:21', '2026-05-12 23:26:21'),
(451, '2027-03-27', 6, 0, NULL, '2026-05-12 23:26:21', '2026-05-12 23:26:21'),
(452, '2027-03-28', 0, 0, NULL, '2026-05-12 23:26:21', '2026-05-12 23:26:21'),
(453, '2027-03-29', 1, 0, NULL, '2026-05-12 23:26:21', '2026-05-12 23:26:21'),
(454, '2027-03-30', 2, 0, NULL, '2026-05-12 23:26:21', '2026-05-12 23:26:21'),
(455, '2027-03-31', 3, 0, NULL, '2026-05-12 23:26:21', '2026-05-12 23:26:21'),
(456, '2027-04-01', 4, 0, NULL, '2026-05-12 23:26:21', '2026-05-12 23:26:21'),
(457, '2027-04-02', 5, 0, NULL, '2026-05-12 23:26:21', '2026-05-12 23:26:21'),
(458, '2027-04-03', 6, 0, NULL, '2026-05-12 23:26:21', '2026-05-12 23:26:21'),
(459, '2027-04-04', 0, 0, NULL, '2026-05-12 23:26:21', '2026-05-12 23:26:21'),
(460, '2027-04-05', 1, 0, NULL, '2026-05-12 23:26:21', '2026-05-12 23:26:21'),
(461, '2027-04-06', 2, 0, NULL, '2026-05-12 23:26:21', '2026-05-12 23:26:21'),
(462, '2027-04-07', 3, 0, NULL, '2026-05-12 23:26:21', '2026-05-12 23:26:21'),
(463, '2027-04-08', 4, 0, NULL, '2026-05-12 23:26:21', '2026-05-12 23:26:21'),
(464, '2027-04-09', 5, 0, NULL, '2026-05-12 23:26:21', '2026-05-12 23:26:21'),
(465, '2027-04-10', 6, 0, NULL, '2026-05-12 23:26:21', '2026-05-12 23:26:21'),
(466, '2027-04-11', 0, 0, NULL, '2026-05-12 23:26:21', '2026-05-12 23:26:21'),
(467, '2027-04-12', 1, 0, NULL, '2026-05-12 23:26:21', '2026-05-12 23:26:21'),
(468, '2027-04-13', 2, 0, NULL, '2026-05-12 23:26:21', '2026-05-12 23:26:21'),
(469, '2027-04-14', 3, 0, NULL, '2026-05-12 23:26:21', '2026-05-12 23:26:21'),
(470, '2027-04-15', 4, 0, NULL, '2026-05-12 23:26:21', '2026-05-12 23:26:21'),
(471, '2027-04-16', 5, 0, NULL, '2026-05-12 23:26:21', '2026-05-12 23:26:21'),
(472, '2027-04-17', 6, 0, NULL, '2026-05-12 23:26:21', '2026-05-12 23:26:21'),
(473, '2027-04-18', 0, 0, NULL, '2026-05-12 23:26:21', '2026-05-12 23:26:21'),
(474, '2027-04-19', 1, 0, NULL, '2026-05-12 23:26:21', '2026-05-12 23:26:21'),
(475, '2027-04-20', 2, 0, NULL, '2026-05-12 23:26:21', '2026-05-12 23:26:21'),
(476, '2027-04-21', 3, 0, NULL, '2026-05-12 23:26:21', '2026-05-12 23:26:21'),
(477, '2027-04-22', 4, 0, NULL, '2026-05-12 23:26:21', '2026-05-12 23:26:21'),
(478, '2027-04-23', 5, 0, NULL, '2026-05-12 23:26:21', '2026-05-12 23:26:21'),
(479, '2027-04-24', 6, 0, NULL, '2026-05-12 23:26:21', '2026-05-12 23:26:21'),
(480, '2027-04-25', 0, 0, NULL, '2026-05-12 23:26:21', '2026-05-12 23:26:21'),
(481, '2027-04-26', 1, 0, NULL, '2026-05-12 23:26:21', '2026-05-12 23:26:21'),
(482, '2027-04-27', 2, 0, NULL, '2026-05-12 23:26:21', '2026-05-12 23:26:21'),
(483, '2027-04-28', 3, 0, NULL, '2026-05-12 23:26:21', '2026-05-12 23:26:21'),
(484, '2027-04-29', 4, 0, NULL, '2026-05-12 23:26:21', '2026-05-12 23:26:21'),
(485, '2027-04-30', 5, 0, NULL, '2026-05-12 23:26:21', '2026-05-12 23:26:21'),
(486, '2027-05-01', 6, 1, 'Día del Trabajo', '2026-05-12 23:26:21', '2026-05-12 23:26:21'),
(487, '2027-05-02', 0, 0, NULL, '2026-05-12 23:26:21', '2026-05-12 23:26:21'),
(488, '2027-05-03', 1, 0, NULL, '2026-05-12 23:26:21', '2026-05-12 23:26:21'),
(489, '2027-05-04', 2, 0, NULL, '2026-05-12 23:26:21', '2026-05-12 23:26:21'),
(490, '2027-05-05', 3, 0, NULL, '2026-05-12 23:26:21', '2026-05-12 23:26:21'),
(491, '2027-05-06', 4, 0, NULL, '2026-05-12 23:26:21', '2026-05-12 23:26:21'),
(492, '2027-05-07', 5, 0, NULL, '2026-05-12 23:26:21', '2026-05-12 23:26:21'),
(493, '2027-05-08', 6, 0, NULL, '2026-05-12 23:26:21', '2026-05-12 23:26:21'),
(494, '2027-05-09', 0, 0, NULL, '2026-05-12 23:26:21', '2026-05-12 23:26:21'),
(495, '2027-05-10', 1, 1, 'Ascensión del Señor', '2026-05-12 23:26:21', '2026-05-12 23:26:21'),
(496, '2027-05-11', 2, 0, NULL, '2026-05-12 23:26:21', '2026-05-12 23:26:21'),
(497, '2027-05-12', 3, 0, NULL, '2026-05-12 23:26:21', '2026-05-12 23:26:21'),
(498, '2027-05-13', 4, 0, NULL, '2026-05-12 23:26:21', '2026-05-12 23:26:21'),
(499, '2027-05-14', 5, 0, NULL, '2026-05-12 23:26:21', '2026-05-12 23:26:21'),
(500, '2027-05-15', 6, 0, NULL, '2026-05-12 23:26:21', '2026-05-12 23:26:21'),
(501, '2027-05-16', 0, 0, NULL, '2026-05-12 23:26:21', '2026-05-12 23:26:21'),
(502, '2027-05-17', 1, 0, NULL, '2026-05-12 23:26:21', '2026-05-12 23:26:21'),
(503, '2027-05-18', 2, 0, NULL, '2026-05-12 23:26:21', '2026-05-12 23:26:21'),
(504, '2027-05-19', 3, 0, NULL, '2026-05-12 23:26:21', '2026-05-12 23:26:21'),
(505, '2027-05-20', 4, 0, NULL, '2026-05-12 23:26:21', '2026-05-12 23:26:21'),
(506, '2027-05-21', 5, 0, NULL, '2026-05-12 23:26:21', '2026-05-12 23:26:21'),
(507, '2027-05-22', 6, 0, NULL, '2026-05-12 23:26:21', '2026-05-12 23:26:21'),
(508, '2027-05-23', 0, 0, NULL, '2026-05-12 23:26:21', '2026-05-12 23:26:21'),
(509, '2027-05-24', 1, 0, NULL, '2026-05-12 23:26:21', '2026-05-12 23:26:21'),
(510, '2027-05-25', 2, 0, NULL, '2026-05-12 23:26:21', '2026-05-12 23:26:21'),
(511, '2027-05-26', 3, 0, NULL, '2026-05-12 23:26:21', '2026-05-12 23:26:21'),
(512, '2027-05-27', 4, 0, NULL, '2026-05-12 23:26:21', '2026-05-12 23:26:21'),
(513, '2027-05-28', 5, 0, NULL, '2026-05-12 23:26:21', '2026-05-12 23:26:21'),
(514, '2027-05-29', 6, 0, NULL, '2026-05-12 23:26:21', '2026-05-12 23:26:21'),
(515, '2027-05-30', 0, 0, NULL, '2026-05-12 23:26:21', '2026-05-12 23:26:21'),
(516, '2027-05-31', 1, 1, 'Corpus Christi', '2026-05-12 23:26:21', '2026-05-12 23:26:21'),
(517, '2027-06-01', 2, 0, NULL, '2026-05-12 23:26:21', '2026-05-12 23:26:21'),
(518, '2027-06-02', 3, 0, NULL, '2026-05-12 23:26:21', '2026-05-12 23:26:21'),
(519, '2027-06-03', 4, 0, NULL, '2026-05-12 23:26:21', '2026-05-12 23:26:21'),
(520, '2027-06-04', 5, 0, NULL, '2026-05-12 23:26:21', '2026-05-12 23:26:21'),
(521, '2027-06-05', 6, 0, NULL, '2026-05-12 23:26:21', '2026-05-12 23:26:21'),
(522, '2027-06-06', 0, 0, NULL, '2026-05-12 23:26:21', '2026-05-12 23:26:21'),
(523, '2027-06-07', 1, 1, 'Sagrado Corazón de Jesús', '2026-05-12 23:26:21', '2026-05-12 23:26:21'),
(524, '2027-06-08', 2, 0, NULL, '2026-05-12 23:26:21', '2026-05-12 23:26:21'),
(525, '2027-06-09', 3, 0, NULL, '2026-05-12 23:26:21', '2026-05-12 23:26:21'),
(526, '2027-06-10', 4, 0, NULL, '2026-05-12 23:26:21', '2026-05-12 23:26:21'),
(527, '2027-06-11', 5, 0, NULL, '2026-05-12 23:26:21', '2026-05-12 23:26:21'),
(528, '2027-06-12', 6, 0, NULL, '2026-05-12 23:26:21', '2026-05-12 23:26:21'),
(529, '2027-06-13', 0, 0, NULL, '2026-05-12 23:26:21', '2026-05-12 23:26:21'),
(530, '2027-06-14', 1, 0, NULL, '2026-05-12 23:26:21', '2026-05-12 23:26:21'),
(531, '2027-06-15', 2, 0, NULL, '2026-05-12 23:26:21', '2026-05-12 23:26:21'),
(532, '2027-06-16', 3, 0, NULL, '2026-05-12 23:26:21', '2026-05-12 23:26:21'),
(533, '2027-06-17', 4, 0, NULL, '2026-05-12 23:26:21', '2026-05-12 23:26:21'),
(534, '2027-06-18', 5, 0, NULL, '2026-05-12 23:26:21', '2026-05-12 23:26:21'),
(535, '2027-06-19', 6, 0, NULL, '2026-05-12 23:26:21', '2026-05-12 23:26:21'),
(536, '2027-06-20', 0, 0, NULL, '2026-05-12 23:26:21', '2026-05-12 23:26:21'),
(537, '2027-06-21', 1, 0, NULL, '2026-05-12 23:26:21', '2026-05-12 23:26:21'),
(538, '2027-06-22', 2, 0, NULL, '2026-05-12 23:26:21', '2026-05-12 23:26:21'),
(539, '2027-06-23', 3, 0, NULL, '2026-05-12 23:26:21', '2026-05-12 23:26:21'),
(540, '2027-06-24', 4, 0, NULL, '2026-05-12 23:26:21', '2026-05-12 23:26:21'),
(541, '2027-06-25', 5, 0, NULL, '2026-05-12 23:26:21', '2026-05-12 23:26:21'),
(542, '2027-06-26', 6, 0, NULL, '2026-05-12 23:26:21', '2026-05-12 23:26:21'),
(543, '2027-06-27', 0, 0, NULL, '2026-05-12 23:26:21', '2026-05-12 23:26:21'),
(544, '2027-06-28', 1, 0, NULL, '2026-05-12 23:26:21', '2026-05-12 23:26:21'),
(545, '2027-06-29', 2, 0, NULL, '2026-05-12 23:26:21', '2026-05-12 23:26:21'),
(546, '2027-06-30', 3, 0, NULL, '2026-05-12 23:26:21', '2026-05-12 23:26:21'),
(547, '2027-07-01', 4, 0, NULL, '2026-05-12 23:26:21', '2026-05-12 23:26:21'),
(548, '2027-07-02', 5, 0, NULL, '2026-05-12 23:26:21', '2026-05-12 23:26:21'),
(549, '2027-07-03', 6, 0, NULL, '2026-05-12 23:26:21', '2026-05-12 23:26:21'),
(550, '2027-07-04', 0, 0, NULL, '2026-05-12 23:26:21', '2026-05-12 23:26:21'),
(551, '2027-07-05', 1, 1, 'San Pedro y San Pablo', '2026-05-12 23:26:21', '2026-05-12 23:26:21'),
(552, '2027-07-06', 2, 0, NULL, '2026-05-12 23:26:21', '2026-05-12 23:26:21'),
(553, '2027-07-07', 3, 0, NULL, '2026-05-12 23:26:21', '2026-05-12 23:26:21'),
(554, '2027-07-08', 4, 0, NULL, '2026-05-12 23:26:21', '2026-05-12 23:26:21'),
(555, '2027-07-09', 5, 0, NULL, '2026-05-12 23:26:21', '2026-05-12 23:26:21'),
(556, '2027-07-10', 6, 0, NULL, '2026-05-12 23:26:21', '2026-05-12 23:26:21'),
(557, '2027-07-11', 0, 0, NULL, '2026-05-12 23:26:21', '2026-05-12 23:26:21'),
(558, '2027-07-12', 1, 0, NULL, '2026-05-12 23:26:21', '2026-05-12 23:26:21'),
(559, '2027-07-13', 2, 0, NULL, '2026-05-12 23:26:21', '2026-05-12 23:26:21'),
(560, '2027-07-14', 3, 0, NULL, '2026-05-12 23:26:21', '2026-05-12 23:26:21'),
(561, '2027-07-15', 4, 0, NULL, '2026-05-12 23:26:21', '2026-05-12 23:26:21'),
(562, '2027-07-16', 5, 0, NULL, '2026-05-12 23:26:21', '2026-05-12 23:26:21'),
(563, '2027-07-17', 6, 0, NULL, '2026-05-12 23:26:21', '2026-05-12 23:26:21'),
(564, '2027-07-18', 0, 0, NULL, '2026-05-12 23:26:21', '2026-05-12 23:26:21'),
(565, '2027-07-19', 1, 0, NULL, '2026-05-12 23:26:21', '2026-05-12 23:26:21'),
(566, '2027-07-20', 2, 1, 'Día de la Independencia', '2026-05-12 23:26:21', '2026-05-12 23:26:21'),
(567, '2027-07-21', 3, 0, NULL, '2026-05-12 23:26:21', '2026-05-12 23:26:21'),
(568, '2027-07-22', 4, 0, NULL, '2026-05-12 23:26:21', '2026-05-12 23:26:21'),
(569, '2027-07-23', 5, 0, NULL, '2026-05-12 23:26:21', '2026-05-12 23:26:21'),
(570, '2027-07-24', 6, 0, NULL, '2026-05-12 23:26:21', '2026-05-12 23:26:21'),
(571, '2027-07-25', 0, 0, NULL, '2026-05-12 23:26:21', '2026-05-12 23:26:21'),
(572, '2027-07-26', 1, 0, NULL, '2026-05-12 23:26:21', '2026-05-12 23:26:21'),
(573, '2027-07-27', 2, 0, NULL, '2026-05-12 23:26:21', '2026-05-12 23:26:21'),
(574, '2027-07-28', 3, 0, NULL, '2026-05-12 23:26:21', '2026-05-12 23:26:21'),
(575, '2027-07-29', 4, 0, NULL, '2026-05-12 23:26:21', '2026-05-12 23:26:21'),
(576, '2027-07-30', 5, 0, NULL, '2026-05-12 23:26:21', '2026-05-12 23:26:21'),
(577, '2027-07-31', 6, 0, NULL, '2026-05-12 23:26:21', '2026-05-12 23:26:21'),
(578, '2027-08-01', 0, 0, NULL, '2026-05-12 23:26:21', '2026-05-12 23:26:21'),
(579, '2027-08-02', 1, 0, NULL, '2026-05-12 23:26:21', '2026-05-12 23:26:21'),
(580, '2027-08-03', 2, 0, NULL, '2026-05-12 23:26:21', '2026-05-12 23:26:21'),
(581, '2027-08-04', 3, 0, NULL, '2026-05-12 23:26:21', '2026-05-12 23:26:21'),
(582, '2027-08-05', 4, 0, NULL, '2026-05-12 23:26:21', '2026-05-12 23:26:21'),
(583, '2027-08-06', 5, 0, NULL, '2026-05-12 23:26:21', '2026-05-12 23:26:21'),
(584, '2027-08-07', 6, 1, 'Batalla de Boyacá', '2026-05-12 23:26:21', '2026-05-12 23:26:21'),
(585, '2027-08-08', 0, 0, NULL, '2026-05-12 23:26:21', '2026-05-12 23:26:21'),
(586, '2027-08-09', 1, 0, NULL, '2026-05-12 23:26:21', '2026-05-12 23:26:21'),
(587, '2027-08-10', 2, 0, NULL, '2026-05-12 23:26:21', '2026-05-12 23:26:21'),
(588, '2027-08-11', 3, 0, NULL, '2026-05-12 23:26:21', '2026-05-12 23:26:21'),
(589, '2027-08-12', 4, 0, NULL, '2026-05-12 23:26:21', '2026-05-12 23:26:21'),
(590, '2027-08-13', 5, 0, NULL, '2026-05-12 23:26:21', '2026-05-12 23:26:21'),
(591, '2027-08-14', 6, 0, NULL, '2026-05-12 23:26:21', '2026-05-12 23:26:21'),
(592, '2027-08-15', 0, 0, NULL, '2026-05-12 23:26:21', '2026-05-12 23:26:21'),
(593, '2027-08-16', 1, 1, 'Asunción de la Virgen', '2026-05-12 23:26:21', '2026-05-12 23:26:21'),
(594, '2027-08-17', 2, 0, NULL, '2026-05-12 23:26:21', '2026-05-12 23:26:21'),
(595, '2027-08-18', 3, 0, NULL, '2026-05-12 23:26:21', '2026-05-12 23:26:21'),
(596, '2027-08-19', 4, 0, NULL, '2026-05-12 23:26:21', '2026-05-12 23:26:21'),
(597, '2027-08-20', 5, 0, NULL, '2026-05-12 23:26:21', '2026-05-12 23:26:21'),
(598, '2027-08-21', 6, 0, NULL, '2026-05-12 23:26:21', '2026-05-12 23:26:21'),
(599, '2027-08-22', 0, 0, NULL, '2026-05-12 23:26:21', '2026-05-12 23:26:21'),
(600, '2027-08-23', 1, 0, NULL, '2026-05-12 23:26:21', '2026-05-12 23:26:21'),
(601, '2027-08-24', 2, 0, NULL, '2026-05-12 23:26:21', '2026-05-12 23:26:21'),
(602, '2027-08-25', 3, 0, NULL, '2026-05-12 23:26:21', '2026-05-12 23:26:21'),
(603, '2027-08-26', 4, 0, NULL, '2026-05-12 23:26:21', '2026-05-12 23:26:21'),
(604, '2027-08-27', 5, 0, NULL, '2026-05-12 23:26:21', '2026-05-12 23:26:21'),
(605, '2027-08-28', 6, 0, NULL, '2026-05-12 23:26:21', '2026-05-12 23:26:21'),
(606, '2027-08-29', 0, 0, NULL, '2026-05-12 23:26:21', '2026-05-12 23:26:21'),
(607, '2027-08-30', 1, 0, NULL, '2026-05-12 23:26:21', '2026-05-12 23:26:21'),
(608, '2027-08-31', 2, 0, NULL, '2026-05-12 23:26:21', '2026-05-12 23:26:21'),
(609, '2027-09-01', 3, 0, NULL, '2026-05-12 23:26:21', '2026-05-12 23:26:21'),
(610, '2027-09-02', 4, 0, NULL, '2026-05-12 23:26:21', '2026-05-12 23:26:21'),
(611, '2027-09-03', 5, 0, NULL, '2026-05-12 23:26:21', '2026-05-12 23:26:21'),
(612, '2027-09-04', 6, 0, NULL, '2026-05-12 23:26:21', '2026-05-12 23:26:21'),
(613, '2027-09-05', 0, 0, NULL, '2026-05-12 23:26:21', '2026-05-12 23:26:21'),
(614, '2027-09-06', 1, 0, NULL, '2026-05-12 23:26:21', '2026-05-12 23:26:21'),
(615, '2027-09-07', 2, 0, NULL, '2026-05-12 23:26:21', '2026-05-12 23:26:21'),
(616, '2027-09-08', 3, 0, NULL, '2026-05-12 23:26:21', '2026-05-12 23:26:21'),
(617, '2027-09-09', 4, 0, NULL, '2026-05-12 23:26:21', '2026-05-12 23:26:21'),
(618, '2027-09-10', 5, 0, NULL, '2026-05-12 23:26:21', '2026-05-12 23:26:21'),
(619, '2027-09-11', 6, 0, NULL, '2026-05-12 23:26:21', '2026-05-12 23:26:21'),
(620, '2027-09-12', 0, 0, NULL, '2026-05-12 23:26:21', '2026-05-12 23:26:21'),
(621, '2027-09-13', 1, 0, NULL, '2026-05-12 23:26:21', '2026-05-12 23:26:21'),
(622, '2027-09-14', 2, 0, NULL, '2026-05-12 23:26:21', '2026-05-12 23:26:21'),
(623, '2027-09-15', 3, 0, NULL, '2026-05-12 23:26:21', '2026-05-12 23:26:21'),
(624, '2027-09-16', 4, 0, NULL, '2026-05-12 23:26:21', '2026-05-12 23:26:21'),
(625, '2027-09-17', 5, 0, NULL, '2026-05-12 23:26:21', '2026-05-12 23:26:21'),
(626, '2027-09-18', 6, 0, NULL, '2026-05-12 23:26:21', '2026-05-12 23:26:21'),
(627, '2027-09-19', 0, 0, NULL, '2026-05-12 23:26:21', '2026-05-12 23:26:21'),
(628, '2027-09-20', 1, 0, NULL, '2026-05-12 23:26:21', '2026-05-12 23:26:21'),
(629, '2027-09-21', 2, 0, NULL, '2026-05-12 23:26:21', '2026-05-12 23:26:21'),
(630, '2027-09-22', 3, 0, NULL, '2026-05-12 23:26:21', '2026-05-12 23:26:21'),
(631, '2027-09-23', 4, 0, NULL, '2026-05-12 23:26:21', '2026-05-12 23:26:21'),
(632, '2027-09-24', 5, 0, NULL, '2026-05-12 23:26:21', '2026-05-12 23:26:21'),
(633, '2027-09-25', 6, 0, NULL, '2026-05-12 23:26:21', '2026-05-12 23:26:21'),
(634, '2027-09-26', 0, 0, NULL, '2026-05-12 23:26:21', '2026-05-12 23:26:21'),
(635, '2027-09-27', 1, 0, NULL, '2026-05-12 23:26:21', '2026-05-12 23:26:21'),
(636, '2027-09-28', 2, 0, NULL, '2026-05-12 23:26:21', '2026-05-12 23:26:21'),
(637, '2027-09-29', 3, 0, NULL, '2026-05-12 23:26:21', '2026-05-12 23:26:21'),
(638, '2027-09-30', 4, 0, NULL, '2026-05-12 23:26:21', '2026-05-12 23:26:21'),
(639, '2027-10-01', 5, 0, NULL, '2026-05-12 23:26:21', '2026-05-12 23:26:21'),
(640, '2027-10-02', 6, 0, NULL, '2026-05-12 23:26:21', '2026-05-12 23:26:21'),
(641, '2027-10-03', 0, 0, NULL, '2026-05-12 23:26:21', '2026-05-12 23:26:21'),
(642, '2027-10-04', 1, 0, NULL, '2026-05-12 23:26:21', '2026-05-12 23:26:21'),
(643, '2027-10-05', 2, 0, NULL, '2026-05-12 23:26:21', '2026-05-12 23:26:21');
INSERT INTO `calendario` (`id`, `fecha`, `dia_semana`, `es_festivo`, `descripcion_festivo`, `created_at`, `updated_at`) VALUES
(644, '2027-10-06', 3, 0, NULL, '2026-05-12 23:26:21', '2026-05-12 23:26:21'),
(645, '2027-10-07', 4, 0, NULL, '2026-05-12 23:26:21', '2026-05-12 23:26:21'),
(646, '2027-10-08', 5, 0, NULL, '2026-05-12 23:26:21', '2026-05-12 23:26:21'),
(647, '2027-10-09', 6, 0, NULL, '2026-05-12 23:26:21', '2026-05-12 23:26:21'),
(648, '2027-10-10', 0, 0, NULL, '2026-05-12 23:26:21', '2026-05-12 23:26:21'),
(649, '2027-10-11', 1, 0, NULL, '2026-05-12 23:26:21', '2026-05-12 23:26:21'),
(650, '2027-10-12', 2, 0, NULL, '2026-05-12 23:26:21', '2026-05-12 23:26:21'),
(651, '2027-10-13', 3, 0, NULL, '2026-05-12 23:26:21', '2026-05-12 23:26:21'),
(652, '2027-10-14', 4, 0, NULL, '2026-05-12 23:26:21', '2026-05-12 23:26:21'),
(653, '2027-10-15', 5, 0, NULL, '2026-05-12 23:26:21', '2026-05-12 23:26:21'),
(654, '2027-10-16', 6, 0, NULL, '2026-05-12 23:26:21', '2026-05-12 23:26:21'),
(655, '2027-10-17', 0, 0, NULL, '2026-05-12 23:26:21', '2026-05-12 23:26:21'),
(656, '2027-10-18', 1, 1, 'Día de la Raza', '2026-05-12 23:26:21', '2026-05-12 23:26:21'),
(657, '2027-10-19', 2, 0, NULL, '2026-05-12 23:26:21', '2026-05-12 23:26:21'),
(658, '2027-10-20', 3, 0, NULL, '2026-05-12 23:26:21', '2026-05-12 23:26:21'),
(659, '2027-10-21', 4, 0, NULL, '2026-05-12 23:26:21', '2026-05-12 23:26:21'),
(660, '2027-10-22', 5, 0, NULL, '2026-05-12 23:26:21', '2026-05-12 23:26:21'),
(661, '2027-10-23', 6, 0, NULL, '2026-05-12 23:26:21', '2026-05-12 23:26:21'),
(662, '2027-10-24', 0, 0, NULL, '2026-05-12 23:26:21', '2026-05-12 23:26:21'),
(663, '2027-10-25', 1, 0, NULL, '2026-05-12 23:26:21', '2026-05-12 23:26:21'),
(664, '2027-10-26', 2, 0, NULL, '2026-05-12 23:26:21', '2026-05-12 23:26:21'),
(665, '2027-10-27', 3, 0, NULL, '2026-05-12 23:26:21', '2026-05-12 23:26:21'),
(666, '2027-10-28', 4, 0, NULL, '2026-05-12 23:26:21', '2026-05-12 23:26:21'),
(667, '2027-10-29', 5, 0, NULL, '2026-05-12 23:26:21', '2026-05-12 23:26:21'),
(668, '2027-10-30', 6, 0, NULL, '2026-05-12 23:26:21', '2026-05-12 23:26:21'),
(669, '2027-10-31', 0, 0, NULL, '2026-05-12 23:26:21', '2026-05-12 23:26:21'),
(670, '2027-11-01', 1, 1, 'Todos los Santos', '2026-05-12 23:26:21', '2026-05-12 23:26:21'),
(671, '2027-11-02', 2, 0, NULL, '2026-05-12 23:26:21', '2026-05-12 23:26:21'),
(672, '2027-11-03', 3, 0, NULL, '2026-05-12 23:26:21', '2026-05-12 23:26:21'),
(673, '2027-11-04', 4, 0, NULL, '2026-05-12 23:26:21', '2026-05-12 23:26:21'),
(674, '2027-11-05', 5, 0, NULL, '2026-05-12 23:26:21', '2026-05-12 23:26:21'),
(675, '2027-11-06', 6, 0, NULL, '2026-05-12 23:26:21', '2026-05-12 23:26:21'),
(676, '2027-11-07', 0, 0, NULL, '2026-05-12 23:26:21', '2026-05-12 23:26:21'),
(677, '2027-11-08', 1, 0, NULL, '2026-05-12 23:26:21', '2026-05-12 23:26:21'),
(678, '2027-11-09', 2, 0, NULL, '2026-05-12 23:26:21', '2026-05-12 23:26:21'),
(679, '2027-11-10', 3, 0, NULL, '2026-05-12 23:26:21', '2026-05-12 23:26:21'),
(680, '2027-11-11', 4, 0, NULL, '2026-05-12 23:26:21', '2026-05-12 23:26:21'),
(681, '2027-11-12', 5, 0, NULL, '2026-05-12 23:26:21', '2026-05-12 23:26:21'),
(682, '2027-11-13', 6, 0, NULL, '2026-05-12 23:26:21', '2026-05-12 23:26:21'),
(683, '2027-11-14', 0, 0, NULL, '2026-05-12 23:26:21', '2026-05-12 23:26:21'),
(684, '2027-11-15', 1, 1, 'Independencia de Cartagena', '2026-05-12 23:26:21', '2026-05-12 23:26:21'),
(685, '2027-11-16', 2, 0, NULL, '2026-05-12 23:26:21', '2026-05-12 23:26:21'),
(686, '2027-11-17', 3, 0, NULL, '2026-05-12 23:26:21', '2026-05-12 23:26:21'),
(687, '2027-11-18', 4, 0, NULL, '2026-05-12 23:26:21', '2026-05-12 23:26:21'),
(688, '2027-11-19', 5, 0, NULL, '2026-05-12 23:26:21', '2026-05-12 23:26:21'),
(689, '2027-11-20', 6, 0, NULL, '2026-05-12 23:26:21', '2026-05-12 23:26:21'),
(690, '2027-11-21', 0, 0, NULL, '2026-05-12 23:26:21', '2026-05-12 23:26:21'),
(691, '2027-11-22', 1, 0, NULL, '2026-05-12 23:26:21', '2026-05-12 23:26:21'),
(692, '2027-11-23', 2, 0, NULL, '2026-05-12 23:26:21', '2026-05-12 23:26:21'),
(693, '2027-11-24', 3, 0, NULL, '2026-05-12 23:26:21', '2026-05-12 23:26:21'),
(694, '2027-11-25', 4, 0, NULL, '2026-05-12 23:26:21', '2026-05-12 23:26:21'),
(695, '2027-11-26', 5, 0, NULL, '2026-05-12 23:26:21', '2026-05-12 23:26:21'),
(696, '2027-11-27', 6, 0, NULL, '2026-05-12 23:26:21', '2026-05-12 23:26:21'),
(697, '2027-11-28', 0, 0, NULL, '2026-05-12 23:26:21', '2026-05-12 23:26:21'),
(698, '2027-11-29', 1, 0, NULL, '2026-05-12 23:26:21', '2026-05-12 23:26:21'),
(699, '2027-11-30', 2, 0, NULL, '2026-05-12 23:26:21', '2026-05-12 23:26:21'),
(700, '2027-12-01', 3, 0, NULL, '2026-05-12 23:26:21', '2026-05-12 23:26:21'),
(701, '2027-12-02', 4, 0, NULL, '2026-05-12 23:26:21', '2026-05-12 23:26:21'),
(702, '2027-12-03', 5, 0, NULL, '2026-05-12 23:26:21', '2026-05-12 23:26:21'),
(703, '2027-12-04', 6, 0, NULL, '2026-05-12 23:26:21', '2026-05-12 23:26:21'),
(704, '2027-12-05', 0, 0, NULL, '2026-05-12 23:26:21', '2026-05-12 23:26:21'),
(705, '2027-12-06', 1, 0, NULL, '2026-05-12 23:26:21', '2026-05-12 23:26:21'),
(706, '2027-12-07', 2, 0, NULL, '2026-05-12 23:26:21', '2026-05-12 23:26:21'),
(707, '2027-12-08', 3, 1, 'Inmaculada Concepción', '2026-05-12 23:26:21', '2026-05-12 23:26:21'),
(708, '2027-12-09', 4, 0, NULL, '2026-05-12 23:26:21', '2026-05-12 23:26:21'),
(709, '2027-12-10', 5, 0, NULL, '2026-05-12 23:26:21', '2026-05-12 23:26:21'),
(710, '2027-12-11', 6, 0, NULL, '2026-05-12 23:26:21', '2026-05-12 23:26:21'),
(711, '2027-12-12', 0, 0, NULL, '2026-05-12 23:26:21', '2026-05-12 23:26:21'),
(712, '2027-12-13', 1, 0, NULL, '2026-05-12 23:26:21', '2026-05-12 23:26:21'),
(713, '2027-12-14', 2, 0, NULL, '2026-05-12 23:26:21', '2026-05-12 23:26:21'),
(714, '2027-12-15', 3, 0, NULL, '2026-05-12 23:26:21', '2026-05-12 23:26:21'),
(715, '2027-12-16', 4, 0, NULL, '2026-05-12 23:26:21', '2026-05-12 23:26:21'),
(716, '2027-12-17', 5, 0, NULL, '2026-05-12 23:26:21', '2026-05-12 23:26:21'),
(717, '2027-12-18', 6, 0, NULL, '2026-05-12 23:26:21', '2026-05-12 23:26:21'),
(718, '2027-12-19', 0, 0, NULL, '2026-05-12 23:26:21', '2026-05-12 23:26:21'),
(719, '2027-12-20', 1, 0, NULL, '2026-05-12 23:26:21', '2026-05-12 23:26:21'),
(720, '2027-12-21', 2, 0, NULL, '2026-05-12 23:26:21', '2026-05-12 23:26:21'),
(721, '2027-12-22', 3, 0, NULL, '2026-05-12 23:26:21', '2026-05-12 23:26:21'),
(722, '2027-12-23', 4, 0, NULL, '2026-05-12 23:26:21', '2026-05-12 23:26:21'),
(723, '2027-12-24', 5, 0, NULL, '2026-05-12 23:26:21', '2026-05-12 23:26:21'),
(724, '2027-12-25', 6, 1, 'Navidad', '2026-05-12 23:26:21', '2026-05-12 23:26:21'),
(725, '2027-12-26', 0, 0, NULL, '2026-05-12 23:26:21', '2026-05-12 23:26:21'),
(726, '2027-12-27', 1, 0, NULL, '2026-05-12 23:26:21', '2026-05-12 23:26:21'),
(727, '2027-12-28', 2, 0, NULL, '2026-05-12 23:26:21', '2026-05-12 23:26:21'),
(728, '2027-12-29', 3, 0, NULL, '2026-05-12 23:26:21', '2026-05-12 23:26:21'),
(729, '2027-12-30', 4, 0, NULL, '2026-05-12 23:26:21', '2026-05-12 23:26:21'),
(730, '2027-12-31', 5, 0, NULL, '2026-05-12 23:26:21', '2026-05-12 23:26:21');

-- --------------------------------------------------------

--
-- Estructura de tabla para la tabla `centros_costo`
--

CREATE TABLE `centros_costo` (
  `id` bigint UNSIGNED NOT NULL,
  `codigo` varchar(20) COLLATE utf8mb4_unicode_ci NOT NULL,
  `nombre` varchar(150) COLLATE utf8mb4_unicode_ci NOT NULL,
  `area` varchar(100) COLLATE utf8mb4_unicode_ci DEFAULT NULL,
  `proceso` varchar(100) COLLATE utf8mb4_unicode_ci DEFAULT NULL,
  `descripcion` text COLLATE utf8mb4_unicode_ci,
  `es_exento` tinyint(1) DEFAULT '0' COMMENT 'Vacaciones, Incapacidades, etc.',
  `activo` tinyint(1) DEFAULT '1',
  `orden` int DEFAULT '0',
  `created_at` timestamp NULL DEFAULT NULL,
  `updated_at` timestamp NULL DEFAULT NULL
) ENGINE=InnoDB DEFAULT CHARSET=utf8mb4 COLLATE=utf8mb4_unicode_ci;

--
-- Volcado de datos para la tabla `centros_costo`
--

INSERT INTO `centros_costo` (`id`, `codigo`, `nombre`, `area`, `proceso`, `descripcion`, `es_exento`, `activo`, `orden`, `created_at`, `updated_at`) VALUES
(1, 'ADM', 'Administración', 'Gestión', NULL, NULL, 0, 1, 1, '2026-05-09 22:02:35', '2026-05-09 22:02:35'),
(2, 'MKT', 'Mercadeo estratégico', 'Gestión', NULL, NULL, 0, 1, 2, '2026-05-09 22:02:35', '2026-05-09 22:02:35'),
(3, 'GBP', 'Generación de buenas prácticas', 'Gestión', NULL, NULL, 0, 1, 3, '2026-05-09 22:02:35', '2026-05-09 22:02:35'),
(4, 'PROP', 'Propuestas', 'Comercial', NULL, NULL, 0, 1, 4, '2026-05-09 22:02:35', '2026-05-09 22:02:35'),
(5, 'GCOM', 'Gestión Comercial', 'Comercial', NULL, NULL, 0, 1, 5, '2026-05-09 22:02:35', '2026-05-09 22:02:35'),
(6, 'GIT', 'Costo Gestión IT', 'Tecnología', NULL, NULL, 0, 1, 6, '2026-05-09 22:02:35', '2026-05-09 22:02:35'),
(7, 'SSTA', 'Gestión SSTA', 'SSTA', NULL, NULL, 0, 1, 7, '2026-05-09 22:02:35', '2026-05-09 22:02:35'),
(8, 'PGA', 'PGA', 'SSTA', NULL, NULL, 0, 1, 8, '2026-05-09 22:02:35', '2026-05-09 22:02:35'),
(9, 'PGR', 'PGR', 'SSTA', NULL, NULL, 0, 1, 9, '2026-05-09 22:02:35', '2026-05-09 22:02:35'),
(10, 'PGS', 'PGS', 'SSTA', NULL, NULL, 0, 1, 10, '2026-05-09 22:02:35', '2026-05-09 22:02:35'),
(11, 'PPB', 'Programa de promoción/bienestar', 'RRHH', NULL, NULL, 0, 1, 11, '2026-05-09 22:02:35', '2026-05-09 22:02:35'),
(12, 'CSST', 'Capacitación SSTA', 'SSTA', NULL, NULL, 0, 1, 12, '2026-05-09 22:02:35', '2026-05-09 22:02:35'),
(13, 'CTEC', 'Capacitación Técnica', 'RRHH', NULL, NULL, 0, 1, 13, '2026-05-09 22:02:35', '2026-05-09 22:02:35'),
(14, 'RREC', 'Recursos (Humanos y físicos)', 'Gestión', NULL, NULL, 0, 1, 14, '2026-05-09 22:02:35', '2026-05-09 22:02:35'),
(15, 'PCE', 'Proyectos cerrados', 'Proyectos', NULL, NULL, 0, 1, 15, '2026-05-09 22:02:35', '2026-05-09 22:02:35'),
(16, 'PEJ', 'Proyectos en Ejecución', 'Proyectos', NULL, NULL, 0, 1, 16, '2026-05-09 22:02:35', '2026-05-09 22:02:35'),
(17, 'GIN', 'Gestión Interna', 'Gestión', NULL, NULL, 0, 1, 17, '2026-05-09 22:02:35', '2026-05-09 22:02:35'),
(18, 'LIC_CAL', 'Licencias por calamidad', 'RRHH', NULL, NULL, 1, 1, 18, '2026-05-09 22:02:35', '2026-05-09 22:02:35'),
(19, 'LIC_NR', 'Licencias NO remuneradas', 'RRHH', NULL, NULL, 1, 1, 19, '2026-05-09 22:02:35', '2026-05-09 22:02:35'),
(20, 'INCAP', 'Incapacidades', 'RRHH', NULL, NULL, 1, 1, 20, '2026-05-09 22:02:35', '2026-05-09 22:02:35'),
(21, 'COMP', 'Compensatorios', 'RRHH', NULL, NULL, 1, 1, 21, '2026-05-09 22:02:35', '2026-05-09 22:02:35'),
(22, 'VAC', 'Vacaciones', 'RRHH', NULL, NULL, 1, 1, 22, '2026-05-09 22:02:35', '2026-05-09 22:02:35'),
(23, 'TM', 'Tiempos Muertos', 'Operación', NULL, NULL, 1, 1, 23, '2026-05-09 22:02:35', '2026-05-09 22:02:35'),
(24, '210', 'GSA 210', NULL, NULL, NULL, 0, 1, 0, '2026-05-25 10:10:04', '2026-05-25 10:10:04'),
(25, 'GPYT', 'Gestión de Proyectos', 'Proyectos', NULL, NULL, 0, 1, 7, '2026-06-16 11:44:59', '2026-06-16 11:46:06');

-- --------------------------------------------------------

--
-- Estructura de tabla para la tabla `comentarios_tiempo`
--

CREATE TABLE `comentarios_tiempo` (
  `id` bigint UNSIGNED NOT NULL,
  `entrada_tiempo_id` bigint UNSIGNED NOT NULL,
  `comentario` text COLLATE utf8mb4_unicode_ci NOT NULL,
  `user_id` bigint UNSIGNED NOT NULL,
  `created_at` timestamp NULL DEFAULT NULL,
  `updated_at` timestamp NULL DEFAULT NULL
) ENGINE=InnoDB DEFAULT CHARSET=utf8mb4 COLLATE=utf8mb4_unicode_ci;

-- --------------------------------------------------------

--
-- Estructura de tabla para la tabla `configuracion`
--

CREATE TABLE `configuracion` (
  `id` bigint UNSIGNED NOT NULL,
  `clave` varchar(60) NOT NULL,
  `valor` varchar(255) NOT NULL,
  `descripcion` varchar(200) DEFAULT NULL,
  `updated_at` timestamp NULL DEFAULT NULL
) ENGINE=InnoDB DEFAULT CHARSET=utf8mb4 COLLATE=utf8mb4_0900_ai_ci;

--
-- Volcado de datos para la tabla `configuracion`
--

INSERT INTO `configuracion` (`id`, `clave`, `valor`, `descripcion`, `updated_at`) VALUES
(1, 'smlv_2026', '1423500', 'Salario Mínimo Legal Vigente 2026', '2026-05-13 03:46:02'),
(2, 'aux_transporte_2026', '202100', 'Auxilio de transporte 2026', '2026-05-13 03:46:02'),
(3, 'horas_mes', '190', 'Horas laborales por mes (base cálculo hora)', '2026-05-13 03:46:02'),
(4, 'salud_empleador', '8.50', 'Aporte salud empleador %', '2026-05-13 03:46:02'),
(5, 'pension_empleador', '12.00', 'Aporte pensión empleador %', '2026-05-13 03:46:02'),
(6, 'caja_compensacion', '4.00', 'Caja de compensación %', '2026-05-13 03:46:02'),
(7, 'sena', '2.00', 'Aporte SENA %', '2026-05-13 03:46:02'),
(8, 'icbf', '3.00', 'Aporte ICBF %', '2026-05-13 03:46:02'),
(9, 'prima', '8.33', 'Prima de servicios (provisión mensual %)', '2026-05-13 03:46:02'),
(10, 'cesantias', '8.33', 'Cesantías (provisión mensual %)', '2026-05-13 03:46:02'),
(11, 'int_cesantias', '1.00', 'Intereses sobre cesantías %', '2026-05-13 03:46:02'),
(12, 'vacaciones', '4.17', 'Vacaciones (provisión mensual %)', '2026-05-13 03:46:02');

-- --------------------------------------------------------

--
-- Estructura de tabla para la tabla `empleados`
--

CREATE TABLE `empleados` (
  `id` bigint UNSIGNED NOT NULL,
  `nombre` varchar(150) COLLATE utf8mb4_unicode_ci NOT NULL,
  `cedula` varchar(20) COLLATE utf8mb4_unicode_ci NOT NULL,
  `cargo` varchar(100) COLLATE utf8mb4_unicode_ci DEFAULT NULL,
  `salario` decimal(12,2) DEFAULT '0.00',
  `medicina_prepagada` decimal(10,2) DEFAULT '0.00',
  `alimentacion` decimal(10,2) DEFAULT '0.00',
  `zafiro` decimal(10,2) DEFAULT '0.00',
  `activo` tinyint(1) DEFAULT '1',
  `created_at` timestamp NULL DEFAULT NULL,
  `updated_at` timestamp NULL DEFAULT NULL,
  `arl_porcentaje` decimal(6,4) DEFAULT '0.5220' COMMENT 'Porcentaje ARL según nivel de riesgo',
  `aux_transporte` tinyint(1) DEFAULT '0' COMMENT 'Aplica auxilio de transporte (SMLV <= 2)',
  `tipo_contrato` varchar(30) COLLATE utf8mb4_unicode_ci DEFAULT 'indefinido' COMMENT 'indefinido, fijo, obra, prestacion',
  `fecha_ingreso` date DEFAULT NULL
) ENGINE=InnoDB DEFAULT CHARSET=utf8mb4 COLLATE=utf8mb4_unicode_ci;

--
-- Volcado de datos para la tabla `empleados`
--

INSERT INTO `empleados` (`id`, `nombre`, `cedula`, `cargo`, `salario`, `medicina_prepagada`, `alimentacion`, `zafiro`, `activo`, `created_at`, `updated_at`, `arl_porcentaje`, `aux_transporte`, `tipo_contrato`, `fecha_ingreso`) VALUES
(1, 'Carlos Parra', '102902901', NULL, 6500000.00, 0.00, 0.00, 0.00, 1, '2026-05-09 22:02:35', '2026-05-13 00:20:55', 0.5220, 0, 'indefinido', NULL),
(2, 'Catalina Sepulveda', '52534905', '', 0.00, 0.00, 0.00, 0.00, 1, '2026-05-09 22:02:35', '2026-05-09 22:02:35', 0.5220, 0, 'indefinido', NULL),
(3, 'Diego Ardila', '1010245878', '', 0.00, 0.00, 0.00, 0.00, 1, '2026-05-09 22:02:35', '2026-05-09 22:02:35', 0.5220, 0, 'indefinido', NULL),
(4, 'Mónica Fernández', '45678987', NULL, 0.00, 0.00, 0.00, 0.00, 1, '2026-05-09 22:02:35', '2026-05-13 14:47:40', 0.5220, 0, 'indefinido', NULL),
(5, 'Daniela Prieto', '1022439694', '', 0.00, 0.00, 0.00, 0.00, 1, '2026-05-09 22:02:35', '2026-05-09 22:02:35', 0.5220, 0, 'indefinido', NULL),
(6, 'Natalia Ortiz', '1030670533', '', 0.00, 0.00, 0.00, 0.00, 1, '2026-05-09 22:02:35', '2026-05-09 22:02:35', 0.5220, 0, 'indefinido', NULL),
(7, 'Paola Ramirez', '1031143276', 'Coordinadora SST', 2800000.00, 0.00, 0.00, 0.00, 1, '2026-05-09 22:02:35', '2026-05-27 00:40:50', 0.5220, 0, 'indefinido', NULL),
(8, 'Laura Zambrano', '1018475200', NULL, 0.00, 0.00, 0.00, 0.00, 0, '2026-05-09 22:02:35', '2026-06-16 11:39:37', 0.5220, 0, 'indefinido', NULL),
(9, 'Rocio Rojas', '1069726522', '', 0.00, 0.00, 0.00, 0.00, 1, '2026-05-09 22:02:35', '2026-05-09 22:02:35', 0.5220, 0, 'indefinido', NULL),
(10, 'Wilder Gomez', '1014193186', '', 0.00, 0.00, 0.00, 0.00, 1, '2026-05-09 22:02:35', '2026-05-09 22:02:35', 0.5220, 0, 'indefinido', NULL),
(11, 'Monica Garcia', '1069733350', '', 0.00, 0.00, 0.00, 0.00, 1, '2026-05-09 22:02:35', '2026-05-09 22:02:35', 0.5220, 0, 'indefinido', NULL),
(12, 'Karen Bermudez', '1015483732', '', 0.00, 0.00, 0.00, 0.00, 1, '2026-05-09 22:02:35', '2026-05-09 22:02:35', 0.5220, 0, 'indefinido', NULL),
(13, 'Lucy Anzola', '1033800499', '', 0.00, 0.00, 0.00, 0.00, 1, '2026-05-09 22:02:35', '2026-05-09 22:02:35', 0.5220, 0, 'indefinido', NULL),
(14, 'Julian Rozo', '1020836099', '', 0.00, 0.00, 0.00, 0.00, 1, '2026-05-09 22:02:35', '2026-05-09 22:02:35', 0.5220, 0, 'indefinido', NULL),
(15, 'Angie Cuervo', '546789003', NULL, 1436000.00, 0.00, 0.00, 0.00, 1, '2026-05-09 22:02:35', '2026-05-13 14:56:06', 0.5220, 1, 'indefinido', NULL),
(16, 'Cesar David Parra', '1010217391', NULL, 0.00, 0.00, 0.00, 0.00, 1, '2026-05-09 22:02:35', '2026-05-13 14:55:30', 0.5220, 0, 'indefinido', NULL),
(17, 'Joan Sebastian Ramirez', '1010040579', '', 0.00, 0.00, 0.00, 0.00, 1, '2026-05-09 22:02:35', '2026-05-09 22:02:35', 0.5220, 0, 'indefinido', NULL),
(18, 'Linda Isabel Pinto', '52869807', '', 0.00, 0.00, 0.00, 0.00, 1, '2026-05-09 22:02:35', '2026-05-09 22:02:35', 0.5220, 0, 'indefinido', NULL),
(19, 'Julio Alberto Cañas', '1026287903', '', 0.00, 0.00, 0.00, 0.00, 1, '2026-05-09 22:02:35', '2026-05-09 22:02:35', 0.5220, 0, 'indefinido', NULL),
(20, 'Arley Basto Rivera', '1120872020', '', 0.00, 0.00, 0.00, 0.00, 1, '2026-05-09 22:02:35', '2026-05-09 22:02:35', 0.5220, 0, 'indefinido', NULL),
(21, 'Luz Elena Gonzalez', '21182199', '', 0.00, 0.00, 0.00, 0.00, 1, '2026-05-09 22:02:35', '2026-05-09 22:02:35', 0.5220, 0, 'indefinido', NULL),
(22, 'Luis Eduardo Parra', '79890987', NULL, 2800000.00, 0.00, 0.00, 0.00, 1, '2026-05-15 12:18:54', '2026-05-15 12:18:54', 0.5220, 0, 'indefinido', '2022-04-07');

-- --------------------------------------------------------

--
-- Estructura de tabla para la tabla `empleado_centro_costo`
--

CREATE TABLE `empleado_centro_costo` (
  `empleado_id` bigint UNSIGNED NOT NULL,
  `centro_costo_id` bigint UNSIGNED NOT NULL
) ENGINE=InnoDB DEFAULT CHARSET=utf8mb4 COLLATE=utf8mb4_0900_ai_ci;

--
-- Volcado de datos para la tabla `empleado_centro_costo`
--

INSERT INTO `empleado_centro_costo` (`empleado_id`, `centro_costo_id`) VALUES
(1, 1),
(2, 1),
(3, 1),
(4, 1),
(5, 1),
(6, 1),
(7, 1),
(9, 1),
(10, 1),
(11, 1),
(12, 1),
(13, 1),
(14, 1),
(15, 1),
(17, 1),
(18, 1),
(19, 1),
(20, 1),
(21, 1),
(22, 1),
(1, 2),
(2, 2),
(3, 2),
(4, 2),
(5, 2),
(6, 2),
(7, 2),
(9, 2),
(10, 2),
(11, 2),
(12, 2),
(13, 2),
(14, 2),
(15, 2),
(17, 2),
(18, 2),
(19, 2),
(20, 2),
(21, 2),
(22, 2),
(1, 3),
(2, 3),
(3, 3),
(4, 3),
(5, 3),
(6, 3),
(7, 3),
(9, 3),
(10, 3),
(11, 3),
(12, 3),
(13, 3),
(14, 3),
(15, 3),
(17, 3),
(18, 3),
(19, 3),
(20, 3),
(21, 3),
(22, 3),
(1, 4),
(2, 4),
(3, 4),
(4, 4),
(5, 4),
(6, 4),
(7, 4),
(9, 4),
(10, 4),
(11, 4),
(12, 4),
(13, 4),
(14, 4),
(15, 4),
(17, 4),
(18, 4),
(19, 4),
(20, 4),
(21, 4),
(1, 5),
(2, 5),
(3, 5),
(4, 5),
(5, 5),
(6, 5),
(7, 5),
(9, 5),
(10, 5),
(11, 5),
(12, 5),
(13, 5),
(14, 5),
(15, 5),
(17, 5),
(18, 5),
(19, 5),
(20, 5),
(21, 5),
(1, 6),
(2, 6),
(3, 6),
(4, 6),
(5, 6),
(6, 6),
(7, 6),
(9, 6),
(10, 6),
(11, 6),
(12, 6),
(13, 6),
(14, 6),
(15, 6),
(16, 6),
(17, 6),
(18, 6),
(19, 6),
(20, 6),
(21, 6),
(22, 6),
(1, 7),
(2, 7),
(3, 7),
(4, 7),
(5, 7),
(6, 7),
(7, 7),
(9, 7),
(10, 7),
(11, 7),
(12, 7),
(13, 7),
(14, 7),
(16, 7),
(17, 7),
(18, 7),
(19, 7),
(20, 7),
(21, 7),
(22, 7),
(1, 8),
(2, 8),
(3, 8),
(4, 8),
(5, 8),
(6, 8),
(7, 8),
(9, 8),
(10, 8),
(11, 8),
(12, 8),
(13, 8),
(14, 8),
(16, 8),
(17, 8),
(18, 8),
(19, 8),
(20, 8),
(21, 8),
(1, 9),
(2, 9),
(3, 9),
(4, 9),
(5, 9),
(6, 9),
(7, 9),
(9, 9),
(10, 9),
(11, 9),
(12, 9),
(13, 9),
(14, 9),
(16, 9),
(17, 9),
(18, 9),
(19, 9),
(20, 9),
(21, 9),
(1, 10),
(2, 10),
(3, 10),
(4, 10),
(5, 10),
(6, 10),
(7, 10),
(9, 10),
(10, 10),
(11, 10),
(12, 10),
(13, 10),
(14, 10),
(16, 10),
(17, 10),
(18, 10),
(19, 10),
(20, 10),
(21, 10),
(1, 11),
(2, 11),
(3, 11),
(4, 11),
(5, 11),
(6, 11),
(7, 11),
(9, 11),
(10, 11),
(11, 11),
(12, 11),
(13, 11),
(14, 11),
(16, 11),
(17, 11),
(18, 11),
(19, 11),
(20, 11),
(21, 11),
(1, 12),
(2, 12),
(3, 12),
(4, 12),
(5, 12),
(6, 12),
(7, 12),
(9, 12),
(10, 12),
(11, 12),
(12, 12),
(13, 12),
(14, 12),
(15, 12),
(16, 12),
(17, 12),
(18, 12),
(19, 12),
(20, 12),
(21, 12),
(1, 13),
(2, 13),
(3, 13),
(4, 13),
(5, 13),
(6, 13),
(7, 13),
(9, 13),
(10, 13),
(11, 13),
(12, 13),
(13, 13),
(14, 13),
(16, 13),
(17, 13),
(18, 13),
(19, 13),
(20, 13),
(21, 13),
(1, 14),
(2, 14),
(3, 14),
(4, 14),
(5, 14),
(6, 14),
(7, 14),
(9, 14),
(10, 14),
(11, 14),
(12, 14),
(13, 14),
(14, 14),
(17, 14),
(18, 14),
(19, 14),
(20, 14),
(21, 14),
(1, 15),
(2, 15),
(3, 15),
(4, 15),
(5, 15),
(6, 15),
(7, 15),
(9, 15),
(10, 15),
(11, 15),
(12, 15),
(13, 15),
(14, 15),
(16, 15),
(17, 15),
(18, 15),
(19, 15),
(20, 15),
(21, 15),
(1, 16),
(2, 16),
(3, 16),
(4, 16),
(5, 16),
(6, 16),
(7, 16),
(9, 16),
(10, 16),
(11, 16),
(12, 16),
(13, 16),
(14, 16),
(16, 16),
(17, 16),
(18, 16),
(19, 16),
(20, 16),
(21, 16),
(1, 17),
(2, 17),
(3, 17),
(4, 17),
(5, 17),
(6, 17),
(7, 17),
(9, 17),
(10, 17),
(11, 17),
(12, 17),
(13, 17),
(14, 17),
(17, 17),
(18, 17),
(19, 17),
(20, 17),
(21, 17),
(1, 18),
(2, 18),
(3, 18),
(4, 18),
(5, 18),
(6, 18),
(7, 18),
(9, 18),
(10, 18),
(11, 18),
(12, 18),
(13, 18),
(14, 18),
(15, 18),
(16, 18),
(17, 18),
(18, 18),
(19, 18),
(20, 18),
(21, 18),
(1, 19),
(2, 19),
(3, 19),
(4, 19),
(5, 19),
(6, 19),
(7, 19),
(9, 19),
(10, 19),
(11, 19),
(12, 19),
(13, 19),
(14, 19),
(16, 19),
(17, 19),
(18, 19),
(19, 19),
(20, 19),
(21, 19),
(1, 20),
(2, 20),
(3, 20),
(4, 20),
(5, 20),
(6, 20),
(7, 20),
(9, 20),
(10, 20),
(11, 20),
(12, 20),
(13, 20),
(14, 20),
(15, 20),
(16, 20),
(17, 20),
(18, 20),
(19, 20),
(20, 20),
(21, 20),
(1, 21),
(2, 21),
(3, 21),
(4, 21),
(5, 21),
(6, 21),
(7, 21),
(9, 21),
(10, 21),
(11, 21),
(12, 21),
(13, 21),
(14, 21),
(16, 21),
(17, 21),
(18, 21),
(19, 21),
(20, 21),
(21, 21),
(1, 22),
(2, 22),
(3, 22),
(4, 22),
(5, 22),
(6, 22),
(7, 22),
(9, 22),
(10, 22),
(11, 22),
(12, 22),
(13, 22),
(14, 22),
(15, 22),
(16, 22),
(17, 22),
(18, 22),
(19, 22),
(20, 22),
(21, 22),
(1, 23),
(2, 23),
(3, 23),
(4, 23),
(5, 23),
(6, 23),
(7, 23),
(9, 23),
(10, 23),
(11, 23),
(12, 23),
(13, 23),
(14, 23),
(15, 23),
(16, 23),
(17, 23),
(18, 23),
(19, 23),
(20, 23),
(21, 23),
(22, 23),
(22, 24);

-- --------------------------------------------------------

--
-- Estructura de tabla para la tabla `entradas_tiempo`
--

CREATE TABLE `entradas_tiempo` (
  `id` bigint UNSIGNED NOT NULL,
  `hoja_tiempo_id` bigint UNSIGNED NOT NULL,
  `centro_costo_id` bigint UNSIGNED NOT NULL,
  `fecha` date NOT NULL,
  `horas` decimal(5,2) DEFAULT '0.00',
  `created_at` timestamp NULL DEFAULT NULL,
  `updated_at` timestamp NULL DEFAULT NULL
) ENGINE=InnoDB DEFAULT CHARSET=utf8mb4 COLLATE=utf8mb4_unicode_ci;

--
-- Volcado de datos para la tabla `entradas_tiempo`
--

INSERT INTO `entradas_tiempo` (`id`, `hoja_tiempo_id`, `centro_costo_id`, `fecha`, `horas`, `created_at`, `updated_at`) VALUES
(1935, 30, 1, '2026-05-25', 1.00, '2026-06-03 15:06:31', '2026-06-03 15:06:31'),
(1936, 30, 1, '2026-05-26', 2.00, '2026-06-03 15:06:34', '2026-06-03 15:06:34'),
(1966, 33, 13, '2026-05-25', 1.50, '2026-06-10 09:14:44', '2026-06-10 09:14:45'),
(1967, 33, 13, '2026-05-26', 0.50, '2026-06-10 09:14:47', '2026-06-10 09:14:47'),
(1998, 30, 4, '2026-06-01', 2.00, '2026-06-16 16:54:44', '2026-06-16 16:54:46'),
(1999, 30, 1, '2026-06-01', 6.00, '2026-06-16 16:54:52', '2026-06-16 16:54:55');

-- --------------------------------------------------------

--
-- Estructura de tabla para la tabla `hojas_tiempo`
--

CREATE TABLE `hojas_tiempo` (
  `id` bigint UNSIGNED NOT NULL,
  `empleado_id` bigint UNSIGNED NOT NULL,
  `periodo_id` bigint UNSIGNED NOT NULL,
  `estado` enum('borrador','enviado','aprobado') COLLATE utf8mb4_unicode_ci DEFAULT 'borrador',
  `enviado_at` timestamp NULL DEFAULT NULL,
  `aprobado_at` timestamp NULL DEFAULT NULL,
  `aprobado_por` bigint UNSIGNED DEFAULT NULL,
  `created_at` timestamp NULL DEFAULT NULL,
  `updated_at` timestamp NULL DEFAULT NULL
) ENGINE=InnoDB DEFAULT CHARSET=utf8mb4 COLLATE=utf8mb4_unicode_ci;

--
-- Volcado de datos para la tabla `hojas_tiempo`
--

INSERT INTO `hojas_tiempo` (`id`, `empleado_id`, `periodo_id`, `estado`, `enviado_at`, `aprobado_at`, `aprobado_por`, `created_at`, `updated_at`) VALUES
(30, 6, 3, 'borrador', NULL, NULL, NULL, '2026-05-27 14:51:16', '2026-05-27 14:51:16'),
(32, 7, 3, 'borrador', NULL, NULL, NULL, '2026-06-02 11:39:28', '2026-06-02 11:39:28'),
(33, 2, 3, 'borrador', NULL, NULL, NULL, '2026-06-10 09:01:40', '2026-06-10 09:01:40'),
(34, 22, 3, 'borrador', NULL, NULL, NULL, '2026-06-16 11:25:03', '2026-06-16 11:25:03'),
(35, 1, 5, 'borrador', NULL, NULL, NULL, '2026-06-16 11:31:34', '2026-06-16 11:31:34'),
(36, 2, 5, 'borrador', NULL, NULL, NULL, '2026-06-16 11:31:34', '2026-06-16 11:31:34'),
(37, 3, 5, 'borrador', NULL, NULL, NULL, '2026-06-16 11:31:34', '2026-06-16 11:31:34'),
(38, 4, 5, 'borrador', NULL, NULL, NULL, '2026-06-16 11:31:34', '2026-06-16 11:31:34'),
(39, 5, 5, 'borrador', NULL, NULL, NULL, '2026-06-16 11:31:34', '2026-06-16 11:31:34'),
(40, 6, 5, 'borrador', NULL, NULL, NULL, '2026-06-16 11:31:34', '2026-06-16 11:31:34'),
(41, 7, 5, 'borrador', NULL, NULL, NULL, '2026-06-16 11:31:34', '2026-06-16 11:31:34'),
(42, 8, 5, 'borrador', NULL, NULL, NULL, '2026-06-16 11:31:34', '2026-06-16 11:31:34'),
(43, 9, 5, 'borrador', NULL, NULL, NULL, '2026-06-16 11:31:34', '2026-06-16 11:31:34'),
(44, 10, 5, 'borrador', NULL, NULL, NULL, '2026-06-16 11:31:34', '2026-06-16 11:31:34'),
(45, 11, 5, 'borrador', NULL, NULL, NULL, '2026-06-16 11:31:34', '2026-06-16 11:31:34'),
(46, 12, 5, 'borrador', NULL, NULL, NULL, '2026-06-16 11:31:34', '2026-06-16 11:31:34'),
(47, 13, 5, 'borrador', NULL, NULL, NULL, '2026-06-16 11:31:34', '2026-06-16 11:31:34'),
(48, 14, 5, 'borrador', NULL, NULL, NULL, '2026-06-16 11:31:34', '2026-06-16 11:31:34'),
(49, 15, 5, 'borrador', NULL, NULL, NULL, '2026-06-16 11:31:34', '2026-06-16 11:31:34'),
(50, 16, 5, 'borrador', NULL, NULL, NULL, '2026-06-16 11:31:34', '2026-06-16 11:31:34'),
(51, 17, 5, 'borrador', NULL, NULL, NULL, '2026-06-16 11:31:34', '2026-06-16 11:31:34'),
(52, 18, 5, 'borrador', NULL, NULL, NULL, '2026-06-16 11:31:34', '2026-06-16 11:31:34'),
(53, 19, 5, 'borrador', NULL, NULL, NULL, '2026-06-16 11:31:34', '2026-06-16 11:31:34'),
(54, 20, 5, 'borrador', NULL, NULL, NULL, '2026-06-16 11:31:34', '2026-06-16 11:31:34'),
(55, 21, 5, 'borrador', NULL, NULL, NULL, '2026-06-16 11:31:34', '2026-06-16 11:31:34'),
(56, 22, 5, 'borrador', NULL, NULL, NULL, '2026-06-16 11:31:34', '2026-06-16 11:31:34');

-- --------------------------------------------------------

--
-- Estructura de tabla para la tabla `incapacidades`
--

CREATE TABLE `incapacidades` (
  `id` bigint UNSIGNED NOT NULL,
  `empleado_id` bigint UNSIGNED NOT NULL,
  `fecha_inicio` date NOT NULL,
  `fecha_fin` date NOT NULL,
  `dias` int UNSIGNED NOT NULL DEFAULT '0',
  `tipo` enum('enfermedad_general','accidente_trabajo','enfermedad_profesional','maternidad','paternidad') COLLATE utf8mb4_unicode_ci NOT NULL DEFAULT 'enfermedad_general',
  `diagnostico` varchar(200) COLLATE utf8mb4_unicode_ci DEFAULT NULL,
  `dias_empleador` int UNSIGNED DEFAULT '0' COMMENT 'Días 1-2 paga la empresa',
  `valor_empleador` decimal(12,2) DEFAULT '0.00',
  `dias_eps` int UNSIGNED DEFAULT '0' COMMENT 'Días 3-90 paga EPS al 66.67%',
  `valor_eps` decimal(12,2) DEFAULT '0.00',
  `dias_eps2` int UNSIGNED DEFAULT '0' COMMENT 'Días 91-180 paga EPS al 50%',
  `valor_eps2` decimal(12,2) DEFAULT '0.00',
  `dias_arl` int UNSIGNED DEFAULT '0' COMMENT 'Accidente trabajo paga ARL',
  `valor_arl` decimal(12,2) DEFAULT '0.00',
  `total_pagado` decimal(12,2) DEFAULT '0.00',
  `numero_radicado` varchar(50) COLLATE utf8mb4_unicode_ci DEFAULT NULL,
  `observaciones` text COLLATE utf8mb4_unicode_ci,
  `creado_por` bigint UNSIGNED DEFAULT NULL,
  `created_at` timestamp NULL DEFAULT NULL,
  `updated_at` timestamp NULL DEFAULT NULL
) ENGINE=InnoDB DEFAULT CHARSET=utf8mb4 COLLATE=utf8mb4_unicode_ci;

--
-- Volcado de datos para la tabla `incapacidades`
--

INSERT INTO `incapacidades` (`id`, `empleado_id`, `fecha_inicio`, `fecha_fin`, `dias`, `tipo`, `diagnostico`, `dias_empleador`, `valor_empleador`, `dias_eps`, `valor_eps`, `dias_eps2`, `valor_eps2`, `dias_arl`, `valor_arl`, `total_pagado`, `numero_radicado`, `observaciones`, `creado_por`, `created_at`, `updated_at`) VALUES
(1, 20, '2026-05-19', '2026-05-28', 10, 'enfermedad_profesional', NULL, 0, 0.00, 0, 0.00, 0, 0.00, 10, 0.00, 0.00, NULL, NULL, 8, '2026-05-27 16:02:00', '2026-05-27 16:02:00');

-- --------------------------------------------------------

--
-- Estructura de tabla para la tabla `migrations`
--

CREATE TABLE `migrations` (
  `id` int UNSIGNED NOT NULL,
  `migration` varchar(255) NOT NULL,
  `batch` int NOT NULL
) ENGINE=InnoDB DEFAULT CHARSET=utf8mb4 COLLATE=utf8mb4_0900_ai_ci;

--
-- Volcado de datos para la tabla `migrations`
--

INSERT INTO `migrations` (`id`, `migration`, `batch`) VALUES
(1, '2024_01_01_000000_create_users_table', 1),
(2, '2024_01_01_000001_create_empleados_table', 1),
(3, '2024_01_01_000002_create_centros_costo_table', 1),
(4, '2024_01_01_000003_create_hojas_tiempo_tables', 1),
(5, '2019_12_14_000001_create_personal_access_tokens_table', 2),
(6, '2026_06_04_000001_fix_esquema_faltante', 2),
(7, '2026_06_04_000002_crear_observaciones_centro_costo', 3);

-- --------------------------------------------------------

--
-- Estructura de tabla para la tabla `observaciones_centro_costo`
--

CREATE TABLE `observaciones_centro_costo` (
  `id` bigint UNSIGNED NOT NULL,
  `hoja_tiempo_id` bigint UNSIGNED NOT NULL,
  `centro_costo_id` bigint UNSIGNED NOT NULL,
  `observacion` text COLLATE utf8mb4_unicode_ci NOT NULL,
  `user_id` bigint UNSIGNED DEFAULT NULL,
  `created_at` timestamp NULL DEFAULT NULL,
  `updated_at` timestamp NULL DEFAULT NULL
) ENGINE=InnoDB DEFAULT CHARSET=utf8mb4 COLLATE=utf8mb4_unicode_ci;

-- --------------------------------------------------------

--
-- Estructura de tabla para la tabla `password_reset_tokens`
--

CREATE TABLE `password_reset_tokens` (
  `email` varchar(255) NOT NULL,
  `token` varchar(255) NOT NULL,
  `created_at` timestamp NULL DEFAULT NULL
) ENGINE=InnoDB DEFAULT CHARSET=utf8mb4 COLLATE=utf8mb4_0900_ai_ci;

-- --------------------------------------------------------

--
-- Estructura de tabla para la tabla `periodos`
--

CREATE TABLE `periodos` (
  `id` bigint UNSIGNED NOT NULL,
  `mes` tinyint UNSIGNED NOT NULL,
  `anio` smallint UNSIGNED NOT NULL,
  `fecha_inicio` date NOT NULL,
  `fecha_fin` date NOT NULL,
  `activo` tinyint(1) DEFAULT '0',
  `cerrado` tinyint(1) DEFAULT '0',
  `created_at` timestamp NULL DEFAULT NULL,
  `updated_at` timestamp NULL DEFAULT NULL
) ENGINE=InnoDB DEFAULT CHARSET=utf8mb4 COLLATE=utf8mb4_unicode_ci;

--
-- Volcado de datos para la tabla `periodos`
--

INSERT INTO `periodos` (`id`, `mes`, `anio`, `fecha_inicio`, `fecha_fin`, `activo`, `cerrado`, `created_at`, `updated_at`) VALUES
(3, 6, 2026, '2026-05-25', '2026-06-24', 1, 0, '2026-05-27 00:14:21', '2026-05-27 00:23:30'),
(5, 7, 2026, '2026-06-25', '2026-07-24', 0, 0, '2026-06-02 11:29:36', '2026-06-02 11:29:36');

-- --------------------------------------------------------

--
-- Estructura de tabla para la tabla `personal_access_tokens`
--

CREATE TABLE `personal_access_tokens` (
  `id` bigint UNSIGNED NOT NULL,
  `tokenable_type` varchar(255) COLLATE utf8mb4_unicode_ci NOT NULL,
  `tokenable_id` bigint UNSIGNED NOT NULL,
  `name` varchar(255) COLLATE utf8mb4_unicode_ci NOT NULL,
  `token` varchar(64) COLLATE utf8mb4_unicode_ci NOT NULL,
  `abilities` text COLLATE utf8mb4_unicode_ci,
  `last_used_at` timestamp NULL DEFAULT NULL,
  `expires_at` timestamp NULL DEFAULT NULL,
  `created_at` timestamp NULL DEFAULT NULL,
  `updated_at` timestamp NULL DEFAULT NULL
) ENGINE=InnoDB DEFAULT CHARSET=utf8mb4 COLLATE=utf8mb4_unicode_ci;

-- --------------------------------------------------------

--
-- Estructura de tabla para la tabla `users`
--

CREATE TABLE `users` (
  `id` bigint UNSIGNED NOT NULL,
  `name` varchar(255) COLLATE utf8mb4_unicode_ci NOT NULL,
  `email` varchar(255) COLLATE utf8mb4_unicode_ci NOT NULL,
  `email_verified_at` timestamp NULL DEFAULT NULL,
  `password` varchar(255) COLLATE utf8mb4_unicode_ci NOT NULL,
  `rol` enum('admin','supervisor','sst','empleado') COLLATE utf8mb4_unicode_ci DEFAULT 'empleado',
  `empleado_id` bigint UNSIGNED DEFAULT NULL,
  `activo` tinyint(1) DEFAULT '1',
  `remember_token` varchar(100) COLLATE utf8mb4_unicode_ci DEFAULT NULL,
  `created_at` timestamp NULL DEFAULT NULL,
  `updated_at` timestamp NULL DEFAULT NULL
) ENGINE=InnoDB DEFAULT CHARSET=utf8mb4 COLLATE=utf8mb4_unicode_ci;

--
-- Volcado de datos para la tabla `users`
--

INSERT INTO `users` (`id`, `name`, `email`, `email_verified_at`, `password`, `rol`, `empleado_id`, `activo`, `remember_token`, `created_at`, `updated_at`) VALUES
(1, 'Administrador Gessig', 'admin@gessig.com', NULL, '$2y$12$vlntSF.VZjjGZBu0EjtcmOj.y.n/AhrgGB/NpUsjB1ZNJaWedg.A2', 'admin', NULL, 1, NULL, '2026-05-09 22:02:34', '2026-05-09 22:02:34'),
(2, 'Carlos Parra', 'carlos.parra@gessig.com', NULL, '$2y$12$OjP6RMneedyFiNDlHKHvbuxfmrnkLbMk/9dsq1zUctB8VvHBhhhfq', 'empleado', 1, 1, NULL, '2026-05-10 03:52:47', '2026-05-10 03:52:47'),
(3, 'Catalina Sepulveda', 'catalina.sepulveda@gessig.com', NULL, '$2y$12$OjP6RMneedyFiNDlHKHvbuxfmrnkLbMk/9dsq1zUctB8VvHBhhhfq', 'empleado', 2, 1, NULL, '2026-05-10 03:52:47', '2026-05-10 03:52:47'),
(4, 'Diego Ardila', 'diego.ardila@gessig.com', NULL, '$2y$12$OjP6RMneedyFiNDlHKHvbuxfmrnkLbMk/9dsq1zUctB8VvHBhhhfq', 'empleado', 3, 1, NULL, '2026-05-10 03:52:47', '2026-05-10 03:52:47'),
(5, 'Mónica Fernández', 'monica.fernandez@gessig.com', NULL, '$2y$12$OjP6RMneedyFiNDlHKHvbuxfmrnkLbMk/9dsq1zUctB8VvHBhhhfq', 'supervisor', 4, 1, NULL, '2026-05-10 03:52:47', '2026-05-13 14:47:40'),
(6, 'Daniela Prieto', 'profesionaltematico1@gessig.com', NULL, '$2y$12$OjP6RMneedyFiNDlHKHvbuxfmrnkLbMk/9dsq1zUctB8VvHBhhhfq', 'empleado', 5, 1, NULL, '2026-05-10 03:52:47', '2026-05-10 03:52:47'),
(7, 'Natalia Ortiz', 'gestion@gessig.com', NULL, '$2y$12$OjP6RMneedyFiNDlHKHvbuxfmrnkLbMk/9dsq1zUctB8VvHBhhhfq', 'empleado', 6, 1, NULL, '2026-05-10 03:52:47', '2026-05-10 03:52:47'),
(8, 'Paola Ramirez', 'paola.ramirez@gessig.com', NULL, '$2y$12$OjP6RMneedyFiNDlHKHvbuxfmrnkLbMk/9dsq1zUctB8VvHBhhhfq', 'sst', 7, 1, NULL, '2026-05-10 03:52:47', '2026-05-27 14:50:03'),
(9, 'Rocio Rojas', 'rocio.rojas@gessig.com', NULL, '$2y$12$OjP6RMneedyFiNDlHKHvbuxfmrnkLbMk/9dsq1zUctB8VvHBhhhfq', 'empleado', 9, 1, NULL, '2026-05-10 03:52:47', '2026-05-10 03:52:47'),
(10, 'Wilder Gomez', 'fayad.gomez@gessig.com', NULL, '$2y$12$OjP6RMneedyFiNDlHKHvbuxfmrnkLbMk/9dsq1zUctB8VvHBhhhfq', 'empleado', 10, 1, NULL, '2026-05-10 03:52:47', '2026-05-10 03:52:47'),
(11, 'Monica Garcia', 'monica.garcia@gessig.com', NULL, '$2y$12$OjP6RMneedyFiNDlHKHvbuxfmrnkLbMk/9dsq1zUctB8VvHBhhhfq', 'empleado', 11, 1, NULL, '2026-05-10 03:52:47', '2026-05-10 03:52:47'),
(12, 'Karen Bermudez', 'karen.bermudez@gessig.com', NULL, '$2y$12$OjP6RMneedyFiNDlHKHvbuxfmrnkLbMk/9dsq1zUctB8VvHBhhhfq', 'empleado', 12, 1, NULL, '2026-05-10 03:52:47', '2026-05-10 03:52:47'),
(13, 'Lucy Anzola', 'contabilidad@gessig.com', NULL, '$2y$12$OjP6RMneedyFiNDlHKHvbuxfmrnkLbMk/9dsq1zUctB8VvHBhhhfq', 'empleado', 13, 1, NULL, '2026-05-10 03:52:47', '2026-05-10 03:52:47'),
(14, 'Julian Rozo', 'profesionaltematico@gessig.com', NULL, '$2y$12$OjP6RMneedyFiNDlHKHvbuxfmrnkLbMk/9dsq1zUctB8VvHBhhhfq', 'empleado', 14, 1, NULL, '2026-05-10 03:52:47', '2026-05-10 03:52:47'),
(15, 'Angie Cuervo', 'comercial@gessig.com', NULL, '$2y$12$OjP6RMneedyFiNDlHKHvbuxfmrnkLbMk/9dsq1zUctB8VvHBhhhfq', 'empleado', 15, 1, NULL, '2026-05-10 03:52:47', '2026-05-10 03:52:47'),
(16, 'Linda Pinto', 'linda.pinto@gessig.com', NULL, '$2y$12$OjP6RMneedyFiNDlHKHvbuxfmrnkLbMk/9dsq1zUctB8VvHBhhhfq', 'empleado', 18, 1, NULL, '2026-05-10 03:52:47', '2026-05-10 03:52:47'),
(17, 'Luis Eduardo Parra', 'luis.parra@gessig.com', NULL, '$2y$12$411AM8QAIUabLbxM.SLEo.HD/HSXphHgZBXd7vd6AKoRp0qJStrna', 'supervisor', 22, 1, NULL, '2026-05-15 12:20:05', '2026-06-04 15:32:59');

--
-- Índices para tablas volcadas
--

--
-- Indices de la tabla `calendario`
--
ALTER TABLE `calendario`
  ADD PRIMARY KEY (`id`),
  ADD UNIQUE KEY `fecha` (`fecha`),
  ADD KEY `idx_fecha` (`fecha`);

--
-- Indices de la tabla `centros_costo`
--
ALTER TABLE `centros_costo`
  ADD PRIMARY KEY (`id`),
  ADD UNIQUE KEY `codigo` (`codigo`);

--
-- Indices de la tabla `comentarios_tiempo`
--
ALTER TABLE `comentarios_tiempo`
  ADD PRIMARY KEY (`id`),
  ADD KEY `fk_coment_entrada` (`entrada_tiempo_id`),
  ADD KEY `fk_coment_user` (`user_id`);

--
-- Indices de la tabla `configuracion`
--
ALTER TABLE `configuracion`
  ADD PRIMARY KEY (`id`),
  ADD UNIQUE KEY `clave` (`clave`);

--
-- Indices de la tabla `empleados`
--
ALTER TABLE `empleados`
  ADD PRIMARY KEY (`id`),
  ADD UNIQUE KEY `cedula` (`cedula`);

--
-- Indices de la tabla `empleado_centro_costo`
--
ALTER TABLE `empleado_centro_costo`
  ADD PRIMARY KEY (`empleado_id`,`centro_costo_id`),
  ADD KEY `fk_ecc_cc` (`centro_costo_id`);

--
-- Indices de la tabla `entradas_tiempo`
--
ALTER TABLE `entradas_tiempo`
  ADD PRIMARY KEY (`id`),
  ADD UNIQUE KEY `uk_entrada` (`hoja_tiempo_id`,`centro_costo_id`,`fecha`),
  ADD KEY `idx_entrada_fecha` (`hoja_tiempo_id`,`fecha`),
  ADD KEY `idx_entrada_cc` (`centro_costo_id`);

--
-- Indices de la tabla `hojas_tiempo`
--
ALTER TABLE `hojas_tiempo`
  ADD PRIMARY KEY (`id`),
  ADD UNIQUE KEY `uk_hoja` (`empleado_id`,`periodo_id`),
  ADD KEY `fk_hoja_periodo` (`periodo_id`),
  ADD KEY `fk_hoja_aprobado` (`aprobado_por`);

--
-- Indices de la tabla `incapacidades`
--
ALTER TABLE `incapacidades`
  ADD PRIMARY KEY (`id`),
  ADD KEY `fk_incap_user` (`creado_por`),
  ADD KEY `idx_incap_empleado` (`empleado_id`),
  ADD KEY `idx_incap_fechas` (`fecha_inicio`,`fecha_fin`);

--
-- Indices de la tabla `migrations`
--
ALTER TABLE `migrations`
  ADD PRIMARY KEY (`id`);

--
-- Indices de la tabla `observaciones_centro_costo`
--
ALTER TABLE `observaciones_centro_costo`
  ADD PRIMARY KEY (`id`),
  ADD UNIQUE KEY `uk_obs_hoja_cc` (`hoja_tiempo_id`,`centro_costo_id`),
  ADD KEY `observaciones_centro_costo_centro_costo_id_foreign` (`centro_costo_id`),
  ADD KEY `observaciones_centro_costo_user_id_foreign` (`user_id`);

--
-- Indices de la tabla `password_reset_tokens`
--
ALTER TABLE `password_reset_tokens`
  ADD PRIMARY KEY (`email`);

--
-- Indices de la tabla `periodos`
--
ALTER TABLE `periodos`
  ADD PRIMARY KEY (`id`),
  ADD UNIQUE KEY `uk_periodo` (`mes`,`anio`);

--
-- Indices de la tabla `personal_access_tokens`
--
ALTER TABLE `personal_access_tokens`
  ADD PRIMARY KEY (`id`),
  ADD UNIQUE KEY `personal_access_tokens_token_unique` (`token`),
  ADD KEY `personal_access_tokens_tokenable_type_tokenable_id_index` (`tokenable_type`,`tokenable_id`);

--
-- Indices de la tabla `users`
--
ALTER TABLE `users`
  ADD PRIMARY KEY (`id`),
  ADD UNIQUE KEY `email` (`email`),
  ADD KEY `fk_users_empleado` (`empleado_id`);

--
-- AUTO_INCREMENT de las tablas volcadas
--

--
-- AUTO_INCREMENT de la tabla `calendario`
--
ALTER TABLE `calendario`
  MODIFY `id` bigint UNSIGNED NOT NULL AUTO_INCREMENT, AUTO_INCREMENT=731;

--
-- AUTO_INCREMENT de la tabla `centros_costo`
--
ALTER TABLE `centros_costo`
  MODIFY `id` bigint UNSIGNED NOT NULL AUTO_INCREMENT, AUTO_INCREMENT=26;

--
-- AUTO_INCREMENT de la tabla `comentarios_tiempo`
--
ALTER TABLE `comentarios_tiempo`
  MODIFY `id` bigint UNSIGNED NOT NULL AUTO_INCREMENT;

--
-- AUTO_INCREMENT de la tabla `configuracion`
--
ALTER TABLE `configuracion`
  MODIFY `id` bigint UNSIGNED NOT NULL AUTO_INCREMENT, AUTO_INCREMENT=13;

--
-- AUTO_INCREMENT de la tabla `empleados`
--
ALTER TABLE `empleados`
  MODIFY `id` bigint UNSIGNED NOT NULL AUTO_INCREMENT, AUTO_INCREMENT=23;

--
-- AUTO_INCREMENT de la tabla `entradas_tiempo`
--
ALTER TABLE `entradas_tiempo`
  MODIFY `id` bigint UNSIGNED NOT NULL AUTO_INCREMENT, AUTO_INCREMENT=2058;

--
-- AUTO_INCREMENT de la tabla `hojas_tiempo`
--
ALTER TABLE `hojas_tiempo`
  MODIFY `id` bigint UNSIGNED NOT NULL AUTO_INCREMENT, AUTO_INCREMENT=57;

--
-- AUTO_INCREMENT de la tabla `incapacidades`
--
ALTER TABLE `incapacidades`
  MODIFY `id` bigint UNSIGNED NOT NULL AUTO_INCREMENT, AUTO_INCREMENT=2;

--
-- AUTO_INCREMENT de la tabla `migrations`
--
ALTER TABLE `migrations`
  MODIFY `id` int UNSIGNED NOT NULL AUTO_INCREMENT, AUTO_INCREMENT=8;

--
-- AUTO_INCREMENT de la tabla `observaciones_centro_costo`
--
ALTER TABLE `observaciones_centro_costo`
  MODIFY `id` bigint UNSIGNED NOT NULL AUTO_INCREMENT;

--
-- AUTO_INCREMENT de la tabla `periodos`
--
ALTER TABLE `periodos`
  MODIFY `id` bigint UNSIGNED NOT NULL AUTO_INCREMENT, AUTO_INCREMENT=6;

--
-- AUTO_INCREMENT de la tabla `personal_access_tokens`
--
ALTER TABLE `personal_access_tokens`
  MODIFY `id` bigint UNSIGNED NOT NULL AUTO_INCREMENT;

--
-- AUTO_INCREMENT de la tabla `users`
--
ALTER TABLE `users`
  MODIFY `id` bigint UNSIGNED NOT NULL AUTO_INCREMENT, AUTO_INCREMENT=18;

--
-- Restricciones para tablas volcadas
--

--
-- Filtros para la tabla `comentarios_tiempo`
--
ALTER TABLE `comentarios_tiempo`
  ADD CONSTRAINT `fk_coment_entrada` FOREIGN KEY (`entrada_tiempo_id`) REFERENCES `entradas_tiempo` (`id`) ON DELETE CASCADE,
  ADD CONSTRAINT `fk_coment_user` FOREIGN KEY (`user_id`) REFERENCES `users` (`id`) ON DELETE CASCADE;

--
-- Filtros para la tabla `empleado_centro_costo`
--
ALTER TABLE `empleado_centro_costo`
  ADD CONSTRAINT `fk_ecc_cc` FOREIGN KEY (`centro_costo_id`) REFERENCES `centros_costo` (`id`) ON DELETE CASCADE,
  ADD CONSTRAINT `fk_ecc_empleado` FOREIGN KEY (`empleado_id`) REFERENCES `empleados` (`id`) ON DELETE CASCADE;

--
-- Filtros para la tabla `entradas_tiempo`
--
ALTER TABLE `entradas_tiempo`
  ADD CONSTRAINT `fk_entrada_cc` FOREIGN KEY (`centro_costo_id`) REFERENCES `centros_costo` (`id`) ON DELETE RESTRICT,
  ADD CONSTRAINT `fk_entrada_hoja` FOREIGN KEY (`hoja_tiempo_id`) REFERENCES `hojas_tiempo` (`id`) ON DELETE CASCADE;

--
-- Filtros para la tabla `hojas_tiempo`
--
ALTER TABLE `hojas_tiempo`
  ADD CONSTRAINT `fk_hoja_aprobado` FOREIGN KEY (`aprobado_por`) REFERENCES `users` (`id`) ON DELETE SET NULL,
  ADD CONSTRAINT `fk_hoja_empleado` FOREIGN KEY (`empleado_id`) REFERENCES `empleados` (`id`) ON DELETE RESTRICT,
  ADD CONSTRAINT `fk_hoja_periodo` FOREIGN KEY (`periodo_id`) REFERENCES `periodos` (`id`) ON DELETE RESTRICT;

--
-- Filtros para la tabla `incapacidades`
--
ALTER TABLE `incapacidades`
  ADD CONSTRAINT `fk_incap_empleado` FOREIGN KEY (`empleado_id`) REFERENCES `empleados` (`id`) ON DELETE RESTRICT,
  ADD CONSTRAINT `fk_incap_user` FOREIGN KEY (`creado_por`) REFERENCES `users` (`id`) ON DELETE SET NULL;

--
-- Filtros para la tabla `observaciones_centro_costo`
--
ALTER TABLE `observaciones_centro_costo`
  ADD CONSTRAINT `observaciones_centro_costo_centro_costo_id_foreign` FOREIGN KEY (`centro_costo_id`) REFERENCES `centros_costo` (`id`) ON DELETE CASCADE,
  ADD CONSTRAINT `observaciones_centro_costo_hoja_tiempo_id_foreign` FOREIGN KEY (`hoja_tiempo_id`) REFERENCES `hojas_tiempo` (`id`) ON DELETE CASCADE,
  ADD CONSTRAINT `observaciones_centro_costo_user_id_foreign` FOREIGN KEY (`user_id`) REFERENCES `users` (`id`) ON DELETE SET NULL;

--
-- Filtros para la tabla `users`
--
ALTER TABLE `users`
  ADD CONSTRAINT `fk_users_empleado` FOREIGN KEY (`empleado_id`) REFERENCES `empleados` (`id`) ON DELETE SET NULL;
--
-- Base de datos: `evolucionamos_holman`
--
CREATE DATABASE IF NOT EXISTS `evolucionamos_holman` DEFAULT CHARACTER SET utf8mb4 COLLATE utf8mb4_0900_ai_ci;
USE `evolucionamos_holman`;

-- --------------------------------------------------------

--
-- Estructura de tabla para la tabla `administradores`
--

CREATE TABLE `administradores` (
  `id` bigint UNSIGNED NOT NULL,
  `nombre` varchar(255) CHARACTER SET utf8mb4 COLLATE utf8mb4_unicode_ci NOT NULL,
  `cedula` varchar(255) CHARACTER SET utf8mb4 COLLATE utf8mb4_unicode_ci NOT NULL,
  `correo` varchar(255) CHARACTER SET utf8mb4 COLLATE utf8mb4_unicode_ci DEFAULT NULL,
  `password` varchar(255) CHARACTER SET utf8mb4 COLLATE utf8mb4_unicode_ci NOT NULL,
  `rol` varchar(255) CHARACTER SET utf8mb4 COLLATE utf8mb4_unicode_ci DEFAULT NULL
) ENGINE=InnoDB DEFAULT CHARSET=utf8mb4 COLLATE=utf8mb4_unicode_ci;

--
-- Volcado de datos para la tabla `administradores`
--

INSERT INTO `administradores` (`id`, `nombre`, `cedula`, `correo`, `password`, `rol`) VALUES
(1, 'administrador', '823', 'admin@admin.com', '823', '1'),
(2, 'Cliente', '729', 'cliente@cliente.com', '729', '2'),
(3, 'coordinador', '823', '123@123.com', '729', '3');

-- --------------------------------------------------------

--
-- Estructura de tabla para la tabla `candidatos`
--

CREATE TABLE `candidatos` (
  `id` int NOT NULL,
  `numero` varchar(40) CHARACTER SET utf8mb4 COLLATE utf8mb4_unicode_ci NOT NULL,
  `nombre` varchar(100) CHARACTER SET utf8mb4 COLLATE utf8mb4_unicode_ci NOT NULL,
  `empresa` varchar(100) CHARACTER SET utf8mb4 COLLATE utf8mb4_unicode_ci NOT NULL,
  `cedula` varchar(40) CHARACTER SET utf8mb4 COLLATE utf8mb4_unicode_ci NOT NULL,
  `zona` varchar(100) CHARACTER SET utf8mb4 COLLATE utf8mb4_unicode_ci NOT NULL,
  `descripcion` varchar(200) CHARACTER SET utf8mb4 COLLATE utf8mb4_unicode_ci NOT NULL
) ENGINE=InnoDB DEFAULT CHARSET=utf8mb4 COLLATE=utf8mb4_unicode_ci;

-- --------------------------------------------------------

--
-- Estructura de tabla para la tabla `cp_candidatos_planchas`
--

CREATE TABLE `cp_candidatos_planchas` (
  `id` bigint UNSIGNED NOT NULL,
  `id_plancha` int NOT NULL,
  `cabeza_plancha` int NOT NULL,
  `numero` varchar(255) CHARACTER SET utf8mb4 COLLATE utf8mb4_unicode_ci NOT NULL,
  `nombre` varchar(255) CHARACTER SET utf8mb4 COLLATE utf8mb4_unicode_ci NOT NULL,
  `cedula` varchar(255) CHARACTER SET utf8mb4 COLLATE utf8mb4_unicode_ci NOT NULL,
  `zona` varchar(255) CHARACTER SET utf8mb4 COLLATE utf8mb4_unicode_ci NOT NULL,
  `suplente` varchar(255) CHARACTER SET utf8mb4 COLLATE utf8mb4_unicode_ci NOT NULL
) ENGINE=InnoDB DEFAULT CHARSET=utf8mb4 COLLATE=utf8mb4_unicode_ci;

-- --------------------------------------------------------

--
-- Estructura de tabla para la tabla `datos`
--

CREATE TABLE `datos` (
  `id` bigint UNSIGNED NOT NULL,
  `titulo` varchar(255) CHARACTER SET utf8mb4 COLLATE utf8mb4_unicode_ci NOT NULL,
  `saludo` varchar(255) CHARACTER SET utf8mb4 COLLATE utf8mb4_unicode_ci NOT NULL,
  `parrafo` varchar(255) CHARACTER SET utf8mb4 COLLATE utf8mb4_unicode_ci NOT NULL,
  `nota` varchar(255) CHARACTER SET utf8mb4 COLLATE utf8mb4_unicode_ci NOT NULL,
  `modal` varchar(255) CHARACTER SET utf8mb4 COLLATE utf8mb4_unicode_ci NOT NULL,
  `estadoCerrado` varchar(255) CHARACTER SET utf8mb4 COLLATE utf8mb4_unicode_ci NOT NULL,
  `mensajeVotoRealizado` varchar(255) CHARACTER SET utf8mb4 COLLATE utf8mb4_unicode_ci NOT NULL,
  `mensajeVoto` varchar(255) CHARACTER SET utf8mb4 COLLATE utf8mb4_unicode_ci NOT NULL,
  `mensajeDeTexto` varchar(255) CHARACTER SET utf8mb4 COLLATE utf8mb4_unicode_ci NOT NULL,
  `celular` varchar(255) CHARACTER SET utf8mb4 COLLATE utf8mb4_unicode_ci NOT NULL,
  `resultadosOff` varchar(10) CHARACTER SET utf8mb4 COLLATE utf8mb4_unicode_ci DEFAULT 'false' COMMENT 'OBSOLETO Sprint 10C: no usado en flujo dinamico',
  `textoWS` varchar(255) CHARACTER SET utf8mb4 COLLATE utf8mb4_unicode_ci DEFAULT NULL,
  `textoComuniquese` varchar(255) CHARACTER SET utf8mb4 COLLATE utf8mb4_unicode_ci DEFAULT NULL,
  `app` varchar(255) CHARACTER SET utf8mb4 COLLATE utf8mb4_unicode_ci NOT NULL,
  `minCandidates` int DEFAULT '1' COMMENT 'OBSOLETO Sprint 10C: usar votaciones.min_candidatos',
  `maxCandidates` int DEFAULT '1' COMMENT 'OBSOLETO Sprint 10C: usar votaciones.max_candidatos',
  `tiempo_palabra` int DEFAULT '120' COMMENT 'Segundos de intervención por delegado',
  `logo` varchar(255) CHARACTER SET utf8mb4 COLLATE utf8mb4_unicode_ci DEFAULT 'assets/img/logo.png' COMMENT 'Ruta del logo de la entidad',
  `bg_desktop` varchar(255) CHARACTER SET utf8mb4 COLLATE utf8mb4_unicode_ci DEFAULT 'assets/img/bg_desktop.jpg' COMMENT 'Fondo pantalla escritorio',
  `bg_mobile` varchar(255) CHARACTER SET utf8mb4 COLLATE utf8mb4_unicode_ci DEFAULT 'assets/img/bg_mobile.jpg' COMMENT 'Fondo login móvil',
  `usar_poderes` tinyint(1) NOT NULL DEFAULT '1' COMMENT '1=mostrar poderes en quorum, 0=solo personas'
) ENGINE=InnoDB DEFAULT CHARSET=utf8mb4 COLLATE=utf8mb4_unicode_ci;

--
-- Volcado de datos para la tabla `datos`
--

INSERT INTO `datos` (`id`, `titulo`, `saludo`, `parrafo`, `nota`, `modal`, `estadoCerrado`, `mensajeVotoRealizado`, `mensajeVoto`, `mensajeDeTexto`, `celular`, `resultadosOff`, `textoWS`, `textoComuniquese`, `app`, `minCandidates`, `maxCandidates`, `tiempo_palabra`, `logo`, `bg_desktop`, `bg_mobile`, `usar_poderes`) VALUES
(1, 'Asamblea 2026', 'Estimado(a) Asociado(a):', 'A continuación, encontrará las opciones a elegir, seleccione la de su preferencia y de clic en el botón Votar', '¿Aprueba estados financieros?', '', '¡Estimado(a) Delegado(a) las votaciones no están activas', '¡Ya realizaste tu voto, por favor espera los resultados!', 'Estimado(a) Asociado(a), Coopetrol agradece tu participación y te informa que tu voto ha sido registrado correctamente.', 'Coopetrol te informa acceso a votaciones https://holman.evolucionamos.com con tu código:', '3187777152', 'true', 'Soy delegado(a) de Coopetrol y requiero soporte en:', '.', 'COOPETROL', 1, 1, 120, 'assets/images/logo.png', 'assets/images/2.jpg', 'assets/images/2a.jpg', 1);

-- --------------------------------------------------------

--
-- Estructura de tabla para la tabla `sorteos`
--

CREATE TABLE `sorteos` (
  `id` int UNSIGNED NOT NULL,
  `nombre_regalo` varchar(255) CHARACTER SET utf8mb4 COLLATE utf8mb4_unicode_ci NOT NULL,
  `cantidad_ganadores` int DEFAULT '1',
  `fecha_sorteo` datetime DEFAULT CURRENT_TIMESTAMP,
  `estado` enum('pendiente','ejecutado') CHARACTER SET utf8mb4 COLLATE utf8mb4_unicode_ci DEFAULT 'pendiente'
) ENGINE=InnoDB DEFAULT CHARSET=utf8mb4 COLLATE=utf8mb4_unicode_ci;

-- --------------------------------------------------------

--
-- Estructura de tabla para la tabla `sorteo_ganadores`
--

CREATE TABLE `sorteo_ganadores` (
  `id` int NOT NULL,
  `sorteo_id` int UNSIGNED NOT NULL,
  `user_id` bigint UNSIGNED NOT NULL,
  `nombre` varchar(255) CHARACTER SET utf8mb4 COLLATE utf8mb4_unicode_ci DEFAULT NULL,
  `cedula` varchar(50) CHARACTER SET utf8mb4 COLLATE utf8mb4_unicode_ci DEFAULT NULL,
  `zona` varchar(100) CHARACTER SET utf8mb4 COLLATE utf8mb4_unicode_ci DEFAULT NULL,
  `regalo` varchar(255) CHARACTER SET utf8mb4 COLLATE utf8mb4_unicode_ci DEFAULT NULL,
  `fecha` datetime DEFAULT CURRENT_TIMESTAMP
) ENGINE=InnoDB DEFAULT CHARSET=utf8mb4 COLLATE=utf8mb4_unicode_ci;

-- --------------------------------------------------------

--
-- Estructura de tabla para la tabla `users`
--

CREATE TABLE `users` (
  `user_id` bigint UNSIGNED NOT NULL,
  `name` varchar(255) CHARACTER SET utf8mb4 COLLATE utf8mb4_unicode_ci NOT NULL,
  `email` varchar(255) CHARACTER SET utf8mb4 COLLATE utf8mb4_unicode_ci DEFAULT NULL,
  `username` varchar(255) CHARACTER SET utf8mb4 COLLATE utf8mb4_unicode_ci NOT NULL,
  `password` varchar(255) CHARACTER SET utf8mb4 COLLATE utf8mb4_unicode_ci NOT NULL,
  `zona` varchar(255) CHARACTER SET utf8mb4 COLLATE utf8mb4_unicode_ci NOT NULL,
  `poder` int NOT NULL DEFAULT '1' COMMENT 'Cantidad de votos/representaciones que tiene este usuario',
  `activo` int DEFAULT NULL,
  `telefono` varchar(255) CHARACTER SET utf8mb4 COLLATE utf8mb4_unicode_ci DEFAULT NULL,
  `voto` varchar(255) CHARACTER SET utf8mb4 COLLATE utf8mb4_unicode_ci DEFAULT NULL,
  `registro` datetime DEFAULT NULL,
  `quorum` int DEFAULT NULL,
  `registrozoom` varchar(255) CHARACTER SET utf8mb4 COLLATE utf8mb4_unicode_ci DEFAULT NULL,
  `fecha_ingreso` datetime DEFAULT NULL,
  `fecha_salida` datetime DEFAULT NULL,
  `token_votacion` varchar(64) CHARACTER SET utf8mb4 COLLATE utf8mb4_unicode_ci DEFAULT NULL,
  `token_expira` datetime DEFAULT NULL
) ENGINE=InnoDB DEFAULT CHARSET=utf8mb4 COLLATE=utf8mb4_unicode_ci;

--
-- Volcado de datos para la tabla `users`
--

INSERT INTO `users` (`user_id`, `name`, `email`, `username`, `password`, `zona`, `poder`, `activo`, `telefono`, `voto`, `registro`, `quorum`, `registrozoom`, `fecha_ingreso`, `fecha_salida`, `token_votacion`, `token_expira`) VALUES
(1, 'Carlos Parra Bermudez', '1oea23r1s@gmail.com', '1', '2356', 'COOPETROL', 1, 1, '3163049842', '1', '2026-03-10 21:10:05', NULL, 'Sg6wmcFXTxeqPBnck_asJg', '2026-03-10 20:51:53', '2026-03-10 21:13:29', NULL, NULL),
(2, 'Cecilia Elvira Perilla Ruíz', '1per23illita1957@gmail.com', '2', '2357', 'COOPETROL', 1, 1, '3002030566', '1', '2026-03-10 21:09:59', NULL, '9hwp6lhTSZuC68_ee8Szaw', '2026-03-10 20:59:11', '2026-03-10 21:13:29', NULL, NULL),
(3, 'Francisco Gabriel Corredor García', 'gabr23ielcorredhgkjhfglkor153@hotmail.com', '3', '2358', 'COOPETROL', 1, 1, '3185437971', '1', '2026-03-10 21:09:09', NULL, 'GL5-GLT3Q1yBW17TOnw29g', '2026-03-10 20:51:54', '2026-03-10 21:13:29', NULL, NULL),
(4, 'Jairo Enrique Grosso Páez', 'jgr23ossop@hotmail.com', '4', '2359', 'COOPETROL', 1, 1, '3173833198', NULL, NULL, NULL, '9M5-U89FQcm5TNw6Ek0J5Q', NULL, NULL, NULL, NULL),
(5, 'Sonia Fenix Herrera', 'son23yfafdasfdenix31@gmail.com', '5', '2360', 'COOPETROL', 1, 1, '3157713954', NULL, NULL, NULL, NULL, NULL, NULL, NULL, NULL),
(6, 'Ricardo Tusso', 'jtus23sosuarez@gmail.com', '6', '2361', 'COOPETROL', 1, 1, '3212636577', '1', '2026-03-10 20:59:45', NULL, '4Wc3FsjFSpuKelzgms7EIQ', '2026-03-10 20:51:53', '2026-03-10 21:13:29', NULL, NULL),
(7, 'Oscar Ballen', 'osca23r.ballen@enel.com', '7', '2362', 'COOPETROL', 1, 1, '3156487938', '1', '2026-03-10 21:09:34', NULL, '2UZCwFM7TmGxVR2HIvekfQ', '2026-03-10 20:51:55', '2026-03-10 21:13:29', NULL, NULL),
(8, 'Jaime Alberto Laverde', 'ale23masas90@gmail.com', '8', '2363', 'COOPETROL', 1, 1, '3132215067', '1', '2026-03-10 21:02:05', NULL, '7Fhtm65RSJKEdyku5PFK9A', '2026-03-10 20:51:58', '2026-03-10 21:13:25', NULL, NULL),
(9, 'Luz Gladys Mora Grosso', '1fa1i1@gmail.com ', '9', '2364', 'COOPETROL', 1, 1, '3132859621', NULL, NULL, NULL, NULL, NULL, NULL, NULL, NULL),
(10, 'Maria Perez', 'luzs_lopez@hotmail.com', '10', '2365', 'COOPETROL', 1, 1, '3158926778', NULL, NULL, NULL, NULL, NULL, NULL, NULL, NULL);

-- --------------------------------------------------------

--
-- Estructura de tabla para la tabla `votaciones`
--

CREATE TABLE `votaciones` (
  `id` int NOT NULL,
  `titulo` varchar(255) CHARACTER SET utf8mb4 COLLATE utf8mb4_unicode_ci NOT NULL,
  `descripcion` text CHARACTER SET utf8mb4 COLLATE utf8mb4_unicode_ci,
  `pregunta` text CHARACTER SET utf8mb4 COLLATE utf8mb4_unicode_ci,
  `tipo` enum('eleccion','aprobacion','consulta') CHARACTER SET utf8mb4 COLLATE utf8mb4_unicode_ci NOT NULL DEFAULT 'eleccion',
  `estado` enum('configuracion','abierta','cerrada','finalizada') CHARACTER SET utf8mb4 COLLATE utf8mb4_unicode_ci NOT NULL DEFAULT 'configuracion',
  `min_candidatos` int NOT NULL DEFAULT '1',
  `max_candidatos` int NOT NULL DEFAULT '1',
  `fecha_creacion` datetime NOT NULL DEFAULT CURRENT_TIMESTAMP,
  `fecha_apertura` datetime DEFAULT NULL,
  `fecha_cierre` datetime DEFAULT NULL,
  `creado_por` int DEFAULT NULL
) ENGINE=InnoDB DEFAULT CHARSET=utf8mb4 COLLATE=utf8mb4_unicode_ci;

--
-- Volcado de datos para la tabla `votaciones`
--

INSERT INTO `votaciones` (`id`, `titulo`, `descripcion`, `pregunta`, `tipo`, `estado`, `min_candidatos`, `max_candidatos`, `fecha_creacion`, `fecha_apertura`, `fecha_cierre`, `creado_por`) VALUES
(11, 'Orden del Día', '', '¿Aprueba Orden del Día?', 'aprobacion', 'finalizada', 1, 2, '2026-03-09 23:17:41', '2026-03-09 23:32:23', '2026-03-09 23:34:13', 1),
(12, 'Orden del Día', 'Primera Votación General', '¿Aprueba el Orden del día?', 'aprobacion', 'finalizada', 1, 1, '2026-03-10 13:26:49', '2026-03-10 16:08:49', NULL, 1),
(13, 'Colombia Mundialista', 'Pregunta para confirmar acceso a Votaciones y validar Quorum', '¿Cree ud. qué Colombia pasara a la Final del Mundia?', 'consulta', 'finalizada', 1, 1, '2026-03-10 13:31:10', '2026-03-10 15:56:15', NULL, 1),
(14, 'Elección Mesa Directiva de la Asamblea', 'Se elegirán 3 miembros de la Asamblea para que conformen la Mesa Directiva', 'Elección Mesa Directiva Asamblea', 'eleccion', 'finalizada', 1, 3, '2026-03-10 13:39:31', '2026-03-10 16:01:24', NULL, 1),
(15, 'Aprobación del Proyecto de Reglamento Interno para la Asamblea', '', 'Aprueba el Reglamento Interno para la Asamblea', 'aprobacion', 'configuracion', 1, 1, '2026-03-10 13:53:45', NULL, NULL, 1),
(16, 'Designación Comisión de tres (3) Delegados para la revisión y aprobación del acta de la presente Asamblea', '', 'Elección de (3) Delegados para la revisión y aprobación del acta de la presente Asamblea.', 'consulta', 'configuracion', 1, 3, '2026-03-10 13:57:25', NULL, NULL, 1),
(17, 'Estudio y Aprobación Estados Financieros a Diciembre 31 de 2023', '', 'Aprueba los Estados Financieros a Diciembre 31 de 2025', 'aprobacion', 'configuracion', 1, 1, '2026-03-10 14:05:00', NULL, NULL, 1),
(18, 'Elección Revisoria Fiscal', '', '¿Qué firma de Revisora Eliges para esta nuevo periodo?', 'eleccion', 'configuracion', 1, 1, '2026-03-10 14:12:11', NULL, NULL, 1);

-- --------------------------------------------------------

--
-- Estructura de tabla para la tabla `votacion_candidatos`
--

CREATE TABLE `votacion_candidatos` (
  `id` int NOT NULL,
  `votacion_id` int NOT NULL,
  `numero` varchar(50) CHARACTER SET utf8mb4 COLLATE utf8mb4_unicode_ci NOT NULL,
  `nombre` varchar(255) CHARACTER SET utf8mb4 COLLATE utf8mb4_unicode_ci NOT NULL,
  `posicion` varchar(255) CHARACTER SET utf8mb4 COLLATE utf8mb4_unicode_ci DEFAULT NULL COMMENT 'Texto tarjetón: área, ciudad, cargo, etc.',
  `cedula` varchar(50) CHARACTER SET utf8mb4 COLLATE utf8mb4_unicode_ci DEFAULT NULL,
  `zona` varchar(100) CHARACTER SET utf8mb4 COLLATE utf8mb4_unicode_ci DEFAULT NULL,
  `descripcion` text CHARACTER SET utf8mb4 COLLATE utf8mb4_unicode_ci,
  `orden` int DEFAULT '0'
) ENGINE=InnoDB DEFAULT CHARSET=utf8mb4 COLLATE=utf8mb4_unicode_ci;

--
-- Volcado de datos para la tabla `votacion_candidatos`
--

INSERT INTO `votacion_candidatos` (`id`, `votacion_id`, `numero`, `nombre`, `posicion`, `cedula`, `zona`, `descripcion`, `orden`) VALUES
(11, 11, '1', 'SI', '1', '', 'COOPETROL', 'NO', 0),
(12, 11, '2', 'NO', '2', '', 'COOPETROL', 'NO', 0),
(13, 12, '01', 'SI', '1', 'SI', 'COOPETROL', 'SI', 0),
(15, 12, '03', 'VOTO EN BLANCO', '3', '0', 'COOPETROL', 'SI', 0),
(16, 13, '01', 'SI', '2', 'SI', 'COOPETROL', 'SI', 0),
(17, 13, '02', 'VOTO EN BLANCO', '1', '0', 'COOPETROL', 'SI', 0),
(18, 13, '03', 'NO', '2', 'NO', 'COOPETROL', 'SI', 0),
(19, 14, '1', 'JUAN PÉREZ GARCÍA', '1', '3', 'COOPETROL', 'SI', 1),
(20, 14, '2', 'MARÍA TORRES SILVA', 'Coordinadora Zona Sur', '10', 'COOPETROL', 'SI', 2),
(21, 14, '3', 'CARLOS RUIZ MORA', 'Director Occidente', '13', 'COOPETROL', 'SI', 3),
(22, 14, '4', 'ALEJANDRO DIAZ', 'Coordinadora Zona Norte', '5', 'COOPETROL', 'SI', 4),
(23, 14, '5', 'DIANA OSPINA', 'Director Occidente', '6', 'COOPETROL', 'SI', 5),
(24, 14, '6', 'ERICK PEREZ', 'Asistente General', '7', 'COOPETROL', 'SI', 6),
(25, 14, '7', 'VICTORIA LOPEZ', 'Gerente Zs', '12', 'COOPETROL', 'SI', 7),
(26, 14, '8', 'LUZ PIEHDRAITA', 'Secretaria Gerencia', '14', 'COOPETROL', 'SI', 8),
(28, 14, '9', 'Adrian Riaño', '09', '22', 'COOPETROL', 'SI', 0),
(29, 15, '01', 'SI', 'SI', 'SI', 'COOPETROL', 'SI', 0),
(30, 15, '02', 'NO', 'NO', 'NO', 'COOPETROL', 'SI', 0),
(31, 15, '03', 'VOTO EN BLANCO', '3', '0', 'COOPETROL', 'SI', 0),
(32, 16, '1', 'JULIAN DIAZ', 'Gerente Regional Norte', '1', 'COOPETROL', 'SI', 1),
(33, 16, '2', 'ANA LOPEZ', 'Coordinadora Zona Sur', '4', 'COOPETROL', 'SI', 2),
(34, 16, '3', 'ANDREA MARIN', 'Director Occidente', '18', 'COOPETROL', 'SI', 3),
(35, 16, '4', 'ROBERT SMIT', 'Coordinadora Zona Norte', '19', 'COOPETROL', 'SI', 4),
(36, 16, '5', 'CLARA PONCE', 'Director Occidente', '12', 'COOPETROL', 'SI', 5),
(37, 16, '6', 'LUIS MARTINEZ', 'Asistente General', '43', 'COOPETROL', 'SI', 6),
(38, 16, '7', 'VERONICA ORTEGA', 'Gerente Zs', '32', 'COOPETROL', 'SI', 7),
(39, 16, '8', 'PATRICIA TORRES', 'Secretaria Gerencia', '6', 'COOPETROL', 'SI', 8),
(40, 16, '9', 'ADRIANA RIAÑO', 'Jefe de Pozo', '22', 'COOPETROL', 'SI', 9),
(41, 17, '01', 'SI', '1', 'SI', 'COOPETROL', 'SI', 0),
(43, 17, '02', 'NO', '2', 'NO', 'COOPETROL', 'SI', 0),
(44, 17, '03', 'VOTO EN BLANCO', '3', '0', 'COOPETROL', 'SI', 0),
(45, 18, '01', 'RA', '01', 'RA', '', 'SI', 0),
(47, 18, '3', 'JUAN DIAZ', '3', '5', 'COOPETROL', 'SI', 0),
(49, 18, '01', 'RA', '01', 'RA', 'COOPETROL', 'SI', 0),
(50, 18, '03', 'AMEZQUITA', '03', 'AMZ', 'COOPETROL', 'SI', 0),
(51, 12, '02', 'NO', '2', 'NO', 'COOPETROL', 'SI', 0);

-- --------------------------------------------------------

--
-- Estructura de tabla para la tabla `votacion_participantes`
--

CREATE TABLE `votacion_participantes` (
  `id` int NOT NULL,
  `votacion_id` int NOT NULL,
  `user_id` bigint UNSIGNED NOT NULL,
  `voto_registrado` tinyint NOT NULL DEFAULT '0',
  `fecha_voto` datetime DEFAULT NULL
) ENGINE=InnoDB DEFAULT CHARSET=utf8mb4 COLLATE=utf8mb4_unicode_ci;

--
-- Volcado de datos para la tabla `votacion_participantes`
--

INSERT INTO `votacion_participantes` (`id`, `votacion_id`, `user_id`, `voto_registrado`, `fecha_voto`) VALUES
(18, 13, 7, 1, '2026-03-10 15:57:51'),
(19, 13, 8, 1, '2026-03-10 15:58:19'),
(20, 13, 1, 1, '2026-03-10 15:58:28'),
(21, 13, 2, 1, '2026-03-10 15:59:43'),
(22, 13, 6, 1, '2026-03-10 15:59:45'),
(23, 13, 3, 1, '2026-03-10 15:59:54'),
(24, 14, 3, 1, '2026-03-10 16:02:00'),
(25, 14, 8, 1, '2026-03-10 16:02:05'),
(26, 14, 7, 1, '2026-03-10 16:02:05'),
(27, 14, 2, 1, '2026-03-10 16:02:54'),
(28, 14, 1, 1, '2026-03-10 16:04:14'),
(29, 12, 3, 1, '2026-03-10 16:09:09'),
(30, 12, 7, 1, '2026-03-10 16:09:34'),
(31, 12, 2, 1, '2026-03-10 16:09:59'),
(32, 12, 1, 1, '2026-03-10 16:10:05');

-- --------------------------------------------------------

--
-- Estructura de tabla para la tabla `votacion_votos`
--

CREATE TABLE `votacion_votos` (
  `id` bigint UNSIGNED NOT NULL,
  `votacion_id` int NOT NULL,
  `user_id` bigint UNSIGNED NOT NULL,
  `candidato_id` int NOT NULL,
  `cantidad` int NOT NULL DEFAULT '1' COMMENT 'Votos por poder — reemplaza múltiples INSERTs',
  `zona` varchar(100) CHARACTER SET utf8mb4 COLLATE utf8mb4_unicode_ci DEFAULT NULL,
  `fecha_voto` datetime NOT NULL DEFAULT CURRENT_TIMESTAMP
) ENGINE=InnoDB DEFAULT CHARSET=utf8mb4 COLLATE=utf8mb4_unicode_ci;

--
-- Volcado de datos para la tabla `votacion_votos`
--

INSERT INTO `votacion_votos` (`id`, `votacion_id`, `user_id`, `candidato_id`, `cantidad`, `zona`, `fecha_voto`) VALUES
(18, 13, 7, 18, 1, 'COOPETROL', '2026-03-10 15:57:51'),
(19, 13, 8, 18, 1, 'COOPETROL', '2026-03-10 15:58:19'),
(20, 13, 1, 16, 1, 'COOPETROL', '2026-03-10 15:58:28'),
(21, 13, 2, 16, 1, 'COOPETROL', '2026-03-10 15:59:43'),
(22, 13, 6, 16, 1, 'COOPETROL', '2026-03-10 15:59:45'),
(23, 13, 3, 18, 1, 'COOPETROL', '2026-03-10 15:59:54'),
(24, 14, 3, 28, 1, 'COOPETROL', '2026-03-10 16:02:00'),
(25, 14, 8, 26, 1, 'COOPETROL', '2026-03-10 16:02:05'),
(26, 14, 7, 26, 1, 'COOPETROL', '2026-03-10 16:02:05'),
(27, 14, 2, 22, 1, 'COOPETROL', '2026-03-10 16:02:54'),
(28, 14, 2, 23, 1, 'COOPETROL', '2026-03-10 16:02:54'),
(29, 14, 2, 25, 1, 'COOPETROL', '2026-03-10 16:02:54'),
(30, 14, 1, 24, 1, 'COOPETROL', '2026-03-10 16:04:14'),
(31, 12, 3, 15, 1, 'COOPETROL', '2026-03-10 16:09:09'),
(32, 12, 7, 51, 1, 'COOPETROL', '2026-03-10 16:09:34'),
(33, 12, 2, 13, 1, 'COOPETROL', '2026-03-10 16:09:59'),
(34, 12, 1, 15, 1, 'COOPETROL', '2026-03-10 16:10:05');

-- --------------------------------------------------------

--
-- Estructura de tabla para la tabla `votos`
--

CREATE TABLE `votos` (
  `id` bigint UNSIGNED NOT NULL,
  `numero` int NOT NULL,
  `zona` varchar(255) CHARACTER SET utf8mb4 COLLATE utf8mb4_unicode_ci NOT NULL
) ENGINE=InnoDB DEFAULT CHARSET=utf8mb4 COLLATE=utf8mb4_unicode_ci;

--
-- Índices para tablas volcadas
--

--
-- Indices de la tabla `administradores`
--
ALTER TABLE `administradores`
  ADD PRIMARY KEY (`id`);

--
-- Indices de la tabla `candidatos`
--
ALTER TABLE `candidatos`
  ADD PRIMARY KEY (`id`),
  ADD KEY `idx_zona_cand` (`zona`),
  ADD KEY `idx_numero_cand` (`numero`);

--
-- Indices de la tabla `cp_candidatos_planchas`
--
ALTER TABLE `cp_candidatos_planchas`
  ADD PRIMARY KEY (`id`);

--
-- Indices de la tabla `datos`
--
ALTER TABLE `datos`
  ADD PRIMARY KEY (`id`);

--
-- Indices de la tabla `sorteos`
--
ALTER TABLE `sorteos`
  ADD PRIMARY KEY (`id`);

--
-- Indices de la tabla `sorteo_ganadores`
--
ALTER TABLE `sorteo_ganadores`
  ADD PRIMARY KEY (`id`),
  ADD KEY `sorteo_id` (`sorteo_id`),
  ADD KEY `user_id` (`user_id`);

--
-- Indices de la tabla `users`
--
ALTER TABLE `users`
  ADD PRIMARY KEY (`user_id`),
  ADD KEY `idx_username` (`username`),
  ADD KEY `idx_registrozoom` (`registrozoom`),
  ADD KEY `idx_quorum` (`quorum`),
  ADD KEY `idx_zona` (`zona`),
  ADD KEY `idx_voto` (`voto`),
  ADD KEY `idx_activo` (`activo`),
  ADD KEY `idx_email` (`email`),
  ADD KEY `idx_token` (`token_votacion`),
  ADD KEY `idx_fecha_salida` (`fecha_salida`);

--
-- Indices de la tabla `votaciones`
--
ALTER TABLE `votaciones`
  ADD PRIMARY KEY (`id`),
  ADD KEY `idx_estado` (`estado`),
  ADD KEY `idx_fecha_creacion` (`fecha_creacion`);

--
-- Indices de la tabla `votacion_candidatos`
--
ALTER TABLE `votacion_candidatos`
  ADD PRIMARY KEY (`id`),
  ADD KEY `idx_votacion` (`votacion_id`),
  ADD KEY `idx_zona` (`zona`);

--
-- Indices de la tabla `votacion_participantes`
--
ALTER TABLE `votacion_participantes`
  ADD PRIMARY KEY (`id`),
  ADD UNIQUE KEY `uk_votacion_user` (`votacion_id`,`user_id`),
  ADD KEY `idx_votacion` (`votacion_id`),
  ADD KEY `fk_vp_user` (`user_id`);

--
-- Indices de la tabla `votacion_votos`
--
ALTER TABLE `votacion_votos`
  ADD PRIMARY KEY (`id`),
  ADD KEY `idx_votacion` (`votacion_id`),
  ADD KEY `idx_user` (`user_id`),
  ADD KEY `idx_candidato` (`candidato_id`),
  ADD KEY `idx_zona` (`zona`);

--
-- Indices de la tabla `votos`
--
ALTER TABLE `votos`
  ADD PRIMARY KEY (`id`),
  ADD KEY `idx_numero` (`numero`),
  ADD KEY `idx_zona` (`zona`);

--
-- AUTO_INCREMENT de las tablas volcadas
--

--
-- AUTO_INCREMENT de la tabla `administradores`
--
ALTER TABLE `administradores`
  MODIFY `id` bigint UNSIGNED NOT NULL AUTO_INCREMENT, AUTO_INCREMENT=4;

--
-- AUTO_INCREMENT de la tabla `candidatos`
--
ALTER TABLE `candidatos`
  MODIFY `id` int NOT NULL AUTO_INCREMENT;

--
-- AUTO_INCREMENT de la tabla `cp_candidatos_planchas`
--
ALTER TABLE `cp_candidatos_planchas`
  MODIFY `id` bigint UNSIGNED NOT NULL AUTO_INCREMENT;

--
-- AUTO_INCREMENT de la tabla `datos`
--
ALTER TABLE `datos`
  MODIFY `id` bigint UNSIGNED NOT NULL AUTO_INCREMENT, AUTO_INCREMENT=2;

--
-- AUTO_INCREMENT de la tabla `sorteos`
--
ALTER TABLE `sorteos`
  MODIFY `id` int UNSIGNED NOT NULL AUTO_INCREMENT, AUTO_INCREMENT=13;

--
-- AUTO_INCREMENT de la tabla `sorteo_ganadores`
--
ALTER TABLE `sorteo_ganadores`
  MODIFY `id` int NOT NULL AUTO_INCREMENT, AUTO_INCREMENT=7;

--
-- AUTO_INCREMENT de la tabla `users`
--
ALTER TABLE `users`
  MODIFY `user_id` bigint UNSIGNED NOT NULL AUTO_INCREMENT, AUTO_INCREMENT=2616;

--
-- AUTO_INCREMENT de la tabla `votaciones`
--
ALTER TABLE `votaciones`
  MODIFY `id` int NOT NULL AUTO_INCREMENT, AUTO_INCREMENT=19;

--
-- AUTO_INCREMENT de la tabla `votacion_candidatos`
--
ALTER TABLE `votacion_candidatos`
  MODIFY `id` int NOT NULL AUTO_INCREMENT, AUTO_INCREMENT=52;

--
-- AUTO_INCREMENT de la tabla `votacion_participantes`
--
ALTER TABLE `votacion_participantes`
  MODIFY `id` int NOT NULL AUTO_INCREMENT, AUTO_INCREMENT=33;

--
-- AUTO_INCREMENT de la tabla `votacion_votos`
--
ALTER TABLE `votacion_votos`
  MODIFY `id` bigint UNSIGNED NOT NULL AUTO_INCREMENT, AUTO_INCREMENT=35;

--
-- AUTO_INCREMENT de la tabla `votos`
--
ALTER TABLE `votos`
  MODIFY `id` bigint UNSIGNED NOT NULL AUTO_INCREMENT;

--
-- Restricciones para tablas volcadas
--

--
-- Filtros para la tabla `sorteo_ganadores`
--
ALTER TABLE `sorteo_ganadores`
  ADD CONSTRAINT `sorteo_ganadores_ibfk_1` FOREIGN KEY (`sorteo_id`) REFERENCES `sorteos` (`id`) ON DELETE CASCADE,
  ADD CONSTRAINT `sorteo_ganadores_ibfk_2` FOREIGN KEY (`user_id`) REFERENCES `users` (`user_id`) ON DELETE RESTRICT;

--
-- Filtros para la tabla `votacion_candidatos`
--
ALTER TABLE `votacion_candidatos`
  ADD CONSTRAINT `votacion_candidatos_ibfk_1` FOREIGN KEY (`votacion_id`) REFERENCES `votaciones` (`id`) ON DELETE CASCADE;

--
-- Filtros para la tabla `votacion_participantes`
--
ALTER TABLE `votacion_participantes`
  ADD CONSTRAINT `fk_vp_user` FOREIGN KEY (`user_id`) REFERENCES `users` (`user_id`) ON DELETE CASCADE ON UPDATE CASCADE,
  ADD CONSTRAINT `votacion_participantes_ibfk_1` FOREIGN KEY (`votacion_id`) REFERENCES `votaciones` (`id`);

--
-- Filtros para la tabla `votacion_votos`
--
ALTER TABLE `votacion_votos`
  ADD CONSTRAINT `fk_vv_user` FOREIGN KEY (`user_id`) REFERENCES `users` (`user_id`) ON DELETE RESTRICT ON UPDATE CASCADE,
  ADD CONSTRAINT `votacion_votos_ibfk_1` FOREIGN KEY (`votacion_id`) REFERENCES `votaciones` (`id`),
  ADD CONSTRAINT `votacion_votos_ibfk_2` FOREIGN KEY (`candidato_id`) REFERENCES `votacion_candidatos` (`id`);
--
-- Base de datos: `evolucionamos_k5kg1`
--
CREATE DATABASE IF NOT EXISTS `evolucionamos_k5kg1` DEFAULT CHARACTER SET utf8mb4 COLLATE utf8mb4_0900_ai_ci;
USE `evolucionamos_k5kg1`;

-- --------------------------------------------------------

--
-- Estructura de tabla para la tabla `wyy5_commentmeta`
--

CREATE TABLE `wyy5_commentmeta` (
  `meta_id` bigint UNSIGNED NOT NULL,
  `comment_id` bigint UNSIGNED NOT NULL DEFAULT '0',
  `meta_key` varchar(255) COLLATE utf8mb4_unicode_520_ci DEFAULT NULL,
  `meta_value` longtext COLLATE utf8mb4_unicode_520_ci
) ENGINE=InnoDB DEFAULT CHARSET=utf8mb4 COLLATE=utf8mb4_unicode_520_ci;

-- --------------------------------------------------------

--
-- Estructura de tabla para la tabla `wyy5_comments`
--

CREATE TABLE `wyy5_comments` (
  `comment_ID` bigint UNSIGNED NOT NULL,
  `comment_post_ID` bigint UNSIGNED NOT NULL DEFAULT '0',
  `comment_author` tinytext COLLATE utf8mb4_unicode_520_ci NOT NULL,
  `comment_author_email` varchar(100) COLLATE utf8mb4_unicode_520_ci NOT NULL DEFAULT '',
  `comment_author_url` varchar(200) COLLATE utf8mb4_unicode_520_ci NOT NULL DEFAULT '',
  `comment_author_IP` varchar(100) COLLATE utf8mb4_unicode_520_ci NOT NULL DEFAULT '',
  `comment_date` datetime NOT NULL DEFAULT '0000-00-00 00:00:00',
  `comment_date_gmt` datetime NOT NULL DEFAULT '0000-00-00 00:00:00',
  `comment_content` text COLLATE utf8mb4_unicode_520_ci NOT NULL,
  `comment_karma` int NOT NULL DEFAULT '0',
  `comment_approved` varchar(20) COLLATE utf8mb4_unicode_520_ci NOT NULL DEFAULT '1',
  `comment_agent` varchar(255) COLLATE utf8mb4_unicode_520_ci NOT NULL DEFAULT '',
  `comment_type` varchar(20) COLLATE utf8mb4_unicode_520_ci NOT NULL DEFAULT 'comment',
  `comment_parent` bigint UNSIGNED NOT NULL DEFAULT '0',
  `user_id` bigint UNSIGNED NOT NULL DEFAULT '0'
) ENGINE=InnoDB DEFAULT CHARSET=utf8mb4 COLLATE=utf8mb4_unicode_520_ci;

--
-- Volcado de datos para la tabla `wyy5_comments`
--

INSERT INTO `wyy5_comments` (`comment_ID`, `comment_post_ID`, `comment_author`, `comment_author_email`, `comment_author_url`, `comment_author_IP`, `comment_date`, `comment_date_gmt`, `comment_content`, `comment_karma`, `comment_approved`, `comment_agent`, `comment_type`, `comment_parent`, `user_id`) VALUES
(1, 1, 'A WordPress Commenter', 'wapuu@wordpress.example', 'https://wordpress.org/', '', '2026-05-04 16:46:56', '2026-05-04 16:46:56', 'Hi, this is a comment.\nTo get started with moderating, editing, and deleting comments, please visit the Comments screen in the dashboard.\nCommenter avatars come from <a href=\"https://gravatar.com/\">Gravatar</a>.', 0, '1', '', 'comment', 0, 0);

-- --------------------------------------------------------

--
-- Estructura de tabla para la tabla `wyy5_depicter_documents`
--

CREATE TABLE `wyy5_depicter_documents` (
  `id` bigint UNSIGNED NOT NULL,
  `name` text COLLATE utf8mb4_unicode_520_ci NOT NULL,
  `slug` varchar(100) COLLATE utf8mb4_unicode_520_ci NOT NULL,
  `type` varchar(50) COLLATE utf8mb4_unicode_520_ci NOT NULL DEFAULT 'custom',
  `author` bigint UNSIGNED NOT NULL DEFAULT '0',
  `sections_count` mediumint NOT NULL DEFAULT '0',
  `created_at` datetime DEFAULT NULL,
  `modified_at` datetime DEFAULT NULL,
  `thumbnail` varchar(255) COLLATE utf8mb4_unicode_520_ci NOT NULL,
  `content` longtext COLLATE utf8mb4_unicode_520_ci NOT NULL,
  `status` varchar(20) COLLATE utf8mb4_unicode_520_ci NOT NULL DEFAULT 'draft',
  `parent` bigint UNSIGNED NOT NULL DEFAULT '0',
  `password` varchar(255) COLLATE utf8mb4_unicode_520_ci NOT NULL DEFAULT ''
) ENGINE=InnoDB DEFAULT CHARSET=utf8mb4 COLLATE=utf8mb4_unicode_520_ci;

--
-- Volcado de datos para la tabla `wyy5_depicter_documents`
--

INSERT INTO `wyy5_depicter_documents` (`id`, `name`, `slug`, `type`, `author`, `sections_count`, `created_at`, `modified_at`, `thumbnail`, `content`, `status`, `parent`, `password`) VALUES
(10, 'Hero Section', 'document-1', 'hero-section', 1, 1, '2026-05-13 20:50:54', '2026-05-14 17:32:47', '', '{\"lastId\":15,\"sectionsList\":[\"section-1\"],\"elements\":{\"element-3\":{\"section\":\"section-1\",\"parent\":\"section-1\",\"wrap\":true,\"locked\":false,\"visible\":{\"default\":true},\"children\":[],\"type\":\"text\",\"size\":{\"default\":{\"width\":\"auto\",\"height\":\"auto\"},\"tablet\":{\"width\":\"auto\",\"height\":\"auto\"},\"mobile\":{\"width\":{\"unit\":\"px\",\"value\":327},\"height\":\"auto\"}},\"styles\":{\"backgroundColor\":{\"default\":\"transparent\"},\"typography\":{\"default\":{\"font\":\"JetBrains Mono\",\"lineHeight\":120,\"color\":\"#B8651F\",\"fontSize\":16,\"fontVariant\":\"500\"},\"tablet\":{\"fontSize\":16,\"align\":\"center\"},\"mobile\":{\"fontSize\":15,\"lineHeight\":130}},\"transform\":{\"default\":{},\"tablet\":{},\"mobile\":{}}},\"options\":{\"content\":\"BUSINESS INTELLIGENCE CONVERSACIONAL \\u00b7 CON IA APLICADA\",\"tag\":\"h2\"},\"position\":{\"default\":{\"origin\":\"tl\",\"autoOrigin\":true,\"x\":{\"unit\":\"px\",\"value\":38},\"y\":{\"unit\":\"px\",\"value\":50}},\"tablet\":{\"origin\":\"tl\",\"autoOrigin\":true,\"x\":{\"unit\":\"px\",\"value\":41},\"y\":{\"unit\":\"px\",\"value\":37}},\"mobile\":{\"origin\":\"tl\",\"autoOrigin\":true,\"x\":{\"unit\":\"px\",\"value\":17},\"y\":{\"unit\":\"px\",\"value\":15}}},\"depth\":1,\"id\":\"element-3\",\"name\":\"Text 1\"},\"element-4\":{\"section\":\"section-1\",\"parent\":\"element-14\",\"wrap\":true,\"locked\":false,\"visible\":{\"default\":true},\"type\":\"text\",\"size\":{\"default\":{\"width\":\"auto\",\"height\":\"auto\"},\"tablet\":{\"width\":\"auto\",\"height\":\"auto\"},\"mobile\":{\"width\":\"auto\",\"height\":\"auto\"}},\"styles\":{\"backgroundColor\":{\"default\":\"transparent\"},\"typography\":{\"default\":{\"font\":\"Instrument Serif\",\"lineHeight\":120,\"color\":\"#FAFAF7\",\"fontSize\":48,\"fontVariant\":\"regular\"},\"tablet\":{\"fontSize\":42,\"align\":\"center\"},\"mobile\":{\"fontSize\":38}},\"transform\":{\"default\":{},\"tablet\":{},\"mobile\":{}}},\"options\":{\"content\":\"Lo que tus datos saben,\",\"tag\":\"h2\"},\"position\":{\"default\":{\"origin\":\"ml\",\"autoOrigin\":true,\"x\":{\"unit\":\"px\",\"value\":-248},\"y\":{\"unit\":\"px\",\"value\":-6}},\"tablet\":{\"origin\":\"ml\",\"autoOrigin\":true,\"x\":{\"unit\":\"px\",\"value\":-263},\"y\":{\"unit\":\"px\",\"value\":-58}},\"mobile\":{\"origin\":\"ml\",\"autoOrigin\":true,\"x\":{\"unit\":\"px\",\"value\":-147},\"y\":{\"unit\":\"px\",\"value\":31}}},\"depth\":1,\"id\":\"element-4\",\"name\":\"Text 2\"},\"element-5\":{\"section\":\"section-1\",\"parent\":\"element-14\",\"wrap\":true,\"locked\":false,\"visible\":{\"default\":true},\"type\":\"text\",\"size\":{\"default\":{\"width\":\"auto\",\"height\":\"auto\"},\"tablet\":{\"width\":{\"unit\":\"px\",\"value\":186},\"height\":\"auto\"},\"mobile\":{\"width\":{\"unit\":\"px\",\"value\":173},\"height\":\"auto\"}},\"styles\":{\"backgroundColor\":{\"default\":\"transparent\"},\"typography\":{\"default\":{\"font\":\"Instrument Serif\",\"lineHeight\":120,\"color\":\"#B8651F\",\"fontSize\":48,\"fontVariant\":\"regular\"},\"tablet\":{\"fontSize\":42,\"align\":\"center\"},\"mobile\":{\"fontSize\":38}},\"transform\":{\"default\":{},\"tablet\":{},\"mobile\":{}}},\"options\":{\"content\":\" antes que t\\u00fa.\",\"tag\":\"h2\"},\"position\":{\"default\":{\"origin\":\"mc\",\"autoOrigin\":true,\"x\":{\"unit\":\"px\",\"value\":-5},\"y\":{\"unit\":\"px\",\"value\":-5}},\"tablet\":{\"origin\":\"ml\",\"autoOrigin\":true,\"x\":{\"unit\":\"px\",\"value\":73},\"y\":{\"unit\":\"px\",\"value\":-56}},\"mobile\":{\"origin\":\"ml\",\"autoOrigin\":true,\"x\":{\"unit\":\"px\",\"value\":-86},\"y\":{\"unit\":\"px\",\"value\":70}}},\"depth\":1,\"id\":\"element-5\",\"name\":\"Text 3\"},\"element-6\":{\"section\":\"section-1\",\"parent\":\"section-1\",\"wrap\":true,\"locked\":false,\"visible\":{\"default\":true},\"type\":\"text\",\"size\":{\"default\":{\"width\":{\"unit\":\"px\",\"value\":503},\"height\":\"auto\"},\"tablet\":{\"width\":{\"unit\":\"px\",\"value\":501},\"height\":\"auto\"},\"mobile\":{\"width\":{\"unit\":\"px\",\"value\":337},\"height\":\"auto\"}},\"styles\":{\"backgroundColor\":{\"default\":\"transparent\"},\"typography\":{\"default\":{\"font\":\"Manrope\",\"lineHeight\":160,\"color\":\"#FAFAF7\",\"fontSize\":16,\"fontVariant\":\"regular\"},\"tablet\":{\"fontSize\":16,\"align\":\"center\"},\"mobile\":{\"fontSize\":15}},\"transform\":{\"default\":{},\"tablet\":{},\"mobile\":{}},\"hover\":{\"typography\":{\"default\":{\"color\":\"#000\"}},\"border\":{\"default\":{\"color\":\"#000\"}}}},\"options\":{\"content\":\"Business Intelligence con IA aplicada para cooperativas, fondos de empleados y empresas que necesitan respuestas, no dashboards.\",\"tag\":\"h3\"},\"position\":{\"default\":{\"origin\":\"tl\",\"autoOrigin\":true,\"x\":{\"unit\":\"px\",\"value\":38},\"y\":{\"unit\":\"px\",\"value\":198}},\"tablet\":{\"origin\":\"tl\",\"autoOrigin\":true,\"x\":{\"unit\":\"px\",\"value\":50},\"y\":{\"unit\":\"px\",\"value\":155}},\"mobile\":{\"origin\":\"tl\",\"autoOrigin\":true,\"x\":{\"unit\":\"px\",\"value\":12},\"y\":{\"unit\":\"px\",\"value\":172}}},\"depth\":1,\"id\":\"element-6\",\"name\":\"Text 4\"},\"element-8\":{\"section\":\"section-1\",\"parent\":\"element-15\",\"wrap\":true,\"locked\":false,\"visible\":{\"default\":true},\"children\":[],\"type\":\"button\",\"size\":{\"default\":{\"width\":{\"value\":198,\"unit\":\"px\"},\"height\":{\"value\":40,\"unit\":\"px\"}},\"tablet\":{\"width\":{\"value\":198,\"unit\":\"px\"},\"height\":{\"value\":40,\"unit\":\"px\"}},\"mobile\":{\"width\":{\"value\":188,\"unit\":\"px\"},\"height\":{\"value\":33,\"unit\":\"px\"}}},\"styles\":{\"typography\":{\"default\":{\"font\":\"Manrope\",\"fontSize\":17,\"fontVariant\":\"700\",\"align\":\"center\",\"color\":\"#0A0A0A\"},\"mobile\":{\"fontSize\":16}},\"backgroundColor\":{\"default\":\"#B8651F\"},\"corner\":{\"default\":{\"topLeft\":{\"value\":6,\"unit\":\"px\"},\"topRight\":{\"value\":6,\"unit\":\"px\"},\"bottomRight\":{\"value\":6,\"unit\":\"px\"},\"bottomLeft\":{\"value\":6,\"unit\":\"px\"},\"link\":true}},\"hover\":{\"backgroundColor\":{\"default\":\"#FFF\"},\"typography\":{\"default\":{\"color\":\"#0A0A0A\"}},\"border\":{\"default\":{\"color\":\"#B8651F\"}},\"enable\":{\"default\":true}},\"transform\":{\"default\":{},\"tablet\":{},\"mobile\":{}},\"border\":{\"default\":{\"enable\":true,\"color\":\"#B8651F\"}}},\"options\":{\"iconAlign\":\"left\",\"content\":\"Probar demo \\u00b7 30 d\\u00edas\"},\"innerStyles\":{\"dp-icon-container\":{\"transform\":{\"default\":{\"scale\":1}}},\"dp-inner-content\":{\"flex\":{\"default\":{\"columnGap\":0}}},\"dp-disabled\":{\"opacity\":{\"default\":1}}},\"position\":{\"default\":{\"x\":{\"unit\":\"px\",\"value\":0},\"y\":{\"unit\":\"px\",\"value\":15},\"origin\":\"ml\",\"autoOrigin\":true},\"tablet\":{\"x\":{\"unit\":\"px\",\"value\":0},\"y\":{\"unit\":\"px\",\"value\":-65},\"origin\":\"ml\",\"autoOrigin\":true},\"mobile\":{\"origin\":\"mc\",\"autoOrigin\":true,\"x\":{\"unit\":\"px\",\"value\":-2},\"y\":{\"unit\":\"px\",\"value\":57}}},\"depth\":1,\"id\":\"element-8\",\"name\":\"Button 1\"},\"element-9\":{\"section\":\"section-1\",\"parent\":\"element-15\",\"wrap\":true,\"locked\":false,\"visible\":{\"default\":true},\"type\":\"button\",\"size\":{\"default\":{\"width\":{\"value\":198,\"unit\":\"px\"},\"height\":{\"value\":40,\"unit\":\"px\"}},\"tablet\":{\"width\":{\"value\":198,\"unit\":\"px\"},\"height\":{\"value\":40,\"unit\":\"px\"}},\"mobile\":{\"width\":{\"value\":189,\"unit\":\"px\"},\"height\":{\"value\":34,\"unit\":\"px\"}}},\"styles\":{\"typography\":{\"default\":{\"font\":\"Manrope\",\"fontSize\":17,\"fontVariant\":\"700\",\"align\":\"center\",\"color\":\"#FAFAF7\"},\"mobile\":{\"fontSize\":16}},\"backgroundColor\":{\"default\":\"#000\"},\"corner\":{\"default\":{\"topLeft\":{\"value\":6,\"unit\":\"px\"},\"topRight\":{\"value\":6,\"unit\":\"px\"},\"bottomRight\":{\"value\":6,\"unit\":\"px\"},\"bottomLeft\":{\"value\":6,\"unit\":\"px\"},\"link\":true}},\"hover\":{\"backgroundColor\":{\"default\":\"#FAFAF7\"},\"typography\":{\"default\":{\"color\":\"#0A0A0A\"}},\"border\":{\"default\":{\"color\":\"#000\"}},\"enable\":{\"default\":true}},\"transform\":{\"default\":{},\"tablet\":{},\"mobile\":{}},\"border\":{\"default\":{\"enable\":true,\"color\":\"#FAFAF7\"}}},\"options\":{\"iconAlign\":\"left\",\"content\":\"Ver c\\u00f3mo funciona\"},\"innerStyles\":{\"dp-icon-container\":{\"transform\":{\"default\":{\"scale\":1}}},\"dp-inner-content\":{\"flex\":{\"default\":{\"columnGap\":0}}},\"dp-disabled\":{\"opacity\":{\"default\":1}}},\"position\":{\"default\":{\"x\":{\"unit\":\"px\",\"value\":0},\"y\":{\"unit\":\"px\",\"value\":15},\"origin\":\"mr\",\"autoOrigin\":true},\"tablet\":{\"x\":{\"unit\":\"px\",\"value\":0},\"y\":{\"unit\":\"px\",\"value\":-65},\"origin\":\"mr\",\"autoOrigin\":true},\"mobile\":{\"origin\":\"mc\",\"autoOrigin\":true,\"x\":{\"unit\":\"px\",\"value\":-3},\"y\":{\"unit\":\"px\",\"value\":110}}},\"depth\":1,\"id\":\"element-9\",\"name\":\"Button 2\"},\"element-10\":{\"section\":\"section-1\",\"parent\":\"section-1\",\"wrap\":true,\"locked\":false,\"visible\":{\"default\":true},\"type\":\"text\",\"size\":{\"default\":{\"width\":{\"unit\":\"px\",\"value\":503},\"height\":\"auto\"},\"tablet\":{\"width\":{\"unit\":\"px\",\"value\":435},\"height\":\"auto\"},\"mobile\":{\"width\":{\"unit\":\"px\",\"value\":275},\"height\":\"auto\"}},\"styles\":{\"backgroundColor\":{\"default\":\"transparent\"},\"typography\":{\"default\":{\"font\":\"Manrope\",\"lineHeight\":160,\"color\":\"#FAFAF7\",\"fontSize\":16,\"fontVariant\":\"regular\"},\"tablet\":{\"align\":\"center\",\"fontSize\":16},\"mobile\":{\"fontSize\":15}},\"transform\":{\"default\":{},\"tablet\":{},\"mobile\":{}},\"hover\":{\"typography\":{\"default\":{\"color\":\"#000\"}},\"border\":{\"default\":{\"color\":\"#000\"}}}},\"options\":{\"content\":\"Sin tarjeta de cr\\u00e9dito \\u00b7 Acompa\\u00f1amiento de Singularidad IA.\",\"tag\":\"h3\"},\"position\":{\"default\":{\"origin\":\"tl\",\"autoOrigin\":true,\"x\":{\"unit\":\"px\",\"value\":39},\"y\":{\"unit\":\"px\",\"value\":363}},\"tablet\":{\"origin\":\"tl\",\"autoOrigin\":true,\"x\":{\"unit\":\"px\",\"value\":83},\"y\":{\"unit\":\"px\",\"value\":302}},\"mobile\":{\"origin\":\"tl\",\"autoOrigin\":true,\"x\":{\"unit\":\"px\",\"value\":43},\"y\":{\"unit\":\"px\",\"value\":359}}},\"depth\":1,\"id\":\"element-10\",\"name\":\"Text 5\"},\"element-11\":{\"section\":\"section-1\",\"parent\":\"section-1\",\"wrap\":true,\"locked\":false,\"visible\":{\"default\":true},\"type\":\"image\",\"size\":{\"default\":{\"width\":{\"value\":514,\"unit\":\"px\"},\"height\":{\"value\":361,\"unit\":\"px\"}},\"tablet\":{\"width\":{\"value\":292,\"unit\":\"px\"},\"height\":{\"value\":203,\"unit\":\"px\"}},\"mobile\":{\"width\":{\"value\":230,\"unit\":\"px\"},\"height\":{\"value\":164,\"unit\":\"px\"}}},\"options\":{\"source\":\"110\",\"mimeType\":\"image\\/png\"},\"keepAspectRatio\":true,\"position\":{\"default\":{\"origin\":\"tl\",\"autoOrigin\":true,\"x\":{\"unit\":\"px\",\"value\":648},\"y\":{\"unit\":\"px\",\"value\":45}},\"mobile\":{\"origin\":\"tl\",\"autoOrigin\":true,\"x\":{\"unit\":\"px\",\"value\":65},\"y\":{\"unit\":\"px\",\"value\":423}},\"tablet\":{\"origin\":\"tl\",\"autoOrigin\":true,\"x\":{\"unit\":\"px\",\"value\":155},\"y\":{\"unit\":\"px\",\"value\":346}}},\"depth\":1,\"id\":\"element-11\",\"name\":\"Image 1\",\"cropData\":{\"default\":{\"mediaSize\":{\"width\":514,\"height\":363.536345776031112109194509685039520263671875}},\"tablet\":{\"mediaSize\":{\"width\":292,\"height\":206.522593320235756664260406978428363800048828125}},\"mobile\":{\"mediaSize\":{\"width\":231.8777777777776236689533106982707977294921875,\"height\":164}}},\"styles\":{\"transform\":{\"default\":{},\"tablet\":{},\"mobile\":{}}}},\"element-13\":{\"autoLayout\":{\"enable\":false,\"mode\":{\"default\":\"flex\"},\"gap\":{\"default\":0},\"direction\":{\"default\":\"column\"},\"alignment\":{\"default\":\"tl\"},\"columns\":{\"default\":1},\"reverse\":{\"default\":false},\"wrap\":{\"default\":false}},\"id\":\"element-13\",\"parent\":\"section-1\",\"type\":\"group\",\"children\":[\"element-14\"],\"section\":\"section-1\",\"wrap\":true,\"visible\":{\"default\":true},\"locked\":false,\"name\":\"Group 13\",\"depth\":1,\"size\":{\"default\":{\"width\":{\"value\":492,\"unit\":\"px\"},\"height\":{\"value\":49,\"unit\":\"px\"}}},\"position\":{\"default\":{\"x\":{\"value\":39,\"unit\":\"px\"},\"y\":{\"value\":89,\"unit\":\"px\"},\"origin\":\"tl\",\"autoOrigin\":true},\"tablet\":{\"origin\":\"tl\",\"autoOrigin\":true,\"x\":{\"unit\":\"px\",\"value\":54},\"y\":{\"unit\":\"px\",\"value\":113}},\"mobile\":{\"origin\":\"tl\",\"autoOrigin\":true,\"x\":{\"unit\":\"px\",\"value\":-66},\"y\":{\"unit\":\"px\",\"value\":13}}}},\"element-14\":{\"autoLayout\":{\"enable\":false,\"mode\":{\"default\":\"flex\"},\"gap\":{\"default\":0},\"direction\":{\"default\":\"column\"},\"alignment\":{\"default\":\"tl\"},\"columns\":{\"default\":1},\"reverse\":{\"default\":false},\"wrap\":{\"default\":false}},\"id\":\"element-14\",\"parent\":\"element-13\",\"type\":\"group\",\"children\":[\"element-4\",\"element-5\"],\"section\":\"section-1\",\"wrap\":true,\"visible\":{\"default\":true},\"locked\":false,\"name\":\"Group 14\",\"depth\":1,\"size\":{\"default\":{\"width\":{\"value\":492,\"unit\":\"px\"},\"height\":{\"value\":49,\"unit\":\"px\"}}},\"position\":{\"default\":{\"x\":{\"value\":246,\"unit\":\"px\"},\"y\":{\"value\":25,\"unit\":\"px\"},\"origin\":\"ml\",\"autoOrigin\":true},\"tablet\":{\"x\":{\"value\":246,\"unit\":\"px\"},\"y\":{\"value\":25,\"unit\":\"px\"},\"origin\":\"ml\",\"autoOrigin\":true}}},\"element-15\":{\"autoLayout\":{\"enable\":false,\"mode\":{\"default\":\"flex\"},\"gap\":{\"default\":0},\"direction\":{\"default\":\"column\"},\"alignment\":{\"default\":\"tl\"},\"columns\":{\"default\":1},\"reverse\":{\"default\":false},\"wrap\":{\"default\":false}},\"id\":\"element-15\",\"parent\":\"section-1\",\"type\":\"group\",\"children\":[\"element-8\",\"element-9\"],\"section\":\"section-1\",\"wrap\":true,\"visible\":{\"default\":true},\"locked\":false,\"name\":\"Group 15\",\"depth\":1,\"size\":{\"default\":{\"width\":{\"value\":442,\"unit\":\"px\"},\"height\":{\"value\":40,\"unit\":\"px\"}}},\"position\":{\"default\":{\"x\":{\"value\":39,\"unit\":\"px\"},\"y\":{\"value\":271,\"unit\":\"px\"},\"origin\":\"tl\",\"autoOrigin\":true},\"tablet\":{\"origin\":\"tl\",\"autoOrigin\":true,\"x\":{\"unit\":\"px\",\"value\":79},\"y\":{\"unit\":\"px\",\"value\":296}},\"mobile\":{\"origin\":\"tl\",\"autoOrigin\":true,\"x\":{\"unit\":\"px\",\"value\":-41},\"y\":{\"unit\":\"px\",\"value\":196}}}}},\"sections\":{\"section-1\":{\"elements\":[\"element-3\",\"element-6\",\"element-10\",\"element-11\",\"element-13\",\"element-15\"],\"background\":{\"color\":{\"default\":\"#0A0A0A\"}},\"options\":{\"slideshowDuration\":0},\"id\":\"section-1\",\"name\":\"Section 1\"}},\"foregroundElements\":[],\"options\":{\"sectionTransition\":{\"type\":\"basic\",\"options\":{}},\"navigation\":{\"loop\":true,\"swipe\":{\"enable\":false}},\"general\":{\"keepAspect\":true},\"navigator\":{},\"sectionLayout\":\"fullwidth\",\"wrapperSize\":{\"default\":{\"width\":{\"value\":1200,\"unit\":\"px\"},\"height\":{\"value\":450,\"unit\":\"px\"}},\"tablet\":{\"width\":{\"value\":600,\"unit\":\"px\"},\"height\":{\"value\":580,\"unit\":\"px\"}},\"mobile\":{\"width\":{\"value\":360,\"unit\":\"px\"},\"height\":{\"value\":600,\"unit\":\"px\"}}},\"wrapperSideSpace\":0,\"integrations\":{}},\"meta\":{\"createdBy\":\"4.7.1\",\"modifiedBy\":\"4.7.1\",\"modifiedByTier\":\"free-user\",\"documentType\":\"hero-section\"},\"env\":{\"activeSection\":\"section-1\",\"activeBreakpoint\":\"default\",\"selectedElements\":[],\"additionalFonts\":{\"ETmodules\":{\"family\":\"ETmodules\",\"variants\":[{\"src\":\"url(\\\"\\/\\/otus.evolucionamos.com\\/wp-content\\/themes\\/Divi\\/core\\/admin\\/fonts\\/modules\\/base\\/modules.woff\\\") format(\\\"woff\\\"), url(\\\"\\/\\/otus.evolucionamos.com\\/wp-content\\/themes\\/Divi\\/core\\/admin\\/fonts\\/modules\\/base\\/modules.ttf\\\") format(\\\"truetype\\\")\",\"weight\":\"400\",\"style\":\"normal\"}]},\"litespeedfont\":{\"family\":\"litespeedfont\",\"variants\":[{\"src\":\"url(\\\"data:application\\/font-woff;base64,d09GRgABAAAAAAd8AAsAAAAABzAAAQAAAAAAAAAAAAAAAAAAAAAAAAAAAABPUy8yAAABCAAAAGAAAABgDxIFKmNtYXAAAAFoAAAAVAAAAFQXVtKHZ2FzcAAAAbwAAAAIAAAACAAAABBnbHlmAAABxAAAAywAAAMsC7+w5mhlYWQAAATwAAAANgAAADYNxQCSaGhlYQAABSgAAAAkAAAAJAe+A8ZobXR4AAAFTAAAABQAAAAUCgAABWxvY2EAAAVgAAAADAAAAAwAKAGqbWF4cAAABWwAAAAgAAAAIAAOAX5uYW1lAAAFjAAAAc4AAAHOiN8uy3Bvc3QAAAdcAAAAIAAAACAAAwAAAAMDAAGQAAUAAAKZAswAAACPApkCzAAAAesAMwEJAAAAAAAAAAAAAAAAAAAAARAAAAAAAAAAAAAAAAAAAAAAQAAA6QADwP\\/AAEADwABAAAAAAQAAAAAAAAAAAAAAIAAAAAAAAwAAAAMAAAAcAAEAAwAAABwAAwABAAAAHAAEADgAAAAKAAgAAgACAAEAIOkA\\/\\/3\\/\\/wAAAAAAIOkA\\/\\/3\\/\\/wAB\\/+MXBAADAAEAAAAAAAAAAAAAAAEAAf\\/\\/AA8AAQAAAAAAAAAAAAIAADc5AQAAAAABAAAAAAAAAAAAAgAANzkBAAAAAAEAAAAAAAAAAAACAAA3OQEAAAAACAAF\\/8QD\\/AO7AIAAxAFEAWkBbgFyAXcBewAAATA0MTQmMTA0JzgBNSImOQEBOAExLgEjIgYHOAE5AQEwBiMUMDEGFDEwBhUwFDEcARUcARUwFDEUFjEwFBc4ARUyFjkBATAWFTAyMTAWMzAyFTAyMzIWMzI2MzoBMTQyMTI2MTAyMTQ2OQEBMDYzNDAxNjQxMDY1MDQxNDY1JjQ1BzEVBzgBMQE4ATEwBjEjMCIxMCIxMCIxMCYxOAExATgBMSc1MDQxMDQ5ATUxNzgBMQEwNjMyFjEBOAExFxUwFDEwFDEnMCIxMDQxMDQxMCIxNDAnMSc4ATEuASMiBgc4ATEHBjAVMCIxMBQxMBQxMCIxHAExMBQVMDIxMBQxMBQxMDIxFDAXMRcWMDM4ARUwMjE4ATEyMBU6ATEwMjM0MDM4ATEwMjE0MDEyMDcxNzYwNTAyMTA0MTA0MTgBMzwBMTA0NScHFzgBMRYUFxYGDwEOASMiJicmNj8BJyY2PwE+ATMyFhcWBgcFFxUBMxMHIwEBMwE1NzUnNQED+wEBAQH+FAIGAwMGAv4UAQEBAQEBAQEB7AIBAQEBAQEBAQEBAQEBAQEBAQECAewBAQEBAQFOAf5XAQEBAQEB\\/lcBAQGpAgEBAgGpAbABAQH0AgICAgIC9AEBAQEBAfQBAQEBAQEBAQEBAQH0AQEBoE8rAQEBAgSBAgQDBAYBAgEDTysFAwWBAgQEAwYBAgED\\/oz6\\/sw6+vo6ATQBNDb+zP7+ATgBwwEBAQEBAQIB7AICAgL+FAIBAQEBAQEBAQEBAQEBAQEBAQEC\\/hQBAQEBAQEBAQEBAewCAQEBAQEBAQEBAQEBBAEB\\/lcBAQGpAQEBAQEBAakBAf5XAQEBAQMBAQEB9AECAgH0AQEBAQEBAQEBAQEB9AEBAQEBAfQBAQEBAQEBAYRkPQECAQcLA2MCAgQDAwgDZD4GDgViAgIEAwMIA6P5OgEzATP6ATT+lP7MNv44\\/jb+zAABAAAAAQAAiK6LiV8PPPUACwQAAAAAANVU3gsAAAAA1VTeCwAA\\/8QD\\/AO7AAAACAACAAAAAAAAAAEAAAPA\\/8AAAAQAAAAAAAP8AAEAAAAAAAAAAAAAAAAAAAAFBAAAAAAAAAAAAAAAAgAAAAQAAAUAAAAAAAoAFAAeAZYAAQAAAAUBfAAIAAAAAAACAAAAAAAAAAAAAAAAAAAAAAAAAA4ArgABAAAAAAABAA0AAAABAAAAAAACAAcAlgABAAAAAAADAA0ASAABAAAAAAAEAA0AqwABAAAAAAAFAAsAJwABAAAAAAAGAA0AbwABAAAAAAAKABoA0gADAAEECQABABoADQADAAEECQACAA4AnQADAAEECQADABoAVQADAAEECQAEABoAuAADAAEECQAFABYAMgADAAEECQAGABoAfAADAAEECQAKADQA7GxpdGVzcGVlZGZvbnQAbABpAHQAZQBzAHAAZQBlAGQAZgBvAG4AdFZlcnNpb24gMS4wAFYAZQByAHMAaQBvAG4AIAAxAC4AMGxpdGVzcGVlZGZvbnQAbABpAHQAZQBzAHAAZQBlAGQAZgBvAG4AdGxpdGVzcGVlZGZvbnQAbABpAHQAZQBzAHAAZQBlAGQAZgBvAG4AdFJlZ3VsYXIAUgBlAGcAdQBsAGEAcmxpdGVzcGVlZGZvbnQAbABpAHQAZQBzAHAAZQBlAGQAZgBvAG4AdEZvbnQgZ2VuZXJhdGVkIGJ5IEljb01vb24uAEYAbwBuAHQAIABnAGUAbgBlAHIAYQB0AGUAZAAgAGIAeQAgAEkAYwBvAE0AbwBvAG4ALgAAAAMAAAAAAAAAAAAAAAAAAAAAAAAAAAAAAAAAAAAAAAA=\\\")\",\"weight\":\"normal\",\"style\":\"normal\"}]}},\"showHiddenItems\":true}}', 'publish', 0, '');
INSERT INTO `wyy5_depicter_documents` (`id`, `name`, `slug`, `type`, `author`, `sections_count`, `created_at`, `modified_at`, `thumbnail`, `content`, `status`, `parent`, `password`) VALUES
(11, 'Slider Veamoslo en Accion', 'document-11', 'slider', 1, 3, '2026-05-13 20:51:17', '2026-05-14 17:33:12', '', '{\"lastId\":350,\"sectionsList\":[\"section-1\",\"section-80\",\"section-251\"],\"elements\":{\"element-2\":{\"section\":\"section-1\",\"parent\":\"section-1\",\"wrap\":true,\"locked\":false,\"visible\":{\"default\":true},\"children\":[],\"type\":\"shape\",\"size\":{\"default\":{\"width\":{\"value\":946,\"unit\":\"px\"},\"height\":{\"value\":562,\"unit\":\"px\"}},\"tablet\":{\"width\":{\"value\":946,\"unit\":\"px\"},\"height\":{\"value\":562,\"unit\":\"px\"}},\"mobile\":{\"width\":{\"value\":335,\"unit\":\"px\"},\"height\":{\"value\":589,\"unit\":\"px\"}}},\"styles\":{\"backgroundColor\":{\"default\":\"#FAFAF7\"},\"corner\":{\"default\":{\"topLeft\":{\"value\":15,\"unit\":\"px\"},\"topRight\":{\"value\":15,\"unit\":\"px\"},\"bottomRight\":{\"value\":15,\"unit\":\"px\"},\"bottomLeft\":{\"value\":15,\"unit\":\"px\"},\"link\":true}},\"transform\":{\"default\":{},\"tablet\":{},\"mobile\":{}}},\"options\":{},\"position\":{\"default\":{\"origin\":\"tl\",\"autoOrigin\":true,\"x\":{\"unit\":\"px\",\"value\":127},\"y\":{\"unit\":\"px\",\"value\":118}},\"tablet\":{\"origin\":\"tl\",\"autoOrigin\":true,\"x\":{\"unit\":\"px\",\"value\":39},\"y\":{\"unit\":\"px\",\"value\":108}},\"mobile\":{\"origin\":\"tl\",\"autoOrigin\":true,\"x\":{\"unit\":\"px\",\"value\":12},\"y\":{\"unit\":\"px\",\"value\":124}}},\"depth\":4,\"id\":\"element-2\",\"name\":\"Shape 1\"},\"element-3\":{\"section\":\"section-1\",\"parent\":\"section-1\",\"wrap\":true,\"locked\":false,\"visible\":{\"default\":true},\"children\":[],\"type\":\"button\",\"size\":{\"default\":{\"width\":{\"value\":302,\"unit\":\"px\"},\"height\":{\"value\":98,\"unit\":\"px\"}},\"tablet\":{\"width\":{\"value\":302,\"unit\":\"px\"},\"height\":{\"value\":98,\"unit\":\"px\"}},\"mobile\":{\"width\":{\"value\":109,\"unit\":\"px\"},\"height\":{\"value\":125,\"unit\":\"px\"}}},\"styles\":{\"typography\":{\"default\":{\"font\":\"JetBrains Mono\",\"fontSize\":12,\"fontVariant\":\"regular\",\"align\":\"center\",\"color\":\"#FFF\",\"letterSpacing\":2,\"lineHeight\":130,\"wordwrap\":true},\"mobile\":{\"fontSize\":8}},\"backgroundColor\":{\"default\":\"#0A0A0A\"},\"corner\":{\"default\":{\"link\":true,\"topRight\":{\"value\":10,\"unit\":\"px\"},\"topLeft\":{\"value\":10,\"unit\":\"px\"},\"bottomRight\":{\"value\":10,\"unit\":\"px\"},\"bottomLeft\":{\"value\":10,\"unit\":\"px\"}}},\"hover\":{\"backgroundColor\":{\"default\":\"#222\"},\"typography\":{\"default\":{\"color\":\"#FFF\"}},\"border\":{\"default\":{\"color\":\"#000\"}}},\"transform\":{\"default\":{},\"tablet\":{},\"mobile\":{}},\"border\":{\"default\":{\"enable\":true,\"color\":\"#FAFAF7\",\"link\":true,\"top\":{\"value\":2,\"unit\":\"px\"},\"right\":{\"value\":2,\"unit\":\"px\"},\"bottom\":{\"value\":2,\"unit\":\"px\"},\"left\":{\"value\":2,\"unit\":\"px\"}}}},\"options\":{\"iconAlign\":\"left\",\"content\":\"Pregunta 01 \\u00b7 Cooperativa \\u00b7 Cartera por l\\u00ednea\",\"showIcon\":false},\"innerStyles\":{\"dp-icon-container\":{\"transform\":{\"default\":{\"scale\":1}}},\"dp-inner-content\":{\"flex\":{\"default\":{\"columnGap\":0}}},\"dp-disabled\":{\"opacity\":{\"default\":1}}},\"position\":{\"default\":{\"origin\":\"tl\",\"autoOrigin\":true,\"x\":{\"unit\":\"px\",\"value\":127},\"y\":{\"unit\":\"px\",\"value\":40}},\"tablet\":{\"origin\":\"tl\",\"autoOrigin\":true,\"x\":{\"unit\":\"px\",\"value\":39},\"y\":{\"unit\":\"px\",\"value\":30}},\"mobile\":{\"origin\":\"tl\",\"autoOrigin\":true,\"x\":{\"unit\":\"px\",\"value\":13},\"y\":{\"unit\":\"px\",\"value\":27}}},\"depth\":1,\"id\":\"element-3\",\"name\":\"Button 1\"},\"element-8\":{\"section\":\"section-1\",\"parent\":\"section-1\",\"wrap\":true,\"locked\":false,\"visible\":{\"default\":true},\"type\":\"button\",\"size\":{\"default\":{\"width\":{\"value\":302,\"unit\":\"px\"},\"height\":{\"value\":60,\"unit\":\"px\"}},\"tablet\":{\"width\":{\"value\":302,\"unit\":\"px\"},\"height\":{\"value\":60,\"unit\":\"px\"}},\"mobile\":{\"width\":{\"value\":108,\"unit\":\"px\"},\"height\":{\"value\":84,\"unit\":\"px\"}}},\"styles\":{\"typography\":{\"default\":{\"font\":\"JetBrains Mono\",\"fontSize\":12,\"fontVariant\":\"regular\",\"align\":\"center\",\"color\":\"#FFF\",\"letterSpacing\":2,\"lineHeight\":130,\"wordwrap\":true},\"mobile\":{\"fontSize\":9}},\"backgroundColor\":{\"default\":\"#B8651F\"},\"corner\":{\"default\":{\"link\":true,\"topRight\":{\"value\":10,\"unit\":\"px\"},\"topLeft\":{\"value\":10,\"unit\":\"px\"},\"bottomRight\":{\"value\":10,\"unit\":\"px\"},\"bottomLeft\":{\"value\":10,\"unit\":\"px\"}}},\"hover\":{\"backgroundColor\":{\"default\":\"#FAFAF7\"},\"typography\":{\"default\":{\"color\":\"#0A0A0A\"}},\"border\":{\"default\":{\"color\":\"#000\"}},\"enable\":{\"default\":true}},\"transform\":{\"default\":{},\"tablet\":{},\"mobile\":{}},\"border\":{\"default\":{\"enable\":true,\"color\":\"#0A0A0A\",\"link\":true,\"top\":{\"value\":2,\"unit\":\"px\"},\"right\":{\"value\":2,\"unit\":\"px\"},\"bottom\":{\"value\":2,\"unit\":\"px\"},\"left\":{\"value\":2,\"unit\":\"px\"}}}},\"options\":{\"iconAlign\":\"left\",\"content\":\"Pregunta 02 \\u00b7 Cooperativa \\u00b7 Candidatos para cr\\u00e9dito educativo\",\"url\":{\"path\":\"\"}},\"innerStyles\":{\"dp-icon-container\":{\"transform\":{\"default\":{\"scale\":1}}},\"dp-inner-content\":{\"flex\":{\"default\":{\"columnGap\":0}}},\"dp-disabled\":{\"opacity\":{\"default\":1}}},\"position\":{\"default\":{\"origin\":\"tl\",\"autoOrigin\":true,\"x\":{\"unit\":\"px\",\"value\":449},\"y\":{\"unit\":\"px\",\"value\":48}},\"tablet\":{\"origin\":\"tl\",\"autoOrigin\":true,\"x\":{\"unit\":\"px\",\"value\":361},\"y\":{\"unit\":\"px\",\"value\":38}},\"mobile\":{\"origin\":\"tl\",\"autoOrigin\":true,\"x\":{\"unit\":\"px\",\"value\":128},\"y\":{\"unit\":\"px\",\"value\":34}}},\"depth\":2,\"id\":\"element-8\",\"name\":\"Button 6\",\"actions\":{\"hhjUR1tqipH_3WVjY_K4T\":{\"type\":\"gotoSection\",\"trigger\":\"click\",\"options\":{\"type\":\"number\",\"to\":\"1\"}}}},\"element-9\":{\"section\":\"section-1\",\"parent\":\"section-1\",\"wrap\":true,\"locked\":false,\"visible\":{\"default\":true},\"type\":\"button\",\"size\":{\"default\":{\"width\":{\"value\":302,\"unit\":\"px\"},\"height\":{\"value\":60,\"unit\":\"px\"}},\"tablet\":{\"width\":{\"value\":302,\"unit\":\"px\"},\"height\":{\"value\":60,\"unit\":\"px\"}},\"mobile\":{\"width\":{\"value\":107,\"unit\":\"px\"},\"height\":{\"value\":84,\"unit\":\"px\"}}},\"styles\":{\"typography\":{\"default\":{\"font\":\"JetBrains Mono\",\"fontSize\":12,\"fontVariant\":\"regular\",\"align\":\"center\",\"color\":\"#FFF\",\"letterSpacing\":2,\"lineHeight\":130,\"wordwrap\":true},\"mobile\":{\"fontSize\":9}},\"backgroundColor\":{\"default\":\"#B8651F\"},\"corner\":{\"default\":{\"link\":true,\"topRight\":{\"value\":10,\"unit\":\"px\"},\"topLeft\":{\"value\":10,\"unit\":\"px\"},\"bottomRight\":{\"value\":10,\"unit\":\"px\"},\"bottomLeft\":{\"value\":10,\"unit\":\"px\"}}},\"hover\":{\"backgroundColor\":{\"default\":\"#FAFAF7\"},\"typography\":{\"default\":{\"color\":\"#0A0A0A\"}},\"border\":{\"default\":{\"color\":\"#000\"}},\"enable\":{\"default\":true}},\"transform\":{\"default\":{},\"tablet\":{},\"mobile\":{}},\"border\":{\"default\":{\"enable\":true,\"color\":\"#0A0A0A\",\"link\":true,\"top\":{\"value\":2,\"unit\":\"px\"},\"right\":{\"value\":2,\"unit\":\"px\"},\"bottom\":{\"value\":2,\"unit\":\"px\"},\"left\":{\"value\":2,\"unit\":\"px\"}}}},\"options\":{\"iconAlign\":\"left\",\"content\":\"Pregunta 03 \\u00b7 Otra industria \\u00b7 Producto rentable por zona\"},\"innerStyles\":{\"dp-icon-container\":{\"transform\":{\"default\":{\"scale\":1}}},\"dp-inner-content\":{\"flex\":{\"default\":{\"columnGap\":0}}},\"dp-disabled\":{\"opacity\":{\"default\":1}}},\"position\":{\"default\":{\"origin\":\"tl\",\"autoOrigin\":true,\"x\":{\"unit\":\"px\",\"value\":771},\"y\":{\"unit\":\"px\",\"value\":48}},\"tablet\":{\"origin\":\"tl\",\"autoOrigin\":true,\"x\":{\"unit\":\"px\",\"value\":683},\"y\":{\"unit\":\"px\",\"value\":38}},\"mobile\":{\"origin\":\"tl\",\"autoOrigin\":true,\"x\":{\"unit\":\"px\",\"value\":241},\"y\":{\"unit\":\"px\",\"value\":34}}},\"depth\":3,\"id\":\"element-9\",\"name\":\"Button 7\",\"actions\":{\"5jiWG3ADwg6Zh81jZs--c\":{\"type\":\"gotoSection\",\"trigger\":\"click\",\"options\":{\"type\":\"number\",\"to\":\"2\"}}}},\"element-10\":{\"section\":\"section-1\",\"parent\":\"section-1\",\"wrap\":true,\"locked\":false,\"visible\":{\"default\":true},\"children\":[],\"type\":\"shape\",\"size\":{\"default\":{\"width\":{\"value\":600,\"unit\":\"px\"},\"height\":{\"value\":63,\"unit\":\"px\"}},\"tablet\":{\"width\":{\"value\":600,\"unit\":\"px\"},\"height\":{\"value\":63,\"unit\":\"px\"}},\"mobile\":{\"width\":{\"value\":238,\"unit\":\"px\"},\"height\":{\"value\":54,\"unit\":\"px\"}}},\"styles\":{\"backgroundColor\":{\"default\":\"#83909E\"},\"corner\":{\"default\":{\"topLeft\":{\"value\":15,\"unit\":\"px\"},\"topRight\":{\"value\":15,\"unit\":\"px\"},\"bottomRight\":{\"value\":15,\"unit\":\"px\"},\"bottomLeft\":{\"value\":15,\"unit\":\"px\"},\"link\":true}},\"transform\":{\"default\":{},\"tablet\":{},\"mobile\":{}}},\"options\":{},\"position\":{\"default\":{\"origin\":\"tl\",\"autoOrigin\":true,\"x\":{\"unit\":\"px\",\"value\":300},\"y\":{\"unit\":\"px\",\"value\":167}},\"tablet\":{\"origin\":\"tl\",\"autoOrigin\":true,\"x\":{\"unit\":\"px\",\"value\":212},\"y\":{\"unit\":\"px\",\"value\":157}},\"mobile\":{\"origin\":\"tl\",\"autoOrigin\":true,\"x\":{\"unit\":\"px\",\"value\":28},\"y\":{\"unit\":\"px\",\"value\":174}}},\"depth\":4,\"id\":\"element-10\",\"name\":\"Shape 2\",\"animation\":{\"in\":{\"data\":{\"default\":{\"type\":\"moveAndTransform\",\"params\":{\"direction\":\"bottom\",\"easing\":\"easeOutQuart\",\"duration\":2200,\"movement\":0,\"scale\":1.149999999999999911182158029987476766109466552734375,\"delay\":250},\"phase\":\"in\",\"appliedBy\":\"user\"}}}}},\"element-11\":{\"section\":\"section-1\",\"parent\":\"section-1\",\"wrap\":true,\"locked\":false,\"visible\":{\"default\":true},\"children\":[],\"type\":\"shape\",\"size\":{\"default\":{\"width\":{\"value\":66,\"unit\":\"px\"},\"height\":{\"value\":66,\"unit\":\"px\"}},\"tablet\":{\"width\":{\"value\":66,\"unit\":\"px\"},\"height\":{\"value\":66,\"unit\":\"px\"}},\"mobile\":{\"width\":{\"value\":49,\"unit\":\"px\"},\"height\":{\"value\":49,\"unit\":\"px\"}}},\"styles\":{\"backgroundColor\":{\"default\":\"#1A2D40\"},\"corner\":{\"default\":{\"topLeft\":{\"value\":50,\"unit\":\"%\"},\"topRight\":{\"value\":50,\"unit\":\"%\"},\"bottomRight\":{\"value\":50,\"unit\":\"%\"},\"bottomLeft\":{\"value\":50,\"unit\":\"%\"},\"link\":true}},\"transform\":{\"default\":{},\"tablet\":{},\"mobile\":{}}},\"options\":{},\"position\":{\"default\":{\"origin\":\"tl\",\"autoOrigin\":true,\"x\":{\"unit\":\"px\",\"value\":916},\"y\":{\"unit\":\"px\",\"value\":165}},\"tablet\":{\"origin\":\"tl\",\"autoOrigin\":true,\"x\":{\"unit\":\"px\",\"value\":828},\"y\":{\"unit\":\"px\",\"value\":155}},\"mobile\":{\"origin\":\"tl\",\"autoOrigin\":true,\"x\":{\"unit\":\"px\",\"value\":279},\"y\":{\"unit\":\"px\",\"value\":173}}},\"depth\":4,\"id\":\"element-11\",\"name\":\"Shape 3\",\"animation\":{\"in\":{\"data\":{\"default\":{\"type\":\"moveAndTransform\",\"params\":{\"direction\":\"bottom\",\"easing\":\"easeOutQuart\",\"duration\":2200,\"movement\":0,\"scale\":1.149999999999999911182158029987476766109466552734375,\"delay\":250},\"phase\":\"in\",\"appliedBy\":\"user\"}}}}},\"element-13\":{\"section\":\"section-1\",\"parent\":\"section-1\",\"wrap\":true,\"locked\":false,\"visible\":{\"default\":true},\"type\":\"text\",\"size\":{\"default\":{\"width\":\"auto\",\"height\":\"auto\"},\"tablet\":{\"width\":\"auto\",\"height\":\"auto\"},\"mobile\":{\"width\":\"auto\",\"height\":\"auto\"}},\"styles\":{\"backgroundColor\":{\"default\":\"transparent\"},\"typography\":{\"default\":{\"font\":\"Manrope\",\"lineHeight\":120,\"color\":\"#000\",\"fontSize\":13.67999999999999971578290569595992565155029296875,\"fontVariant\":\"600\"},\"mobile\":{\"fontSize\":12}},\"transform\":{\"default\":{},\"tablet\":{},\"mobile\":{}}},\"options\":{\"content\":\"GERENTE\",\"tag\":\"h3\"},\"position\":{\"default\":{\"origin\":\"tl\",\"autoOrigin\":true,\"x\":{\"unit\":\"px\",\"value\":328},\"y\":{\"unit\":\"px\",\"value\":144}},\"tablet\":{\"origin\":\"tl\",\"autoOrigin\":true,\"x\":{\"unit\":\"px\",\"value\":240},\"y\":{\"unit\":\"px\",\"value\":134}},\"mobile\":{\"origin\":\"tl\",\"autoOrigin\":true,\"x\":{\"unit\":\"px\",\"value\":45},\"y\":{\"unit\":\"px\",\"value\":152}}},\"depth\":4,\"id\":\"element-13\",\"name\":\"Text 2\",\"animation\":{\"in\":{\"data\":{\"default\":{\"type\":\"move\",\"params\":{\"direction\":\"left\",\"easing\":\"easeInOutExpo\",\"duration\":800,\"movement\":0},\"phase\":\"in\",\"appliedBy\":\"user\"}}}}},\"element-14\":{\"section\":\"section-1\",\"parent\":\"section-1\",\"wrap\":true,\"locked\":false,\"visible\":{\"default\":true},\"type\":\"text\",\"size\":{\"default\":{\"width\":\"auto\",\"height\":\"auto\"},\"tablet\":{\"width\":\"auto\",\"height\":\"auto\"},\"mobile\":{\"width\":\"auto\",\"height\":\"auto\"}},\"styles\":{\"backgroundColor\":{\"default\":\"transparent\"},\"typography\":{\"default\":{\"font\":\"Manrope\",\"lineHeight\":120,\"color\":\"#000\",\"fontSize\":13.67999999999999971578290569595992565155029296875,\"fontVariant\":\"600\"},\"mobile\":{\"fontSize\":12}},\"transform\":{\"default\":{},\"tablet\":{},\"mobile\":{}}},\"options\":{\"content\":\"OTUS BI\",\"tag\":\"h3\"},\"position\":{\"default\":{\"x\":{\"value\":326,\"unit\":\"px\"},\"y\":{\"value\":249,\"unit\":\"px\"},\"origin\":\"tl\",\"autoOrigin\":true},\"tablet\":{\"x\":{\"value\":238,\"unit\":\"px\"},\"y\":{\"value\":239,\"unit\":\"px\"},\"origin\":\"tl\",\"autoOrigin\":true},\"mobile\":{\"origin\":\"tl\",\"autoOrigin\":true,\"x\":{\"unit\":\"px\",\"value\":103},\"y\":{\"unit\":\"px\",\"value\":243}}},\"depth\":4,\"id\":\"element-14\",\"name\":\"Text 3\",\"animation\":{\"in\":{\"data\":{\"default\":{\"type\":\"move\",\"params\":{\"direction\":\"left\",\"easing\":\"easeInOutExpo\",\"duration\":800,\"movement\":0},\"phase\":\"in\",\"appliedBy\":\"user\"}}}}},\"element-15\":{\"section\":\"section-1\",\"parent\":\"section-1\",\"wrap\":true,\"locked\":false,\"visible\":{\"default\":true},\"type\":\"text\",\"size\":{\"default\":{\"width\":\"auto\",\"height\":\"auto\"},\"tablet\":{\"width\":\"auto\",\"height\":\"auto\"},\"mobile\":{\"width\":{\"unit\":\"px\",\"value\":205},\"height\":\"auto\"}},\"styles\":{\"backgroundColor\":{\"default\":\"transparent\"},\"typography\":{\"default\":{\"font\":\"Manrope\",\"lineHeight\":130,\"color\":\"#FFF\",\"fontSize\":16,\"fontVariant\":\"regular\"},\"mobile\":{\"fontSize\":13}},\"transform\":{\"default\":{},\"tablet\":{},\"mobile\":{}},\"hover\":{\"typography\":{\"default\":{\"color\":\"#000\"}},\"border\":{\"default\":{\"color\":\"#000\"}}}},\"options\":{\"content\":\"\\u00bfC\\u00f3mo va la cartera por l\\u00ednea de cr\\u00e9dito en los \\u00faltimos dos a\\u00f1os?\",\"tag\":\"h3\"},\"position\":{\"default\":{\"origin\":\"tl\",\"autoOrigin\":true,\"x\":{\"unit\":\"px\",\"value\":328},\"y\":{\"unit\":\"px\",\"value\":188}},\"tablet\":{\"origin\":\"tl\",\"autoOrigin\":true,\"x\":{\"unit\":\"px\",\"value\":240},\"y\":{\"unit\":\"px\",\"value\":178}},\"mobile\":{\"origin\":\"tl\",\"autoOrigin\":true,\"x\":{\"unit\":\"px\",\"value\":45},\"y\":{\"unit\":\"px\",\"value\":184}}},\"depth\":4,\"id\":\"element-15\",\"name\":\"Text 4\",\"animation\":{\"in\":{\"data\":{\"default\":{\"type\":\"move\",\"params\":{\"direction\":\"left\",\"easing\":\"easeOutQuart\",\"duration\":2500,\"movement\":35,\"delay\":250},\"phase\":\"in\",\"appliedBy\":\"user\"}}}}},\"element-16\":{\"section\":\"section-1\",\"parent\":\"section-1\",\"wrap\":true,\"locked\":false,\"visible\":{\"default\":true},\"type\":\"shape\",\"size\":{\"default\":{\"width\":{\"value\":600,\"unit\":\"px\"},\"height\":{\"value\":110,\"unit\":\"px\"}},\"tablet\":{\"width\":{\"value\":600,\"unit\":\"px\"},\"height\":{\"value\":110,\"unit\":\"px\"}},\"mobile\":{\"width\":{\"value\":236,\"unit\":\"px\"},\"height\":{\"value\":141,\"unit\":\"px\"}}},\"styles\":{\"backgroundColor\":{\"default\":\"#E8E6E0\"},\"corner\":{\"default\":{\"topLeft\":{\"value\":15,\"unit\":\"px\"},\"topRight\":{\"value\":15,\"unit\":\"px\"},\"bottomRight\":{\"value\":15,\"unit\":\"px\"},\"bottomLeft\":{\"value\":15,\"unit\":\"px\"},\"link\":true}},\"transform\":{\"default\":{},\"tablet\":{},\"mobile\":{}}},\"options\":{},\"position\":{\"default\":{\"origin\":\"tl\",\"autoOrigin\":true,\"x\":{\"unit\":\"px\",\"value\":301},\"y\":{\"unit\":\"px\",\"value\":274}},\"tablet\":{\"origin\":\"tl\",\"autoOrigin\":true,\"x\":{\"unit\":\"px\",\"value\":213},\"y\":{\"unit\":\"px\",\"value\":264}},\"mobile\":{\"origin\":\"tl\",\"autoOrigin\":true,\"x\":{\"unit\":\"px\",\"value\":93},\"y\":{\"unit\":\"px\",\"value\":266}}},\"depth\":4,\"id\":\"element-16\",\"name\":\"Shape 4\",\"animation\":{\"in\":{\"data\":{\"default\":{\"type\":\"moveAndTransform\",\"params\":{\"direction\":\"bottom\",\"easing\":\"easeOutQuart\",\"duration\":2200,\"movement\":0,\"scale\":1.149999999999999911182158029987476766109466552734375,\"delay\":250},\"phase\":\"in\",\"appliedBy\":\"user\"}}}}},\"element-17\":{\"section\":\"section-1\",\"parent\":\"section-1\",\"wrap\":true,\"locked\":false,\"visible\":{\"default\":true},\"type\":\"shape\",\"size\":{\"default\":{\"width\":{\"value\":66,\"unit\":\"px\"},\"height\":{\"value\":66,\"unit\":\"px\"}},\"tablet\":{\"width\":{\"value\":66,\"unit\":\"px\"},\"height\":{\"value\":66,\"unit\":\"px\"}},\"mobile\":{\"width\":{\"value\":50,\"unit\":\"px\"},\"height\":{\"value\":50,\"unit\":\"px\"}}},\"styles\":{\"backgroundColor\":{\"default\":\"#B8651F\"},\"corner\":{\"default\":{\"topLeft\":{\"value\":50,\"unit\":\"%\"},\"topRight\":{\"value\":50,\"unit\":\"%\"},\"bottomRight\":{\"value\":50,\"unit\":\"%\"},\"bottomLeft\":{\"value\":50,\"unit\":\"%\"},\"link\":true}},\"transform\":{\"default\":{},\"tablet\":{},\"mobile\":{}}},\"options\":{},\"position\":{\"default\":{\"origin\":\"tl\",\"autoOrigin\":true,\"x\":{\"unit\":\"px\",\"value\":219},\"y\":{\"unit\":\"px\",\"value\":274}},\"tablet\":{\"origin\":\"tl\",\"autoOrigin\":true,\"x\":{\"unit\":\"px\",\"value\":131},\"y\":{\"unit\":\"px\",\"value\":265}},\"mobile\":{\"origin\":\"tl\",\"autoOrigin\":true,\"x\":{\"unit\":\"px\",\"value\":28},\"y\":{\"unit\":\"px\",\"value\":266}}},\"depth\":4,\"id\":\"element-17\",\"name\":\"Shape 5\",\"animation\":{\"in\":{\"data\":{\"default\":{\"type\":\"moveAndTransform\",\"params\":{\"direction\":\"bottom\",\"easing\":\"easeOutQuart\",\"duration\":2200,\"movement\":0,\"scale\":1.149999999999999911182158029987476766109466552734375,\"delay\":250},\"phase\":\"in\",\"appliedBy\":\"user\"}}}}},\"element-18\":{\"section\":\"section-1\",\"parent\":\"section-1\",\"wrap\":true,\"locked\":false,\"visible\":{\"default\":true},\"type\":\"text\",\"size\":{\"default\":{\"width\":{\"unit\":\"px\",\"value\":551},\"height\":\"auto\"},\"tablet\":{\"width\":{\"unit\":\"px\",\"value\":551},\"height\":\"auto\"},\"mobile\":{\"width\":{\"unit\":\"px\",\"value\":216},\"height\":\"auto\"}},\"styles\":{\"backgroundColor\":{\"default\":\"transparent\"},\"typography\":{\"default\":{\"font\":\"Manrope\",\"lineHeight\":130,\"color\":\"#000\",\"fontSize\":16,\"fontVariant\":\"regular\"},\"mobile\":{\"fontSize\":13}},\"transform\":{\"default\":{},\"tablet\":{},\"mobile\":{}}},\"options\":{\"content\":\"La cartera total creci\\u00f3 12% anual compuesto. Cr\\u00e9dito de libre inversi\\u00f3n concentra el 47% del libro. Cr\\u00e9dito educativo es la l\\u00ednea con mayor crecimiento porcentual (38% a\\u00f1o a a\\u00f1o) pero todav\\u00eda solo 8% del total. Adjunto gr\\u00e1fico por trimestre.\",\"tag\":\"h3\"},\"position\":{\"default\":{\"origin\":\"tl\",\"autoOrigin\":true,\"x\":{\"unit\":\"px\",\"value\":326},\"y\":{\"unit\":\"px\",\"value\":287}},\"tablet\":{\"origin\":\"tl\",\"autoOrigin\":true,\"x\":{\"unit\":\"px\",\"value\":238},\"y\":{\"unit\":\"px\",\"value\":277}},\"mobile\":{\"origin\":\"tl\",\"autoOrigin\":true,\"x\":{\"unit\":\"px\",\"value\":103},\"y\":{\"unit\":\"px\",\"value\":277}}},\"depth\":4,\"id\":\"element-18\",\"name\":\"Text 5\",\"animation\":{\"in\":{\"data\":{\"default\":{\"type\":\"move\",\"params\":{\"direction\":\"left\",\"easing\":\"easeOutQuart\",\"duration\":2500,\"movement\":35},\"phase\":\"in\",\"appliedBy\":\"user\"}}}}},\"element-19\":{\"section\":\"section-1\",\"parent\":\"section-1\",\"wrap\":true,\"locked\":false,\"visible\":{\"default\":true},\"type\":\"image\",\"size\":{\"default\":{\"width\":{\"value\":42,\"unit\":\"px\"},\"height\":{\"value\":42,\"unit\":\"px\"}},\"tablet\":{\"width\":{\"value\":42,\"unit\":\"px\"},\"height\":{\"value\":42,\"unit\":\"px\"}},\"mobile\":{\"width\":{\"value\":30,\"unit\":\"px\"},\"height\":{\"value\":30,\"unit\":\"px\"}}},\"options\":{\"source\":\"111\",\"mimeType\":\"image\\/png\"},\"keepAspectRatio\":true,\"position\":{\"default\":{\"origin\":\"tl\",\"autoOrigin\":true,\"x\":{\"unit\":\"px\",\"value\":231},\"y\":{\"unit\":\"px\",\"value\":286}},\"tablet\":{\"origin\":\"tl\",\"autoOrigin\":true,\"x\":{\"unit\":\"px\",\"value\":143},\"y\":{\"unit\":\"px\",\"value\":277}},\"mobile\":{\"origin\":\"tl\",\"autoOrigin\":true,\"x\":{\"unit\":\"px\",\"value\":38},\"y\":{\"unit\":\"px\",\"value\":276}}},\"depth\":4,\"id\":\"element-19\",\"name\":\"Image 1\",\"cropData\":{\"default\":{\"mediaSize\":{\"width\":47.6580310880829216557685867883265018463134765625,\"height\":47.6580310880829216557685867883265018463134765625}},\"mobile\":{\"mediaSize\":{\"width\":34.04145077720209400240491959266364574432373046875,\"height\":34.04145077720209400240491959266364574432373046875}}},\"styles\":{\"transform\":{\"default\":{},\"tablet\":{},\"mobile\":{}}},\"animation\":{\"in\":{\"data\":{\"default\":{\"type\":\"moveAndTransform\",\"params\":{\"direction\":\"bottom\",\"easing\":\"easeOutQuart\",\"duration\":2200,\"movement\":0,\"scale\":1.149999999999999911182158029987476766109466552734375,\"delay\":250},\"phase\":\"in\",\"appliedBy\":\"user\"}}}}},\"element-20\":{\"section\":\"section-1\",\"parent\":\"section-1\",\"wrap\":true,\"locked\":false,\"visible\":{\"default\":true},\"type\":\"image\",\"size\":{\"default\":{\"width\":{\"value\":42,\"unit\":\"px\"},\"height\":{\"value\":42,\"unit\":\"px\"}},\"tablet\":{\"width\":{\"value\":42,\"unit\":\"px\"},\"height\":{\"value\":42,\"unit\":\"px\"}},\"mobile\":{\"width\":{\"value\":28,\"unit\":\"px\"},\"height\":{\"value\":28,\"unit\":\"px\"}}},\"options\":{\"source\":\"113\",\"mimeType\":\"image\\/png\"},\"keepAspectRatio\":true,\"position\":{\"default\":{\"x\":{\"value\":928,\"unit\":\"px\"},\"y\":{\"value\":177,\"unit\":\"px\"},\"origin\":\"tl\",\"autoOrigin\":true},\"tablet\":{\"x\":{\"value\":840,\"unit\":\"px\"},\"y\":{\"value\":167,\"unit\":\"px\"},\"origin\":\"tl\",\"autoOrigin\":true},\"mobile\":{\"origin\":\"tl\",\"autoOrigin\":true,\"x\":{\"unit\":\"px\",\"value\":290},\"y\":{\"unit\":\"px\",\"value\":184}}},\"depth\":4,\"id\":\"element-20\",\"name\":\"Image 2\",\"cropData\":{\"default\":{\"mediaSize\":{\"width\":42,\"height\":42}},\"mobile\":{\"mediaSize\":{\"width\":28,\"height\":28}}},\"styles\":{\"transform\":{\"default\":{},\"tablet\":{},\"mobile\":{}}},\"animation\":{\"in\":{\"data\":{\"default\":{\"type\":\"moveAndTransform\",\"params\":{\"direction\":\"bottom\",\"easing\":\"easeOutQuart\",\"duration\":2200,\"movement\":0,\"scale\":1.149999999999999911182158029987476766109466552734375,\"delay\":250},\"phase\":\"in\",\"appliedBy\":\"user\"}}}}},\"element-21\":{\"section\":\"section-1\",\"parent\":\"section-1\",\"wrap\":true,\"locked\":false,\"visible\":{\"default\":true},\"type\":\"text\",\"size\":{\"default\":{\"width\":\"auto\",\"height\":\"auto\"},\"tablet\":{\"width\":\"auto\",\"height\":\"auto\"},\"mobile\":{\"width\":\"auto\",\"height\":\"auto\"}},\"styles\":{\"backgroundColor\":{\"default\":\"transparent\"},\"typography\":{\"default\":{\"font\":\"Manrope\",\"lineHeight\":120,\"color\":\"#000\",\"fontSize\":13.67999999999999971578290569595992565155029296875,\"fontVariant\":\"600\",\"align\":\"right\"},\"mobile\":{\"fontSize\":8}},\"transform\":{\"default\":{},\"tablet\":{},\"mobile\":{}}},\"options\":{\"content\":\"0\",\"tag\":\"h3\"},\"position\":{\"default\":{\"origin\":\"tl\",\"autoOrigin\":true,\"x\":{\"unit\":\"px\",\"value\":275},\"y\":{\"unit\":\"px\",\"value\":560}},\"tablet\":{\"origin\":\"tl\",\"autoOrigin\":true,\"x\":{\"unit\":\"px\",\"value\":187},\"y\":{\"unit\":\"px\",\"value\":550}},\"mobile\":{\"origin\":\"tl\",\"autoOrigin\":true,\"x\":{\"unit\":\"px\",\"value\":53},\"y\":{\"unit\":\"px\",\"value\":581}}},\"depth\":4,\"id\":\"element-21\",\"name\":\"Text 6\",\"animation\":{\"in\":{\"data\":{\"default\":{\"type\":\"move\",\"params\":{\"direction\":\"bottom\",\"easing\":\"easeOutQuart\",\"duration\":2500,\"movement\":35},\"phase\":\"in\",\"appliedBy\":\"user\"}}}}},\"element-22\":{\"section\":\"section-1\",\"parent\":\"section-1\",\"wrap\":true,\"locked\":false,\"visible\":{\"default\":true},\"type\":\"text\",\"size\":{\"default\":{\"width\":\"auto\",\"height\":\"auto\"},\"tablet\":{\"width\":\"auto\",\"height\":\"auto\"},\"mobile\":{\"width\":\"auto\",\"height\":\"auto\"}},\"styles\":{\"backgroundColor\":{\"default\":\"transparent\"},\"typography\":{\"default\":{\"font\":\"Manrope\",\"lineHeight\":120,\"color\":\"#000\",\"fontSize\":13.67999999999999971578290569595992565155029296875,\"fontVariant\":\"600\",\"align\":\"right\"},\"mobile\":{\"fontSize\":8}},\"transform\":{\"default\":{},\"tablet\":{},\"mobile\":{}}},\"options\":{\"content\":\"500 M\",\"tag\":\"h3\"},\"position\":{\"default\":{\"origin\":\"tl\",\"autoOrigin\":true,\"x\":{\"unit\":\"px\",\"value\":244},\"y\":{\"unit\":\"px\",\"value\":529}},\"tablet\":{\"origin\":\"tl\",\"autoOrigin\":true,\"x\":{\"unit\":\"px\",\"value\":156},\"y\":{\"unit\":\"px\",\"value\":519}},\"mobile\":{\"origin\":\"tl\",\"autoOrigin\":true,\"x\":{\"unit\":\"px\",\"value\":35},\"y\":{\"unit\":\"px\",\"value\":550}}},\"depth\":4,\"id\":\"element-22\",\"name\":\"Text 7\",\"animation\":{\"in\":{\"data\":{\"default\":{\"type\":\"move\",\"params\":{\"direction\":\"bottom\",\"easing\":\"easeOutQuart\",\"duration\":2500,\"movement\":35},\"phase\":\"in\",\"appliedBy\":\"user\"}}}}},\"element-23\":{\"section\":\"section-1\",\"parent\":\"section-1\",\"wrap\":true,\"locked\":false,\"visible\":{\"default\":true},\"type\":\"text\",\"size\":{\"default\":{\"width\":\"auto\",\"height\":\"auto\"},\"tablet\":{\"width\":\"auto\",\"height\":\"auto\"},\"mobile\":{\"width\":\"auto\",\"height\":\"auto\"}},\"styles\":{\"backgroundColor\":{\"default\":\"transparent\"},\"typography\":{\"default\":{\"font\":\"Manrope\",\"lineHeight\":120,\"color\":\"#000\",\"fontSize\":13.67999999999999971578290569595992565155029296875,\"fontVariant\":\"600\",\"align\":\"right\"},\"mobile\":{\"fontSize\":8}},\"transform\":{\"default\":{},\"tablet\":{},\"mobile\":{}}},\"options\":{\"content\":\"1.500 M\",\"tag\":\"h3\"},\"position\":{\"default\":{\"origin\":\"tl\",\"autoOrigin\":true,\"x\":{\"unit\":\"px\",\"value\":235},\"y\":{\"unit\":\"px\",\"value\":466}},\"tablet\":{\"origin\":\"tl\",\"autoOrigin\":true,\"x\":{\"unit\":\"px\",\"value\":147},\"y\":{\"unit\":\"px\",\"value\":456}},\"mobile\":{\"origin\":\"tl\",\"autoOrigin\":true,\"x\":{\"unit\":\"px\",\"value\":29},\"y\":{\"unit\":\"px\",\"value\":487}}},\"depth\":4,\"id\":\"element-23\",\"name\":\"Text 8\",\"animation\":{\"in\":{\"data\":{\"default\":{\"type\":\"move\",\"params\":{\"direction\":\"bottom\",\"easing\":\"easeOutQuart\",\"duration\":2500,\"movement\":35},\"phase\":\"in\",\"appliedBy\":\"user\"}}}}},\"element-24\":{\"section\":\"section-1\",\"parent\":\"section-1\",\"wrap\":true,\"locked\":false,\"visible\":{\"default\":true},\"type\":\"text\",\"size\":{\"default\":{\"width\":\"auto\",\"height\":\"auto\"},\"tablet\":{\"width\":\"auto\",\"height\":\"auto\"},\"mobile\":{\"width\":\"auto\",\"height\":\"auto\"}},\"styles\":{\"backgroundColor\":{\"default\":\"transparent\"},\"typography\":{\"default\":{\"font\":\"Manrope\",\"lineHeight\":120,\"color\":\"#000\",\"fontSize\":13.67999999999999971578290569595992565155029296875,\"fontVariant\":\"600\",\"align\":\"right\"},\"mobile\":{\"fontSize\":8}},\"transform\":{\"default\":{},\"tablet\":{},\"mobile\":{}}},\"options\":{\"content\":\"1.000 M\",\"tag\":\"h3\"},\"position\":{\"default\":{\"origin\":\"tl\",\"autoOrigin\":true,\"x\":{\"unit\":\"px\",\"value\":234},\"y\":{\"unit\":\"px\",\"value\":498}},\"tablet\":{\"origin\":\"tl\",\"autoOrigin\":true,\"x\":{\"unit\":\"px\",\"value\":146},\"y\":{\"unit\":\"px\",\"value\":488}},\"mobile\":{\"origin\":\"tl\",\"autoOrigin\":true,\"x\":{\"unit\":\"px\",\"value\":29},\"y\":{\"unit\":\"px\",\"value\":519}}},\"depth\":4,\"id\":\"element-24\",\"name\":\"Text 9\",\"animation\":{\"in\":{\"data\":{\"default\":{\"type\":\"move\",\"params\":{\"direction\":\"bottom\",\"easing\":\"easeOutQuart\",\"duration\":2500,\"movement\":35},\"phase\":\"in\",\"appliedBy\":\"user\"}}}}},\"element-25\":{\"section\":\"section-1\",\"parent\":\"section-1\",\"wrap\":true,\"locked\":false,\"visible\":{\"default\":true},\"type\":\"text\",\"size\":{\"default\":{\"width\":\"auto\",\"height\":\"auto\"},\"tablet\":{\"width\":\"auto\",\"height\":\"auto\"},\"mobile\":{\"width\":\"auto\",\"height\":\"auto\"}},\"styles\":{\"backgroundColor\":{\"default\":\"transparent\"},\"typography\":{\"default\":{\"font\":\"Manrope\",\"lineHeight\":120,\"color\":\"#000\",\"fontSize\":13.67999999999999971578290569595992565155029296875,\"fontVariant\":\"600\",\"align\":\"right\"},\"mobile\":{\"fontSize\":8}},\"transform\":{\"default\":{},\"tablet\":{},\"mobile\":{}}},\"options\":{\"content\":\"2.000 M\",\"tag\":\"h3\"},\"position\":{\"default\":{\"origin\":\"tl\",\"autoOrigin\":true,\"x\":{\"unit\":\"px\",\"value\":231},\"y\":{\"unit\":\"px\",\"value\":435}},\"tablet\":{\"origin\":\"tl\",\"autoOrigin\":true,\"x\":{\"unit\":\"px\",\"value\":143},\"y\":{\"unit\":\"px\",\"value\":425}},\"mobile\":{\"origin\":\"tl\",\"autoOrigin\":true,\"x\":{\"unit\":\"px\",\"value\":27},\"y\":{\"unit\":\"px\",\"value\":456}}},\"depth\":4,\"id\":\"element-25\",\"name\":\"Text 10\",\"animation\":{\"in\":{\"data\":{\"default\":{\"type\":\"move\",\"params\":{\"direction\":\"bottom\",\"easing\":\"easeOutQuart\",\"duration\":2500,\"movement\":35},\"phase\":\"in\",\"appliedBy\":\"user\"}}}}},\"element-29\":{\"section\":\"section-1\",\"parent\":\"section-1\",\"wrap\":true,\"locked\":false,\"visible\":{\"default\":true},\"type\":\"text\",\"size\":{\"default\":{\"width\":\"auto\",\"height\":\"auto\"},\"tablet\":{\"width\":\"auto\",\"height\":\"auto\"},\"mobile\":{\"width\":\"auto\",\"height\":\"auto\"}},\"styles\":{\"backgroundColor\":{\"default\":\"transparent\"},\"typography\":{\"default\":{\"font\":\"Manrope\",\"lineHeight\":120,\"color\":\"#000\",\"fontSize\":13.67999999999999971578290569595992565155029296875,\"fontVariant\":\"600\",\"align\":\"right\"},\"mobile\":{\"fontSize\":8}},\"transform\":{\"default\":{},\"tablet\":{},\"mobile\":{}}},\"options\":{\"content\":\"Q1 2024\",\"tag\":\"h3\"},\"position\":{\"default\":{\"origin\":\"tl\",\"autoOrigin\":true,\"x\":{\"unit\":\"px\",\"value\":317},\"y\":{\"unit\":\"px\",\"value\":581}},\"tablet\":{\"origin\":\"tl\",\"autoOrigin\":true,\"x\":{\"unit\":\"px\",\"value\":229},\"y\":{\"unit\":\"px\",\"value\":571}},\"mobile\":{\"origin\":\"tl\",\"autoOrigin\":true,\"x\":{\"unit\":\"px\",\"value\":65},\"y\":{\"unit\":\"px\",\"value\":595}}},\"depth\":4,\"id\":\"element-29\",\"name\":\"Text 10\",\"animation\":{\"in\":{\"data\":{\"default\":{\"type\":\"move\",\"params\":{\"direction\":\"bottom\",\"easing\":\"easeOutQuart\",\"duration\":2500,\"movement\":35},\"phase\":\"in\",\"appliedBy\":\"user\"}}}}},\"element-30\":{\"section\":\"section-1\",\"parent\":\"section-1\",\"wrap\":true,\"locked\":false,\"visible\":{\"default\":true},\"type\":\"text\",\"size\":{\"default\":{\"width\":\"auto\",\"height\":\"auto\"},\"tablet\":{\"width\":\"auto\",\"height\":\"auto\"},\"mobile\":{\"width\":\"auto\",\"height\":\"auto\"}},\"styles\":{\"backgroundColor\":{\"default\":\"transparent\"},\"typography\":{\"default\":{\"font\":\"Manrope\",\"lineHeight\":120,\"color\":\"#000\",\"fontSize\":13.67999999999999971578290569595992565155029296875,\"fontVariant\":\"600\",\"align\":\"right\"},\"mobile\":{\"fontSize\":8}},\"transform\":{\"default\":{},\"tablet\":{},\"mobile\":{}}},\"options\":{\"content\":\"Q2 2024\",\"tag\":\"h3\"},\"position\":{\"default\":{\"origin\":\"tl\",\"autoOrigin\":true,\"x\":{\"unit\":\"px\",\"value\":391},\"y\":{\"unit\":\"px\",\"value\":581}},\"tablet\":{\"origin\":\"tl\",\"autoOrigin\":true,\"x\":{\"unit\":\"px\",\"value\":303},\"y\":{\"unit\":\"px\",\"value\":571}},\"mobile\":{\"origin\":\"tl\",\"autoOrigin\":true,\"x\":{\"unit\":\"px\",\"value\":97},\"y\":{\"unit\":\"px\",\"value\":595}}},\"depth\":4,\"id\":\"element-30\",\"name\":\"Text 11\",\"animation\":{\"in\":{\"data\":{\"default\":{\"type\":\"move\",\"params\":{\"direction\":\"bottom\",\"easing\":\"easeOutQuart\",\"duration\":2500,\"movement\":35},\"phase\":\"in\",\"appliedBy\":\"user\"}}}}},\"element-31\":{\"section\":\"section-1\",\"parent\":\"section-1\",\"wrap\":true,\"locked\":false,\"visible\":{\"default\":true},\"type\":\"text\",\"size\":{\"default\":{\"width\":\"auto\",\"height\":\"auto\"},\"tablet\":{\"width\":\"auto\",\"height\":\"auto\"},\"mobile\":{\"width\":\"auto\",\"height\":\"auto\"}},\"styles\":{\"backgroundColor\":{\"default\":\"transparent\"},\"typography\":{\"default\":{\"font\":\"Manrope\",\"lineHeight\":120,\"color\":\"#000\",\"fontSize\":13.67999999999999971578290569595992565155029296875,\"fontVariant\":\"600\",\"align\":\"right\"},\"mobile\":{\"fontSize\":8}},\"transform\":{\"default\":{},\"tablet\":{},\"mobile\":{}}},\"options\":{\"content\":\"Q4 2024\",\"tag\":\"h3\"},\"position\":{\"default\":{\"origin\":\"tl\",\"autoOrigin\":true,\"x\":{\"unit\":\"px\",\"value\":543},\"y\":{\"unit\":\"px\",\"value\":581}},\"tablet\":{\"origin\":\"tl\",\"autoOrigin\":true,\"x\":{\"unit\":\"px\",\"value\":455},\"y\":{\"unit\":\"px\",\"value\":571}},\"mobile\":{\"origin\":\"tl\",\"autoOrigin\":true,\"x\":{\"unit\":\"px\",\"value\":165},\"y\":{\"unit\":\"px\",\"value\":595}}},\"depth\":4,\"id\":\"element-31\",\"name\":\"Text 12\",\"animation\":{\"in\":{\"data\":{\"default\":{\"type\":\"move\",\"params\":{\"direction\":\"bottom\",\"easing\":\"easeOutQuart\",\"duration\":2500,\"movement\":35},\"phase\":\"in\",\"appliedBy\":\"user\"}}}}},\"element-32\":{\"section\":\"section-1\",\"parent\":\"section-1\",\"wrap\":true,\"locked\":false,\"visible\":{\"default\":true},\"type\":\"text\",\"size\":{\"default\":{\"width\":\"auto\",\"height\":\"auto\"},\"tablet\":{\"width\":\"auto\",\"height\":\"auto\"},\"mobile\":{\"width\":\"auto\",\"height\":\"auto\"}},\"styles\":{\"backgroundColor\":{\"default\":\"transparent\"},\"typography\":{\"default\":{\"font\":\"Manrope\",\"lineHeight\":120,\"color\":\"#000\",\"fontSize\":13.67999999999999971578290569595992565155029296875,\"fontVariant\":\"600\",\"align\":\"right\"},\"mobile\":{\"fontSize\":8}},\"transform\":{\"default\":{},\"tablet\":{},\"mobile\":{}}},\"options\":{\"content\":\"Q3 2024\",\"tag\":\"h3\"},\"position\":{\"default\":{\"origin\":\"tl\",\"autoOrigin\":true,\"x\":{\"unit\":\"px\",\"value\":467},\"y\":{\"unit\":\"px\",\"value\":581}},\"tablet\":{\"origin\":\"tl\",\"autoOrigin\":true,\"x\":{\"unit\":\"px\",\"value\":379},\"y\":{\"unit\":\"px\",\"value\":571}},\"mobile\":{\"origin\":\"tl\",\"autoOrigin\":true,\"x\":{\"unit\":\"px\",\"value\":131},\"y\":{\"unit\":\"px\",\"value\":595}}},\"depth\":4,\"id\":\"element-32\",\"name\":\"Text 13\",\"animation\":{\"in\":{\"data\":{\"default\":{\"type\":\"move\",\"params\":{\"direction\":\"bottom\",\"easing\":\"easeOutQuart\",\"duration\":2500,\"movement\":35},\"phase\":\"in\",\"appliedBy\":\"user\"}}}}},\"element-33\":{\"section\":\"section-1\",\"parent\":\"section-1\",\"wrap\":true,\"locked\":false,\"visible\":{\"default\":true},\"type\":\"text\",\"size\":{\"default\":{\"width\":\"auto\",\"height\":\"auto\"},\"tablet\":{\"width\":\"auto\",\"height\":\"auto\"},\"mobile\":{\"width\":\"auto\",\"height\":\"auto\"}},\"styles\":{\"backgroundColor\":{\"default\":\"transparent\"},\"typography\":{\"default\":{\"font\":\"Manrope\",\"lineHeight\":120,\"color\":\"#000\",\"fontSize\":13.67999999999999971578290569595992565155029296875,\"fontVariant\":\"600\",\"align\":\"right\"},\"mobile\":{\"fontSize\":8}},\"transform\":{\"default\":{},\"tablet\":{},\"mobile\":{}}},\"options\":{\"content\":\"Q4 2025\",\"tag\":\"h3\"},\"position\":{\"default\":{\"origin\":\"tl\",\"autoOrigin\":true,\"x\":{\"unit\":\"px\",\"value\":846},\"y\":{\"unit\":\"px\",\"value\":581}},\"tablet\":{\"origin\":\"tl\",\"autoOrigin\":true,\"x\":{\"unit\":\"px\",\"value\":758},\"y\":{\"unit\":\"px\",\"value\":571}},\"mobile\":{\"origin\":\"tl\",\"autoOrigin\":true,\"x\":{\"unit\":\"px\",\"value\":298},\"y\":{\"unit\":\"px\",\"value\":595}}},\"depth\":4,\"id\":\"element-33\",\"name\":\"Text 14\",\"animation\":{\"in\":{\"data\":{\"default\":{\"type\":\"move\",\"params\":{\"direction\":\"bottom\",\"easing\":\"easeOutQuart\",\"duration\":2500,\"movement\":35},\"phase\":\"in\",\"appliedBy\":\"user\"}}}}},\"element-34\":{\"section\":\"section-1\",\"parent\":\"section-1\",\"wrap\":true,\"locked\":false,\"visible\":{\"default\":true},\"type\":\"text\",\"size\":{\"default\":{\"width\":\"auto\",\"height\":\"auto\"},\"tablet\":{\"width\":\"auto\",\"height\":\"auto\"},\"mobile\":{\"width\":\"auto\",\"height\":\"auto\"}},\"styles\":{\"backgroundColor\":{\"default\":\"transparent\"},\"typography\":{\"default\":{\"font\":\"Manrope\",\"lineHeight\":120,\"color\":\"#000\",\"fontSize\":13.67999999999999971578290569595992565155029296875,\"fontVariant\":\"600\",\"align\":\"right\"},\"mobile\":{\"fontSize\":8}},\"transform\":{\"default\":{},\"tablet\":{},\"mobile\":{}}},\"options\":{\"content\":\"Q3 2025\",\"tag\":\"h3\"},\"position\":{\"default\":{\"origin\":\"tl\",\"autoOrigin\":true,\"x\":{\"unit\":\"px\",\"value\":770},\"y\":{\"unit\":\"px\",\"value\":581}},\"tablet\":{\"origin\":\"tl\",\"autoOrigin\":true,\"x\":{\"unit\":\"px\",\"value\":682},\"y\":{\"unit\":\"px\",\"value\":571}},\"mobile\":{\"origin\":\"tl\",\"autoOrigin\":true,\"x\":{\"unit\":\"px\",\"value\":264},\"y\":{\"unit\":\"px\",\"value\":595}}},\"depth\":4,\"id\":\"element-34\",\"name\":\"Text 15\",\"animation\":{\"in\":{\"data\":{\"default\":{\"type\":\"move\",\"params\":{\"direction\":\"bottom\",\"easing\":\"easeOutQuart\",\"duration\":2500,\"movement\":35},\"phase\":\"in\",\"appliedBy\":\"user\"}}}}},\"element-35\":{\"section\":\"section-1\",\"parent\":\"section-1\",\"wrap\":true,\"locked\":false,\"visible\":{\"default\":true},\"type\":\"text\",\"size\":{\"default\":{\"width\":\"auto\",\"height\":\"auto\"},\"tablet\":{\"width\":\"auto\",\"height\":\"auto\"},\"mobile\":{\"width\":\"auto\",\"height\":\"auto\"}},\"styles\":{\"backgroundColor\":{\"default\":\"transparent\"},\"typography\":{\"default\":{\"font\":\"Manrope\",\"lineHeight\":120,\"color\":\"#000\",\"fontSize\":13.67999999999999971578290569595992565155029296875,\"fontVariant\":\"600\",\"align\":\"right\"},\"mobile\":{\"fontSize\":8}},\"transform\":{\"default\":{},\"tablet\":{},\"mobile\":{}}},\"options\":{\"content\":\"Q2 2025\",\"tag\":\"h3\"},\"position\":{\"default\":{\"origin\":\"tl\",\"autoOrigin\":true,\"x\":{\"unit\":\"px\",\"value\":694},\"y\":{\"unit\":\"px\",\"value\":581}},\"tablet\":{\"origin\":\"tl\",\"autoOrigin\":true,\"x\":{\"unit\":\"px\",\"value\":606},\"y\":{\"unit\":\"px\",\"value\":571}},\"mobile\":{\"origin\":\"tl\",\"autoOrigin\":true,\"x\":{\"unit\":\"px\",\"value\":231},\"y\":{\"unit\":\"px\",\"value\":595}}},\"depth\":4,\"id\":\"element-35\",\"name\":\"Text 16\",\"animation\":{\"in\":{\"data\":{\"default\":{\"type\":\"move\",\"params\":{\"direction\":\"bottom\",\"easing\":\"easeOutQuart\",\"duration\":2500,\"movement\":35},\"phase\":\"in\",\"appliedBy\":\"user\"}}}}},\"element-36\":{\"section\":\"section-1\",\"parent\":\"section-1\",\"wrap\":true,\"locked\":false,\"visible\":{\"default\":true},\"type\":\"text\",\"size\":{\"default\":{\"width\":\"auto\",\"height\":\"auto\"},\"tablet\":{\"width\":\"auto\",\"height\":\"auto\"},\"mobile\":{\"width\":\"auto\",\"height\":\"auto\"}},\"styles\":{\"backgroundColor\":{\"default\":\"transparent\"},\"typography\":{\"default\":{\"font\":\"Manrope\",\"lineHeight\":120,\"color\":\"#000\",\"fontSize\":13.67999999999999971578290569595992565155029296875,\"fontVariant\":\"600\",\"align\":\"right\"},\"mobile\":{\"fontSize\":8}},\"transform\":{\"default\":{},\"tablet\":{},\"mobile\":{}}},\"options\":{\"content\":\"Q1 2025\",\"tag\":\"h3\"},\"position\":{\"default\":{\"origin\":\"tl\",\"autoOrigin\":true,\"x\":{\"unit\":\"px\",\"value\":620},\"y\":{\"unit\":\"px\",\"value\":581}},\"tablet\":{\"origin\":\"tl\",\"autoOrigin\":true,\"x\":{\"unit\":\"px\",\"value\":532},\"y\":{\"unit\":\"px\",\"value\":571}},\"mobile\":{\"origin\":\"tl\",\"autoOrigin\":true,\"x\":{\"unit\":\"px\",\"value\":198},\"y\":{\"unit\":\"px\",\"value\":595}}},\"depth\":4,\"id\":\"element-36\",\"name\":\"Text 17\",\"animation\":{\"in\":{\"data\":{\"default\":{\"type\":\"move\",\"params\":{\"direction\":\"bottom\",\"easing\":\"easeOutQuart\",\"duration\":2500,\"movement\":35},\"phase\":\"in\",\"appliedBy\":\"user\"}}}}},\"element-37\":{\"section\":\"section-1\",\"parent\":\"section-1\",\"wrap\":true,\"locked\":false,\"visible\":{\"default\":true},\"children\":[],\"type\":\"shape\",\"size\":{\"default\":{\"width\":{\"value\":9,\"unit\":\"px\"},\"height\":{\"value\":53,\"unit\":\"px\"}},\"tablet\":{\"width\":{\"value\":9,\"unit\":\"px\"},\"height\":{\"value\":53,\"unit\":\"px\"}},\"mobile\":{\"width\":{\"value\":4,\"unit\":\"px\"},\"height\":{\"value\":53,\"unit\":\"px\"}}},\"styles\":{\"backgroundColor\":{\"default\":\"#B8651F\"},\"transform\":{\"default\":{},\"tablet\":{},\"mobile\":{}}},\"options\":{},\"position\":{\"default\":{\"origin\":\"tl\",\"autoOrigin\":true,\"x\":{\"unit\":\"px\",\"value\":318},\"y\":{\"unit\":\"px\",\"value\":516}},\"tablet\":{\"origin\":\"tl\",\"autoOrigin\":true,\"x\":{\"unit\":\"px\",\"value\":230},\"y\":{\"unit\":\"px\",\"value\":506}},\"mobile\":{\"origin\":\"tl\",\"autoOrigin\":true,\"x\":{\"unit\":\"px\",\"value\":69},\"y\":{\"unit\":\"px\",\"value\":532}}},\"depth\":4,\"id\":\"element-37\",\"name\":\"Shape 6\",\"animation\":{\"in\":{\"data\":{\"default\":{\"type\":\"move\",\"params\":{\"direction\":\"bottom\",\"easing\":\"easeOutQuart\",\"duration\":2500,\"movement\":35},\"phase\":\"in\",\"appliedBy\":\"user\"}}},\"waitForAction\":false}},\"element-39\":{\"section\":\"section-1\",\"parent\":\"section-1\",\"wrap\":true,\"locked\":false,\"visible\":{\"default\":true},\"children\":[],\"type\":\"shape\",\"size\":{\"default\":{\"width\":{\"value\":9,\"unit\":\"px\"},\"height\":{\"value\":30,\"unit\":\"px\"}},\"tablet\":{\"width\":{\"value\":9,\"unit\":\"px\"},\"height\":{\"value\":30,\"unit\":\"px\"}},\"mobile\":{\"width\":{\"value\":4,\"unit\":\"px\"},\"height\":{\"value\":30,\"unit\":\"px\"}}},\"styles\":{\"backgroundColor\":{\"default\":\"#D89556\"},\"transform\":{\"default\":{},\"tablet\":{},\"mobile\":{}}},\"options\":{},\"position\":{\"default\":{\"origin\":\"tl\",\"autoOrigin\":true,\"x\":{\"unit\":\"px\",\"value\":332},\"y\":{\"unit\":\"px\",\"value\":539}},\"tablet\":{\"origin\":\"tl\",\"autoOrigin\":true,\"x\":{\"unit\":\"px\",\"value\":244},\"y\":{\"unit\":\"px\",\"value\":529}},\"mobile\":{\"origin\":\"tl\",\"autoOrigin\":true,\"x\":{\"unit\":\"px\",\"value\":75},\"y\":{\"unit\":\"px\",\"value\":555}}},\"depth\":4,\"id\":\"element-39\",\"name\":\"Shape 8\",\"animation\":{\"in\":{\"data\":{\"default\":{\"type\":\"move\",\"params\":{\"direction\":\"bottom\",\"easing\":\"easeOutQuart\",\"duration\":2500,\"movement\":35},\"phase\":\"in\",\"appliedBy\":\"user\"}}}}},\"element-40\":{\"section\":\"section-1\",\"parent\":\"section-1\",\"wrap\":true,\"locked\":false,\"visible\":{\"default\":true},\"children\":[],\"type\":\"shape\",\"size\":{\"default\":{\"width\":{\"value\":9,\"unit\":\"px\"},\"height\":{\"value\":15,\"unit\":\"px\"}},\"tablet\":{\"width\":{\"value\":9,\"unit\":\"px\"},\"height\":{\"value\":15,\"unit\":\"px\"}},\"mobile\":{\"width\":{\"value\":4,\"unit\":\"px\"},\"height\":{\"value\":15,\"unit\":\"px\"}}},\"styles\":{\"backgroundColor\":{\"default\":\"#1A2D40\"},\"transform\":{\"default\":{},\"tablet\":{},\"mobile\":{}}},\"options\":{},\"position\":{\"default\":{\"origin\":\"tl\",\"autoOrigin\":true,\"x\":{\"unit\":\"px\",\"value\":346},\"y\":{\"unit\":\"px\",\"value\":554}},\"tablet\":{\"origin\":\"tl\",\"autoOrigin\":true,\"x\":{\"unit\":\"px\",\"value\":258},\"y\":{\"unit\":\"px\",\"value\":544}},\"mobile\":{\"origin\":\"tl\",\"autoOrigin\":true,\"x\":{\"unit\":\"px\",\"value\":81},\"y\":{\"unit\":\"px\",\"value\":570}}},\"depth\":4,\"id\":\"element-40\",\"name\":\"Shape 9\",\"animation\":{\"in\":{\"data\":{\"default\":{\"type\":\"move\",\"params\":{\"direction\":\"bottom\",\"easing\":\"easeOutQuart\",\"duration\":2500,\"movement\":35},\"phase\":\"in\",\"appliedBy\":\"user\"}}}}},\"element-41\":{\"section\":\"section-1\",\"parent\":\"section-1\",\"wrap\":true,\"locked\":false,\"visible\":{\"default\":true},\"children\":[],\"type\":\"shape\",\"size\":{\"default\":{\"width\":{\"value\":9,\"unit\":\"px\"},\"height\":{\"value\":4,\"unit\":\"px\"}},\"tablet\":{\"width\":{\"value\":9,\"unit\":\"px\"},\"height\":{\"value\":4,\"unit\":\"px\"}},\"mobile\":{\"width\":{\"value\":4,\"unit\":\"px\"},\"height\":{\"value\":4,\"unit\":\"px\"}}},\"styles\":{\"backgroundColor\":{\"default\":\"#83909E\"},\"transform\":{\"default\":{},\"tablet\":{},\"mobile\":{}}},\"options\":{},\"position\":{\"default\":{\"origin\":\"tl\",\"autoOrigin\":true,\"x\":{\"unit\":\"px\",\"value\":360},\"y\":{\"unit\":\"px\",\"value\":565}},\"tablet\":{\"origin\":\"tl\",\"autoOrigin\":true,\"x\":{\"unit\":\"px\",\"value\":272},\"y\":{\"unit\":\"px\",\"value\":555}},\"mobile\":{\"origin\":\"tl\",\"autoOrigin\":true,\"x\":{\"unit\":\"px\",\"value\":87},\"y\":{\"unit\":\"px\",\"value\":581}}},\"depth\":4,\"id\":\"element-41\",\"name\":\"Shape 10\",\"animation\":{\"in\":{\"data\":{\"default\":{\"type\":\"move\",\"params\":{\"direction\":\"bottom\",\"easing\":\"easeOutQuart\",\"duration\":2500,\"movement\":35},\"phase\":\"in\",\"appliedBy\":\"user\"}}}}},\"element-42\":{\"section\":\"section-1\",\"parent\":\"section-1\",\"wrap\":true,\"locked\":false,\"visible\":{\"default\":true},\"children\":[],\"type\":\"shape\",\"size\":{\"default\":{\"width\":{\"value\":9,\"unit\":\"px\"},\"height\":{\"value\":62,\"unit\":\"px\"}},\"tablet\":{\"width\":{\"value\":9,\"unit\":\"px\"},\"height\":{\"value\":62,\"unit\":\"px\"}},\"mobile\":{\"width\":{\"value\":4,\"unit\":\"px\"},\"height\":{\"value\":62,\"unit\":\"px\"}}},\"styles\":{\"backgroundColor\":{\"default\":\"#B8651F\"},\"transform\":{\"default\":{},\"tablet\":{},\"mobile\":{}}},\"options\":{},\"position\":{\"default\":{\"origin\":\"tl\",\"autoOrigin\":true,\"x\":{\"unit\":\"px\",\"value\":392},\"y\":{\"unit\":\"px\",\"value\":507}},\"tablet\":{\"origin\":\"tl\",\"autoOrigin\":true,\"x\":{\"unit\":\"px\",\"value\":304},\"y\":{\"unit\":\"px\",\"value\":497}},\"mobile\":{\"origin\":\"tl\",\"autoOrigin\":true,\"x\":{\"unit\":\"px\",\"value\":101},\"y\":{\"unit\":\"px\",\"value\":523}}},\"depth\":4,\"id\":\"element-42\",\"name\":\"Shape 11\",\"animation\":{\"in\":{\"data\":{\"default\":{\"type\":\"move\",\"params\":{\"direction\":\"bottom\",\"easing\":\"easeOutQuart\",\"duration\":2500,\"movement\":35},\"phase\":\"in\",\"appliedBy\":\"user\"}}}}},\"element-43\":{\"section\":\"section-1\",\"parent\":\"section-1\",\"wrap\":true,\"locked\":false,\"visible\":{\"default\":true},\"children\":[],\"type\":\"shape\",\"size\":{\"default\":{\"width\":{\"value\":9,\"unit\":\"px\"},\"height\":{\"value\":35,\"unit\":\"px\"}},\"tablet\":{\"width\":{\"value\":9,\"unit\":\"px\"},\"height\":{\"value\":35,\"unit\":\"px\"}},\"mobile\":{\"width\":{\"value\":4,\"unit\":\"px\"},\"height\":{\"value\":35,\"unit\":\"px\"}}},\"styles\":{\"backgroundColor\":{\"default\":\"#D89556\"},\"transform\":{\"default\":{},\"tablet\":{},\"mobile\":{}}},\"options\":{},\"position\":{\"default\":{\"origin\":\"tl\",\"autoOrigin\":true,\"x\":{\"unit\":\"px\",\"value\":406},\"y\":{\"unit\":\"px\",\"value\":534}},\"tablet\":{\"origin\":\"tl\",\"autoOrigin\":true,\"x\":{\"unit\":\"px\",\"value\":318},\"y\":{\"unit\":\"px\",\"value\":524}},\"mobile\":{\"origin\":\"tl\",\"autoOrigin\":true,\"x\":{\"unit\":\"px\",\"value\":107},\"y\":{\"unit\":\"px\",\"value\":550}}},\"depth\":4,\"id\":\"element-43\",\"name\":\"Shape 12\",\"animation\":{\"in\":{\"data\":{\"default\":{\"type\":\"move\",\"params\":{\"direction\":\"bottom\",\"easing\":\"easeOutQuart\",\"duration\":2500,\"movement\":35},\"phase\":\"in\",\"appliedBy\":\"user\"}}}}},\"element-44\":{\"section\":\"section-1\",\"parent\":\"section-1\",\"wrap\":true,\"locked\":false,\"visible\":{\"default\":true},\"children\":[],\"type\":\"shape\",\"size\":{\"default\":{\"width\":{\"value\":9,\"unit\":\"px\"},\"height\":{\"value\":18,\"unit\":\"px\"}},\"tablet\":{\"width\":{\"value\":9,\"unit\":\"px\"},\"height\":{\"value\":18,\"unit\":\"px\"}},\"mobile\":{\"width\":{\"value\":4,\"unit\":\"px\"},\"height\":{\"value\":18,\"unit\":\"px\"}}},\"styles\":{\"backgroundColor\":{\"default\":\"#1A2D40\"},\"transform\":{\"default\":{},\"tablet\":{},\"mobile\":{}}},\"options\":{},\"position\":{\"default\":{\"origin\":\"tl\",\"autoOrigin\":true,\"x\":{\"unit\":\"px\",\"value\":420},\"y\":{\"unit\":\"px\",\"value\":551}},\"tablet\":{\"origin\":\"tl\",\"autoOrigin\":true,\"x\":{\"unit\":\"px\",\"value\":332},\"y\":{\"unit\":\"px\",\"value\":541}},\"mobile\":{\"origin\":\"tl\",\"autoOrigin\":true,\"x\":{\"unit\":\"px\",\"value\":113},\"y\":{\"unit\":\"px\",\"value\":567}}},\"depth\":4,\"id\":\"element-44\",\"name\":\"Shape 13\",\"animation\":{\"in\":{\"data\":{\"default\":{\"type\":\"move\",\"params\":{\"direction\":\"bottom\",\"easing\":\"easeOutQuart\",\"duration\":2500,\"movement\":35},\"phase\":\"in\",\"appliedBy\":\"user\"}}}}},\"element-45\":{\"section\":\"section-1\",\"parent\":\"section-1\",\"wrap\":true,\"locked\":false,\"visible\":{\"default\":true},\"children\":[],\"type\":\"shape\",\"size\":{\"default\":{\"width\":{\"value\":9,\"unit\":\"px\"},\"height\":{\"value\":8,\"unit\":\"px\"}},\"tablet\":{\"width\":{\"value\":9,\"unit\":\"px\"},\"height\":{\"value\":8,\"unit\":\"px\"}},\"mobile\":{\"width\":{\"value\":4,\"unit\":\"px\"},\"height\":{\"value\":8,\"unit\":\"px\"}}},\"styles\":{\"backgroundColor\":{\"default\":\"#83909E\"},\"transform\":{\"default\":{},\"tablet\":{},\"mobile\":{}}},\"options\":{},\"position\":{\"default\":{\"origin\":\"tl\",\"autoOrigin\":true,\"x\":{\"unit\":\"px\",\"value\":434},\"y\":{\"unit\":\"px\",\"value\":561}},\"tablet\":{\"origin\":\"tl\",\"autoOrigin\":true,\"x\":{\"unit\":\"px\",\"value\":346},\"y\":{\"unit\":\"px\",\"value\":551}},\"mobile\":{\"origin\":\"tl\",\"autoOrigin\":true,\"x\":{\"unit\":\"px\",\"value\":119},\"y\":{\"unit\":\"px\",\"value\":577}}},\"depth\":4,\"id\":\"element-45\",\"name\":\"Shape 14\",\"animation\":{\"in\":{\"data\":{\"default\":{\"type\":\"move\",\"params\":{\"direction\":\"bottom\",\"easing\":\"easeOutQuart\",\"duration\":2500,\"movement\":35},\"phase\":\"in\",\"appliedBy\":\"user\"}}}}},\"element-46\":{\"section\":\"section-1\",\"parent\":\"section-1\",\"wrap\":true,\"locked\":false,\"visible\":{\"default\":true},\"children\":[],\"type\":\"shape\",\"size\":{\"default\":{\"width\":{\"value\":9,\"unit\":\"px\"},\"height\":{\"value\":9,\"unit\":\"px\"}},\"tablet\":{\"width\":{\"value\":9,\"unit\":\"px\"},\"height\":{\"value\":9,\"unit\":\"px\"}},\"mobile\":{\"width\":{\"value\":4,\"unit\":\"px\"},\"height\":{\"value\":9,\"unit\":\"px\"}}},\"styles\":{\"backgroundColor\":{\"default\":\"#83909E\"},\"transform\":{\"default\":{},\"tablet\":{},\"mobile\":{}}},\"options\":{},\"position\":{\"default\":{\"origin\":\"tl\",\"autoOrigin\":true,\"x\":{\"unit\":\"px\",\"value\":510},\"y\":{\"unit\":\"px\",\"value\":560}},\"tablet\":{\"origin\":\"tl\",\"autoOrigin\":true,\"x\":{\"unit\":\"px\",\"value\":422},\"y\":{\"unit\":\"px\",\"value\":550}},\"mobile\":{\"origin\":\"tl\",\"autoOrigin\":true,\"x\":{\"unit\":\"px\",\"value\":154},\"y\":{\"unit\":\"px\",\"value\":576}}},\"depth\":4,\"id\":\"element-46\",\"name\":\"Shape 15\",\"animation\":{\"in\":{\"data\":{\"default\":{\"type\":\"move\",\"params\":{\"direction\":\"bottom\",\"easing\":\"easeOutQuart\",\"duration\":2500,\"movement\":35},\"phase\":\"in\",\"appliedBy\":\"user\"}}}}},\"element-47\":{\"section\":\"section-1\",\"parent\":\"section-1\",\"wrap\":true,\"locked\":false,\"visible\":{\"default\":true},\"children\":[],\"type\":\"shape\",\"size\":{\"default\":{\"width\":{\"value\":9,\"unit\":\"px\"},\"height\":{\"value\":19,\"unit\":\"px\"}},\"tablet\":{\"width\":{\"value\":9,\"unit\":\"px\"},\"height\":{\"value\":19,\"unit\":\"px\"}},\"mobile\":{\"width\":{\"value\":4,\"unit\":\"px\"},\"height\":{\"value\":19,\"unit\":\"px\"}}},\"styles\":{\"backgroundColor\":{\"default\":\"#1A2D40\"},\"transform\":{\"default\":{},\"tablet\":{},\"mobile\":{}}},\"options\":{},\"position\":{\"default\":{\"origin\":\"tl\",\"autoOrigin\":true,\"x\":{\"unit\":\"px\",\"value\":496},\"y\":{\"unit\":\"px\",\"value\":550}},\"tablet\":{\"origin\":\"tl\",\"autoOrigin\":true,\"x\":{\"unit\":\"px\",\"value\":408},\"y\":{\"unit\":\"px\",\"value\":540}},\"mobile\":{\"origin\":\"tl\",\"autoOrigin\":true,\"x\":{\"unit\":\"px\",\"value\":148},\"y\":{\"unit\":\"px\",\"value\":566}}},\"depth\":4,\"id\":\"element-47\",\"name\":\"Shape 16\",\"animation\":{\"in\":{\"data\":{\"default\":{\"type\":\"move\",\"params\":{\"direction\":\"bottom\",\"easing\":\"easeOutQuart\",\"duration\":2500,\"movement\":35},\"phase\":\"in\",\"appliedBy\":\"user\"}}}}},\"element-48\":{\"section\":\"section-1\",\"parent\":\"section-1\",\"wrap\":true,\"locked\":false,\"visible\":{\"default\":true},\"children\":[],\"type\":\"shape\",\"size\":{\"default\":{\"width\":{\"value\":9,\"unit\":\"px\"},\"height\":{\"value\":35,\"unit\":\"px\"}},\"tablet\":{\"width\":{\"value\":9,\"unit\":\"px\"},\"height\":{\"value\":35,\"unit\":\"px\"}},\"mobile\":{\"width\":{\"value\":4,\"unit\":\"px\"},\"height\":{\"value\":35,\"unit\":\"px\"}}},\"styles\":{\"backgroundColor\":{\"default\":\"#D89556\"},\"transform\":{\"default\":{},\"tablet\":{},\"mobile\":{}}},\"options\":{},\"position\":{\"default\":{\"origin\":\"tl\",\"autoOrigin\":true,\"x\":{\"unit\":\"px\",\"value\":482},\"y\":{\"unit\":\"px\",\"value\":534}},\"tablet\":{\"origin\":\"tl\",\"autoOrigin\":true,\"x\":{\"unit\":\"px\",\"value\":394},\"y\":{\"unit\":\"px\",\"value\":524}},\"mobile\":{\"origin\":\"tl\",\"autoOrigin\":true,\"x\":{\"unit\":\"px\",\"value\":142},\"y\":{\"unit\":\"px\",\"value\":550}}},\"depth\":4,\"id\":\"element-48\",\"name\":\"Shape 17\",\"animation\":{\"in\":{\"data\":{\"default\":{\"type\":\"move\",\"params\":{\"direction\":\"bottom\",\"easing\":\"easeOutQuart\",\"duration\":2500,\"movement\":35},\"phase\":\"in\",\"appliedBy\":\"user\"}}}}},\"element-49\":{\"section\":\"section-1\",\"parent\":\"section-1\",\"wrap\":true,\"locked\":false,\"visible\":{\"default\":true},\"children\":[],\"type\":\"shape\",\"size\":{\"default\":{\"width\":{\"value\":9,\"unit\":\"px\"},\"height\":{\"value\":65,\"unit\":\"px\"}},\"tablet\":{\"width\":{\"value\":9,\"unit\":\"px\"},\"height\":{\"value\":65,\"unit\":\"px\"}},\"mobile\":{\"width\":{\"value\":4,\"unit\":\"px\"},\"height\":{\"value\":65,\"unit\":\"px\"}}},\"styles\":{\"backgroundColor\":{\"default\":\"#B8651F\"},\"transform\":{\"default\":{},\"tablet\":{},\"mobile\":{}}},\"options\":{},\"position\":{\"default\":{\"origin\":\"tl\",\"autoOrigin\":true,\"x\":{\"unit\":\"px\",\"value\":468},\"y\":{\"unit\":\"px\",\"value\":504}},\"tablet\":{\"origin\":\"tl\",\"autoOrigin\":true,\"x\":{\"unit\":\"px\",\"value\":380},\"y\":{\"unit\":\"px\",\"value\":494}},\"mobile\":{\"origin\":\"tl\",\"autoOrigin\":true,\"x\":{\"unit\":\"px\",\"value\":136},\"y\":{\"unit\":\"px\",\"value\":520}}},\"depth\":4,\"id\":\"element-49\",\"name\":\"Shape 18\",\"animation\":{\"in\":{\"data\":{\"default\":{\"type\":\"move\",\"params\":{\"direction\":\"bottom\",\"easing\":\"easeOutQuart\",\"duration\":2500,\"movement\":35},\"phase\":\"in\",\"appliedBy\":\"user\"}}}}},\"element-50\":{\"section\":\"section-1\",\"parent\":\"section-1\",\"wrap\":true,\"locked\":false,\"visible\":{\"default\":true},\"children\":[],\"type\":\"shape\",\"size\":{\"default\":{\"width\":{\"value\":9,\"unit\":\"px\"},\"height\":{\"value\":10,\"unit\":\"px\"}},\"tablet\":{\"width\":{\"value\":9,\"unit\":\"px\"},\"height\":{\"value\":10,\"unit\":\"px\"}},\"mobile\":{\"width\":{\"value\":4,\"unit\":\"px\"},\"height\":{\"value\":10,\"unit\":\"px\"}}},\"styles\":{\"backgroundColor\":{\"default\":\"#83909E\"},\"transform\":{\"default\":{},\"tablet\":{},\"mobile\":{}}},\"options\":{},\"position\":{\"default\":{\"origin\":\"tl\",\"autoOrigin\":true,\"x\":{\"unit\":\"px\",\"value\":586},\"y\":{\"unit\":\"px\",\"value\":559}},\"tablet\":{\"origin\":\"tl\",\"autoOrigin\":true,\"x\":{\"unit\":\"px\",\"value\":498},\"y\":{\"unit\":\"px\",\"value\":549}},\"mobile\":{\"origin\":\"tl\",\"autoOrigin\":true,\"x\":{\"unit\":\"px\",\"value\":187},\"y\":{\"unit\":\"px\",\"value\":575}}},\"depth\":4,\"id\":\"element-50\",\"name\":\"Shape 19\",\"animation\":{\"in\":{\"data\":{\"default\":{\"type\":\"move\",\"params\":{\"direction\":\"bottom\",\"easing\":\"easeOutQuart\",\"duration\":2500,\"movement\":35},\"phase\":\"in\",\"appliedBy\":\"user\"}}}}},\"element-51\":{\"section\":\"section-1\",\"parent\":\"section-1\",\"wrap\":true,\"locked\":false,\"visible\":{\"default\":true},\"children\":[],\"type\":\"shape\",\"size\":{\"default\":{\"width\":{\"value\":9,\"unit\":\"px\"},\"height\":{\"value\":23,\"unit\":\"px\"}},\"tablet\":{\"width\":{\"value\":9,\"unit\":\"px\"},\"height\":{\"value\":23,\"unit\":\"px\"}},\"mobile\":{\"width\":{\"value\":4,\"unit\":\"px\"},\"height\":{\"value\":23,\"unit\":\"px\"}}},\"styles\":{\"backgroundColor\":{\"default\":\"#1A2D40\"},\"transform\":{\"default\":{},\"tablet\":{},\"mobile\":{}}},\"options\":{},\"position\":{\"default\":{\"origin\":\"tl\",\"autoOrigin\":true,\"x\":{\"unit\":\"px\",\"value\":572},\"y\":{\"unit\":\"px\",\"value\":546}},\"tablet\":{\"origin\":\"tl\",\"autoOrigin\":true,\"x\":{\"unit\":\"px\",\"value\":484},\"y\":{\"unit\":\"px\",\"value\":536}},\"mobile\":{\"origin\":\"tl\",\"autoOrigin\":true,\"x\":{\"unit\":\"px\",\"value\":181},\"y\":{\"unit\":\"px\",\"value\":562}}},\"depth\":4,\"id\":\"element-51\",\"name\":\"Shape 20\",\"animation\":{\"in\":{\"data\":{\"default\":{\"type\":\"move\",\"params\":{\"direction\":\"bottom\",\"easing\":\"easeOutQuart\",\"duration\":2500,\"movement\":35},\"phase\":\"in\",\"appliedBy\":\"user\"}}}}},\"element-52\":{\"section\":\"section-1\",\"parent\":\"section-1\",\"wrap\":true,\"locked\":false,\"visible\":{\"default\":true},\"children\":[],\"type\":\"shape\",\"size\":{\"default\":{\"width\":{\"value\":9,\"unit\":\"px\"},\"height\":{\"value\":37,\"unit\":\"px\"}},\"tablet\":{\"width\":{\"value\":9,\"unit\":\"px\"},\"height\":{\"value\":37,\"unit\":\"px\"}},\"mobile\":{\"width\":{\"value\":4,\"unit\":\"px\"},\"height\":{\"value\":37,\"unit\":\"px\"}}},\"styles\":{\"backgroundColor\":{\"default\":\"#D89556\"},\"transform\":{\"default\":{},\"tablet\":{},\"mobile\":{}}},\"options\":{},\"position\":{\"default\":{\"origin\":\"tl\",\"autoOrigin\":true,\"x\":{\"unit\":\"px\",\"value\":558},\"y\":{\"unit\":\"px\",\"value\":532}},\"tablet\":{\"origin\":\"tl\",\"autoOrigin\":true,\"x\":{\"unit\":\"px\",\"value\":470},\"y\":{\"unit\":\"px\",\"value\":522}},\"mobile\":{\"origin\":\"tl\",\"autoOrigin\":true,\"x\":{\"unit\":\"px\",\"value\":175},\"y\":{\"unit\":\"px\",\"value\":548}}},\"depth\":4,\"id\":\"element-52\",\"name\":\"Shape 21\",\"animation\":{\"in\":{\"data\":{\"default\":{\"type\":\"move\",\"params\":{\"direction\":\"bottom\",\"easing\":\"easeOutQuart\",\"duration\":2500,\"movement\":35},\"phase\":\"in\",\"appliedBy\":\"user\"}}}}},\"element-53\":{\"section\":\"section-1\",\"parent\":\"section-1\",\"wrap\":true,\"locked\":false,\"visible\":{\"default\":true},\"children\":[],\"type\":\"shape\",\"size\":{\"default\":{\"width\":{\"value\":9,\"unit\":\"px\"},\"height\":{\"value\":71,\"unit\":\"px\"}},\"tablet\":{\"width\":{\"value\":9,\"unit\":\"px\"},\"height\":{\"value\":71,\"unit\":\"px\"}},\"mobile\":{\"width\":{\"value\":4,\"unit\":\"px\"},\"height\":{\"value\":71,\"unit\":\"px\"}}},\"styles\":{\"backgroundColor\":{\"default\":\"#B8651F\"},\"transform\":{\"default\":{},\"tablet\":{},\"mobile\":{}}},\"options\":{},\"position\":{\"default\":{\"origin\":\"tl\",\"autoOrigin\":true,\"x\":{\"unit\":\"px\",\"value\":544},\"y\":{\"unit\":\"px\",\"value\":498}},\"tablet\":{\"origin\":\"tl\",\"autoOrigin\":true,\"x\":{\"unit\":\"px\",\"value\":456},\"y\":{\"unit\":\"px\",\"value\":488}},\"mobile\":{\"origin\":\"tl\",\"autoOrigin\":true,\"x\":{\"unit\":\"px\",\"value\":169},\"y\":{\"unit\":\"px\",\"value\":514}}},\"depth\":4,\"id\":\"element-53\",\"name\":\"Shape 22\",\"animation\":{\"in\":{\"data\":{\"default\":{\"type\":\"move\",\"params\":{\"direction\":\"bottom\",\"easing\":\"easeOutQuart\",\"duration\":2500,\"movement\":35},\"phase\":\"in\",\"appliedBy\":\"user\"}}}}},\"element-54\":{\"section\":\"section-1\",\"parent\":\"section-1\",\"wrap\":true,\"locked\":false,\"visible\":{\"default\":true},\"children\":[],\"type\":\"shape\",\"size\":{\"default\":{\"width\":{\"value\":9,\"unit\":\"px\"},\"height\":{\"value\":11,\"unit\":\"px\"}},\"tablet\":{\"width\":{\"value\":9,\"unit\":\"px\"},\"height\":{\"value\":11,\"unit\":\"px\"}},\"mobile\":{\"width\":{\"value\":4,\"unit\":\"px\"},\"height\":{\"value\":11,\"unit\":\"px\"}}},\"styles\":{\"backgroundColor\":{\"default\":\"#83909E\"},\"transform\":{\"default\":{},\"tablet\":{},\"mobile\":{}}},\"options\":{},\"position\":{\"default\":{\"origin\":\"tl\",\"autoOrigin\":true,\"x\":{\"unit\":\"px\",\"value\":663},\"y\":{\"unit\":\"px\",\"value\":558}},\"tablet\":{\"origin\":\"tl\",\"autoOrigin\":true,\"x\":{\"unit\":\"px\",\"value\":575},\"y\":{\"unit\":\"px\",\"value\":548}},\"mobile\":{\"origin\":\"tl\",\"autoOrigin\":true,\"x\":{\"unit\":\"px\",\"value\":221},\"y\":{\"unit\":\"px\",\"value\":574}}},\"depth\":4,\"id\":\"element-54\",\"name\":\"Shape 23\",\"animation\":{\"in\":{\"data\":{\"default\":{\"type\":\"move\",\"params\":{\"direction\":\"bottom\",\"easing\":\"easeOutQuart\",\"duration\":2500,\"movement\":35},\"phase\":\"in\",\"appliedBy\":\"user\"}}}}},\"element-55\":{\"section\":\"section-1\",\"parent\":\"section-1\",\"wrap\":true,\"locked\":false,\"visible\":{\"default\":true},\"children\":[],\"type\":\"shape\",\"size\":{\"default\":{\"width\":{\"value\":9,\"unit\":\"px\"},\"height\":{\"value\":27,\"unit\":\"px\"}},\"tablet\":{\"width\":{\"value\":9,\"unit\":\"px\"},\"height\":{\"value\":27,\"unit\":\"px\"}},\"mobile\":{\"width\":{\"value\":4,\"unit\":\"px\"},\"height\":{\"value\":27,\"unit\":\"px\"}}},\"styles\":{\"backgroundColor\":{\"default\":\"#1A2D40\"},\"transform\":{\"default\":{},\"tablet\":{},\"mobile\":{}}},\"options\":{},\"position\":{\"default\":{\"origin\":\"tl\",\"autoOrigin\":true,\"x\":{\"unit\":\"px\",\"value\":649},\"y\":{\"unit\":\"px\",\"value\":542}},\"tablet\":{\"origin\":\"tl\",\"autoOrigin\":true,\"x\":{\"unit\":\"px\",\"value\":561},\"y\":{\"unit\":\"px\",\"value\":532}},\"mobile\":{\"origin\":\"tl\",\"autoOrigin\":true,\"x\":{\"unit\":\"px\",\"value\":215},\"y\":{\"unit\":\"px\",\"value\":558}}},\"depth\":4,\"id\":\"element-55\",\"name\":\"Shape 24\",\"animation\":{\"in\":{\"data\":{\"default\":{\"type\":\"move\",\"params\":{\"direction\":\"bottom\",\"easing\":\"easeOutQuart\",\"duration\":2500,\"movement\":35},\"phase\":\"in\",\"appliedBy\":\"user\"}}}}},\"element-56\":{\"section\":\"section-1\",\"parent\":\"section-1\",\"wrap\":true,\"locked\":false,\"visible\":{\"default\":true},\"children\":[],\"type\":\"shape\",\"size\":{\"default\":{\"width\":{\"value\":9,\"unit\":\"px\"},\"height\":{\"value\":40,\"unit\":\"px\"}},\"tablet\":{\"width\":{\"value\":9,\"unit\":\"px\"},\"height\":{\"value\":40,\"unit\":\"px\"}},\"mobile\":{\"width\":{\"value\":4,\"unit\":\"px\"},\"height\":{\"value\":40,\"unit\":\"px\"}}},\"styles\":{\"backgroundColor\":{\"default\":\"#D89556\"},\"transform\":{\"default\":{},\"tablet\":{},\"mobile\":{}}},\"options\":{},\"position\":{\"default\":{\"origin\":\"tl\",\"autoOrigin\":true,\"x\":{\"unit\":\"px\",\"value\":635},\"y\":{\"unit\":\"px\",\"value\":529}},\"tablet\":{\"origin\":\"tl\",\"autoOrigin\":true,\"x\":{\"unit\":\"px\",\"value\":547},\"y\":{\"unit\":\"px\",\"value\":519}},\"mobile\":{\"origin\":\"tl\",\"autoOrigin\":true,\"x\":{\"unit\":\"px\",\"value\":209},\"y\":{\"unit\":\"px\",\"value\":545}}},\"depth\":4,\"id\":\"element-56\",\"name\":\"Shape 25\",\"animation\":{\"in\":{\"data\":{\"default\":{\"type\":\"move\",\"params\":{\"direction\":\"bottom\",\"easing\":\"easeOutQuart\",\"duration\":2500,\"movement\":35},\"phase\":\"in\",\"appliedBy\":\"user\"}}}}},\"element-57\":{\"section\":\"section-1\",\"parent\":\"section-1\",\"wrap\":true,\"locked\":false,\"visible\":{\"default\":true},\"children\":[],\"type\":\"shape\",\"size\":{\"default\":{\"width\":{\"value\":9,\"unit\":\"px\"},\"height\":{\"value\":76,\"unit\":\"px\"}},\"tablet\":{\"width\":{\"value\":9,\"unit\":\"px\"},\"height\":{\"value\":76,\"unit\":\"px\"}},\"mobile\":{\"width\":{\"value\":4,\"unit\":\"px\"},\"height\":{\"value\":76,\"unit\":\"px\"}}},\"styles\":{\"backgroundColor\":{\"default\":\"#B8651F\"},\"transform\":{\"default\":{},\"tablet\":{},\"mobile\":{}}},\"options\":{},\"position\":{\"default\":{\"origin\":\"tl\",\"autoOrigin\":true,\"x\":{\"unit\":\"px\",\"value\":621},\"y\":{\"unit\":\"px\",\"value\":493}},\"tablet\":{\"origin\":\"tl\",\"autoOrigin\":true,\"x\":{\"unit\":\"px\",\"value\":533},\"y\":{\"unit\":\"px\",\"value\":483}},\"mobile\":{\"origin\":\"tl\",\"autoOrigin\":true,\"x\":{\"unit\":\"px\",\"value\":203},\"y\":{\"unit\":\"px\",\"value\":509}}},\"depth\":4,\"id\":\"element-57\",\"name\":\"Shape 26\",\"animation\":{\"in\":{\"data\":{\"default\":{\"type\":\"move\",\"params\":{\"direction\":\"bottom\",\"easing\":\"easeOutQuart\",\"duration\":2500,\"movement\":35},\"phase\":\"in\",\"appliedBy\":\"user\"}}}}},\"element-58\":{\"section\":\"section-1\",\"parent\":\"section-1\",\"wrap\":true,\"locked\":false,\"visible\":{\"default\":true},\"children\":[],\"type\":\"shape\",\"size\":{\"default\":{\"width\":{\"value\":9,\"unit\":\"px\"},\"height\":{\"value\":13,\"unit\":\"px\"}},\"tablet\":{\"width\":{\"value\":9,\"unit\":\"px\"},\"height\":{\"value\":13,\"unit\":\"px\"}},\"mobile\":{\"width\":{\"value\":4,\"unit\":\"px\"},\"height\":{\"value\":13,\"unit\":\"px\"}}},\"styles\":{\"backgroundColor\":{\"default\":\"#83909E\"},\"transform\":{\"default\":{},\"tablet\":{},\"mobile\":{}}},\"options\":{},\"position\":{\"default\":{\"origin\":\"tl\",\"autoOrigin\":true,\"x\":{\"unit\":\"px\",\"value\":737},\"y\":{\"unit\":\"px\",\"value\":556}},\"tablet\":{\"origin\":\"tl\",\"autoOrigin\":true,\"x\":{\"unit\":\"px\",\"value\":649},\"y\":{\"unit\":\"px\",\"value\":546}},\"mobile\":{\"origin\":\"tl\",\"autoOrigin\":true,\"x\":{\"unit\":\"px\",\"value\":253},\"y\":{\"unit\":\"px\",\"value\":572}}},\"depth\":4,\"id\":\"element-58\",\"name\":\"Shape 27\",\"animation\":{\"in\":{\"data\":{\"default\":{\"type\":\"move\",\"params\":{\"direction\":\"bottom\",\"easing\":\"easeOutQuart\",\"duration\":2500,\"movement\":35},\"phase\":\"in\",\"appliedBy\":\"user\"}}}}},\"element-59\":{\"section\":\"section-1\",\"parent\":\"section-1\",\"wrap\":true,\"locked\":false,\"visible\":{\"default\":true},\"children\":[],\"type\":\"shape\",\"size\":{\"default\":{\"width\":{\"value\":9,\"unit\":\"px\"},\"height\":{\"value\":31,\"unit\":\"px\"}},\"tablet\":{\"width\":{\"value\":9,\"unit\":\"px\"},\"height\":{\"value\":31,\"unit\":\"px\"}},\"mobile\":{\"width\":{\"value\":4,\"unit\":\"px\"},\"height\":{\"value\":31,\"unit\":\"px\"}}},\"styles\":{\"backgroundColor\":{\"default\":\"#1A2D40\"},\"transform\":{\"default\":{},\"tablet\":{},\"mobile\":{}}},\"options\":{},\"position\":{\"default\":{\"origin\":\"tl\",\"autoOrigin\":true,\"x\":{\"unit\":\"px\",\"value\":723},\"y\":{\"unit\":\"px\",\"value\":538}},\"tablet\":{\"origin\":\"tl\",\"autoOrigin\":true,\"x\":{\"unit\":\"px\",\"value\":635},\"y\":{\"unit\":\"px\",\"value\":528}},\"mobile\":{\"origin\":\"tl\",\"autoOrigin\":true,\"x\":{\"unit\":\"px\",\"value\":247},\"y\":{\"unit\":\"px\",\"value\":554}}},\"depth\":4,\"id\":\"element-59\",\"name\":\"Shape 28\",\"animation\":{\"in\":{\"data\":{\"default\":{\"type\":\"move\",\"params\":{\"direction\":\"bottom\",\"easing\":\"easeOutQuart\",\"duration\":2500,\"movement\":35},\"phase\":\"in\",\"appliedBy\":\"user\"}}}}},\"element-60\":{\"section\":\"section-1\",\"parent\":\"section-1\",\"wrap\":true,\"locked\":false,\"visible\":{\"default\":true},\"children\":[],\"type\":\"shape\",\"size\":{\"default\":{\"width\":{\"value\":9,\"unit\":\"px\"},\"height\":{\"value\":47,\"unit\":\"px\"}},\"tablet\":{\"width\":{\"value\":9,\"unit\":\"px\"},\"height\":{\"value\":47,\"unit\":\"px\"}},\"mobile\":{\"width\":{\"value\":4,\"unit\":\"px\"},\"height\":{\"value\":47,\"unit\":\"px\"}}},\"styles\":{\"backgroundColor\":{\"default\":\"#D89556\"},\"transform\":{\"default\":{},\"tablet\":{},\"mobile\":{}}},\"options\":{},\"position\":{\"default\":{\"origin\":\"tl\",\"autoOrigin\":true,\"x\":{\"unit\":\"px\",\"value\":709},\"y\":{\"unit\":\"px\",\"value\":522}},\"tablet\":{\"origin\":\"tl\",\"autoOrigin\":true,\"x\":{\"unit\":\"px\",\"value\":621},\"y\":{\"unit\":\"px\",\"value\":512}},\"mobile\":{\"origin\":\"tl\",\"autoOrigin\":true,\"x\":{\"unit\":\"px\",\"value\":241},\"y\":{\"unit\":\"px\",\"value\":538}}},\"depth\":4,\"id\":\"element-60\",\"name\":\"Shape 29\",\"animation\":{\"in\":{\"data\":{\"default\":{\"type\":\"move\",\"params\":{\"direction\":\"bottom\",\"easing\":\"easeOutQuart\",\"duration\":2500,\"movement\":35},\"phase\":\"in\",\"appliedBy\":\"user\"}}}}},\"element-61\":{\"section\":\"section-1\",\"parent\":\"section-1\",\"wrap\":true,\"locked\":false,\"visible\":{\"default\":true},\"children\":[],\"type\":\"shape\",\"size\":{\"default\":{\"width\":{\"value\":9,\"unit\":\"px\"},\"height\":{\"value\":81,\"unit\":\"px\"}},\"tablet\":{\"width\":{\"value\":9,\"unit\":\"px\"},\"height\":{\"value\":81,\"unit\":\"px\"}},\"mobile\":{\"width\":{\"value\":4,\"unit\":\"px\"},\"height\":{\"value\":81,\"unit\":\"px\"}}},\"styles\":{\"backgroundColor\":{\"default\":\"#B8651F\"},\"transform\":{\"default\":{},\"tablet\":{},\"mobile\":{}}},\"options\":{},\"position\":{\"default\":{\"origin\":\"tl\",\"autoOrigin\":true,\"x\":{\"unit\":\"px\",\"value\":695},\"y\":{\"unit\":\"px\",\"value\":488}},\"tablet\":{\"origin\":\"tl\",\"autoOrigin\":true,\"x\":{\"unit\":\"px\",\"value\":607},\"y\":{\"unit\":\"px\",\"value\":478}},\"mobile\":{\"origin\":\"tl\",\"autoOrigin\":true,\"x\":{\"unit\":\"px\",\"value\":235},\"y\":{\"unit\":\"px\",\"value\":504}}},\"depth\":4,\"id\":\"element-61\",\"name\":\"Shape 30\",\"animation\":{\"in\":{\"data\":{\"default\":{\"type\":\"move\",\"params\":{\"direction\":\"bottom\",\"easing\":\"easeOutQuart\",\"duration\":2500,\"movement\":35},\"phase\":\"in\",\"appliedBy\":\"user\"}}}}},\"element-62\":{\"section\":\"section-1\",\"parent\":\"section-1\",\"wrap\":true,\"locked\":false,\"visible\":{\"default\":true},\"children\":[],\"type\":\"shape\",\"size\":{\"default\":{\"width\":{\"value\":9,\"unit\":\"px\"},\"height\":{\"value\":15,\"unit\":\"px\"}},\"tablet\":{\"width\":{\"value\":9,\"unit\":\"px\"},\"height\":{\"value\":15,\"unit\":\"px\"}},\"mobile\":{\"width\":{\"value\":4,\"unit\":\"px\"},\"height\":{\"value\":15,\"unit\":\"px\"}}},\"styles\":{\"backgroundColor\":{\"default\":\"#83909E\"},\"transform\":{\"default\":{},\"tablet\":{},\"mobile\":{}}},\"options\":{},\"position\":{\"default\":{\"origin\":\"tl\",\"autoOrigin\":true,\"x\":{\"unit\":\"px\",\"value\":813},\"y\":{\"unit\":\"px\",\"value\":554}},\"tablet\":{\"origin\":\"tl\",\"autoOrigin\":true,\"x\":{\"unit\":\"px\",\"value\":725},\"y\":{\"unit\":\"px\",\"value\":544}},\"mobile\":{\"origin\":\"tl\",\"autoOrigin\":true,\"x\":{\"unit\":\"px\",\"value\":286},\"y\":{\"unit\":\"px\",\"value\":570}}},\"depth\":4,\"id\":\"element-62\",\"name\":\"Shape 31\",\"animation\":{\"in\":{\"data\":{\"default\":{\"type\":\"move\",\"params\":{\"direction\":\"bottom\",\"easing\":\"easeOutQuart\",\"duration\":2500,\"movement\":35},\"phase\":\"in\",\"appliedBy\":\"user\"}}}}},\"element-63\":{\"section\":\"section-1\",\"parent\":\"section-1\",\"wrap\":true,\"locked\":false,\"visible\":{\"default\":true},\"children\":[],\"type\":\"shape\",\"size\":{\"default\":{\"width\":{\"value\":9,\"unit\":\"px\"},\"height\":{\"value\":34,\"unit\":\"px\"}},\"tablet\":{\"width\":{\"value\":9,\"unit\":\"px\"},\"height\":{\"value\":34,\"unit\":\"px\"}},\"mobile\":{\"width\":{\"value\":4,\"unit\":\"px\"},\"height\":{\"value\":34,\"unit\":\"px\"}}},\"styles\":{\"backgroundColor\":{\"default\":\"#1A2D40\"},\"transform\":{\"default\":{},\"tablet\":{},\"mobile\":{}}},\"options\":{},\"position\":{\"default\":{\"origin\":\"tl\",\"autoOrigin\":true,\"x\":{\"unit\":\"px\",\"value\":799},\"y\":{\"unit\":\"px\",\"value\":535}},\"tablet\":{\"origin\":\"tl\",\"autoOrigin\":true,\"x\":{\"unit\":\"px\",\"value\":711},\"y\":{\"unit\":\"px\",\"value\":525}},\"mobile\":{\"origin\":\"tl\",\"autoOrigin\":true,\"x\":{\"unit\":\"px\",\"value\":280},\"y\":{\"unit\":\"px\",\"value\":551}}},\"depth\":4,\"id\":\"element-63\",\"name\":\"Shape 32\",\"animation\":{\"in\":{\"data\":{\"default\":{\"type\":\"move\",\"params\":{\"direction\":\"bottom\",\"easing\":\"easeOutQuart\",\"duration\":2500,\"movement\":35},\"phase\":\"in\",\"appliedBy\":\"user\"}}}}},\"element-64\":{\"section\":\"section-1\",\"parent\":\"section-1\",\"wrap\":true,\"locked\":false,\"visible\":{\"default\":true},\"children\":[],\"type\":\"shape\",\"size\":{\"default\":{\"width\":{\"value\":9,\"unit\":\"px\"},\"height\":{\"value\":54,\"unit\":\"px\"}},\"tablet\":{\"width\":{\"value\":9,\"unit\":\"px\"},\"height\":{\"value\":54,\"unit\":\"px\"}},\"mobile\":{\"width\":{\"value\":4,\"unit\":\"px\"},\"height\":{\"value\":54,\"unit\":\"px\"}}},\"styles\":{\"backgroundColor\":{\"default\":\"#D89556\"},\"transform\":{\"default\":{},\"tablet\":{},\"mobile\":{}}},\"options\":{},\"position\":{\"default\":{\"origin\":\"tl\",\"autoOrigin\":true,\"x\":{\"unit\":\"px\",\"value\":785},\"y\":{\"unit\":\"px\",\"value\":515}},\"tablet\":{\"origin\":\"tl\",\"autoOrigin\":true,\"x\":{\"unit\":\"px\",\"value\":697},\"y\":{\"unit\":\"px\",\"value\":505}},\"mobile\":{\"origin\":\"tl\",\"autoOrigin\":true,\"x\":{\"unit\":\"px\",\"value\":274},\"y\":{\"unit\":\"px\",\"value\":531}}},\"depth\":4,\"id\":\"element-64\",\"name\":\"Shape 33\",\"animation\":{\"in\":{\"data\":{\"default\":{\"type\":\"move\",\"params\":{\"direction\":\"bottom\",\"easing\":\"easeOutQuart\",\"duration\":2500,\"movement\":35},\"phase\":\"in\",\"appliedBy\":\"user\"}}}}},\"element-65\":{\"section\":\"section-1\",\"parent\":\"section-1\",\"wrap\":true,\"locked\":false,\"visible\":{\"default\":true},\"children\":[],\"type\":\"shape\",\"size\":{\"default\":{\"width\":{\"value\":9,\"unit\":\"px\"},\"height\":{\"value\":86,\"unit\":\"px\"}},\"tablet\":{\"width\":{\"value\":9,\"unit\":\"px\"},\"height\":{\"value\":86,\"unit\":\"px\"}},\"mobile\":{\"width\":{\"value\":4,\"unit\":\"px\"},\"height\":{\"value\":86,\"unit\":\"px\"}}},\"styles\":{\"backgroundColor\":{\"default\":\"#B8651F\"},\"transform\":{\"default\":{},\"tablet\":{},\"mobile\":{}}},\"options\":{},\"position\":{\"default\":{\"origin\":\"tl\",\"autoOrigin\":true,\"x\":{\"unit\":\"px\",\"value\":771},\"y\":{\"unit\":\"px\",\"value\":483}},\"tablet\":{\"origin\":\"tl\",\"autoOrigin\":true,\"x\":{\"unit\":\"px\",\"value\":683},\"y\":{\"unit\":\"px\",\"value\":473}},\"mobile\":{\"origin\":\"tl\",\"autoOrigin\":true,\"x\":{\"unit\":\"px\",\"value\":268},\"y\":{\"unit\":\"px\",\"value\":499}}},\"depth\":4,\"id\":\"element-65\",\"name\":\"Shape 34\",\"animation\":{\"in\":{\"data\":{\"default\":{\"type\":\"move\",\"params\":{\"direction\":\"bottom\",\"easing\":\"easeOutQuart\",\"duration\":2500,\"movement\":35},\"phase\":\"in\",\"appliedBy\":\"user\"}}}}},\"element-66\":{\"section\":\"section-1\",\"parent\":\"section-1\",\"wrap\":true,\"locked\":false,\"visible\":{\"default\":true},\"children\":[],\"type\":\"shape\",\"size\":{\"default\":{\"width\":{\"value\":9,\"unit\":\"px\"},\"height\":{\"value\":18,\"unit\":\"px\"}},\"tablet\":{\"width\":{\"value\":9,\"unit\":\"px\"},\"height\":{\"value\":18,\"unit\":\"px\"}},\"mobile\":{\"width\":{\"value\":4,\"unit\":\"px\"},\"height\":{\"value\":18,\"unit\":\"px\"}}},\"styles\":{\"backgroundColor\":{\"default\":\"#83909E\"},\"transform\":{\"default\":{},\"tablet\":{},\"mobile\":{}}},\"options\":{},\"position\":{\"default\":{\"origin\":\"tl\",\"autoOrigin\":true,\"x\":{\"unit\":\"px\",\"value\":889},\"y\":{\"unit\":\"px\",\"value\":551}},\"tablet\":{\"origin\":\"tl\",\"autoOrigin\":true,\"x\":{\"unit\":\"px\",\"value\":801},\"y\":{\"unit\":\"px\",\"value\":541}},\"mobile\":{\"origin\":\"tl\",\"autoOrigin\":true,\"x\":{\"unit\":\"px\",\"value\":320},\"y\":{\"unit\":\"px\",\"value\":567}}},\"depth\":4,\"id\":\"element-66\",\"name\":\"Shape 35\",\"animation\":{\"in\":{\"data\":{\"default\":{\"type\":\"move\",\"params\":{\"direction\":\"bottom\",\"easing\":\"easeOutQuart\",\"duration\":2500,\"movement\":35},\"phase\":\"in\",\"appliedBy\":\"user\"}}}}},\"element-67\":{\"section\":\"section-1\",\"parent\":\"section-1\",\"wrap\":true,\"locked\":false,\"visible\":{\"default\":true},\"children\":[],\"type\":\"shape\",\"size\":{\"default\":{\"width\":{\"value\":9,\"unit\":\"px\"},\"height\":{\"value\":37,\"unit\":\"px\"}},\"tablet\":{\"width\":{\"value\":9,\"unit\":\"px\"},\"height\":{\"value\":37,\"unit\":\"px\"}},\"mobile\":{\"width\":{\"value\":4,\"unit\":\"px\"},\"height\":{\"value\":37,\"unit\":\"px\"}}},\"styles\":{\"backgroundColor\":{\"default\":\"#1A2D40\"},\"transform\":{\"default\":{},\"tablet\":{},\"mobile\":{}}},\"options\":{},\"position\":{\"default\":{\"origin\":\"tl\",\"autoOrigin\":true,\"x\":{\"unit\":\"px\",\"value\":875},\"y\":{\"unit\":\"px\",\"value\":532}},\"tablet\":{\"origin\":\"tl\",\"autoOrigin\":true,\"x\":{\"unit\":\"px\",\"value\":787},\"y\":{\"unit\":\"px\",\"value\":522}},\"mobile\":{\"origin\":\"tl\",\"autoOrigin\":true,\"x\":{\"unit\":\"px\",\"value\":314},\"y\":{\"unit\":\"px\",\"value\":548}}},\"depth\":4,\"id\":\"element-67\",\"name\":\"Shape 36\",\"animation\":{\"in\":{\"data\":{\"default\":{\"type\":\"move\",\"params\":{\"direction\":\"bottom\",\"easing\":\"easeOutQuart\",\"duration\":2500,\"movement\":35},\"phase\":\"in\",\"appliedBy\":\"user\"}}}}},\"element-68\":{\"section\":\"section-1\",\"parent\":\"section-1\",\"wrap\":true,\"locked\":false,\"visible\":{\"default\":true},\"children\":[],\"type\":\"shape\",\"size\":{\"default\":{\"width\":{\"value\":9,\"unit\":\"px\"},\"height\":{\"value\":62,\"unit\":\"px\"}},\"tablet\":{\"width\":{\"value\":9,\"unit\":\"px\"},\"height\":{\"value\":62,\"unit\":\"px\"}},\"mobile\":{\"width\":{\"value\":4,\"unit\":\"px\"},\"height\":{\"value\":62,\"unit\":\"px\"}}},\"styles\":{\"backgroundColor\":{\"default\":\"#D89556\"},\"transform\":{\"default\":{},\"tablet\":{},\"mobile\":{}}},\"options\":{},\"position\":{\"default\":{\"origin\":\"tl\",\"autoOrigin\":true,\"x\":{\"unit\":\"px\",\"value\":861},\"y\":{\"unit\":\"px\",\"value\":507}},\"tablet\":{\"origin\":\"tl\",\"autoOrigin\":true,\"x\":{\"unit\":\"px\",\"value\":773},\"y\":{\"unit\":\"px\",\"value\":497}},\"mobile\":{\"origin\":\"tl\",\"autoOrigin\":true,\"x\":{\"unit\":\"px\",\"value\":308},\"y\":{\"unit\":\"px\",\"value\":523}}},\"depth\":4,\"id\":\"element-68\",\"name\":\"Shape 37\",\"animation\":{\"in\":{\"data\":{\"default\":{\"type\":\"move\",\"params\":{\"direction\":\"bottom\",\"easing\":\"easeOutQuart\",\"duration\":2500,\"movement\":35},\"phase\":\"in\",\"appliedBy\":\"user\"}}}}},\"element-69\":{\"section\":\"section-1\",\"parent\":\"section-1\",\"wrap\":true,\"locked\":false,\"visible\":{\"default\":true},\"children\":[],\"type\":\"shape\",\"size\":{\"default\":{\"width\":{\"value\":9,\"unit\":\"px\"},\"height\":{\"value\":94,\"unit\":\"px\"}},\"tablet\":{\"width\":{\"value\":9,\"unit\":\"px\"},\"height\":{\"value\":94,\"unit\":\"px\"}},\"mobile\":{\"width\":{\"value\":4,\"unit\":\"px\"},\"height\":{\"value\":94,\"unit\":\"px\"}}},\"styles\":{\"backgroundColor\":{\"default\":\"#B8651F\"},\"transform\":{\"default\":{},\"tablet\":{},\"mobile\":{}}},\"options\":{},\"position\":{\"default\":{\"origin\":\"tl\",\"autoOrigin\":true,\"x\":{\"unit\":\"px\",\"value\":847},\"y\":{\"unit\":\"px\",\"value\":475}},\"tablet\":{\"origin\":\"tl\",\"autoOrigin\":true,\"x\":{\"unit\":\"px\",\"value\":759},\"y\":{\"unit\":\"px\",\"value\":465}},\"mobile\":{\"origin\":\"tl\",\"autoOrigin\":true,\"x\":{\"unit\":\"px\",\"value\":302},\"y\":{\"unit\":\"px\",\"value\":491}}},\"depth\":4,\"id\":\"element-69\",\"name\":\"Shape 38\",\"animation\":{\"in\":{\"data\":{\"default\":{\"type\":\"move\",\"params\":{\"direction\":\"bottom\",\"easing\":\"easeOutQuart\",\"duration\":2500,\"movement\":35},\"phase\":\"in\",\"appliedBy\":\"user\"}}}}},\"element-70\":{\"section\":\"section-1\",\"parent\":\"section-1\",\"wrap\":true,\"locked\":false,\"visible\":{\"default\":true},\"children\":[],\"type\":\"shape\",\"size\":{\"default\":{\"width\":{\"value\":18,\"unit\":\"px\"},\"height\":{\"value\":18,\"unit\":\"px\"}},\"tablet\":{\"width\":{\"value\":18,\"unit\":\"px\"},\"height\":{\"value\":18,\"unit\":\"px\"}},\"mobile\":{\"width\":{\"value\":13,\"unit\":\"px\"},\"height\":{\"value\":13,\"unit\":\"px\"}}},\"styles\":{\"backgroundColor\":{\"default\":\"#B8651F\"},\"corner\":{\"default\":{\"link\":true,\"topRight\":{\"value\":5,\"unit\":\"px\"},\"topLeft\":{\"value\":5,\"unit\":\"px\"},\"bottomRight\":{\"value\":5,\"unit\":\"px\"},\"bottomLeft\":{\"value\":5,\"unit\":\"px\"}}},\"transform\":{\"default\":{},\"tablet\":{},\"mobile\":{}}},\"options\":{},\"position\":{\"default\":{\"origin\":\"tl\",\"autoOrigin\":true,\"x\":{\"unit\":\"px\",\"value\":300},\"y\":{\"unit\":\"px\",\"value\":615}},\"tablet\":{\"origin\":\"tl\",\"autoOrigin\":true,\"x\":{\"unit\":\"px\",\"value\":212},\"y\":{\"unit\":\"px\",\"value\":605}},\"mobile\":{\"origin\":\"tl\",\"autoOrigin\":true,\"x\":{\"unit\":\"px\",\"value\":83},\"y\":{\"unit\":\"px\",\"value\":630}}},\"depth\":4,\"id\":\"element-70\",\"name\":\"Shape 39\",\"animation\":{\"in\":{\"data\":{\"default\":{\"type\":\"move\",\"params\":{\"direction\":\"left\",\"easing\":\"easeInOutExpo\",\"duration\":1800,\"movement\":0},\"phase\":\"in\",\"appliedBy\":\"user\"}}}}},\"element-71\":{\"section\":\"section-1\",\"parent\":\"section-1\",\"wrap\":true,\"locked\":false,\"visible\":{\"default\":true},\"type\":\"text\",\"size\":{\"default\":{\"width\":\"auto\",\"height\":\"auto\"},\"tablet\":{\"width\":\"auto\",\"height\":\"auto\"},\"mobile\":{\"width\":\"auto\",\"height\":\"auto\"}},\"styles\":{\"backgroundColor\":{\"default\":\"transparent\"},\"typography\":{\"default\":{\"font\":\"Manrope\",\"lineHeight\":120,\"color\":\"#000\",\"fontSize\":13.67999999999999971578290569595992565155029296875,\"fontVariant\":\"600\",\"align\":\"right\"},\"mobile\":{\"fontSize\":10}},\"transform\":{\"default\":{},\"tablet\":{},\"mobile\":{}}},\"options\":{\"content\":\"Libre Inversi\\u00f3n\",\"tag\":\"h3\"},\"position\":{\"default\":{\"origin\":\"tl\",\"autoOrigin\":true,\"x\":{\"unit\":\"px\",\"value\":324},\"y\":{\"unit\":\"px\",\"value\":616}},\"tablet\":{\"origin\":\"tl\",\"autoOrigin\":true,\"x\":{\"unit\":\"px\",\"value\":236},\"y\":{\"unit\":\"px\",\"value\":606}},\"mobile\":{\"origin\":\"tl\",\"autoOrigin\":true,\"x\":{\"unit\":\"px\",\"value\":103},\"y\":{\"unit\":\"px\",\"value\":630}}},\"depth\":4,\"id\":\"element-71\",\"name\":\"Text 10\",\"animation\":{\"in\":{\"data\":{\"default\":{\"type\":\"move\",\"params\":{\"direction\":\"left\",\"easing\":\"easeInOutExpo\",\"duration\":1800,\"movement\":0},\"phase\":\"in\",\"appliedBy\":\"user\"}}}}},\"element-72\":{\"section\":\"section-1\",\"parent\":\"section-1\",\"wrap\":true,\"locked\":false,\"visible\":{\"default\":true},\"type\":\"text\",\"size\":{\"default\":{\"width\":\"auto\",\"height\":\"auto\"},\"tablet\":{\"width\":\"auto\",\"height\":\"auto\"},\"mobile\":{\"width\":\"auto\",\"height\":\"auto\"}},\"styles\":{\"backgroundColor\":{\"default\":\"transparent\"},\"typography\":{\"default\":{\"font\":\"Manrope\",\"lineHeight\":120,\"color\":\"#000\",\"fontSize\":13.67999999999999971578290569595992565155029296875,\"fontVariant\":\"600\",\"align\":\"right\"},\"mobile\":{\"fontSize\":10}},\"transform\":{\"default\":{},\"tablet\":{},\"mobile\":{}}},\"options\":{\"content\":\"Vivienda\",\"tag\":\"h3\"},\"position\":{\"default\":{\"origin\":\"tl\",\"autoOrigin\":true,\"x\":{\"unit\":\"px\",\"value\":459},\"y\":{\"unit\":\"px\",\"value\":616}},\"tablet\":{\"origin\":\"tl\",\"autoOrigin\":true,\"x\":{\"unit\":\"px\",\"value\":371},\"y\":{\"unit\":\"px\",\"value\":606}},\"mobile\":{\"origin\":\"tl\",\"autoOrigin\":true,\"x\":{\"unit\":\"px\",\"value\":216},\"y\":{\"unit\":\"px\",\"value\":630}}},\"depth\":4,\"id\":\"element-72\",\"name\":\"Text 11\",\"animation\":{\"in\":{\"data\":{\"default\":{\"type\":\"move\",\"params\":{\"direction\":\"left\",\"easing\":\"easeInOutExpo\",\"duration\":1800,\"movement\":0},\"phase\":\"in\",\"appliedBy\":\"user\"}}}}},\"element-73\":{\"section\":\"section-1\",\"parent\":\"section-1\",\"wrap\":true,\"locked\":false,\"visible\":{\"default\":true},\"children\":[],\"type\":\"shape\",\"size\":{\"default\":{\"width\":{\"value\":18,\"unit\":\"px\"},\"height\":{\"value\":18,\"unit\":\"px\"}},\"tablet\":{\"width\":{\"value\":18,\"unit\":\"px\"},\"height\":{\"value\":18,\"unit\":\"px\"}},\"mobile\":{\"width\":{\"value\":13,\"unit\":\"px\"},\"height\":{\"value\":13,\"unit\":\"px\"}}},\"styles\":{\"backgroundColor\":{\"default\":\"#D89556\"},\"corner\":{\"default\":{\"link\":true,\"topRight\":{\"value\":5,\"unit\":\"px\"},\"topLeft\":{\"value\":5,\"unit\":\"px\"},\"bottomRight\":{\"value\":5,\"unit\":\"px\"},\"bottomLeft\":{\"value\":5,\"unit\":\"px\"}}},\"transform\":{\"default\":{},\"tablet\":{},\"mobile\":{}}},\"options\":{},\"position\":{\"default\":{\"origin\":\"tl\",\"autoOrigin\":true,\"x\":{\"unit\":\"px\",\"value\":435},\"y\":{\"unit\":\"px\",\"value\":615}},\"tablet\":{\"origin\":\"tl\",\"autoOrigin\":true,\"x\":{\"unit\":\"px\",\"value\":347},\"y\":{\"unit\":\"px\",\"value\":605}},\"mobile\":{\"origin\":\"tl\",\"autoOrigin\":true,\"x\":{\"unit\":\"px\",\"value\":197},\"y\":{\"unit\":\"px\",\"value\":630}}},\"depth\":4,\"id\":\"element-73\",\"name\":\"Shape 40\",\"animation\":{\"in\":{\"data\":{\"default\":{\"type\":\"move\",\"params\":{\"direction\":\"left\",\"easing\":\"easeInOutExpo\",\"duration\":1800,\"movement\":0},\"phase\":\"in\",\"appliedBy\":\"user\"}}}}},\"element-74\":{\"section\":\"section-1\",\"parent\":\"section-1\",\"wrap\":true,\"locked\":false,\"visible\":{\"default\":true},\"children\":[],\"type\":\"shape\",\"size\":{\"default\":{\"width\":{\"value\":18,\"unit\":\"px\"},\"height\":{\"value\":18,\"unit\":\"px\"}},\"tablet\":{\"width\":{\"value\":18,\"unit\":\"px\"},\"height\":{\"value\":18,\"unit\":\"px\"}},\"mobile\":{\"width\":{\"value\":13,\"unit\":\"px\"},\"height\":{\"value\":13,\"unit\":\"px\"}}},\"styles\":{\"backgroundColor\":{\"default\":\"#1F3A30\"},\"corner\":{\"default\":{\"link\":true,\"topRight\":{\"value\":5,\"unit\":\"px\"},\"topLeft\":{\"value\":5,\"unit\":\"px\"},\"bottomRight\":{\"value\":5,\"unit\":\"px\"},\"bottomLeft\":{\"value\":5,\"unit\":\"px\"}}},\"transform\":{\"default\":{},\"tablet\":{},\"mobile\":{}}},\"options\":{},\"position\":{\"default\":{\"origin\":\"tl\",\"autoOrigin\":true,\"x\":{\"unit\":\"px\",\"value\":530},\"y\":{\"unit\":\"px\",\"value\":615}},\"tablet\":{\"origin\":\"tl\",\"autoOrigin\":true,\"x\":{\"unit\":\"px\",\"value\":442},\"y\":{\"unit\":\"px\",\"value\":605}},\"mobile\":{\"origin\":\"tl\",\"autoOrigin\":true,\"x\":{\"unit\":\"px\",\"value\":83},\"y\":{\"unit\":\"px\",\"value\":659}}},\"depth\":4,\"id\":\"element-74\",\"name\":\"Shape 41\",\"animation\":{\"in\":{\"data\":{\"default\":{\"type\":\"move\",\"params\":{\"direction\":\"left\",\"easing\":\"easeInOutExpo\",\"duration\":1800,\"movement\":0},\"phase\":\"in\",\"appliedBy\":\"user\"}}}}},\"element-75\":{\"section\":\"section-1\",\"parent\":\"section-1\",\"wrap\":true,\"locked\":false,\"visible\":{\"default\":true},\"type\":\"text\",\"size\":{\"default\":{\"width\":\"auto\",\"height\":\"auto\"},\"tablet\":{\"width\":\"auto\",\"height\":\"auto\"},\"mobile\":{\"width\":\"auto\",\"height\":\"auto\"}},\"styles\":{\"backgroundColor\":{\"default\":\"transparent\"},\"typography\":{\"default\":{\"font\":\"Manrope\",\"lineHeight\":120,\"color\":\"#000\",\"fontSize\":13.67999999999999971578290569595992565155029296875,\"fontVariant\":\"600\",\"align\":\"right\"},\"mobile\":{\"fontSize\":10}},\"transform\":{\"default\":{},\"tablet\":{},\"mobile\":{}}},\"options\":{\"content\":\"Veh\\u00edculo\",\"tag\":\"h3\"},\"position\":{\"default\":{\"origin\":\"tl\",\"autoOrigin\":true,\"x\":{\"unit\":\"px\",\"value\":554},\"y\":{\"unit\":\"px\",\"value\":616}},\"tablet\":{\"origin\":\"tl\",\"autoOrigin\":true,\"x\":{\"unit\":\"px\",\"value\":466},\"y\":{\"unit\":\"px\",\"value\":606}},\"mobile\":{\"origin\":\"tl\",\"autoOrigin\":true,\"x\":{\"unit\":\"px\",\"value\":102},\"y\":{\"unit\":\"px\",\"value\":659}}},\"depth\":4,\"id\":\"element-75\",\"name\":\"Text 12\",\"animation\":{\"in\":{\"data\":{\"default\":{\"type\":\"move\",\"params\":{\"direction\":\"left\",\"easing\":\"easeInOutExpo\",\"duration\":1800,\"movement\":0},\"phase\":\"in\",\"appliedBy\":\"user\"}}}}},\"element-76\":{\"section\":\"section-1\",\"parent\":\"section-1\",\"wrap\":true,\"locked\":false,\"visible\":{\"default\":true},\"children\":[],\"type\":\"shape\",\"size\":{\"default\":{\"width\":{\"value\":18,\"unit\":\"px\"},\"height\":{\"value\":18,\"unit\":\"px\"}},\"tablet\":{\"width\":{\"value\":18,\"unit\":\"px\"},\"height\":{\"value\":18,\"unit\":\"px\"}},\"mobile\":{\"width\":{\"value\":13,\"unit\":\"px\"},\"height\":{\"value\":13,\"unit\":\"px\"}}},\"styles\":{\"backgroundColor\":{\"default\":\"#83909E\"},\"corner\":{\"default\":{\"link\":true,\"topRight\":{\"value\":5,\"unit\":\"px\"},\"topLeft\":{\"value\":5,\"unit\":\"px\"},\"bottomRight\":{\"value\":5,\"unit\":\"px\"},\"bottomLeft\":{\"value\":5,\"unit\":\"px\"}}},\"transform\":{\"default\":{},\"tablet\":{},\"mobile\":{}}},\"options\":{},\"position\":{\"default\":{\"origin\":\"tl\",\"autoOrigin\":true,\"x\":{\"unit\":\"px\",\"value\":627},\"y\":{\"unit\":\"px\",\"value\":615}},\"tablet\":{\"origin\":\"tl\",\"autoOrigin\":true,\"x\":{\"unit\":\"px\",\"value\":539},\"y\":{\"unit\":\"px\",\"value\":605}},\"mobile\":{\"origin\":\"tl\",\"autoOrigin\":true,\"x\":{\"unit\":\"px\",\"value\":197},\"y\":{\"unit\":\"px\",\"value\":659}}},\"depth\":4,\"id\":\"element-76\",\"name\":\"Shape 42\",\"animation\":{\"in\":{\"data\":{\"default\":{\"type\":\"move\",\"params\":{\"direction\":\"left\",\"easing\":\"easeInOutExpo\",\"duration\":1800,\"movement\":0},\"phase\":\"in\",\"appliedBy\":\"user\"}}}}},\"element-77\":{\"section\":\"section-1\",\"parent\":\"section-1\",\"wrap\":true,\"locked\":false,\"visible\":{\"default\":true},\"type\":\"text\",\"size\":{\"default\":{\"width\":\"auto\",\"height\":\"auto\"},\"tablet\":{\"width\":\"auto\",\"height\":\"auto\"},\"mobile\":{\"width\":\"auto\",\"height\":\"auto\"}},\"styles\":{\"backgroundColor\":{\"default\":\"transparent\"},\"typography\":{\"default\":{\"font\":\"Manrope\",\"lineHeight\":120,\"color\":\"#000\",\"fontSize\":13.67999999999999971578290569595992565155029296875,\"fontVariant\":\"600\",\"align\":\"right\"},\"mobile\":{\"fontSize\":10}},\"transform\":{\"default\":{},\"tablet\":{},\"mobile\":{}}},\"options\":{\"content\":\"Educativo\",\"tag\":\"h3\"},\"position\":{\"default\":{\"origin\":\"tl\",\"autoOrigin\":true,\"x\":{\"unit\":\"px\",\"value\":651},\"y\":{\"unit\":\"px\",\"value\":616}},\"tablet\":{\"origin\":\"tl\",\"autoOrigin\":true,\"x\":{\"unit\":\"px\",\"value\":563},\"y\":{\"unit\":\"px\",\"value\":606}},\"mobile\":{\"origin\":\"tl\",\"autoOrigin\":true,\"x\":{\"unit\":\"px\",\"value\":216},\"y\":{\"unit\":\"px\",\"value\":659}}},\"depth\":4,\"id\":\"element-77\",\"name\":\"Text 13\",\"animation\":{\"in\":{\"data\":{\"default\":{\"type\":\"move\",\"params\":{\"direction\":\"left\",\"easing\":\"easeInOutExpo\",\"duration\":1800,\"movement\":0},\"phase\":\"in\",\"appliedBy\":\"user\"}}}}},\"element-78\":{\"section\":\"section-1\",\"parent\":\"section-1\",\"wrap\":true,\"locked\":false,\"visible\":{\"default\":true},\"children\":[],\"type\":\"shape\",\"size\":{\"default\":{\"width\":{\"value\":600,\"unit\":\"px\"},\"height\":{\"value\":2,\"unit\":\"px\"}},\"tablet\":{\"width\":{\"value\":600,\"unit\":\"px\"},\"height\":{\"value\":2,\"unit\":\"px\"}},\"mobile\":{\"width\":{\"value\":263,\"unit\":\"px\"},\"height\":{\"value\":2,\"unit\":\"px\"}}},\"styles\":{\"backgroundColor\":{\"default\":\"#E8E6E0\"},\"transform\":{\"default\":{},\"tablet\":{},\"mobile\":{}}},\"options\":{},\"position\":{\"default\":{\"x\":{\"value\":301,\"unit\":\"px\"},\"y\":{\"value\":569,\"unit\":\"px\"},\"origin\":\"tl\",\"autoOrigin\":true},\"tablet\":{\"x\":{\"value\":213,\"unit\":\"px\"},\"y\":{\"value\":559,\"unit\":\"px\"},\"origin\":\"tl\",\"autoOrigin\":true},\"mobile\":{\"origin\":\"tl\",\"autoOrigin\":true,\"x\":{\"unit\":\"px\",\"value\":65},\"y\":{\"unit\":\"px\",\"value\":585}}},\"depth\":4,\"id\":\"element-78\",\"name\":\"Shape 43\",\"animation\":{\"in\":{\"data\":{\"default\":{\"type\":\"move\",\"params\":{\"direction\":\"left\",\"easing\":\"easeOutQuart\",\"duration\":2500,\"movement\":35},\"phase\":\"in\",\"appliedBy\":\"user\"}}}}},\"element-79\":{\"section\":\"section-1\",\"parent\":\"section-1\",\"wrap\":true,\"locked\":false,\"visible\":{\"default\":true},\"type\":\"text\",\"size\":{\"default\":{\"width\":\"auto\",\"height\":\"auto\"},\"tablet\":{\"width\":\"auto\",\"height\":\"auto\"},\"mobile\":{\"width\":{\"unit\":\"px\",\"value\":135},\"height\":\"auto\"}},\"styles\":{\"backgroundColor\":{\"default\":\"transparent\"},\"typography\":{\"default\":{\"font\":\"Manrope\",\"lineHeight\":120,\"color\":\"#000\",\"fontSize\":13.67999999999999971578290569595992565155029296875,\"fontVariant\":\"600\",\"align\":\"right\"},\"mobile\":{\"fontSize\":11}},\"transform\":{\"default\":{},\"tablet\":{},\"mobile\":{}}},\"options\":{\"content\":\"\\u2191 12% CAGR cartera total\",\"tag\":\"h3\"},\"position\":{\"default\":{\"origin\":\"tl\",\"autoOrigin\":true,\"x\":{\"unit\":\"px\",\"value\":302},\"y\":{\"unit\":\"px\",\"value\":406}},\"tablet\":{\"origin\":\"tl\",\"autoOrigin\":true,\"x\":{\"unit\":\"px\",\"value\":214},\"y\":{\"unit\":\"px\",\"value\":396}},\"mobile\":{\"origin\":\"tl\",\"autoOrigin\":true,\"x\":{\"unit\":\"px\",\"value\":68},\"y\":{\"unit\":\"px\",\"value\":426}}},\"depth\":4,\"id\":\"element-79\",\"name\":\"Text 14\",\"animation\":{\"in\":{\"data\":{\"default\":{\"type\":\"move\",\"params\":{\"direction\":\"bottom\",\"easing\":\"easeOutQuart\",\"duration\":2500,\"movement\":35},\"phase\":\"in\",\"appliedBy\":\"user\"}}}}},\"element-81\":{\"section\":\"section-80\",\"parent\":\"section-80\",\"wrap\":true,\"locked\":false,\"visible\":{\"default\":true},\"children\":[],\"type\":\"shape\",\"size\":{\"default\":{\"width\":{\"value\":946,\"unit\":\"px\"},\"height\":{\"value\":562,\"unit\":\"px\"}},\"tablet\":{\"width\":{\"value\":946,\"unit\":\"px\"},\"height\":{\"value\":562,\"unit\":\"px\"}},\"mobile\":{\"width\":{\"value\":335,\"unit\":\"px\"},\"height\":{\"value\":589,\"unit\":\"px\"}}},\"styles\":{\"backgroundColor\":{\"default\":\"#FAFAF7\"},\"corner\":{\"default\":{\"topLeft\":{\"value\":15,\"unit\":\"px\"},\"topRight\":{\"value\":15,\"unit\":\"px\"},\"bottomRight\":{\"value\":15,\"unit\":\"px\"},\"bottomLeft\":{\"value\":15,\"unit\":\"px\"},\"link\":true}},\"transform\":{\"default\":{},\"tablet\":{},\"mobile\":{}}},\"options\":{},\"position\":{\"default\":{\"origin\":\"tl\",\"autoOrigin\":true,\"x\":{\"unit\":\"px\",\"value\":127},\"y\":{\"unit\":\"px\",\"value\":118}},\"tablet\":{\"origin\":\"tl\",\"autoOrigin\":true,\"x\":{\"unit\":\"px\",\"value\":39},\"y\":{\"unit\":\"px\",\"value\":106}},\"mobile\":{\"origin\":\"tl\",\"autoOrigin\":true,\"x\":{\"unit\":\"px\",\"value\":12},\"y\":{\"unit\":\"px\",\"value\":124}}},\"depth\":4,\"id\":\"element-81\",\"name\":\"Shape 44\"},\"element-82\":{\"section\":\"section-80\",\"parent\":\"section-80\",\"wrap\":true,\"locked\":false,\"visible\":{\"default\":true},\"children\":[],\"type\":\"button\",\"size\":{\"default\":{\"width\":{\"value\":302,\"unit\":\"px\"},\"height\":{\"value\":60,\"unit\":\"px\"}},\"tablet\":{\"width\":{\"value\":302,\"unit\":\"px\"},\"height\":{\"value\":60,\"unit\":\"px\"}},\"mobile\":{\"width\":{\"value\":108,\"unit\":\"px\"},\"height\":{\"value\":84,\"unit\":\"px\"}}},\"styles\":{\"typography\":{\"default\":{\"font\":\"JetBrains Mono\",\"fontSize\":12,\"fontVariant\":\"regular\",\"align\":\"center\",\"color\":\"#FFF\",\"letterSpacing\":2,\"lineHeight\":130,\"wordwrap\":true},\"mobile\":{\"fontSize\":9}},\"backgroundColor\":{\"default\":\"#B8651F\"},\"corner\":{\"default\":{\"link\":true,\"topRight\":{\"value\":10,\"unit\":\"px\"},\"topLeft\":{\"value\":10,\"unit\":\"px\"},\"bottomRight\":{\"value\":10,\"unit\":\"px\"},\"bottomLeft\":{\"value\":10,\"unit\":\"px\"}}},\"hover\":{\"backgroundColor\":{\"default\":\"#FAFAF7\"},\"typography\":{\"default\":{\"color\":\"#0A0A0A\"}},\"border\":{\"default\":{\"color\":\"#000\"}},\"enable\":{\"default\":true}},\"transform\":{\"default\":{},\"tablet\":{},\"mobile\":{}},\"border\":{\"default\":{\"enable\":true,\"color\":\"#0A0A0A\",\"link\":true,\"top\":{\"value\":2,\"unit\":\"px\"},\"right\":{\"value\":2,\"unit\":\"px\"},\"bottom\":{\"value\":2,\"unit\":\"px\"},\"left\":{\"value\":2,\"unit\":\"px\"}}}},\"options\":{\"iconAlign\":\"left\",\"content\":\"Pregunta 01 \\u00b7 Cooperativa \\u00b7 Cartera por l\\u00ednea\",\"showIcon\":false},\"innerStyles\":{\"dp-icon-container\":{\"transform\":{\"default\":{\"scale\":1}}},\"dp-inner-content\":{\"flex\":{\"default\":{\"columnGap\":0}}},\"dp-disabled\":{\"opacity\":{\"default\":1}}},\"position\":{\"default\":{\"origin\":\"tl\",\"autoOrigin\":true,\"x\":{\"unit\":\"px\",\"value\":127},\"y\":{\"unit\":\"px\",\"value\":48}},\"tablet\":{\"origin\":\"tl\",\"autoOrigin\":true,\"x\":{\"unit\":\"px\",\"value\":39},\"y\":{\"unit\":\"px\",\"value\":36}},\"mobile\":{\"origin\":\"tl\",\"autoOrigin\":true,\"x\":{\"unit\":\"px\",\"value\":14},\"y\":{\"unit\":\"px\",\"value\":34}}},\"depth\":1,\"id\":\"element-82\",\"name\":\"Button 8\",\"actions\":{\"VhfiWPbQ66s9BbvvHBlgY\":{\"type\":\"gotoSection\",\"trigger\":\"click\",\"options\":{\"type\":\"number\",\"to\":\"0\"}}}},\"element-83\":{\"section\":\"section-80\",\"parent\":\"section-80\",\"wrap\":true,\"locked\":false,\"visible\":{\"default\":true},\"type\":\"button\",\"size\":{\"default\":{\"width\":{\"value\":301,\"unit\":\"px\"},\"height\":{\"value\":103,\"unit\":\"px\"}},\"tablet\":{\"width\":{\"value\":302,\"unit\":\"px\"},\"height\":{\"value\":98,\"unit\":\"px\"}},\"mobile\":{\"width\":{\"value\":108,\"unit\":\"px\"},\"height\":{\"value\":120,\"unit\":\"px\"}}},\"styles\":{\"typography\":{\"default\":{\"font\":\"JetBrains Mono\",\"fontSize\":12,\"fontVariant\":\"regular\",\"align\":\"center\",\"color\":\"#FFF\",\"letterSpacing\":2,\"lineHeight\":130,\"wordwrap\":true},\"mobile\":{\"fontSize\":9}},\"backgroundColor\":{\"default\":\"#0A0A0A\",\"mobile\":\"transparent\"},\"corner\":{\"default\":{\"link\":true,\"topRight\":{\"value\":10,\"unit\":\"px\"},\"topLeft\":{\"value\":10,\"unit\":\"px\"},\"bottomRight\":{\"value\":10,\"unit\":\"px\"},\"bottomLeft\":{\"value\":10,\"unit\":\"px\"}}},\"hover\":{\"backgroundColor\":{\"default\":\"#222222\"},\"typography\":{\"default\":{\"color\":\"#FFF\"}}},\"transform\":{\"default\":{},\"tablet\":{},\"mobile\":{}},\"border\":{\"default\":{\"enable\":true,\"color\":\"#FAFAF7\",\"link\":true,\"top\":{\"value\":2,\"unit\":\"px\"},\"right\":{\"value\":2,\"unit\":\"px\"},\"bottom\":{\"value\":2,\"unit\":\"px\"},\"left\":{\"value\":2,\"unit\":\"px\"}},\"mobile\":{\"enable\":true,\"color\":\"#FAFAF7\",\"link\":true,\"top\":{\"value\":2,\"unit\":\"px\"},\"right\":{\"value\":2,\"unit\":\"px\"},\"bottom\":{\"value\":2,\"unit\":\"px\"},\"left\":{\"value\":2,\"unit\":\"px\"}}}},\"options\":{\"iconAlign\":\"left\",\"content\":\"Pregunta 02 \\u00b7 Cooperativa \\u00b7 Candidatos para cr\\u00e9dito educativo\"},\"innerStyles\":{\"dp-icon-container\":{\"transform\":{\"default\":{\"scale\":1}}},\"dp-inner-content\":{\"flex\":{\"default\":{\"columnGap\":0}}},\"dp-disabled\":{\"opacity\":{\"default\":1}}},\"position\":{\"default\":{\"origin\":\"tl\",\"autoOrigin\":true,\"x\":{\"unit\":\"px\",\"value\":450},\"y\":{\"unit\":\"px\",\"value\":35}},\"tablet\":{\"origin\":\"tl\",\"autoOrigin\":true,\"x\":{\"unit\":\"px\",\"value\":361},\"y\":{\"unit\":\"px\",\"value\":28}},\"mobile\":{\"origin\":\"tl\",\"autoOrigin\":true,\"x\":{\"unit\":\"px\",\"value\":128},\"y\":{\"unit\":\"px\",\"value\":20}}},\"depth\":2,\"id\":\"element-83\",\"name\":\"Button 9\"},\"element-84\":{\"section\":\"section-80\",\"parent\":\"section-80\",\"wrap\":true,\"locked\":false,\"visible\":{\"default\":true},\"type\":\"button\",\"size\":{\"default\":{\"width\":{\"value\":302,\"unit\":\"px\"},\"height\":{\"value\":60,\"unit\":\"px\"}},\"tablet\":{\"width\":{\"value\":302,\"unit\":\"px\"},\"height\":{\"value\":60,\"unit\":\"px\"}},\"mobile\":{\"width\":{\"value\":107,\"unit\":\"px\"},\"height\":{\"value\":84,\"unit\":\"px\"}}},\"styles\":{\"typography\":{\"default\":{\"font\":\"JetBrains Mono\",\"fontSize\":12,\"fontVariant\":\"regular\",\"align\":\"center\",\"color\":\"#FFF\",\"letterSpacing\":2,\"lineHeight\":130,\"wordwrap\":true},\"mobile\":{\"fontSize\":9}},\"backgroundColor\":{\"default\":\"#B8651F\"},\"corner\":{\"default\":{\"link\":true,\"topRight\":{\"value\":10,\"unit\":\"px\"},\"topLeft\":{\"value\":10,\"unit\":\"px\"},\"bottomRight\":{\"value\":10,\"unit\":\"px\"},\"bottomLeft\":{\"value\":10,\"unit\":\"px\"}}},\"hover\":{\"backgroundColor\":{\"default\":\"#FAFAF7\"},\"typography\":{\"default\":{\"color\":\"#0A0A0A\"}},\"border\":{\"default\":{\"color\":\"#000\"}},\"enable\":{\"default\":true}},\"transform\":{\"default\":{},\"tablet\":{},\"mobile\":{}},\"border\":{\"default\":{\"enable\":true,\"color\":\"#0A0A0A\",\"link\":true,\"top\":{\"value\":2,\"unit\":\"px\"},\"right\":{\"value\":2,\"unit\":\"px\"},\"bottom\":{\"value\":2,\"unit\":\"px\"},\"left\":{\"value\":2,\"unit\":\"px\"}}}},\"options\":{\"iconAlign\":\"left\",\"content\":\"Pregunta 03 \\u00b7 Otra industria \\u00b7 Producto rentable por zona\"},\"innerStyles\":{\"dp-icon-container\":{\"transform\":{\"default\":{\"scale\":1}}},\"dp-inner-content\":{\"flex\":{\"default\":{\"columnGap\":0}}},\"dp-disabled\":{\"opacity\":{\"default\":1}}},\"position\":{\"default\":{\"origin\":\"tl\",\"autoOrigin\":true,\"x\":{\"unit\":\"px\",\"value\":771},\"y\":{\"unit\":\"px\",\"value\":48}},\"tablet\":{\"origin\":\"tl\",\"autoOrigin\":true,\"x\":{\"unit\":\"px\",\"value\":683},\"y\":{\"unit\":\"px\",\"value\":36}},\"mobile\":{\"origin\":\"tl\",\"autoOrigin\":true,\"x\":{\"unit\":\"px\",\"value\":241},\"y\":{\"unit\":\"px\",\"value\":35}}},\"depth\":3,\"id\":\"element-84\",\"name\":\"Button 10\",\"actions\":{\"mBGXvoFvgA7nkfHiZ5LYy\":{\"type\":\"gotoSection\",\"trigger\":\"click\",\"options\":{\"type\":\"number\",\"to\":\"2\"}}}},\"element-85\":{\"section\":\"section-80\",\"parent\":\"section-80\",\"wrap\":true,\"locked\":false,\"visible\":{\"default\":true},\"children\":[],\"type\":\"shape\",\"size\":{\"default\":{\"width\":{\"value\":600,\"unit\":\"px\"},\"height\":{\"value\":63,\"unit\":\"px\"}},\"tablet\":{\"width\":{\"value\":600,\"unit\":\"px\"},\"height\":{\"value\":63,\"unit\":\"px\"}},\"mobile\":{\"width\":{\"value\":237,\"unit\":\"px\"},\"height\":{\"value\":63,\"unit\":\"px\"}}},\"styles\":{\"backgroundColor\":{\"default\":\"#83909E\"},\"corner\":{\"default\":{\"topLeft\":{\"value\":15,\"unit\":\"px\"},\"topRight\":{\"value\":15,\"unit\":\"px\"},\"bottomRight\":{\"value\":15,\"unit\":\"px\"},\"bottomLeft\":{\"value\":15,\"unit\":\"px\"},\"link\":true}},\"transform\":{\"default\":{},\"tablet\":{},\"mobile\":{}}},\"options\":{},\"position\":{\"default\":{\"origin\":\"tl\",\"autoOrigin\":true,\"x\":{\"unit\":\"px\",\"value\":300},\"y\":{\"unit\":\"px\",\"value\":167}},\"tablet\":{\"origin\":\"tl\",\"autoOrigin\":true,\"x\":{\"unit\":\"px\",\"value\":212},\"y\":{\"unit\":\"px\",\"value\":155}},\"mobile\":{\"origin\":\"tl\",\"autoOrigin\":true,\"x\":{\"unit\":\"px\",\"value\":27},\"y\":{\"unit\":\"px\",\"value\":168}}},\"depth\":5,\"id\":\"element-85\",\"name\":\"Shape 45\",\"animation\":{\"in\":{\"data\":{\"default\":{\"type\":\"moveAndTransform\",\"params\":{\"direction\":\"left\",\"easing\":\"easeOutQuart\",\"duration\":2200,\"movement\":0,\"scale\":1.149999999999999911182158029987476766109466552734375,\"delay\":250},\"phase\":\"in\",\"appliedBy\":\"user\"}}}}},\"element-86\":{\"section\":\"section-80\",\"parent\":\"section-80\",\"wrap\":true,\"locked\":false,\"visible\":{\"default\":true},\"children\":[],\"type\":\"shape\",\"size\":{\"default\":{\"width\":{\"value\":66,\"unit\":\"px\"},\"height\":{\"value\":66,\"unit\":\"px\"}},\"tablet\":{\"width\":{\"value\":66,\"unit\":\"px\"},\"height\":{\"value\":66,\"unit\":\"px\"}},\"mobile\":{\"width\":{\"value\":48,\"unit\":\"px\"},\"height\":{\"value\":48,\"unit\":\"px\"}}},\"styles\":{\"backgroundColor\":{\"default\":\"#1A2D40\"},\"corner\":{\"default\":{\"topLeft\":{\"value\":50,\"unit\":\"%\"},\"topRight\":{\"value\":50,\"unit\":\"%\"},\"bottomRight\":{\"value\":50,\"unit\":\"%\"},\"bottomLeft\":{\"value\":50,\"unit\":\"%\"},\"link\":true}},\"transform\":{\"default\":{},\"tablet\":{},\"mobile\":{}}},\"options\":{},\"position\":{\"default\":{\"origin\":\"tl\",\"autoOrigin\":true,\"x\":{\"unit\":\"px\",\"value\":916},\"y\":{\"unit\":\"px\",\"value\":165}},\"tablet\":{\"origin\":\"tl\",\"autoOrigin\":true,\"x\":{\"unit\":\"px\",\"value\":828},\"y\":{\"unit\":\"px\",\"value\":153}},\"mobile\":{\"origin\":\"tl\",\"autoOrigin\":true,\"x\":{\"unit\":\"px\",\"value\":278},\"y\":{\"unit\":\"px\",\"value\":169}}},\"depth\":6,\"id\":\"element-86\",\"name\":\"Shape 46\",\"animation\":{\"in\":{\"data\":{\"default\":{\"type\":\"moveAndTransform\",\"params\":{\"direction\":\"left\",\"easing\":\"easeOutQuart\",\"duration\":2200,\"movement\":0,\"scale\":1.149999999999999911182158029987476766109466552734375,\"delay\":250},\"phase\":\"in\",\"appliedBy\":\"user\"}}}}},\"element-87\":{\"section\":\"section-80\",\"parent\":\"section-80\",\"wrap\":true,\"locked\":false,\"visible\":{\"default\":true},\"type\":\"text\",\"size\":{\"default\":{\"width\":\"auto\",\"height\":\"auto\"},\"tablet\":{\"width\":\"auto\",\"height\":\"auto\"},\"mobile\":{\"width\":\"auto\",\"height\":\"auto\"}},\"styles\":{\"backgroundColor\":{\"default\":\"transparent\"},\"typography\":{\"default\":{\"font\":\"Manrope\",\"lineHeight\":120,\"color\":\"#000\",\"fontSize\":13.67999999999999971578290569595992565155029296875,\"fontVariant\":\"600\"},\"mobile\":{\"fontSize\":12}},\"transform\":{\"default\":{},\"tablet\":{},\"mobile\":{}}},\"options\":{\"content\":\"GERENTE\",\"tag\":\"h3\"},\"position\":{\"default\":{\"origin\":\"tl\",\"autoOrigin\":true,\"x\":{\"unit\":\"px\",\"value\":328},\"y\":{\"unit\":\"px\",\"value\":144}},\"tablet\":{\"origin\":\"tl\",\"autoOrigin\":true,\"x\":{\"unit\":\"px\",\"value\":240},\"y\":{\"unit\":\"px\",\"value\":132}},\"mobile\":{\"origin\":\"tl\",\"autoOrigin\":true,\"x\":{\"unit\":\"px\",\"value\":41},\"y\":{\"unit\":\"px\",\"value\":145}}},\"depth\":7,\"id\":\"element-87\",\"name\":\"Text 15\",\"animation\":{\"in\":{\"data\":{\"default\":{\"type\":\"move\",\"params\":{\"direction\":\"left\",\"easing\":\"easeInOutExpo\",\"duration\":800,\"movement\":0},\"phase\":\"in\",\"appliedBy\":\"user\"}}}}},\"element-88\":{\"section\":\"section-80\",\"parent\":\"section-80\",\"wrap\":true,\"locked\":false,\"visible\":{\"default\":true},\"type\":\"text\",\"size\":{\"default\":{\"width\":\"auto\",\"height\":\"auto\"},\"tablet\":{\"width\":\"auto\",\"height\":\"auto\"},\"mobile\":{\"width\":\"auto\",\"height\":\"auto\"}},\"styles\":{\"backgroundColor\":{\"default\":\"transparent\"},\"typography\":{\"default\":{\"font\":\"Manrope\",\"lineHeight\":120,\"color\":\"#000\",\"fontSize\":13.67999999999999971578290569595992565155029296875,\"fontVariant\":\"600\"},\"mobile\":{\"fontSize\":12}},\"transform\":{\"default\":{},\"tablet\":{},\"mobile\":{}}},\"options\":{\"content\":\"OTUS BI\",\"tag\":\"h3\"},\"position\":{\"default\":{\"x\":{\"value\":326,\"unit\":\"px\"},\"y\":{\"value\":249,\"unit\":\"px\"},\"origin\":\"tl\",\"autoOrigin\":true},\"tablet\":{\"x\":{\"value\":238,\"unit\":\"px\"},\"y\":{\"value\":237,\"unit\":\"px\"},\"origin\":\"tl\",\"autoOrigin\":true},\"mobile\":{\"origin\":\"tl\",\"autoOrigin\":true,\"x\":{\"unit\":\"px\",\"value\":103},\"y\":{\"unit\":\"px\",\"value\":247}}},\"depth\":8,\"id\":\"element-88\",\"name\":\"Text 16\",\"animation\":{\"in\":{\"data\":{\"default\":{\"type\":\"move\",\"params\":{\"direction\":\"left\",\"easing\":\"easeInOutExpo\",\"duration\":800,\"movement\":0},\"phase\":\"in\",\"appliedBy\":\"user\"}}}}},\"element-89\":{\"section\":\"section-80\",\"parent\":\"section-80\",\"wrap\":true,\"locked\":false,\"visible\":{\"default\":true},\"type\":\"text\",\"size\":{\"default\":{\"width\":{\"unit\":\"px\",\"value\":502},\"height\":\"auto\"},\"tablet\":{\"width\":{\"unit\":\"px\",\"value\":502},\"height\":\"auto\"},\"mobile\":{\"width\":{\"unit\":\"px\",\"value\":209},\"height\":\"auto\"}},\"styles\":{\"backgroundColor\":{\"default\":\"transparent\"},\"typography\":{\"default\":{\"font\":\"Manrope\",\"lineHeight\":130,\"color\":\"#FFF\",\"fontSize\":16,\"fontVariant\":\"regular\"},\"mobile\":{\"fontSize\":13}},\"transform\":{\"default\":{},\"tablet\":{},\"mobile\":{}}},\"options\":{\"content\":\"\\u00bfQui\\u00e9nes son los mejores candidatos para cr\\u00e9dito educativo seg\\u00fan comportamiento hist\\u00f3rico?\",\"tag\":\"h3\"},\"position\":{\"default\":{\"origin\":\"tl\",\"autoOrigin\":true,\"x\":{\"unit\":\"px\",\"value\":326},\"y\":{\"unit\":\"px\",\"value\":178}},\"tablet\":{\"origin\":\"tl\",\"autoOrigin\":true,\"x\":{\"unit\":\"px\",\"value\":238},\"y\":{\"unit\":\"px\",\"value\":166}},\"mobile\":{\"origin\":\"tl\",\"autoOrigin\":true,\"x\":{\"unit\":\"px\",\"value\":41},\"y\":{\"unit\":\"px\",\"value\":174}}},\"depth\":9,\"id\":\"element-89\",\"name\":\"Text 17\",\"animation\":{\"in\":{\"data\":{\"default\":{\"type\":\"move\",\"params\":{\"direction\":\"left\",\"easing\":\"easeOutQuart\",\"duration\":2500,\"movement\":35},\"phase\":\"in\",\"appliedBy\":\"user\"}}}}},\"element-90\":{\"section\":\"section-80\",\"parent\":\"section-80\",\"wrap\":true,\"locked\":false,\"visible\":{\"default\":true},\"type\":\"shape\",\"size\":{\"default\":{\"width\":{\"value\":600,\"unit\":\"px\"},\"height\":{\"value\":110,\"unit\":\"px\"}},\"tablet\":{\"width\":{\"value\":600,\"unit\":\"px\"},\"height\":{\"value\":110,\"unit\":\"px\"}},\"mobile\":{\"width\":{\"value\":236,\"unit\":\"px\"},\"height\":{\"value\":157,\"unit\":\"px\"}}},\"styles\":{\"backgroundColor\":{\"default\":\"#E8E6E0\"},\"corner\":{\"default\":{\"topLeft\":{\"value\":15,\"unit\":\"px\"},\"topRight\":{\"value\":15,\"unit\":\"px\"},\"bottomRight\":{\"value\":15,\"unit\":\"px\"},\"bottomLeft\":{\"value\":15,\"unit\":\"px\"},\"link\":true}},\"transform\":{\"default\":{},\"tablet\":{},\"mobile\":{}}},\"options\":{},\"position\":{\"default\":{\"origin\":\"tl\",\"autoOrigin\":true,\"x\":{\"unit\":\"px\",\"value\":301},\"y\":{\"unit\":\"px\",\"value\":274}},\"tablet\":{\"origin\":\"tl\",\"autoOrigin\":true,\"x\":{\"unit\":\"px\",\"value\":213},\"y\":{\"unit\":\"px\",\"value\":262}},\"mobile\":{\"origin\":\"tl\",\"autoOrigin\":true,\"x\":{\"unit\":\"px\",\"value\":93},\"y\":{\"unit\":\"px\",\"value\":272}}},\"depth\":10,\"id\":\"element-90\",\"name\":\"Shape 47\",\"animation\":{\"in\":{\"data\":{\"default\":{\"type\":\"moveAndTransform\",\"params\":{\"direction\":\"left\",\"easing\":\"easeOutQuart\",\"duration\":2200,\"movement\":0,\"scale\":1.149999999999999911182158029987476766109466552734375,\"delay\":250},\"phase\":\"in\",\"appliedBy\":\"user\"}}}}},\"element-91\":{\"section\":\"section-80\",\"parent\":\"section-80\",\"wrap\":true,\"locked\":false,\"visible\":{\"default\":true},\"type\":\"shape\",\"size\":{\"default\":{\"width\":{\"value\":66,\"unit\":\"px\"},\"height\":{\"value\":66,\"unit\":\"px\"}},\"tablet\":{\"width\":{\"value\":66,\"unit\":\"px\"},\"height\":{\"value\":66,\"unit\":\"px\"}},\"mobile\":{\"width\":{\"value\":50,\"unit\":\"px\"},\"height\":{\"value\":50,\"unit\":\"px\"}}},\"styles\":{\"backgroundColor\":{\"default\":\"#B8651F\"},\"corner\":{\"default\":{\"topLeft\":{\"value\":50,\"unit\":\"%\"},\"topRight\":{\"value\":50,\"unit\":\"%\"},\"bottomRight\":{\"value\":50,\"unit\":\"%\"},\"bottomLeft\":{\"value\":50,\"unit\":\"%\"},\"link\":true}},\"transform\":{\"default\":{},\"tablet\":{},\"mobile\":{}}},\"options\":{},\"position\":{\"default\":{\"origin\":\"tl\",\"autoOrigin\":true,\"x\":{\"unit\":\"px\",\"value\":219},\"y\":{\"unit\":\"px\",\"value\":274}},\"tablet\":{\"origin\":\"tl\",\"autoOrigin\":true,\"x\":{\"unit\":\"px\",\"value\":131},\"y\":{\"unit\":\"px\",\"value\":263}},\"mobile\":{\"origin\":\"tl\",\"autoOrigin\":true,\"x\":{\"unit\":\"px\",\"value\":27},\"y\":{\"unit\":\"px\",\"value\":273}}},\"depth\":11,\"id\":\"element-91\",\"name\":\"Shape 48\",\"animation\":{\"in\":{\"data\":{\"default\":{\"type\":\"moveAndTransform\",\"params\":{\"direction\":\"left\",\"easing\":\"easeOutQuart\",\"duration\":2200,\"movement\":0,\"scale\":1.149999999999999911182158029987476766109466552734375,\"delay\":250},\"phase\":\"in\",\"appliedBy\":\"user\"}}}}},\"element-92\":{\"section\":\"section-80\",\"parent\":\"section-80\",\"wrap\":true,\"locked\":false,\"visible\":{\"default\":true},\"type\":\"text\",\"size\":{\"default\":{\"width\":{\"unit\":\"px\",\"value\":551},\"height\":\"auto\"},\"tablet\":{\"width\":{\"unit\":\"px\",\"value\":551},\"height\":\"auto\"},\"mobile\":{\"width\":{\"unit\":\"px\",\"value\":215},\"height\":\"auto\"}},\"styles\":{\"backgroundColor\":{\"default\":\"transparent\"},\"typography\":{\"default\":{\"font\":\"Manrope\",\"lineHeight\":130,\"color\":\"#000\",\"fontSize\":16,\"fontVariant\":\"regular\"},\"mobile\":{\"fontSize\":13}},\"transform\":{\"default\":{},\"tablet\":{},\"mobile\":{}}},\"options\":{\"content\":\"247 asociados cumplen los criterios de comportamiento. Top 50 por probabilidad de aceptaci\\u00f3n: ranking abajo. Variables m\\u00e1s predictivas: antig\\u00fcedad como asociado (peso 32%), ratio cuota-ingreso hist\\u00f3rico (peso 28%), uso previo de cr\\u00e9dito de consumo (peso 22%).\",\"tag\":\"h3\"},\"position\":{\"default\":{\"origin\":\"tl\",\"autoOrigin\":true,\"x\":{\"unit\":\"px\",\"value\":326},\"y\":{\"unit\":\"px\",\"value\":287}},\"tablet\":{\"origin\":\"tl\",\"autoOrigin\":true,\"x\":{\"unit\":\"px\",\"value\":238},\"y\":{\"unit\":\"px\",\"value\":275}},\"mobile\":{\"origin\":\"tl\",\"autoOrigin\":true,\"x\":{\"unit\":\"px\",\"value\":103},\"y\":{\"unit\":\"px\",\"value\":283}}},\"depth\":12,\"id\":\"element-92\",\"name\":\"Text 18\",\"animation\":{\"in\":{\"data\":{\"default\":{\"type\":\"move\",\"params\":{\"direction\":\"left\",\"easing\":\"easeOutQuart\",\"duration\":2500,\"movement\":35},\"phase\":\"in\",\"appliedBy\":\"user\"}}}}},\"element-93\":{\"section\":\"section-80\",\"parent\":\"section-80\",\"wrap\":true,\"locked\":false,\"visible\":{\"default\":true},\"type\":\"image\",\"size\":{\"default\":{\"width\":{\"value\":42,\"unit\":\"px\"},\"height\":{\"value\":42,\"unit\":\"px\"}},\"tablet\":{\"width\":{\"value\":42,\"unit\":\"px\"},\"height\":{\"value\":42,\"unit\":\"px\"}},\"mobile\":{\"width\":{\"value\":31,\"unit\":\"px\"},\"height\":{\"value\":31,\"unit\":\"px\"}}},\"options\":{\"source\":\"111\",\"mimeType\":\"image\\/png\"},\"keepAspectRatio\":true,\"position\":{\"default\":{\"origin\":\"tl\",\"autoOrigin\":true,\"x\":{\"unit\":\"px\",\"value\":231},\"y\":{\"unit\":\"px\",\"value\":286}},\"tablet\":{\"origin\":\"tl\",\"autoOrigin\":true,\"x\":{\"unit\":\"px\",\"value\":143},\"y\":{\"unit\":\"px\",\"value\":275}},\"mobile\":{\"origin\":\"tl\",\"autoOrigin\":true,\"x\":{\"unit\":\"px\",\"value\":37},\"y\":{\"unit\":\"px\",\"value\":282}}},\"depth\":13,\"id\":\"element-93\",\"name\":\"Image 3\",\"cropData\":{\"default\":{\"mediaSize\":{\"width\":47.6580310880829216557685867883265018463134765625,\"height\":47.6580310880829216557685867883265018463134765625}},\"mobile\":{\"mediaSize\":{\"width\":35.1761658031088160214494564570486545562744140625,\"height\":35.1761658031088160214494564570486545562744140625}}},\"styles\":{\"transform\":{\"default\":{},\"tablet\":{},\"mobile\":{}}},\"animation\":{\"in\":{\"data\":{\"default\":{\"type\":\"moveAndTransform\",\"params\":{\"direction\":\"left\",\"easing\":\"easeOutQuart\",\"duration\":2200,\"movement\":0,\"scale\":1.149999999999999911182158029987476766109466552734375,\"delay\":250},\"phase\":\"in\",\"appliedBy\":\"user\"}}}}},\"element-94\":{\"section\":\"section-80\",\"parent\":\"section-80\",\"wrap\":true,\"locked\":false,\"visible\":{\"default\":true},\"type\":\"image\",\"size\":{\"default\":{\"width\":{\"value\":42,\"unit\":\"px\"},\"height\":{\"value\":42,\"unit\":\"px\"}},\"tablet\":{\"width\":{\"value\":42,\"unit\":\"px\"},\"height\":{\"value\":42,\"unit\":\"px\"}},\"mobile\":{\"width\":{\"value\":26,\"unit\":\"px\"},\"height\":{\"value\":26,\"unit\":\"px\"}}},\"options\":{\"source\":\"113\",\"mimeType\":\"image\\/png\"},\"keepAspectRatio\":true,\"position\":{\"default\":{\"x\":{\"value\":928,\"unit\":\"px\"},\"y\":{\"value\":177,\"unit\":\"px\"},\"origin\":\"tl\",\"autoOrigin\":true},\"tablet\":{\"x\":{\"value\":840,\"unit\":\"px\"},\"y\":{\"value\":165,\"unit\":\"px\"},\"origin\":\"tl\",\"autoOrigin\":true},\"mobile\":{\"origin\":\"tl\",\"autoOrigin\":true,\"x\":{\"unit\":\"px\",\"value\":289},\"y\":{\"unit\":\"px\",\"value\":180}}},\"depth\":14,\"id\":\"element-94\",\"name\":\"Image 4\",\"cropData\":{\"default\":{\"mediaSize\":{\"width\":42,\"height\":42}},\"mobile\":{\"mediaSize\":{\"width\":26,\"height\":26}}},\"styles\":{\"transform\":{\"default\":{},\"tablet\":{},\"mobile\":{}}},\"animation\":{\"in\":{\"data\":{\"default\":{\"type\":\"moveAndTransform\",\"params\":{\"direction\":\"left\",\"easing\":\"easeOutQuart\",\"duration\":2200,\"movement\":0,\"scale\":1.149999999999999911182158029987476766109466552734375,\"delay\":250},\"phase\":\"in\",\"appliedBy\":\"user\"}}}}},\"element-95\":{\"section\":\"section-80\",\"parent\":\"section-80\",\"wrap\":true,\"locked\":false,\"visible\":{\"default\":true},\"type\":\"text\",\"size\":{\"default\":{\"width\":\"auto\",\"height\":\"auto\"},\"tablet\":{\"width\":\"auto\",\"height\":\"auto\"},\"mobile\":{\"width\":\"auto\",\"height\":\"auto\"}},\"styles\":{\"backgroundColor\":{\"default\":\"transparent\"},\"typography\":{\"default\":{\"font\":\"Manrope\",\"lineHeight\":120,\"color\":\"#000\",\"fontSize\":13.67999999999999971578290569595992565155029296875,\"fontVariant\":\"600\",\"align\":\"center\"},\"mobile\":{\"fontSize\":8}},\"transform\":{\"default\":{},\"tablet\":{},\"mobile\":{}}},\"options\":{\"content\":\"AS-2870\",\"tag\":\"h3\"},\"position\":{\"default\":{\"origin\":\"tl\",\"autoOrigin\":true,\"x\":{\"unit\":\"px\",\"value\":302},\"y\":{\"unit\":\"px\",\"value\":597}},\"tablet\":{\"origin\":\"tl\",\"autoOrigin\":true,\"x\":{\"unit\":\"px\",\"value\":214},\"y\":{\"unit\":\"px\",\"value\":585}},\"mobile\":{\"origin\":\"tl\",\"autoOrigin\":true,\"x\":{\"unit\":\"px\",\"value\":45},\"y\":{\"unit\":\"px\",\"value\":632}}},\"depth\":15,\"id\":\"element-95\",\"name\":\"Text 19\",\"animation\":{\"in\":{\"data\":{\"default\":{\"type\":\"move\",\"params\":{\"direction\":\"bottom\",\"easing\":\"easeInOutExpo\",\"duration\":1800,\"movement\":0},\"phase\":\"in\",\"appliedBy\":\"user\"}}}}},\"element-96\":{\"section\":\"section-80\",\"parent\":\"section-80\",\"wrap\":true,\"locked\":false,\"visible\":{\"default\":true},\"type\":\"text\",\"size\":{\"default\":{\"width\":\"auto\",\"height\":\"auto\"},\"tablet\":{\"width\":\"auto\",\"height\":\"auto\"},\"mobile\":{\"width\":\"auto\",\"height\":\"auto\"}},\"styles\":{\"backgroundColor\":{\"default\":\"transparent\"},\"typography\":{\"default\":{\"font\":\"Manrope\",\"lineHeight\":120,\"color\":\"#000\",\"fontSize\":13.67999999999999971578290569595992565155029296875,\"fontVariant\":\"600\",\"align\":\"center\"},\"mobile\":{\"fontSize\":8}},\"transform\":{\"default\":{},\"tablet\":{},\"mobile\":{}}},\"options\":{\"content\":\"AS-1184\",\"tag\":\"h3\"},\"position\":{\"default\":{\"origin\":\"tl\",\"autoOrigin\":true,\"x\":{\"unit\":\"px\",\"value\":306},\"y\":{\"unit\":\"px\",\"value\":567}},\"tablet\":{\"origin\":\"tl\",\"autoOrigin\":true,\"x\":{\"unit\":\"px\",\"value\":218},\"y\":{\"unit\":\"px\",\"value\":555}},\"mobile\":{\"origin\":\"tl\",\"autoOrigin\":true,\"x\":{\"unit\":\"px\",\"value\":49},\"y\":{\"unit\":\"px\",\"value\":602}}},\"depth\":16,\"id\":\"element-96\",\"name\":\"Text 20\",\"animation\":{\"in\":{\"data\":{\"default\":{\"type\":\"move\",\"params\":{\"direction\":\"bottom\",\"easing\":\"easeInOutExpo\",\"duration\":1800,\"movement\":0},\"phase\":\"in\",\"appliedBy\":\"user\"}}}}},\"element-97\":{\"section\":\"section-80\",\"parent\":\"section-80\",\"wrap\":true,\"locked\":false,\"visible\":{\"default\":true},\"type\":\"text\",\"size\":{\"default\":{\"width\":\"auto\",\"height\":\"auto\"},\"tablet\":{\"width\":\"auto\",\"height\":\"auto\"},\"mobile\":{\"width\":\"auto\",\"height\":\"auto\"}},\"styles\":{\"backgroundColor\":{\"default\":\"transparent\"},\"typography\":{\"default\":{\"font\":\"Manrope\",\"lineHeight\":120,\"color\":\"#000\",\"fontSize\":13.67999999999999971578290569595992565155029296875,\"fontVariant\":\"600\",\"align\":\"center\"},\"mobile\":{\"fontSize\":8}},\"transform\":{\"default\":{},\"tablet\":{},\"mobile\":{}}},\"options\":{\"content\":\"AS-1988\",\"tag\":\"h3\"},\"position\":{\"default\":{\"origin\":\"tl\",\"autoOrigin\":true,\"x\":{\"unit\":\"px\",\"value\":303},\"y\":{\"unit\":\"px\",\"value\":506}},\"tablet\":{\"origin\":\"tl\",\"autoOrigin\":true,\"x\":{\"unit\":\"px\",\"value\":215},\"y\":{\"unit\":\"px\",\"value\":494}},\"mobile\":{\"origin\":\"tl\",\"autoOrigin\":true,\"x\":{\"unit\":\"px\",\"value\":46},\"y\":{\"unit\":\"px\",\"value\":541}}},\"depth\":17,\"id\":\"element-97\",\"name\":\"Text 21\",\"animation\":{\"in\":{\"data\":{\"default\":{\"type\":\"move\",\"params\":{\"direction\":\"bottom\",\"easing\":\"easeInOutExpo\",\"duration\":1800,\"movement\":0},\"phase\":\"in\",\"appliedBy\":\"user\"}}}}},\"element-98\":{\"section\":\"section-80\",\"parent\":\"section-80\",\"wrap\":true,\"locked\":false,\"visible\":{\"default\":true},\"type\":\"text\",\"size\":{\"default\":{\"width\":\"auto\",\"height\":\"auto\"},\"tablet\":{\"width\":\"auto\",\"height\":\"auto\"},\"mobile\":{\"width\":\"auto\",\"height\":\"auto\"}},\"styles\":{\"backgroundColor\":{\"default\":\"transparent\"},\"typography\":{\"default\":{\"font\":\"Manrope\",\"lineHeight\":120,\"color\":\"#000\",\"fontSize\":13.67999999999999971578290569595992565155029296875,\"fontVariant\":\"600\",\"align\":\"center\"},\"mobile\":{\"fontSize\":8}},\"transform\":{\"default\":{},\"tablet\":{},\"mobile\":{}}},\"options\":{\"content\":\"AS-3321\",\"tag\":\"h3\"},\"position\":{\"default\":{\"origin\":\"tl\",\"autoOrigin\":true,\"x\":{\"unit\":\"px\",\"value\":305},\"y\":{\"unit\":\"px\",\"value\":536}},\"tablet\":{\"origin\":\"tl\",\"autoOrigin\":true,\"x\":{\"unit\":\"px\",\"value\":217},\"y\":{\"unit\":\"px\",\"value\":524}},\"mobile\":{\"origin\":\"tl\",\"autoOrigin\":true,\"x\":{\"unit\":\"px\",\"value\":48},\"y\":{\"unit\":\"px\",\"value\":571}}},\"depth\":18,\"id\":\"element-98\",\"name\":\"Text 22\",\"animation\":{\"in\":{\"data\":{\"default\":{\"type\":\"move\",\"params\":{\"direction\":\"bottom\",\"easing\":\"easeInOutExpo\",\"duration\":1800,\"movement\":0},\"phase\":\"in\",\"appliedBy\":\"user\"}}}}},\"element-99\":{\"section\":\"section-80\",\"parent\":\"section-80\",\"wrap\":true,\"locked\":false,\"visible\":{\"default\":true},\"type\":\"text\",\"size\":{\"default\":{\"width\":\"auto\",\"height\":\"auto\"},\"tablet\":{\"width\":\"auto\",\"height\":\"auto\"},\"mobile\":{\"width\":\"auto\",\"height\":\"auto\"}},\"styles\":{\"backgroundColor\":{\"default\":\"transparent\"},\"typography\":{\"default\":{\"font\":\"Manrope\",\"lineHeight\":120,\"color\":\"#000\",\"fontSize\":13.67999999999999971578290569595992565155029296875,\"fontVariant\":\"600\",\"align\":\"center\"},\"mobile\":{\"fontSize\":8}},\"transform\":{\"default\":{},\"tablet\":{},\"mobile\":{}}},\"options\":{\"content\":\"AS-2041\",\"tag\":\"h3\"},\"position\":{\"default\":{\"origin\":\"tl\",\"autoOrigin\":true,\"x\":{\"unit\":\"px\",\"value\":303},\"y\":{\"unit\":\"px\",\"value\":475}},\"tablet\":{\"origin\":\"tl\",\"autoOrigin\":true,\"x\":{\"unit\":\"px\",\"value\":215},\"y\":{\"unit\":\"px\",\"value\":463}},\"mobile\":{\"origin\":\"tl\",\"autoOrigin\":true,\"x\":{\"unit\":\"px\",\"value\":46},\"y\":{\"unit\":\"px\",\"value\":510}}},\"depth\":19,\"id\":\"element-99\",\"name\":\"Text 23\",\"animation\":{\"in\":{\"data\":{\"default\":{\"type\":\"move\",\"params\":{\"direction\":\"bottom\",\"easing\":\"easeInOutExpo\",\"duration\":1800,\"movement\":0},\"phase\":\"in\",\"appliedBy\":\"user\"}}}}},\"element-108\":{\"section\":\"section-80\",\"parent\":\"section-80\",\"wrap\":true,\"locked\":false,\"visible\":{\"default\":true},\"children\":[],\"type\":\"shape\",\"size\":{\"default\":{\"width\":{\"value\":118,\"unit\":\"px\"},\"height\":{\"value\":12,\"unit\":\"px\"}},\"tablet\":{\"width\":{\"value\":118,\"unit\":\"px\"},\"height\":{\"value\":12,\"unit\":\"px\"}},\"mobile\":{\"width\":{\"value\":64,\"unit\":\"px\"},\"height\":{\"value\":12,\"unit\":\"px\"}}},\"styles\":{\"backgroundColor\":{\"default\":\"#B8651F\"},\"transform\":{\"default\":{},\"tablet\":{},\"mobile\":{}}},\"options\":{},\"position\":{\"default\":{\"origin\":\"tl\",\"autoOrigin\":true,\"x\":{\"unit\":\"px\",\"value\":394},\"y\":{\"unit\":\"px\",\"value\":477}},\"tablet\":{\"origin\":\"tl\",\"autoOrigin\":true,\"x\":{\"unit\":\"px\",\"value\":306},\"y\":{\"unit\":\"px\",\"value\":465}},\"mobile\":{\"origin\":\"tl\",\"autoOrigin\":true,\"x\":{\"unit\":\"px\",\"value\":104},\"y\":{\"unit\":\"px\",\"value\":509}}},\"depth\":20,\"id\":\"element-108\",\"name\":\"Shape 49\",\"animation\":{\"in\":{\"data\":{\"default\":{\"type\":\"move\",\"params\":{\"direction\":\"left\",\"easing\":\"easeOutQuart\",\"duration\":2500,\"movement\":35},\"phase\":\"in\",\"appliedBy\":\"user\"}}}}},\"element-148\":{\"section\":\"section-80\",\"parent\":\"section-80\",\"wrap\":true,\"locked\":false,\"visible\":{\"default\":true},\"children\":[],\"type\":\"shape\",\"size\":{\"default\":{\"width\":{\"value\":630,\"unit\":\"px\"},\"height\":{\"value\":1,\"unit\":\"px\"}},\"tablet\":{\"width\":{\"value\":630,\"unit\":\"px\"},\"height\":{\"value\":1,\"unit\":\"px\"}},\"mobile\":{\"width\":{\"value\":304,\"unit\":\"px\"},\"height\":{\"value\":1,\"unit\":\"px\"}}},\"styles\":{\"backgroundColor\":{\"default\":\"#E8E6E0\"},\"transform\":{\"default\":{},\"tablet\":{},\"mobile\":{}}},\"options\":{},\"position\":{\"default\":{\"origin\":\"tl\",\"autoOrigin\":true,\"x\":{\"unit\":\"px\",\"value\":286},\"y\":{\"unit\":\"px\",\"value\":465}},\"tablet\":{\"origin\":\"tl\",\"autoOrigin\":true,\"x\":{\"unit\":\"px\",\"value\":198},\"y\":{\"unit\":\"px\",\"value\":453}},\"mobile\":{\"origin\":\"tl\",\"autoOrigin\":true,\"x\":{\"unit\":\"px\",\"value\":28},\"y\":{\"unit\":\"px\",\"value\":497}}},\"depth\":21,\"id\":\"element-148\",\"name\":\"Shape 85\",\"animation\":{\"in\":{\"data\":{\"default\":{\"type\":\"move\",\"params\":{\"direction\":\"left\",\"easing\":\"easeOutQuart\",\"duration\":2500,\"movement\":35},\"phase\":\"in\",\"appliedBy\":\"user\"}}}}},\"element-149\":{\"section\":\"section-80\",\"parent\":\"section-80\",\"wrap\":true,\"locked\":false,\"visible\":{\"default\":true},\"type\":\"text\",\"size\":{\"default\":{\"width\":\"auto\",\"height\":\"auto\"},\"tablet\":{\"width\":\"auto\",\"height\":\"auto\"},\"mobile\":{\"width\":\"auto\",\"height\":\"auto\"}},\"styles\":{\"backgroundColor\":{\"default\":\"transparent\"},\"typography\":{\"default\":{\"font\":\"Manrope\",\"lineHeight\":120,\"color\":\"#000\",\"fontSize\":13.67999999999999971578290569595992565155029296875,\"fontVariant\":\"600\",\"align\":\"right\"},\"mobile\":{\"fontSize\":8}},\"transform\":{\"default\":{},\"tablet\":{},\"mobile\":{}}},\"options\":{\"content\":\"Asociado\",\"tag\":\"h3\"},\"position\":{\"default\":{\"origin\":\"tl\",\"autoOrigin\":true,\"x\":{\"unit\":\"px\",\"value\":301},\"y\":{\"unit\":\"px\",\"value\":444}},\"tablet\":{\"origin\":\"tl\",\"autoOrigin\":true,\"x\":{\"unit\":\"px\",\"value\":213},\"y\":{\"unit\":\"px\",\"value\":432}},\"mobile\":{\"origin\":\"tl\",\"autoOrigin\":true,\"x\":{\"unit\":\"px\",\"value\":44},\"y\":{\"unit\":\"px\",\"value\":484}}},\"depth\":22,\"id\":\"element-149\",\"name\":\"Text 36\",\"animation\":{\"in\":{\"data\":{\"default\":{\"type\":\"move\",\"params\":{\"direction\":\"bottom\",\"easing\":\"easeInOutExpo\",\"duration\":1800,\"movement\":0},\"phase\":\"in\",\"appliedBy\":\"user\"}}}}},\"element-150\":{\"section\":\"section-80\",\"parent\":\"section-80\",\"wrap\":true,\"locked\":false,\"visible\":{\"default\":true},\"type\":\"text\",\"size\":{\"default\":{\"width\":\"auto\",\"height\":\"auto\"},\"tablet\":{\"width\":\"auto\",\"height\":\"auto\"},\"mobile\":{\"width\":\"auto\",\"height\":\"auto\"}},\"styles\":{\"backgroundColor\":{\"default\":\"transparent\"},\"typography\":{\"default\":{\"font\":\"Manrope\",\"lineHeight\":120,\"color\":\"#000\",\"fontSize\":13.67999999999999971578290569595992565155029296875,\"fontVariant\":\"600\",\"align\":\"right\"},\"mobile\":{\"fontSize\":8}},\"transform\":{\"default\":{},\"tablet\":{},\"mobile\":{}}},\"options\":{\"content\":\"Score\",\"tag\":\"h3\"},\"position\":{\"default\":{\"origin\":\"tl\",\"autoOrigin\":true,\"x\":{\"unit\":\"px\",\"value\":434},\"y\":{\"unit\":\"px\",\"value\":444}},\"tablet\":{\"origin\":\"tl\",\"autoOrigin\":true,\"x\":{\"unit\":\"px\",\"value\":346},\"y\":{\"unit\":\"px\",\"value\":432}},\"mobile\":{\"origin\":\"tl\",\"autoOrigin\":true,\"x\":{\"unit\":\"px\",\"value\":122},\"y\":{\"unit\":\"px\",\"value\":484}}},\"depth\":23,\"id\":\"element-150\",\"name\":\"Text 37\",\"animation\":{\"in\":{\"data\":{\"default\":{\"type\":\"move\",\"params\":{\"direction\":\"bottom\",\"easing\":\"easeInOutExpo\",\"duration\":1800,\"movement\":0},\"phase\":\"in\",\"appliedBy\":\"user\"}}}}},\"element-151\":{\"section\":\"section-80\",\"parent\":\"section-80\",\"wrap\":true,\"locked\":false,\"visible\":{\"default\":true},\"type\":\"text\",\"size\":{\"default\":{\"width\":\"auto\",\"height\":\"auto\"},\"tablet\":{\"width\":\"auto\",\"height\":\"auto\"},\"mobile\":{\"width\":\"auto\",\"height\":\"auto\"}},\"styles\":{\"backgroundColor\":{\"default\":\"transparent\"},\"typography\":{\"default\":{\"font\":\"Manrope\",\"lineHeight\":120,\"color\":\"#000\",\"fontSize\":13.67999999999999971578290569595992565155029296875,\"fontVariant\":\"600\",\"align\":\"right\"},\"mobile\":{\"fontSize\":8}},\"transform\":{\"default\":{},\"tablet\":{},\"mobile\":{}}},\"options\":{\"content\":\"Antig\\u00fcedad\",\"tag\":\"h3\"},\"position\":{\"default\":{\"origin\":\"tl\",\"autoOrigin\":true,\"x\":{\"unit\":\"px\",\"value\":582},\"y\":{\"unit\":\"px\",\"value\":444}},\"tablet\":{\"origin\":\"tl\",\"autoOrigin\":true,\"x\":{\"unit\":\"px\",\"value\":494},\"y\":{\"unit\":\"px\",\"value\":432}},\"mobile\":{\"origin\":\"tl\",\"autoOrigin\":true,\"x\":{\"unit\":\"px\",\"value\":206},\"y\":{\"unit\":\"px\",\"value\":484}}},\"depth\":24,\"id\":\"element-151\",\"name\":\"Text 38\",\"animation\":{\"in\":{\"data\":{\"default\":{\"type\":\"move\",\"params\":{\"direction\":\"bottom\",\"easing\":\"easeInOutExpo\",\"duration\":1800,\"movement\":0},\"phase\":\"in\",\"appliedBy\":\"user\"}}}}},\"element-152\":{\"section\":\"section-80\",\"parent\":\"section-80\",\"wrap\":true,\"locked\":false,\"visible\":{\"default\":true},\"type\":\"text\",\"size\":{\"default\":{\"width\":\"auto\",\"height\":\"auto\"},\"tablet\":{\"width\":\"auto\",\"height\":\"auto\"},\"mobile\":{\"width\":\"auto\",\"height\":\"auto\"}},\"styles\":{\"backgroundColor\":{\"default\":\"transparent\"},\"typography\":{\"default\":{\"font\":\"Manrope\",\"lineHeight\":120,\"color\":\"#000\",\"fontSize\":13.67999999999999971578290569595992565155029296875,\"fontVariant\":\"600\",\"align\":\"right\"},\"mobile\":{\"fontSize\":8}},\"transform\":{\"default\":{},\"tablet\":{},\"mobile\":{}}},\"options\":{\"content\":\"Capacidad\",\"tag\":\"h3\"},\"position\":{\"default\":{\"origin\":\"tl\",\"autoOrigin\":true,\"x\":{\"unit\":\"px\",\"value\":780},\"y\":{\"unit\":\"px\",\"value\":444}},\"tablet\":{\"origin\":\"tl\",\"autoOrigin\":true,\"x\":{\"unit\":\"px\",\"value\":692},\"y\":{\"unit\":\"px\",\"value\":432}},\"mobile\":{\"origin\":\"tl\",\"autoOrigin\":true,\"x\":{\"unit\":\"px\",\"value\":268},\"y\":{\"unit\":\"px\",\"value\":484}}},\"depth\":25,\"id\":\"element-152\",\"name\":\"Text 39\",\"animation\":{\"in\":{\"data\":{\"default\":{\"type\":\"move\",\"params\":{\"direction\":\"bottom\",\"easing\":\"easeInOutExpo\",\"duration\":1800,\"movement\":0},\"phase\":\"in\",\"appliedBy\":\"user\"}}}}},\"element-154\":{\"section\":\"section-80\",\"parent\":\"section-80\",\"wrap\":true,\"locked\":false,\"visible\":{\"default\":true},\"children\":[],\"type\":\"shape\",\"size\":{\"default\":{\"width\":{\"value\":111,\"unit\":\"px\"},\"height\":{\"value\":12,\"unit\":\"px\"}},\"tablet\":{\"width\":{\"value\":111,\"unit\":\"px\"},\"height\":{\"value\":12,\"unit\":\"px\"}},\"mobile\":{\"width\":{\"value\":55,\"unit\":\"px\"},\"height\":{\"value\":12,\"unit\":\"px\"}}},\"styles\":{\"backgroundColor\":{\"default\":\"#D89556\"},\"transform\":{\"default\":{},\"tablet\":{},\"mobile\":{}}},\"options\":{},\"position\":{\"default\":{\"origin\":\"tl\",\"autoOrigin\":true,\"x\":{\"unit\":\"px\",\"value\":394},\"y\":{\"unit\":\"px\",\"value\":508}},\"tablet\":{\"origin\":\"tl\",\"autoOrigin\":true,\"x\":{\"unit\":\"px\",\"value\":306},\"y\":{\"unit\":\"px\",\"value\":496}},\"mobile\":{\"origin\":\"tl\",\"autoOrigin\":true,\"x\":{\"unit\":\"px\",\"value\":104},\"y\":{\"unit\":\"px\",\"value\":540}}},\"depth\":26,\"id\":\"element-154\",\"name\":\"Shape 87\",\"animation\":{\"in\":{\"data\":{\"default\":{\"type\":\"move\",\"params\":{\"direction\":\"left\",\"easing\":\"easeOutQuart\",\"duration\":2500,\"movement\":35},\"phase\":\"in\",\"appliedBy\":\"user\"}}}}},\"element-155\":{\"section\":\"section-80\",\"parent\":\"section-80\",\"wrap\":true,\"locked\":false,\"visible\":{\"default\":true},\"children\":[],\"type\":\"shape\",\"size\":{\"default\":{\"width\":{\"value\":104,\"unit\":\"px\"},\"height\":{\"value\":12,\"unit\":\"px\"}},\"tablet\":{\"width\":{\"value\":104,\"unit\":\"px\"},\"height\":{\"value\":12,\"unit\":\"px\"}},\"mobile\":{\"width\":{\"value\":50,\"unit\":\"px\"},\"height\":{\"value\":12,\"unit\":\"px\"}}},\"styles\":{\"backgroundColor\":{\"default\":\"#1A2D40\"},\"transform\":{\"default\":{},\"tablet\":{},\"mobile\":{}}},\"options\":{},\"position\":{\"default\":{\"origin\":\"tl\",\"autoOrigin\":true,\"x\":{\"unit\":\"px\",\"value\":394},\"y\":{\"unit\":\"px\",\"value\":538}},\"tablet\":{\"origin\":\"tl\",\"autoOrigin\":true,\"x\":{\"unit\":\"px\",\"value\":306},\"y\":{\"unit\":\"px\",\"value\":526}},\"mobile\":{\"origin\":\"tl\",\"autoOrigin\":true,\"x\":{\"unit\":\"px\",\"value\":104},\"y\":{\"unit\":\"px\",\"value\":570}}},\"depth\":27,\"id\":\"element-155\",\"name\":\"Shape 88\",\"animation\":{\"in\":{\"data\":{\"default\":{\"type\":\"move\",\"params\":{\"direction\":\"left\",\"easing\":\"easeOutQuart\",\"duration\":2500,\"movement\":35},\"phase\":\"in\",\"appliedBy\":\"user\"}}}}},\"element-156\":{\"section\":\"section-80\",\"parent\":\"section-80\",\"wrap\":true,\"locked\":false,\"visible\":{\"default\":true},\"children\":[],\"type\":\"shape\",\"size\":{\"default\":{\"width\":{\"value\":104,\"unit\":\"px\"},\"height\":{\"value\":12,\"unit\":\"px\"}},\"tablet\":{\"width\":{\"value\":104,\"unit\":\"px\"},\"height\":{\"value\":12,\"unit\":\"px\"}},\"mobile\":{\"width\":{\"value\":49,\"unit\":\"px\"},\"height\":{\"value\":12,\"unit\":\"px\"}}},\"styles\":{\"backgroundColor\":{\"default\":\"#83909E\"},\"transform\":{\"default\":{},\"tablet\":{},\"mobile\":{}}},\"options\":{},\"position\":{\"default\":{\"origin\":\"tl\",\"autoOrigin\":true,\"x\":{\"unit\":\"px\",\"value\":394},\"y\":{\"unit\":\"px\",\"value\":569}},\"tablet\":{\"origin\":\"tl\",\"autoOrigin\":true,\"x\":{\"unit\":\"px\",\"value\":306},\"y\":{\"unit\":\"px\",\"value\":557}},\"mobile\":{\"origin\":\"tl\",\"autoOrigin\":true,\"x\":{\"unit\":\"px\",\"value\":104},\"y\":{\"unit\":\"px\",\"value\":601}}},\"depth\":28,\"id\":\"element-156\",\"name\":\"Shape 89\",\"animation\":{\"in\":{\"data\":{\"default\":{\"type\":\"move\",\"params\":{\"direction\":\"left\",\"easing\":\"easeOutQuart\",\"duration\":2500,\"movement\":35},\"phase\":\"in\",\"appliedBy\":\"user\"}}}}},\"element-157\":{\"section\":\"section-80\",\"parent\":\"section-80\",\"wrap\":true,\"locked\":false,\"visible\":{\"default\":true},\"children\":[],\"type\":\"shape\",\"size\":{\"default\":{\"width\":{\"value\":98,\"unit\":\"px\"},\"height\":{\"value\":12,\"unit\":\"px\"}},\"tablet\":{\"width\":{\"value\":98,\"unit\":\"px\"},\"height\":{\"value\":12,\"unit\":\"px\"}},\"mobile\":{\"width\":{\"value\":43,\"unit\":\"px\"},\"height\":{\"value\":12,\"unit\":\"px\"}}},\"styles\":{\"backgroundColor\":{\"default\":\"#7A1F1F\"},\"transform\":{\"default\":{},\"tablet\":{},\"mobile\":{}}},\"options\":{},\"position\":{\"default\":{\"origin\":\"tl\",\"autoOrigin\":true,\"x\":{\"unit\":\"px\",\"value\":394},\"y\":{\"unit\":\"px\",\"value\":599}},\"tablet\":{\"origin\":\"tl\",\"autoOrigin\":true,\"x\":{\"unit\":\"px\",\"value\":306},\"y\":{\"unit\":\"px\",\"value\":587}},\"mobile\":{\"origin\":\"tl\",\"autoOrigin\":true,\"x\":{\"unit\":\"px\",\"value\":104},\"y\":{\"unit\":\"px\",\"value\":631}}},\"depth\":29,\"id\":\"element-157\",\"name\":\"Shape 90\",\"animation\":{\"in\":{\"data\":{\"default\":{\"type\":\"move\",\"params\":{\"direction\":\"left\",\"easing\":\"easeOutQuart\",\"duration\":2500,\"movement\":35},\"phase\":\"in\",\"appliedBy\":\"user\"}}}}},\"element-158\":{\"section\":\"section-80\",\"parent\":\"section-80\",\"wrap\":true,\"locked\":false,\"visible\":{\"default\":true},\"type\":\"text\",\"size\":{\"default\":{\"width\":\"auto\",\"height\":\"auto\"},\"tablet\":{\"width\":\"auto\",\"height\":\"auto\"},\"mobile\":{\"width\":\"auto\",\"height\":\"auto\"}},\"styles\":{\"backgroundColor\":{\"default\":\"transparent\"},\"typography\":{\"default\":{\"font\":\"Manrope\",\"lineHeight\":120,\"color\":\"#000\",\"fontSize\":13.67999999999999971578290569595992565155029296875,\"fontVariant\":\"600\",\"align\":\"right\"},\"mobile\":{\"fontSize\":8}},\"transform\":{\"default\":{},\"tablet\":{},\"mobile\":{}}},\"options\":{\"content\":\"96\",\"tag\":\"h3\"},\"position\":{\"default\":{\"origin\":\"tl\",\"autoOrigin\":true,\"x\":{\"unit\":\"px\",\"value\":516},\"y\":{\"unit\":\"px\",\"value\":475}},\"tablet\":{\"origin\":\"tl\",\"autoOrigin\":true,\"x\":{\"unit\":\"px\",\"value\":428},\"y\":{\"unit\":\"px\",\"value\":463}},\"mobile\":{\"origin\":\"tl\",\"autoOrigin\":true,\"x\":{\"unit\":\"px\",\"value\":169},\"y\":{\"unit\":\"px\",\"value\":510}}},\"depth\":30,\"id\":\"element-158\",\"name\":\"Text 10\",\"animation\":{\"in\":{\"data\":{\"default\":{\"type\":\"move\",\"params\":{\"direction\":\"left\",\"easing\":\"easeInOutExpo\",\"duration\":1800,\"movement\":0},\"phase\":\"in\",\"appliedBy\":\"user\"}}}}},\"element-159\":{\"section\":\"section-80\",\"parent\":\"section-80\",\"wrap\":true,\"locked\":false,\"visible\":{\"default\":true},\"type\":\"text\",\"size\":{\"default\":{\"width\":\"auto\",\"height\":\"auto\"},\"tablet\":{\"width\":\"auto\",\"height\":\"auto\"},\"mobile\":{\"width\":\"auto\",\"height\":\"auto\"}},\"styles\":{\"backgroundColor\":{\"default\":\"transparent\"},\"typography\":{\"default\":{\"font\":\"Manrope\",\"lineHeight\":120,\"color\":\"#000\",\"fontSize\":13.67999999999999971578290569595992565155029296875,\"fontVariant\":\"600\",\"align\":\"right\"},\"mobile\":{\"fontSize\":8}},\"transform\":{\"default\":{},\"tablet\":{},\"mobile\":{}}},\"options\":{\"content\":\"94\",\"tag\":\"h3\"},\"position\":{\"default\":{\"origin\":\"tl\",\"autoOrigin\":true,\"x\":{\"unit\":\"px\",\"value\":508},\"y\":{\"unit\":\"px\",\"value\":506}},\"tablet\":{\"origin\":\"tl\",\"autoOrigin\":true,\"x\":{\"unit\":\"px\",\"value\":420},\"y\":{\"unit\":\"px\",\"value\":494}},\"mobile\":{\"origin\":\"tl\",\"autoOrigin\":true,\"x\":{\"unit\":\"px\",\"value\":161},\"y\":{\"unit\":\"px\",\"value\":541}}},\"depth\":31,\"id\":\"element-159\",\"name\":\"Text 11\",\"animation\":{\"in\":{\"data\":{\"default\":{\"type\":\"move\",\"params\":{\"direction\":\"left\",\"easing\":\"easeInOutExpo\",\"duration\":1800,\"movement\":0},\"phase\":\"in\",\"appliedBy\":\"user\"}}}}},\"element-160\":{\"section\":\"section-80\",\"parent\":\"section-80\",\"wrap\":true,\"locked\":false,\"visible\":{\"default\":true},\"type\":\"text\",\"size\":{\"default\":{\"width\":\"auto\",\"height\":\"auto\"},\"tablet\":{\"width\":\"auto\",\"height\":\"auto\"},\"mobile\":{\"width\":\"auto\",\"height\":\"auto\"}},\"styles\":{\"backgroundColor\":{\"default\":\"transparent\"},\"typography\":{\"default\":{\"font\":\"Manrope\",\"lineHeight\":120,\"color\":\"#000\",\"fontSize\":13.67999999999999971578290569595992565155029296875,\"fontVariant\":\"600\",\"align\":\"right\"},\"mobile\":{\"fontSize\":8}},\"transform\":{\"default\":{},\"tablet\":{},\"mobile\":{}}},\"options\":{\"content\":\"92\",\"tag\":\"h3\"},\"position\":{\"default\":{\"origin\":\"tl\",\"autoOrigin\":true,\"x\":{\"unit\":\"px\",\"value\":503},\"y\":{\"unit\":\"px\",\"value\":536}},\"tablet\":{\"origin\":\"tl\",\"autoOrigin\":true,\"x\":{\"unit\":\"px\",\"value\":415},\"y\":{\"unit\":\"px\",\"value\":524}},\"mobile\":{\"origin\":\"tl\",\"autoOrigin\":true,\"x\":{\"unit\":\"px\",\"value\":156},\"y\":{\"unit\":\"px\",\"value\":571}}},\"depth\":32,\"id\":\"element-160\",\"name\":\"Text 12\",\"animation\":{\"in\":{\"data\":{\"default\":{\"type\":\"move\",\"params\":{\"direction\":\"left\",\"easing\":\"easeInOutExpo\",\"duration\":1800,\"movement\":0},\"phase\":\"in\",\"appliedBy\":\"user\"}}}}},\"element-161\":{\"section\":\"section-80\",\"parent\":\"section-80\",\"wrap\":true,\"locked\":false,\"visible\":{\"default\":true},\"type\":\"text\",\"size\":{\"default\":{\"width\":\"auto\",\"height\":\"auto\"},\"tablet\":{\"width\":\"auto\",\"height\":\"auto\"},\"mobile\":{\"width\":\"auto\",\"height\":\"auto\"}},\"styles\":{\"backgroundColor\":{\"default\":\"transparent\"},\"typography\":{\"default\":{\"font\":\"Manrope\",\"lineHeight\":120,\"color\":\"#000\",\"fontSize\":13.67999999999999971578290569595992565155029296875,\"fontVariant\":\"600\",\"align\":\"right\"},\"mobile\":{\"fontSize\":8}},\"transform\":{\"default\":{},\"tablet\":{},\"mobile\":{}}},\"options\":{\"content\":\"91\",\"tag\":\"h3\"},\"position\":{\"default\":{\"origin\":\"tl\",\"autoOrigin\":true,\"x\":{\"unit\":\"px\",\"value\":502},\"y\":{\"unit\":\"px\",\"value\":566}},\"tablet\":{\"origin\":\"tl\",\"autoOrigin\":true,\"x\":{\"unit\":\"px\",\"value\":414},\"y\":{\"unit\":\"px\",\"value\":554}},\"mobile\":{\"origin\":\"tl\",\"autoOrigin\":true,\"x\":{\"unit\":\"px\",\"value\":155},\"y\":{\"unit\":\"px\",\"value\":602}}},\"depth\":33,\"id\":\"element-161\",\"name\":\"Text 13\",\"animation\":{\"in\":{\"data\":{\"default\":{\"type\":\"move\",\"params\":{\"direction\":\"left\",\"easing\":\"easeInOutExpo\",\"duration\":1800,\"movement\":0},\"phase\":\"in\",\"appliedBy\":\"user\"}}}}},\"element-162\":{\"section\":\"section-80\",\"parent\":\"section-80\",\"wrap\":true,\"locked\":false,\"visible\":{\"default\":true},\"type\":\"text\",\"size\":{\"default\":{\"width\":\"auto\",\"height\":\"auto\"},\"tablet\":{\"width\":\"auto\",\"height\":\"auto\"},\"mobile\":{\"width\":\"auto\",\"height\":\"auto\"}},\"styles\":{\"backgroundColor\":{\"default\":\"transparent\"},\"typography\":{\"default\":{\"font\":\"Manrope\",\"lineHeight\":120,\"color\":\"#000\",\"fontSize\":13.67999999999999971578290569595992565155029296875,\"fontVariant\":\"600\",\"align\":\"right\"},\"mobile\":{\"fontSize\":8}},\"transform\":{\"default\":{},\"tablet\":{},\"mobile\":{}}},\"options\":{\"content\":\"89\",\"tag\":\"h3\"},\"position\":{\"default\":{\"origin\":\"tl\",\"autoOrigin\":true,\"x\":{\"unit\":\"px\",\"value\":495},\"y\":{\"unit\":\"px\",\"value\":597}},\"tablet\":{\"origin\":\"tl\",\"autoOrigin\":true,\"x\":{\"unit\":\"px\",\"value\":407},\"y\":{\"unit\":\"px\",\"value\":585}},\"mobile\":{\"origin\":\"tl\",\"autoOrigin\":true,\"x\":{\"unit\":\"px\",\"value\":148},\"y\":{\"unit\":\"px\",\"value\":632}}},\"depth\":34,\"id\":\"element-162\",\"name\":\"Text 14\",\"animation\":{\"in\":{\"data\":{\"default\":{\"type\":\"move\",\"params\":{\"direction\":\"left\",\"easing\":\"easeInOutExpo\",\"duration\":1800,\"movement\":0},\"phase\":\"in\",\"appliedBy\":\"user\"}}}}},\"element-163\":{\"section\":\"section-80\",\"parent\":\"section-80\",\"wrap\":true,\"locked\":false,\"visible\":{\"default\":true},\"type\":\"text\",\"size\":{\"default\":{\"width\":\"auto\",\"height\":\"auto\"},\"tablet\":{\"width\":\"auto\",\"height\":\"auto\"},\"mobile\":{\"width\":\"auto\",\"height\":\"auto\"}},\"styles\":{\"backgroundColor\":{\"default\":\"transparent\"},\"typography\":{\"default\":{\"font\":\"Manrope\",\"lineHeight\":120,\"color\":\"#000\",\"fontSize\":13.67999999999999971578290569595992565155029296875,\"fontVariant\":\"600\",\"align\":\"right\"},\"mobile\":{\"fontSize\":8}},\"transform\":{\"default\":{},\"tablet\":{},\"mobile\":{}}},\"options\":{\"content\":\"8 a\\u00f1os\",\"tag\":\"h3\"},\"position\":{\"default\":{\"origin\":\"tl\",\"autoOrigin\":true,\"x\":{\"unit\":\"px\",\"value\":599},\"y\":{\"unit\":\"px\",\"value\":475}},\"tablet\":{\"origin\":\"tl\",\"autoOrigin\":true,\"x\":{\"unit\":\"px\",\"value\":511},\"y\":{\"unit\":\"px\",\"value\":463}},\"mobile\":{\"origin\":\"tl\",\"autoOrigin\":true,\"x\":{\"unit\":\"px\",\"value\":215},\"y\":{\"unit\":\"px\",\"value\":510}}},\"depth\":35,\"id\":\"element-163\",\"name\":\"Text 15\",\"animation\":{\"in\":{\"data\":{\"default\":{\"type\":\"move\",\"params\":{\"direction\":\"bottom\",\"easing\":\"easeInOutExpo\",\"duration\":1800,\"movement\":0},\"phase\":\"in\",\"appliedBy\":\"user\"}}}}},\"element-164\":{\"section\":\"section-80\",\"parent\":\"section-80\",\"wrap\":true,\"locked\":false,\"visible\":{\"default\":true},\"type\":\"text\",\"size\":{\"default\":{\"width\":\"auto\",\"height\":\"auto\"},\"tablet\":{\"width\":\"auto\",\"height\":\"auto\"},\"mobile\":{\"width\":\"auto\",\"height\":\"auto\"}},\"styles\":{\"backgroundColor\":{\"default\":\"transparent\"},\"typography\":{\"default\":{\"font\":\"Manrope\",\"lineHeight\":120,\"color\":\"#000\",\"fontSize\":13.67999999999999971578290569595992565155029296875,\"fontVariant\":\"600\",\"align\":\"right\"},\"mobile\":{\"fontSize\":8}},\"transform\":{\"default\":{},\"tablet\":{},\"mobile\":{}}},\"options\":{\"content\":\"6 a\\u00f1os\",\"tag\":\"h3\"},\"position\":{\"default\":{\"origin\":\"tl\",\"autoOrigin\":true,\"x\":{\"unit\":\"px\",\"value\":599},\"y\":{\"unit\":\"px\",\"value\":504}},\"tablet\":{\"origin\":\"tl\",\"autoOrigin\":true,\"x\":{\"unit\":\"px\",\"value\":511},\"y\":{\"unit\":\"px\",\"value\":492}},\"mobile\":{\"origin\":\"tl\",\"autoOrigin\":true,\"x\":{\"unit\":\"px\",\"value\":215},\"y\":{\"unit\":\"px\",\"value\":541}}},\"depth\":36,\"id\":\"element-164\",\"name\":\"Text 16\",\"animation\":{\"in\":{\"data\":{\"default\":{\"type\":\"move\",\"params\":{\"direction\":\"bottom\",\"easing\":\"easeInOutExpo\",\"duration\":1800,\"movement\":0},\"phase\":\"in\",\"appliedBy\":\"user\"}}}}},\"element-165\":{\"section\":\"section-80\",\"parent\":\"section-80\",\"wrap\":true,\"locked\":false,\"visible\":{\"default\":true},\"type\":\"text\",\"size\":{\"default\":{\"width\":\"auto\",\"height\":\"auto\"},\"tablet\":{\"width\":\"auto\",\"height\":\"auto\"},\"mobile\":{\"width\":\"auto\",\"height\":\"auto\"}},\"styles\":{\"backgroundColor\":{\"default\":\"transparent\"},\"typography\":{\"default\":{\"font\":\"Manrope\",\"lineHeight\":120,\"color\":\"#000\",\"fontSize\":13.67999999999999971578290569595992565155029296875,\"fontVariant\":\"600\",\"align\":\"right\"},\"mobile\":{\"fontSize\":8}},\"transform\":{\"default\":{},\"tablet\":{},\"mobile\":{}}},\"options\":{\"content\":\"7 a\\u00f1os\",\"tag\":\"h3\"},\"position\":{\"default\":{\"origin\":\"tl\",\"autoOrigin\":true,\"x\":{\"unit\":\"px\",\"value\":600},\"y\":{\"unit\":\"px\",\"value\":536}},\"tablet\":{\"origin\":\"tl\",\"autoOrigin\":true,\"x\":{\"unit\":\"px\",\"value\":512},\"y\":{\"unit\":\"px\",\"value\":524}},\"mobile\":{\"origin\":\"tl\",\"autoOrigin\":true,\"x\":{\"unit\":\"px\",\"value\":216},\"y\":{\"unit\":\"px\",\"value\":571}}},\"depth\":37,\"id\":\"element-165\",\"name\":\"Text 17\",\"animation\":{\"in\":{\"data\":{\"default\":{\"type\":\"move\",\"params\":{\"direction\":\"bottom\",\"easing\":\"easeInOutExpo\",\"duration\":1800,\"movement\":0},\"phase\":\"in\",\"appliedBy\":\"user\"}}}}},\"element-166\":{\"section\":\"section-80\",\"parent\":\"section-80\",\"wrap\":true,\"locked\":false,\"visible\":{\"default\":true},\"type\":\"text\",\"size\":{\"default\":{\"width\":\"auto\",\"height\":\"auto\"},\"tablet\":{\"width\":\"auto\",\"height\":\"auto\"},\"mobile\":{\"width\":\"auto\",\"height\":\"auto\"}},\"styles\":{\"backgroundColor\":{\"default\":\"transparent\"},\"typography\":{\"default\":{\"font\":\"Manrope\",\"lineHeight\":120,\"color\":\"#000\",\"fontSize\":13.67999999999999971578290569595992565155029296875,\"fontVariant\":\"600\",\"align\":\"right\"},\"mobile\":{\"fontSize\":8}},\"transform\":{\"default\":{},\"tablet\":{},\"mobile\":{}}},\"options\":{\"content\":\"5 a\\u00f1os\",\"tag\":\"h3\"},\"position\":{\"default\":{\"origin\":\"tl\",\"autoOrigin\":true,\"x\":{\"unit\":\"px\",\"value\":599},\"y\":{\"unit\":\"px\",\"value\":565}},\"tablet\":{\"origin\":\"tl\",\"autoOrigin\":true,\"x\":{\"unit\":\"px\",\"value\":511},\"y\":{\"unit\":\"px\",\"value\":553}},\"mobile\":{\"origin\":\"tl\",\"autoOrigin\":true,\"x\":{\"unit\":\"px\",\"value\":215},\"y\":{\"unit\":\"px\",\"value\":602}}},\"depth\":38,\"id\":\"element-166\",\"name\":\"Text 18\",\"animation\":{\"in\":{\"data\":{\"default\":{\"type\":\"move\",\"params\":{\"direction\":\"bottom\",\"easing\":\"easeInOutExpo\",\"duration\":1800,\"movement\":0},\"phase\":\"in\",\"appliedBy\":\"user\"}}}}},\"element-167\":{\"section\":\"section-80\",\"parent\":\"section-80\",\"wrap\":true,\"locked\":false,\"visible\":{\"default\":true},\"type\":\"text\",\"size\":{\"default\":{\"width\":\"auto\",\"height\":\"auto\"},\"tablet\":{\"width\":\"auto\",\"height\":\"auto\"},\"mobile\":{\"width\":\"auto\",\"height\":\"auto\"}},\"styles\":{\"backgroundColor\":{\"default\":\"transparent\"},\"typography\":{\"default\":{\"font\":\"Manrope\",\"lineHeight\":120,\"color\":\"#000\",\"fontSize\":13.67999999999999971578290569595992565155029296875,\"fontVariant\":\"600\",\"align\":\"right\"},\"mobile\":{\"fontSize\":8}},\"transform\":{\"default\":{},\"tablet\":{},\"mobile\":{}}},\"options\":{\"content\":\"4 a\\u00f1os\",\"tag\":\"h3\"},\"position\":{\"default\":{\"origin\":\"tl\",\"autoOrigin\":true,\"x\":{\"unit\":\"px\",\"value\":599},\"y\":{\"unit\":\"px\",\"value\":597}},\"tablet\":{\"origin\":\"tl\",\"autoOrigin\":true,\"x\":{\"unit\":\"px\",\"value\":511},\"y\":{\"unit\":\"px\",\"value\":585}},\"mobile\":{\"origin\":\"tl\",\"autoOrigin\":true,\"x\":{\"unit\":\"px\",\"value\":215},\"y\":{\"unit\":\"px\",\"value\":632}}},\"depth\":39,\"id\":\"element-167\",\"name\":\"Text 19\",\"animation\":{\"in\":{\"data\":{\"default\":{\"type\":\"move\",\"params\":{\"direction\":\"bottom\",\"easing\":\"easeInOutExpo\",\"duration\":1800,\"movement\":0},\"phase\":\"in\",\"appliedBy\":\"user\"}}}}},\"element-168\":{\"section\":\"section-80\",\"parent\":\"section-80\",\"wrap\":true,\"locked\":false,\"visible\":{\"default\":true},\"type\":\"text\",\"size\":{\"default\":{\"width\":\"auto\",\"height\":\"auto\"},\"tablet\":{\"width\":\"auto\",\"height\":\"auto\"},\"mobile\":{\"width\":\"auto\",\"height\":\"auto\"}},\"styles\":{\"backgroundColor\":{\"default\":\"transparent\"},\"typography\":{\"default\":{\"font\":\"Manrope\",\"lineHeight\":120,\"color\":\"#000\",\"fontSize\":13.67999999999999971578290569595992565155029296875,\"fontVariant\":\"600\",\"align\":\"center\"},\"mobile\":{\"fontSize\":8}},\"transform\":{\"default\":{},\"tablet\":{},\"mobile\":{}}},\"options\":{\"content\":\"Media\",\"tag\":\"h3\"},\"position\":{\"default\":{\"origin\":\"tl\",\"autoOrigin\":true,\"x\":{\"unit\":\"px\",\"value\":795},\"y\":{\"unit\":\"px\",\"value\":597}},\"tablet\":{\"origin\":\"tl\",\"autoOrigin\":true,\"x\":{\"unit\":\"px\",\"value\":707},\"y\":{\"unit\":\"px\",\"value\":585}},\"mobile\":{\"origin\":\"tl\",\"autoOrigin\":true,\"x\":{\"unit\":\"px\",\"value\":277},\"y\":{\"unit\":\"px\",\"value\":632}}},\"depth\":40,\"id\":\"element-168\",\"name\":\"Text 20\",\"animation\":{\"in\":{\"data\":{\"default\":{\"type\":\"move\",\"params\":{\"direction\":\"bottom\",\"easing\":\"easeInOutExpo\",\"duration\":1800,\"movement\":0},\"phase\":\"in\",\"appliedBy\":\"user\"}}}}},\"element-169\":{\"section\":\"section-80\",\"parent\":\"section-80\",\"wrap\":true,\"locked\":false,\"visible\":{\"default\":true},\"type\":\"text\",\"size\":{\"default\":{\"width\":\"auto\",\"height\":\"auto\"},\"tablet\":{\"width\":\"auto\",\"height\":\"auto\"},\"mobile\":{\"width\":\"auto\",\"height\":\"auto\"}},\"styles\":{\"backgroundColor\":{\"default\":\"transparent\"},\"typography\":{\"default\":{\"font\":\"Manrope\",\"lineHeight\":120,\"color\":\"#000\",\"fontSize\":13.67999999999999971578290569595992565155029296875,\"fontVariant\":\"600\",\"align\":\"center\"},\"mobile\":{\"fontSize\":8}},\"transform\":{\"default\":{},\"tablet\":{},\"mobile\":{}}},\"options\":{\"content\":\"Alta\",\"tag\":\"h3\"},\"position\":{\"default\":{\"origin\":\"tl\",\"autoOrigin\":true,\"x\":{\"unit\":\"px\",\"value\":802},\"y\":{\"unit\":\"px\",\"value\":565}},\"tablet\":{\"origin\":\"tl\",\"autoOrigin\":true,\"x\":{\"unit\":\"px\",\"value\":714},\"y\":{\"unit\":\"px\",\"value\":553}},\"mobile\":{\"origin\":\"tl\",\"autoOrigin\":true,\"x\":{\"unit\":\"px\",\"value\":281},\"y\":{\"unit\":\"px\",\"value\":602}}},\"depth\":41,\"id\":\"element-169\",\"name\":\"Text 21\",\"animation\":{\"in\":{\"data\":{\"default\":{\"type\":\"move\",\"params\":{\"direction\":\"bottom\",\"easing\":\"easeInOutExpo\",\"duration\":1800,\"movement\":0},\"phase\":\"in\",\"appliedBy\":\"user\"}}}}},\"element-170\":{\"section\":\"section-80\",\"parent\":\"section-80\",\"wrap\":true,\"locked\":false,\"visible\":{\"default\":true},\"type\":\"text\",\"size\":{\"default\":{\"width\":\"auto\",\"height\":\"auto\"},\"tablet\":{\"width\":\"auto\",\"height\":\"auto\"},\"mobile\":{\"width\":\"auto\",\"height\":\"auto\"}},\"styles\":{\"backgroundColor\":{\"default\":\"transparent\"},\"typography\":{\"default\":{\"font\":\"Manrope\",\"lineHeight\":120,\"color\":\"#000\",\"fontSize\":13.67999999999999971578290569595992565155029296875,\"fontVariant\":\"600\",\"align\":\"center\"},\"mobile\":{\"fontSize\":8}},\"transform\":{\"default\":{},\"tablet\":{},\"mobile\":{}}},\"options\":{\"content\":\"Media - Alta\",\"tag\":\"h3\"},\"position\":{\"default\":{\"origin\":\"tl\",\"autoOrigin\":true,\"x\":{\"unit\":\"px\",\"value\":777},\"y\":{\"unit\":\"px\",\"value\":536}},\"tablet\":{\"origin\":\"tl\",\"autoOrigin\":true,\"x\":{\"unit\":\"px\",\"value\":689},\"y\":{\"unit\":\"px\",\"value\":524}},\"mobile\":{\"origin\":\"tl\",\"autoOrigin\":true,\"x\":{\"unit\":\"px\",\"value\":266},\"y\":{\"unit\":\"px\",\"value\":571}}},\"depth\":42,\"id\":\"element-170\",\"name\":\"Text 22\",\"animation\":{\"in\":{\"data\":{\"default\":{\"type\":\"move\",\"params\":{\"direction\":\"bottom\",\"easing\":\"easeInOutExpo\",\"duration\":1800,\"movement\":0},\"phase\":\"in\",\"appliedBy\":\"user\"}}}}},\"element-171\":{\"section\":\"section-80\",\"parent\":\"section-80\",\"wrap\":true,\"locked\":false,\"visible\":{\"default\":true},\"type\":\"text\",\"size\":{\"default\":{\"width\":\"auto\",\"height\":\"auto\"},\"tablet\":{\"width\":\"auto\",\"height\":\"auto\"},\"mobile\":{\"width\":\"auto\",\"height\":\"auto\"}},\"styles\":{\"backgroundColor\":{\"default\":\"transparent\"},\"typography\":{\"default\":{\"font\":\"Manrope\",\"lineHeight\":120,\"color\":\"#000\",\"fontSize\":13.67999999999999971578290569595992565155029296875,\"fontVariant\":\"600\",\"align\":\"center\"},\"mobile\":{\"fontSize\":8}},\"transform\":{\"default\":{},\"tablet\":{},\"mobile\":{}}},\"options\":{\"content\":\"Alta\",\"tag\":\"h3\"},\"position\":{\"default\":{\"origin\":\"tl\",\"autoOrigin\":true,\"x\":{\"unit\":\"px\",\"value\":802},\"y\":{\"unit\":\"px\",\"value\":504}},\"tablet\":{\"origin\":\"tl\",\"autoOrigin\":true,\"x\":{\"unit\":\"px\",\"value\":714},\"y\":{\"unit\":\"px\",\"value\":492}},\"mobile\":{\"origin\":\"tl\",\"autoOrigin\":true,\"x\":{\"unit\":\"px\",\"value\":281},\"y\":{\"unit\":\"px\",\"value\":541}}},\"depth\":43,\"id\":\"element-171\",\"name\":\"Text 23\",\"animation\":{\"in\":{\"data\":{\"default\":{\"type\":\"move\",\"params\":{\"direction\":\"bottom\",\"easing\":\"easeInOutExpo\",\"duration\":1800,\"movement\":0},\"phase\":\"in\",\"appliedBy\":\"user\"}}}}},\"element-172\":{\"section\":\"section-80\",\"parent\":\"section-80\",\"wrap\":true,\"locked\":false,\"visible\":{\"default\":true},\"type\":\"text\",\"size\":{\"default\":{\"width\":\"auto\",\"height\":\"auto\"},\"tablet\":{\"width\":\"auto\",\"height\":\"auto\"},\"mobile\":{\"width\":\"auto\",\"height\":\"auto\"}},\"styles\":{\"backgroundColor\":{\"default\":\"transparent\"},\"typography\":{\"default\":{\"font\":\"Manrope\",\"lineHeight\":120,\"color\":\"#000\",\"fontSize\":13.67999999999999971578290569595992565155029296875,\"fontVariant\":\"600\",\"align\":\"center\"},\"mobile\":{\"fontSize\":8}},\"transform\":{\"default\":{},\"tablet\":{},\"mobile\":{}}},\"options\":{\"content\":\"Alta\",\"tag\":\"h3\"},\"position\":{\"default\":{\"origin\":\"tl\",\"autoOrigin\":true,\"x\":{\"unit\":\"px\",\"value\":802},\"y\":{\"unit\":\"px\",\"value\":475}},\"tablet\":{\"origin\":\"tl\",\"autoOrigin\":true,\"x\":{\"unit\":\"px\",\"value\":714},\"y\":{\"unit\":\"px\",\"value\":463}},\"mobile\":{\"origin\":\"tl\",\"autoOrigin\":true,\"x\":{\"unit\":\"px\",\"value\":281},\"y\":{\"unit\":\"px\",\"value\":510}}},\"depth\":44,\"id\":\"element-172\",\"name\":\"Text 24\",\"animation\":{\"in\":{\"data\":{\"default\":{\"type\":\"move\",\"params\":{\"direction\":\"bottom\",\"easing\":\"easeInOutExpo\",\"duration\":1800,\"movement\":0},\"phase\":\"in\",\"appliedBy\":\"user\"}}}}},\"element-176\":{\"section\":\"section-80\",\"parent\":\"section-80\",\"wrap\":true,\"locked\":false,\"visible\":{\"default\":true},\"type\":\"text\",\"size\":{\"default\":{\"width\":\"auto\",\"height\":\"auto\"},\"tablet\":{\"width\":\"auto\",\"height\":\"auto\"},\"mobile\":{\"width\":\"auto\",\"height\":\"auto\"}},\"styles\":{\"backgroundColor\":{\"default\":\"transparent\"},\"typography\":{\"default\":{\"font\":\"Manrope\",\"lineHeight\":120,\"color\":\"#000\",\"fontSize\":11,\"fontVariant\":\"600\",\"align\":\"center\"},\"mobile\":{\"fontSize\":9}},\"transform\":{\"default\":{},\"tablet\":{},\"mobile\":{}}},\"options\":{\"content\":\"247 asociados cumplen criterios m\\u00ednimos\",\"tag\":\"h3\"},\"position\":{\"default\":{\"origin\":\"tl\",\"autoOrigin\":true,\"x\":{\"unit\":\"px\",\"value\":493},\"y\":{\"unit\":\"px\",\"value\":400}},\"tablet\":{\"origin\":\"tl\",\"autoOrigin\":true,\"x\":{\"unit\":\"px\",\"value\":405},\"y\":{\"unit\":\"px\",\"value\":388}},\"mobile\":{\"origin\":\"tl\",\"autoOrigin\":true,\"x\":{\"unit\":\"px\",\"value\":92},\"y\":{\"unit\":\"px\",\"value\":443}}},\"depth\":45,\"id\":\"element-176\",\"name\":\"Text 25\",\"animation\":{\"in\":{\"data\":{\"default\":{\"type\":\"move\",\"params\":{\"direction\":\"bottom\",\"easing\":\"easeInOutExpo\",\"duration\":1800,\"movement\":0},\"phase\":\"in\",\"appliedBy\":\"user\"}}}}},\"element-177\":{\"section\":\"section-80\",\"parent\":\"section-80\",\"wrap\":true,\"locked\":false,\"visible\":{\"default\":true},\"type\":\"text\",\"size\":{\"default\":{\"width\":\"auto\",\"height\":\"auto\"},\"tablet\":{\"width\":\"auto\",\"height\":\"auto\"},\"mobile\":{\"width\":\"auto\",\"height\":\"auto\"}},\"styles\":{\"backgroundColor\":{\"default\":\"transparent\"},\"typography\":{\"default\":{\"font\":\"Manrope\",\"lineHeight\":120,\"color\":\"#000\",\"fontSize\":11,\"fontVariant\":\"600\",\"align\":\"center\"},\"mobile\":{\"fontSize\":9}},\"transform\":{\"default\":{},\"tablet\":{},\"mobile\":{}}},\"options\":{\"content\":\"Top 50 priorizados por probabilidad de aprobaci\\u00f3n\",\"tag\":\"h3\"},\"position\":{\"default\":{\"origin\":\"tl\",\"autoOrigin\":true,\"x\":{\"unit\":\"px\",\"value\":468},\"y\":{\"unit\":\"px\",\"value\":417}},\"tablet\":{\"origin\":\"tl\",\"autoOrigin\":true,\"x\":{\"unit\":\"px\",\"value\":380},\"y\":{\"unit\":\"px\",\"value\":405}},\"mobile\":{\"origin\":\"tl\",\"autoOrigin\":true,\"x\":{\"unit\":\"px\",\"value\":74},\"y\":{\"unit\":\"px\",\"value\":456}}},\"depth\":46,\"id\":\"element-177\",\"name\":\"Text 26\",\"animation\":{\"in\":{\"data\":{\"default\":{\"type\":\"move\",\"params\":{\"direction\":\"bottom\",\"easing\":\"easeInOutExpo\",\"duration\":1800,\"movement\":0},\"phase\":\"in\",\"appliedBy\":\"user\"}}}}},\"element-178\":{\"section\":\"section-80\",\"parent\":\"section-80\",\"wrap\":true,\"locked\":false,\"visible\":{\"default\":true},\"type\":\"text\",\"size\":{\"default\":{\"width\":\"auto\",\"height\":\"auto\"},\"tablet\":{\"width\":\"auto\",\"height\":\"auto\"},\"mobile\":{\"width\":\"auto\",\"height\":\"auto\"}},\"styles\":{\"backgroundColor\":{\"default\":\"transparent\"},\"typography\":{\"default\":{\"font\":\"Manrope\",\"lineHeight\":120,\"color\":\"#D89556\",\"fontSize\":11,\"fontVariant\":\"600\",\"align\":\"center\",\"decoration\":\"underline\"},\"mobile\":{\"fontSize\":8}},\"transform\":{\"default\":{},\"tablet\":{},\"mobile\":{}}},\"options\":{\"content\":\"Descargar ranking completo en Excel\",\"tag\":\"h3\"},\"position\":{\"default\":{\"origin\":\"tl\",\"autoOrigin\":true,\"x\":{\"unit\":\"px\",\"value\":513},\"y\":{\"unit\":\"px\",\"value\":637}},\"tablet\":{\"origin\":\"tl\",\"autoOrigin\":true,\"x\":{\"unit\":\"px\",\"value\":425},\"y\":{\"unit\":\"px\",\"value\":625}},\"mobile\":{\"origin\":\"tl\",\"autoOrigin\":true,\"x\":{\"unit\":\"px\",\"value\":121},\"y\":{\"unit\":\"px\",\"value\":676}}},\"depth\":47,\"id\":\"element-178\",\"name\":\"Text 27\",\"animation\":{\"in\":{\"data\":{\"default\":{\"type\":\"move\",\"params\":{\"direction\":\"bottom\",\"easing\":\"easeInOutExpo\",\"duration\":1800,\"movement\":0},\"phase\":\"in\",\"appliedBy\":\"user\"}}}}},\"element-180\":{\"section\":\"section-80\",\"parent\":\"section-80\",\"wrap\":true,\"locked\":false,\"visible\":{\"default\":true},\"type\":\"image\",\"size\":{\"default\":{\"width\":{\"value\":19,\"unit\":\"px\"},\"height\":{\"value\":19,\"unit\":\"px\"}},\"tablet\":{\"width\":{\"value\":19,\"unit\":\"px\"},\"height\":{\"value\":19,\"unit\":\"px\"}},\"mobile\":{\"width\":{\"value\":17,\"unit\":\"px\"},\"height\":{\"value\":17,\"unit\":\"px\"}}},\"options\":{\"source\":\"112\",\"mimeType\":\"image\\/png\"},\"keepAspectRatio\":true,\"position\":{\"default\":{\"x\":{\"value\":491,\"unit\":\"px\"},\"y\":{\"value\":634,\"unit\":\"px\"},\"origin\":\"tl\",\"autoOrigin\":true},\"tablet\":{\"x\":{\"value\":403,\"unit\":\"px\"},\"y\":{\"value\":622,\"unit\":\"px\"},\"origin\":\"tl\",\"autoOrigin\":true},\"mobile\":{\"x\":{\"value\":99,\"unit\":\"px\"},\"y\":{\"value\":672,\"unit\":\"px\"},\"origin\":\"tl\",\"autoOrigin\":true}},\"depth\":48,\"id\":\"element-180\",\"name\":\"Image 6\",\"cropData\":{\"default\":{\"mediaSize\":{\"width\":19.791666666666667850904559600166976451873779296875,\"height\":19.791666666666667850904559600166976451873779296875}},\"mobile\":{\"mediaSize\":{\"width\":17.70833333333333570180911920033395290374755859375,\"height\":17.70833333333333570180911920033395290374755859375}}},\"styles\":{\"transform\":{\"default\":{},\"tablet\":{},\"mobile\":{}}},\"animation\":{\"in\":{\"data\":{\"default\":{\"type\":\"move\",\"params\":{\"direction\":\"left\",\"easing\":\"easeInOutExpo\",\"duration\":1800,\"movement\":0},\"phase\":\"in\",\"appliedBy\":\"user\"}}}}},\"element-252\":{\"section\":\"section-251\",\"parent\":\"section-251\",\"wrap\":true,\"locked\":false,\"visible\":{\"default\":true},\"children\":[],\"type\":\"shape\",\"size\":{\"default\":{\"width\":{\"value\":946,\"unit\":\"px\"},\"height\":{\"value\":562,\"unit\":\"px\"}},\"tablet\":{\"width\":{\"value\":946,\"unit\":\"px\"},\"height\":{\"value\":562,\"unit\":\"px\"}},\"mobile\":{\"width\":{\"value\":335,\"unit\":\"px\"},\"height\":{\"value\":599,\"unit\":\"px\"}}},\"styles\":{\"backgroundColor\":{\"default\":\"#FAFAF7\"},\"corner\":{\"default\":{\"topLeft\":{\"value\":15,\"unit\":\"px\"},\"topRight\":{\"value\":15,\"unit\":\"px\"},\"bottomRight\":{\"value\":15,\"unit\":\"px\"},\"bottomLeft\":{\"value\":15,\"unit\":\"px\"},\"link\":true}},\"transform\":{\"default\":{},\"tablet\":{},\"mobile\":{}}},\"options\":{},\"position\":{\"default\":{\"origin\":\"tl\",\"autoOrigin\":true,\"x\":{\"unit\":\"px\",\"value\":127},\"y\":{\"unit\":\"px\",\"value\":118}},\"tablet\":{\"origin\":\"tl\",\"autoOrigin\":true,\"x\":{\"unit\":\"px\",\"value\":39},\"y\":{\"unit\":\"px\",\"value\":106}},\"mobile\":{\"origin\":\"tl\",\"autoOrigin\":true,\"x\":{\"unit\":\"px\",\"value\":12},\"y\":{\"unit\":\"px\",\"value\":116}}},\"depth\":4,\"id\":\"element-252\",\"name\":\"Shape 55\"},\"element-253\":{\"section\":\"section-251\",\"parent\":\"section-251\",\"wrap\":true,\"locked\":false,\"visible\":{\"default\":true},\"children\":[],\"type\":\"button\",\"size\":{\"default\":{\"width\":{\"value\":302,\"unit\":\"px\"},\"height\":{\"value\":60,\"unit\":\"px\"}},\"tablet\":{\"width\":{\"value\":302,\"unit\":\"px\"},\"height\":{\"value\":60,\"unit\":\"px\"}},\"mobile\":{\"width\":{\"value\":108,\"unit\":\"px\"},\"height\":{\"value\":84,\"unit\":\"px\"}}},\"styles\":{\"typography\":{\"default\":{\"font\":\"JetBrains Mono\",\"fontSize\":12,\"fontVariant\":\"regular\",\"align\":\"center\",\"color\":\"#FFF\",\"letterSpacing\":2,\"lineHeight\":130,\"wordwrap\":true},\"mobile\":{\"fontSize\":9}},\"backgroundColor\":{\"default\":\"#B8651F\"},\"corner\":{\"default\":{\"link\":true,\"topRight\":{\"value\":10,\"unit\":\"px\"},\"topLeft\":{\"value\":10,\"unit\":\"px\"},\"bottomRight\":{\"value\":10,\"unit\":\"px\"},\"bottomLeft\":{\"value\":10,\"unit\":\"px\"}}},\"hover\":{\"backgroundColor\":{\"default\":\"#FAFAF7\"},\"typography\":{\"default\":{\"color\":\"#0A0A0A\"}},\"border\":{\"default\":{\"color\":\"#000\"}},\"enable\":{\"default\":true}},\"transform\":{\"default\":{},\"tablet\":{},\"mobile\":{}},\"border\":{\"default\":{\"enable\":true,\"color\":\"#0A0A0A\",\"link\":true,\"top\":{\"value\":2,\"unit\":\"px\"},\"right\":{\"value\":2,\"unit\":\"px\"},\"bottom\":{\"value\":2,\"unit\":\"px\"},\"left\":{\"value\":2,\"unit\":\"px\"}}}},\"options\":{\"iconAlign\":\"left\",\"content\":\"Pregunta 01 \\u00b7 Cooperativa \\u00b7 Cartera por l\\u00ednea\",\"showIcon\":false},\"innerStyles\":{\"dp-icon-container\":{\"transform\":{\"default\":{\"scale\":1}}},\"dp-inner-content\":{\"flex\":{\"default\":{\"columnGap\":0}}},\"dp-disabled\":{\"opacity\":{\"default\":1}}},\"position\":{\"default\":{\"origin\":\"tl\",\"autoOrigin\":true,\"x\":{\"unit\":\"px\",\"value\":127},\"y\":{\"unit\":\"px\",\"value\":48}},\"tablet\":{\"origin\":\"tl\",\"autoOrigin\":true,\"x\":{\"unit\":\"px\",\"value\":39},\"y\":{\"unit\":\"px\",\"value\":36}},\"mobile\":{\"origin\":\"tl\",\"autoOrigin\":true,\"x\":{\"unit\":\"px\",\"value\":14},\"y\":{\"unit\":\"px\",\"value\":26}}},\"depth\":1,\"id\":\"element-253\",\"name\":\"Button 13\",\"actions\":{\"udbxf77rL4MWMcXWOLBvs\":{\"type\":\"gotoSection\",\"trigger\":\"click\",\"options\":{\"type\":\"number\",\"to\":\"0\"}}}},\"element-254\":{\"section\":\"section-251\",\"parent\":\"section-251\",\"wrap\":true,\"locked\":false,\"visible\":{\"default\":true},\"type\":\"button\",\"size\":{\"default\":{\"width\":{\"value\":302,\"unit\":\"px\"},\"height\":{\"value\":60,\"unit\":\"px\"}},\"tablet\":{\"width\":{\"value\":302,\"unit\":\"px\"},\"height\":{\"value\":60,\"unit\":\"px\"}},\"mobile\":{\"width\":{\"value\":108,\"unit\":\"px\"},\"height\":{\"value\":84,\"unit\":\"px\"}}},\"styles\":{\"typography\":{\"default\":{\"font\":\"JetBrains Mono\",\"fontSize\":12,\"fontVariant\":\"regular\",\"align\":\"center\",\"color\":\"#FFF\",\"letterSpacing\":2,\"lineHeight\":130,\"wordwrap\":true},\"mobile\":{\"fontSize\":9}},\"backgroundColor\":{\"default\":\"#B8651F\"},\"corner\":{\"default\":{\"link\":true,\"topRight\":{\"value\":10,\"unit\":\"px\"},\"topLeft\":{\"value\":10,\"unit\":\"px\"},\"bottomRight\":{\"value\":10,\"unit\":\"px\"},\"bottomLeft\":{\"value\":10,\"unit\":\"px\"}}},\"hover\":{\"backgroundColor\":{\"default\":\"#FAFAF7\"},\"typography\":{\"default\":{\"color\":\"#0A0A0A\"}},\"border\":{\"default\":{\"color\":\"#000\"}},\"enable\":{\"default\":true}},\"transform\":{\"default\":{},\"tablet\":{},\"mobile\":{}},\"border\":{\"default\":{\"enable\":true,\"color\":\"#0A0A0A\",\"link\":true,\"top\":{\"value\":2,\"unit\":\"px\"},\"right\":{\"value\":2,\"unit\":\"px\"},\"bottom\":{\"value\":2,\"unit\":\"px\"},\"left\":{\"value\":2,\"unit\":\"px\"}}}},\"options\":{\"iconAlign\":\"left\",\"content\":\"Pregunta 02 \\u00b7 Cooperativa \\u00b7 Candidatos para cr\\u00e9dito educativo\"},\"innerStyles\":{\"dp-icon-container\":{\"transform\":{\"default\":{\"scale\":1}}},\"dp-inner-content\":{\"flex\":{\"default\":{\"columnGap\":0}}},\"dp-disabled\":{\"opacity\":{\"default\":1}}},\"position\":{\"default\":{\"origin\":\"tl\",\"autoOrigin\":true,\"x\":{\"unit\":\"px\",\"value\":449},\"y\":{\"unit\":\"px\",\"value\":48}},\"tablet\":{\"origin\":\"tl\",\"autoOrigin\":true,\"x\":{\"unit\":\"px\",\"value\":361},\"y\":{\"unit\":\"px\",\"value\":36}},\"mobile\":{\"origin\":\"tl\",\"autoOrigin\":true,\"x\":{\"unit\":\"px\",\"value\":126},\"y\":{\"unit\":\"px\",\"value\":26}}},\"depth\":2,\"id\":\"element-254\",\"name\":\"Button 14\",\"actions\":{\"4Q7hm90BoXOGOKP-V09Yw\":{\"type\":\"gotoSection\",\"trigger\":\"click\",\"options\":{\"type\":\"number\",\"to\":\"1\"}}}},\"element-255\":{\"section\":\"section-251\",\"parent\":\"section-251\",\"wrap\":true,\"locked\":false,\"visible\":{\"default\":true},\"type\":\"button\",\"size\":{\"default\":{\"width\":{\"value\":302,\"unit\":\"px\"},\"height\":{\"value\":98,\"unit\":\"px\"}},\"tablet\":{\"width\":{\"value\":302,\"unit\":\"px\"},\"height\":{\"value\":98,\"unit\":\"px\"}},\"mobile\":{\"width\":{\"value\":109,\"unit\":\"px\"},\"height\":{\"value\":116,\"unit\":\"px\"}}},\"styles\":{\"typography\":{\"default\":{\"font\":\"JetBrains Mono\",\"fontSize\":12,\"fontVariant\":\"regular\",\"align\":\"center\",\"color\":\"#FFF\",\"letterSpacing\":2,\"lineHeight\":130,\"wordwrap\":true},\"mobile\":{\"fontSize\":8}},\"backgroundColor\":{\"default\":\"#0A0A0A\"},\"corner\":{\"default\":{\"link\":true,\"topRight\":{\"value\":10,\"unit\":\"px\"},\"topLeft\":{\"value\":10,\"unit\":\"px\"},\"bottomRight\":{\"value\":10,\"unit\":\"px\"},\"bottomLeft\":{\"value\":10,\"unit\":\"px\"}}},\"hover\":{\"backgroundColor\":{\"default\":\"#222\"},\"typography\":{\"default\":{\"color\":\"#FFF\"}},\"border\":{\"default\":{\"color\":\"#000\"}}},\"transform\":{\"default\":{},\"tablet\":{},\"mobile\":{}},\"border\":{\"default\":{\"enable\":true,\"color\":\"#FAFAF7\",\"link\":true,\"top\":{\"value\":2,\"unit\":\"px\"},\"right\":{\"value\":2,\"unit\":\"px\"},\"bottom\":{\"value\":2,\"unit\":\"px\"},\"left\":{\"value\":2,\"unit\":\"px\"}}}},\"options\":{\"iconAlign\":\"left\",\"content\":\"Pregunta 03 \\u00b7 Otra industria \\u00b7 Producto rentable por zona\"},\"innerStyles\":{\"dp-icon-container\":{\"transform\":{\"default\":{\"scale\":1}}},\"dp-inner-content\":{\"flex\":{\"default\":{\"columnGap\":0}}},\"dp-disabled\":{\"opacity\":{\"default\":1}}},\"position\":{\"default\":{\"origin\":\"tl\",\"autoOrigin\":true,\"x\":{\"unit\":\"px\",\"value\":771},\"y\":{\"unit\":\"px\",\"value\":40}},\"tablet\":{\"origin\":\"tl\",\"autoOrigin\":true,\"x\":{\"unit\":\"px\",\"value\":683},\"y\":{\"unit\":\"px\",\"value\":28}},\"mobile\":{\"origin\":\"tl\",\"autoOrigin\":true,\"x\":{\"unit\":\"px\",\"value\":238},\"y\":{\"unit\":\"px\",\"value\":20}}},\"depth\":3,\"id\":\"element-255\",\"name\":\"Button 15\"},\"element-256\":{\"section\":\"section-251\",\"parent\":\"section-251\",\"wrap\":true,\"locked\":false,\"visible\":{\"default\":true},\"children\":[],\"type\":\"shape\",\"size\":{\"default\":{\"width\":{\"value\":600,\"unit\":\"px\"},\"height\":{\"value\":63,\"unit\":\"px\"}},\"tablet\":{\"width\":{\"value\":600,\"unit\":\"px\"},\"height\":{\"value\":63,\"unit\":\"px\"}},\"mobile\":{\"width\":{\"value\":237,\"unit\":\"px\"},\"height\":{\"value\":63,\"unit\":\"px\"}}},\"styles\":{\"backgroundColor\":{\"default\":\"#83909E\"},\"corner\":{\"default\":{\"topLeft\":{\"value\":15,\"unit\":\"px\"},\"topRight\":{\"value\":15,\"unit\":\"px\"},\"bottomRight\":{\"value\":15,\"unit\":\"px\"},\"bottomLeft\":{\"value\":15,\"unit\":\"px\"},\"link\":true}},\"transform\":{\"default\":{},\"tablet\":{},\"mobile\":{}},\"hover\":{\"border\":{\"default\":{\"color\":\"#000\"}}}},\"options\":{},\"position\":{\"default\":{\"origin\":\"tl\",\"autoOrigin\":true,\"x\":{\"unit\":\"px\",\"value\":300},\"y\":{\"unit\":\"px\",\"value\":167}},\"tablet\":{\"origin\":\"tl\",\"autoOrigin\":true,\"x\":{\"unit\":\"px\",\"value\":212},\"y\":{\"unit\":\"px\",\"value\":155}},\"mobile\":{\"origin\":\"tl\",\"autoOrigin\":true,\"x\":{\"unit\":\"px\",\"value\":27},\"y\":{\"unit\":\"px\",\"value\":155}}},\"depth\":4,\"id\":\"element-256\",\"name\":\"Shape 56\",\"animation\":{\"in\":{\"data\":{\"default\":{\"type\":\"moveAndTransform\",\"params\":{\"direction\":\"left\",\"easing\":\"easeOutQuart\",\"duration\":2200,\"movement\":0,\"scale\":1.149999999999999911182158029987476766109466552734375,\"delay\":250},\"phase\":\"in\",\"appliedBy\":\"user\"}}}}},\"element-257\":{\"section\":\"section-251\",\"parent\":\"section-251\",\"wrap\":true,\"locked\":false,\"visible\":{\"default\":true},\"children\":[],\"type\":\"shape\",\"size\":{\"default\":{\"width\":{\"value\":66,\"unit\":\"px\"},\"height\":{\"value\":66,\"unit\":\"px\"}},\"tablet\":{\"width\":{\"value\":66,\"unit\":\"px\"},\"height\":{\"value\":66,\"unit\":\"px\"}},\"mobile\":{\"width\":{\"value\":48,\"unit\":\"px\"},\"height\":{\"value\":48,\"unit\":\"px\"}}},\"styles\":{\"backgroundColor\":{\"default\":\"#1A2D40\"},\"corner\":{\"default\":{\"topLeft\":{\"value\":50,\"unit\":\"%\"},\"topRight\":{\"value\":50,\"unit\":\"%\"},\"bottomRight\":{\"value\":50,\"unit\":\"%\"},\"bottomLeft\":{\"value\":50,\"unit\":\"%\"},\"link\":true}},\"transform\":{\"default\":{},\"tablet\":{},\"mobile\":{}}},\"options\":{},\"position\":{\"default\":{\"origin\":\"tl\",\"autoOrigin\":true,\"x\":{\"unit\":\"px\",\"value\":916},\"y\":{\"unit\":\"px\",\"value\":165}},\"tablet\":{\"origin\":\"tl\",\"autoOrigin\":true,\"x\":{\"unit\":\"px\",\"value\":828},\"y\":{\"unit\":\"px\",\"value\":153}},\"mobile\":{\"origin\":\"tl\",\"autoOrigin\":true,\"x\":{\"unit\":\"px\",\"value\":278},\"y\":{\"unit\":\"px\",\"value\":155}}},\"depth\":4,\"id\":\"element-257\",\"name\":\"Shape 57\",\"animation\":{\"in\":{\"data\":{\"default\":{\"type\":\"moveAndTransform\",\"params\":{\"direction\":\"left\",\"easing\":\"easeOutQuart\",\"duration\":2200,\"movement\":0,\"scale\":1.149999999999999911182158029987476766109466552734375,\"delay\":250},\"phase\":\"in\",\"appliedBy\":\"user\"}}}}},\"element-258\":{\"section\":\"section-251\",\"parent\":\"section-251\",\"wrap\":true,\"locked\":false,\"visible\":{\"default\":true},\"type\":\"text\",\"size\":{\"default\":{\"width\":\"auto\",\"height\":\"auto\"},\"tablet\":{\"width\":\"auto\",\"height\":\"auto\"},\"mobile\":{\"width\":\"auto\",\"height\":\"auto\"}},\"styles\":{\"backgroundColor\":{\"default\":\"transparent\"},\"typography\":{\"default\":{\"font\":\"Manrope\",\"lineHeight\":120,\"color\":\"#000\",\"fontSize\":13.67999999999999971578290569595992565155029296875,\"fontVariant\":\"600\"},\"mobile\":{\"fontSize\":12}},\"transform\":{\"default\":{},\"tablet\":{},\"mobile\":{}},\"hover\":{\"typography\":{\"default\":{\"color\":\"#000\"}},\"border\":{\"default\":{\"color\":\"#000\"}}}},\"options\":{\"content\":\"GERENTE\",\"tag\":\"h3\"},\"position\":{\"default\":{\"origin\":\"tl\",\"autoOrigin\":true,\"x\":{\"unit\":\"px\",\"value\":328},\"y\":{\"unit\":\"px\",\"value\":144}},\"tablet\":{\"origin\":\"tl\",\"autoOrigin\":true,\"x\":{\"unit\":\"px\",\"value\":240},\"y\":{\"unit\":\"px\",\"value\":132}},\"mobile\":{\"origin\":\"tl\",\"autoOrigin\":true,\"x\":{\"unit\":\"px\",\"value\":41},\"y\":{\"unit\":\"px\",\"value\":132}}},\"depth\":4,\"id\":\"element-258\",\"name\":\"Text 50\",\"animation\":{\"in\":{\"data\":{\"default\":{\"type\":\"move\",\"params\":{\"direction\":\"left\",\"easing\":\"easeInOutExpo\",\"duration\":1800,\"movement\":0},\"phase\":\"in\",\"appliedBy\":\"user\"}}}}},\"element-259\":{\"section\":\"section-251\",\"parent\":\"section-251\",\"wrap\":true,\"locked\":false,\"visible\":{\"default\":true},\"type\":\"text\",\"size\":{\"default\":{\"width\":\"auto\",\"height\":\"auto\"},\"tablet\":{\"width\":\"auto\",\"height\":\"auto\"},\"mobile\":{\"width\":\"auto\",\"height\":\"auto\"}},\"styles\":{\"backgroundColor\":{\"default\":\"transparent\"},\"typography\":{\"default\":{\"font\":\"Manrope\",\"lineHeight\":120,\"color\":\"#000\",\"fontSize\":13.67999999999999971578290569595992565155029296875,\"fontVariant\":\"600\"},\"mobile\":{\"fontSize\":12}},\"transform\":{\"default\":{},\"tablet\":{},\"mobile\":{}}},\"options\":{\"content\":\"OTUS BI\",\"tag\":\"h3\"},\"position\":{\"default\":{\"x\":{\"value\":326,\"unit\":\"px\"},\"y\":{\"value\":249,\"unit\":\"px\"},\"origin\":\"tl\",\"autoOrigin\":true},\"tablet\":{\"x\":{\"value\":238,\"unit\":\"px\"},\"y\":{\"value\":237,\"unit\":\"px\"},\"origin\":\"tl\",\"autoOrigin\":true},\"mobile\":{\"origin\":\"tl\",\"autoOrigin\":true,\"x\":{\"unit\":\"px\",\"value\":104},\"y\":{\"unit\":\"px\",\"value\":232}}},\"depth\":4,\"id\":\"element-259\",\"name\":\"Text 51\",\"animation\":{\"in\":{\"data\":{\"default\":{\"type\":\"move\",\"params\":{\"direction\":\"left\",\"easing\":\"easeInOutExpo\",\"duration\":800,\"movement\":0},\"phase\":\"in\",\"appliedBy\":\"user\"}}}}},\"element-260\":{\"section\":\"section-251\",\"parent\":\"section-251\",\"wrap\":true,\"locked\":false,\"visible\":{\"default\":true},\"type\":\"text\",\"size\":{\"default\":{\"width\":{\"unit\":\"px\",\"value\":502},\"height\":\"auto\"},\"tablet\":{\"width\":{\"unit\":\"px\",\"value\":502},\"height\":\"auto\"},\"mobile\":{\"width\":{\"unit\":\"px\",\"value\":209},\"height\":\"auto\"}},\"styles\":{\"backgroundColor\":{\"default\":\"transparent\"},\"typography\":{\"default\":{\"font\":\"Manrope\",\"lineHeight\":130,\"color\":\"#FFF\",\"fontSize\":16,\"fontVariant\":\"regular\"},\"mobile\":{\"fontSize\":13}},\"transform\":{\"default\":{},\"tablet\":{},\"mobile\":{}}},\"options\":{\"content\":\"\\u00bfCu\\u00e1l es mi producto m\\u00e1s rentable por zona geogr\\u00e1fica en los \\u00faltimos seis meses?\",\"tag\":\"h3\"},\"position\":{\"default\":{\"origin\":\"tl\",\"autoOrigin\":true,\"x\":{\"unit\":\"px\",\"value\":326},\"y\":{\"unit\":\"px\",\"value\":178}},\"tablet\":{\"origin\":\"tl\",\"autoOrigin\":true,\"x\":{\"unit\":\"px\",\"value\":238},\"y\":{\"unit\":\"px\",\"value\":166}},\"mobile\":{\"origin\":\"tl\",\"autoOrigin\":true,\"x\":{\"unit\":\"px\",\"value\":41},\"y\":{\"unit\":\"px\",\"value\":161}}},\"depth\":4,\"id\":\"element-260\",\"name\":\"Text 52\",\"animation\":{\"in\":{\"data\":{\"default\":{\"type\":\"move\",\"params\":{\"direction\":\"left\",\"easing\":\"easeOutQuart\",\"duration\":2500,\"movement\":35},\"phase\":\"in\",\"appliedBy\":\"user\"}}}}},\"element-261\":{\"section\":\"section-251\",\"parent\":\"section-251\",\"wrap\":true,\"locked\":false,\"visible\":{\"default\":true},\"type\":\"shape\",\"size\":{\"default\":{\"width\":{\"value\":600,\"unit\":\"px\"},\"height\":{\"value\":110,\"unit\":\"px\"}},\"tablet\":{\"width\":{\"value\":600,\"unit\":\"px\"},\"height\":{\"value\":110,\"unit\":\"px\"}},\"mobile\":{\"width\":{\"value\":236,\"unit\":\"px\"},\"height\":{\"value\":157,\"unit\":\"px\"}}},\"styles\":{\"backgroundColor\":{\"default\":\"#E8E6E0\"},\"corner\":{\"default\":{\"topLeft\":{\"value\":15,\"unit\":\"px\"},\"topRight\":{\"value\":15,\"unit\":\"px\"},\"bottomRight\":{\"value\":15,\"unit\":\"px\"},\"bottomLeft\":{\"value\":15,\"unit\":\"px\"},\"link\":true}},\"transform\":{\"default\":{},\"tablet\":{},\"mobile\":{}}},\"options\":{},\"position\":{\"default\":{\"origin\":\"tl\",\"autoOrigin\":true,\"x\":{\"unit\":\"px\",\"value\":301},\"y\":{\"unit\":\"px\",\"value\":274}},\"tablet\":{\"origin\":\"tl\",\"autoOrigin\":true,\"x\":{\"unit\":\"px\",\"value\":213},\"y\":{\"unit\":\"px\",\"value\":262}},\"mobile\":{\"origin\":\"tl\",\"autoOrigin\":true,\"x\":{\"unit\":\"px\",\"value\":93},\"y\":{\"unit\":\"px\",\"value\":257}}},\"depth\":4,\"id\":\"element-261\",\"name\":\"Shape 58\",\"animation\":{\"in\":{\"data\":{\"default\":{\"type\":\"moveAndTransform\",\"params\":{\"direction\":\"left\",\"easing\":\"easeOutQuart\",\"duration\":2200,\"movement\":0,\"scale\":1.149999999999999911182158029987476766109466552734375,\"delay\":250},\"phase\":\"in\",\"appliedBy\":\"user\"}}}}},\"element-262\":{\"section\":\"section-251\",\"parent\":\"section-251\",\"wrap\":true,\"locked\":false,\"visible\":{\"default\":true},\"type\":\"shape\",\"size\":{\"default\":{\"width\":{\"value\":66,\"unit\":\"px\"},\"height\":{\"value\":66,\"unit\":\"px\"}},\"tablet\":{\"width\":{\"value\":66,\"unit\":\"px\"},\"height\":{\"value\":66,\"unit\":\"px\"}},\"mobile\":{\"width\":{\"value\":49,\"unit\":\"px\"},\"height\":{\"value\":49,\"unit\":\"px\"}}},\"styles\":{\"backgroundColor\":{\"default\":\"#B8651F\"},\"corner\":{\"default\":{\"topLeft\":{\"value\":50,\"unit\":\"%\"},\"topRight\":{\"value\":50,\"unit\":\"%\"},\"bottomRight\":{\"value\":50,\"unit\":\"%\"},\"bottomLeft\":{\"value\":50,\"unit\":\"%\"},\"link\":true}},\"transform\":{\"default\":{},\"tablet\":{},\"mobile\":{}}},\"options\":{},\"position\":{\"default\":{\"origin\":\"tl\",\"autoOrigin\":true,\"x\":{\"unit\":\"px\",\"value\":219},\"y\":{\"unit\":\"px\",\"value\":274}},\"tablet\":{\"origin\":\"tl\",\"autoOrigin\":true,\"x\":{\"unit\":\"px\",\"value\":131},\"y\":{\"unit\":\"px\",\"value\":262}},\"mobile\":{\"origin\":\"tl\",\"autoOrigin\":true,\"x\":{\"unit\":\"px\",\"value\":27},\"y\":{\"unit\":\"px\",\"value\":257}}},\"depth\":4,\"id\":\"element-262\",\"name\":\"Shape 59\",\"animation\":{\"in\":{\"data\":{\"default\":{\"type\":\"moveAndTransform\",\"params\":{\"direction\":\"left\",\"easing\":\"easeOutQuart\",\"duration\":2200,\"movement\":0,\"scale\":1.149999999999999911182158029987476766109466552734375,\"delay\":250},\"phase\":\"in\",\"appliedBy\":\"user\"}}}}},\"element-263\":{\"section\":\"section-251\",\"parent\":\"section-251\",\"wrap\":true,\"locked\":false,\"visible\":{\"default\":true},\"type\":\"text\",\"size\":{\"default\":{\"width\":{\"unit\":\"px\",\"value\":551},\"height\":\"auto\"},\"tablet\":{\"width\":{\"unit\":\"px\",\"value\":551},\"height\":\"auto\"},\"mobile\":{\"width\":{\"unit\":\"px\",\"value\":215},\"height\":\"auto\"}},\"styles\":{\"backgroundColor\":{\"default\":\"transparent\"},\"typography\":{\"default\":{\"font\":\"Manrope\",\"lineHeight\":130,\"color\":\"#000\",\"fontSize\":16,\"fontVariant\":\"regular\"},\"mobile\":{\"fontSize\":13}},\"transform\":{\"default\":{},\"tablet\":{},\"mobile\":{}}},\"options\":{\"content\":\"El producto Croqueta Premium Adulto concentra el 34% del margen total. Se rentabiliza m\\u00e1s en Antioquia y Valle del Cauca (margen promedio 28% vs 21% nacional). Costa Atl\\u00e1ntica est\\u00e1 sub-explotada: solo 8% de la venta total a pesar de tener 14% de los puntos.\",\"tag\":\"h3\"},\"position\":{\"default\":{\"origin\":\"tl\",\"autoOrigin\":true,\"x\":{\"unit\":\"px\",\"value\":326},\"y\":{\"unit\":\"px\",\"value\":287}},\"tablet\":{\"origin\":\"tl\",\"autoOrigin\":true,\"x\":{\"unit\":\"px\",\"value\":238},\"y\":{\"unit\":\"px\",\"value\":275}},\"mobile\":{\"origin\":\"tl\",\"autoOrigin\":true,\"x\":{\"unit\":\"px\",\"value\":104},\"y\":{\"unit\":\"px\",\"value\":268}}},\"depth\":4,\"id\":\"element-263\",\"name\":\"Text 53\",\"animation\":{\"in\":{\"data\":{\"default\":{\"type\":\"move\",\"params\":{\"direction\":\"left\",\"easing\":\"easeOutQuart\",\"duration\":2500,\"movement\":35},\"phase\":\"in\",\"appliedBy\":\"user\"}}}}},\"element-264\":{\"section\":\"section-251\",\"parent\":\"section-251\",\"wrap\":true,\"locked\":false,\"visible\":{\"default\":true},\"type\":\"image\",\"size\":{\"default\":{\"width\":{\"value\":42,\"unit\":\"px\"},\"height\":{\"value\":42,\"unit\":\"px\"}},\"tablet\":{\"width\":{\"value\":42,\"unit\":\"px\"},\"height\":{\"value\":42,\"unit\":\"px\"}},\"mobile\":{\"width\":{\"value\":30,\"unit\":\"px\"},\"height\":{\"value\":30,\"unit\":\"px\"}}},\"options\":{\"source\":\"111\",\"mimeType\":\"image\\/png\"},\"keepAspectRatio\":true,\"position\":{\"default\":{\"origin\":\"tl\",\"autoOrigin\":true,\"x\":{\"unit\":\"px\",\"value\":231},\"y\":{\"unit\":\"px\",\"value\":286}},\"tablet\":{\"origin\":\"tl\",\"autoOrigin\":true,\"x\":{\"unit\":\"px\",\"value\":143},\"y\":{\"unit\":\"px\",\"value\":274}},\"mobile\":{\"origin\":\"tl\",\"autoOrigin\":true,\"x\":{\"unit\":\"px\",\"value\":37},\"y\":{\"unit\":\"px\",\"value\":267}}},\"depth\":4,\"id\":\"element-264\",\"name\":\"Image 9\",\"cropData\":{\"default\":{\"mediaSize\":{\"width\":47.6580310880829216557685867883265018463134765625,\"height\":47.6580310880829216557685867883265018463134765625}},\"mobile\":{\"mediaSize\":{\"width\":34.0414507772020868969775619916617870330810546875,\"height\":34.0414507772020868969775619916617870330810546875}}},\"styles\":{\"transform\":{\"default\":{},\"tablet\":{},\"mobile\":{}}},\"animation\":{\"in\":{\"data\":{\"default\":{\"type\":\"moveAndTransform\",\"params\":{\"direction\":\"left\",\"easing\":\"easeOutQuart\",\"duration\":2200,\"movement\":0,\"scale\":1.149999999999999911182158029987476766109466552734375,\"delay\":250},\"phase\":\"in\",\"appliedBy\":\"user\"}}}}},\"element-265\":{\"section\":\"section-251\",\"parent\":\"section-251\",\"wrap\":true,\"locked\":false,\"visible\":{\"default\":true},\"type\":\"image\",\"size\":{\"default\":{\"width\":{\"value\":42,\"unit\":\"px\"},\"height\":{\"value\":42,\"unit\":\"px\"}},\"tablet\":{\"width\":{\"value\":42,\"unit\":\"px\"},\"height\":{\"value\":42,\"unit\":\"px\"}},\"mobile\":{\"width\":{\"value\":26,\"unit\":\"px\"},\"height\":{\"value\":26,\"unit\":\"px\"}}},\"options\":{\"source\":\"113\",\"mimeType\":\"image\\/png\"},\"keepAspectRatio\":true,\"position\":{\"default\":{\"x\":{\"value\":928,\"unit\":\"px\"},\"y\":{\"value\":177,\"unit\":\"px\"},\"origin\":\"tl\",\"autoOrigin\":true},\"tablet\":{\"x\":{\"value\":840,\"unit\":\"px\"},\"y\":{\"value\":165,\"unit\":\"px\"},\"origin\":\"tl\",\"autoOrigin\":true},\"mobile\":{\"origin\":\"tl\",\"autoOrigin\":true,\"x\":{\"unit\":\"px\",\"value\":289},\"y\":{\"unit\":\"px\",\"value\":166}}},\"depth\":4,\"id\":\"element-265\",\"name\":\"Image 10\",\"cropData\":{\"default\":{\"mediaSize\":{\"width\":42,\"height\":42}},\"mobile\":{\"mediaSize\":{\"width\":26.000000000000003552713678800500929355621337890625,\"height\":26.000000000000003552713678800500929355621337890625}}},\"styles\":{\"transform\":{\"default\":{},\"tablet\":{},\"mobile\":{}}},\"animation\":{\"in\":{\"data\":{\"default\":{\"type\":\"moveAndTransform\",\"params\":{\"direction\":\"left\",\"easing\":\"easeOutQuart\",\"duration\":2200,\"movement\":0,\"scale\":1.149999999999999911182158029987476766109466552734375,\"delay\":250},\"phase\":\"in\",\"appliedBy\":\"user\"}}}}},\"element-275\":{\"section\":\"section-251\",\"parent\":\"section-251\",\"wrap\":true,\"locked\":false,\"visible\":{\"default\":true},\"type\":\"text\",\"size\":{\"default\":{\"width\":\"auto\",\"height\":\"auto\"},\"tablet\":{\"width\":\"auto\",\"height\":\"auto\"},\"mobile\":{\"width\":\"auto\",\"height\":\"auto\"}},\"styles\":{\"backgroundColor\":{\"default\":\"transparent\"},\"typography\":{\"default\":{\"font\":\"Manrope\",\"lineHeight\":120,\"color\":\"#000\",\"fontSize\":13.67999999999999971578290569595992565155029296875,\"fontVariant\":\"600\",\"align\":\"left\"},\"mobile\":{\"fontSize\":11}},\"transform\":{\"default\":{},\"tablet\":{},\"mobile\":{}}},\"options\":{\"content\":\"Costa Atl\\u00e1ntica:\\n8% ventas vs 14% puntos\",\"tag\":\"h3\"},\"position\":{\"default\":{\"origin\":\"tl\",\"autoOrigin\":true,\"x\":{\"unit\":\"px\",\"value\":672},\"y\":{\"unit\":\"px\",\"value\":438}},\"tablet\":{\"origin\":\"tl\",\"autoOrigin\":true,\"x\":{\"unit\":\"px\",\"value\":584},\"y\":{\"unit\":\"px\",\"value\":426}},\"mobile\":{\"origin\":\"tl\",\"autoOrigin\":true,\"x\":{\"unit\":\"px\",\"value\":38},\"y\":{\"unit\":\"px\",\"value\":438}}},\"depth\":4,\"id\":\"element-275\",\"name\":\"Text 61\",\"animation\":{\"in\":{\"data\":{\"default\":{\"type\":\"move\",\"params\":{\"direction\":\"bottom\",\"easing\":\"easeOutQuart\",\"duration\":2500,\"movement\":35,\"fade\":true},\"phase\":\"in\",\"appliedBy\":\"user\"}}}}},\"element-300\":{\"section\":\"section-251\",\"parent\":\"section-251\",\"wrap\":true,\"locked\":false,\"visible\":{\"default\":true},\"type\":\"image\",\"size\":{\"default\":{\"width\":{\"value\":270,\"unit\":\"px\"},\"height\":{\"value\":270,\"unit\":\"px\"}},\"tablet\":{\"width\":{\"value\":270,\"unit\":\"px\"},\"height\":{\"value\":270,\"unit\":\"px\"}},\"mobile\":{\"width\":{\"value\":186,\"unit\":\"px\"},\"height\":{\"value\":186,\"unit\":\"px\"}}},\"options\":{\"source\":\"114\",\"mimeType\":\"image\\/png\"},\"keepAspectRatio\":true,\"position\":{\"default\":{\"x\":{\"value\":362,\"unit\":\"px\"},\"y\":{\"value\":396,\"unit\":\"px\"},\"origin\":\"tl\",\"autoOrigin\":true},\"tablet\":{\"x\":{\"value\":274,\"unit\":\"px\"},\"y\":{\"value\":384,\"unit\":\"px\"},\"origin\":\"tl\",\"autoOrigin\":true},\"mobile\":{\"x\":{\"value\":87,\"unit\":\"px\"},\"y\":{\"value\":519,\"unit\":\"px\"},\"origin\":\"tl\",\"autoOrigin\":true}},\"depth\":4,\"id\":\"element-300\",\"name\":\"Image 10\",\"cropData\":{\"default\":{\"mediaSize\":{\"width\":270,\"height\":270}},\"mobile\":{\"mediaSize\":{\"width\":186,\"height\":186}}},\"styles\":{\"transform\":{\"default\":{},\"tablet\":{},\"mobile\":{}}},\"animation\":{\"in\":{\"data\":{\"default\":{\"type\":\"moveAndTransform\",\"params\":{\"direction\":\"top\",\"easing\":\"easeOutQuart\",\"duration\":2200,\"movement\":0,\"scale\":1.350000000000000088817841970012523233890533447265625,\"delay\":250},\"phase\":\"in\",\"appliedBy\":\"user\"}}}}},\"element-301\":{\"section\":\"section-251\",\"parent\":\"section-251\",\"wrap\":true,\"locked\":false,\"visible\":{\"default\":true},\"type\":\"text\",\"size\":{\"default\":{\"width\":\"auto\",\"height\":\"auto\"},\"tablet\":{\"width\":\"auto\",\"height\":\"auto\"},\"mobile\":{\"width\":\"auto\",\"height\":\"auto\"}},\"styles\":{\"backgroundColor\":{\"default\":\"transparent\"},\"typography\":{\"default\":{\"font\":\"Manrope\",\"lineHeight\":120,\"color\":\"#000\",\"fontSize\":13.67999999999999971578290569595992565155029296875,\"fontVariant\":\"600\",\"align\":\"left\"},\"mobile\":{\"fontSize\":11}},\"transform\":{\"default\":{},\"tablet\":{},\"mobile\":{}}},\"options\":{\"content\":\"34% margen total:\\nCroqueta Premium Adulto\",\"tag\":\"h3\"},\"position\":{\"default\":{\"origin\":\"tl\",\"autoOrigin\":true,\"x\":{\"unit\":\"px\",\"value\":672},\"y\":{\"unit\":\"px\",\"value\":489}},\"tablet\":{\"origin\":\"tl\",\"autoOrigin\":true,\"x\":{\"unit\":\"px\",\"value\":584},\"y\":{\"unit\":\"px\",\"value\":477}},\"mobile\":{\"origin\":\"tl\",\"autoOrigin\":true,\"x\":{\"unit\":\"px\",\"value\":185},\"y\":{\"unit\":\"px\",\"value\":438}}},\"depth\":4,\"id\":\"element-301\",\"name\":\"Text 10\",\"animation\":{\"in\":{\"data\":{\"default\":{\"type\":\"move\",\"params\":{\"direction\":\"bottom\",\"easing\":\"easeOutQuart\",\"duration\":2500,\"movement\":35},\"phase\":\"in\",\"appliedBy\":\"user\"}}}}},\"element-302\":{\"section\":\"section-251\",\"parent\":\"section-251\",\"wrap\":true,\"locked\":false,\"visible\":{\"default\":true},\"type\":\"text\",\"size\":{\"default\":{\"width\":\"auto\",\"height\":\"auto\"},\"tablet\":{\"width\":\"auto\",\"height\":\"auto\"},\"mobile\":{\"width\":\"auto\",\"height\":\"auto\"}},\"styles\":{\"backgroundColor\":{\"default\":\"transparent\"},\"typography\":{\"default\":{\"font\":\"Manrope\",\"lineHeight\":120,\"color\":\"#000\",\"fontSize\":13.67999999999999971578290569595992565155029296875,\"fontVariant\":\"600\",\"align\":\"left\"},\"mobile\":{\"fontSize\":11}},\"transform\":{\"default\":{},\"tablet\":{},\"mobile\":{}}},\"options\":{\"content\":\"\\u26a0 Oportunidad:\\nCosta Atl\\u00e1ntica\\n\",\"tag\":\"h3\"},\"position\":{\"default\":{\"origin\":\"tl\",\"autoOrigin\":true,\"x\":{\"unit\":\"px\",\"value\":672},\"y\":{\"unit\":\"px\",\"value\":591}},\"tablet\":{\"origin\":\"tl\",\"autoOrigin\":true,\"x\":{\"unit\":\"px\",\"value\":584},\"y\":{\"unit\":\"px\",\"value\":579}},\"mobile\":{\"origin\":\"tl\",\"autoOrigin\":true,\"x\":{\"unit\":\"px\",\"value\":185},\"y\":{\"unit\":\"px\",\"value\":477}}},\"depth\":4,\"id\":\"element-302\",\"name\":\"Text 11\",\"animation\":{\"in\":{\"data\":{\"default\":{\"type\":\"move\",\"params\":{\"direction\":\"bottom\",\"easing\":\"easeOutQuart\",\"duration\":2500,\"movement\":35},\"phase\":\"in\",\"appliedBy\":\"user\"}}}}},\"element-303\":{\"section\":\"section-251\",\"parent\":\"section-251\",\"wrap\":true,\"locked\":false,\"visible\":{\"default\":true},\"type\":\"text\",\"size\":{\"default\":{\"width\":\"auto\",\"height\":\"auto\"},\"tablet\":{\"width\":\"auto\",\"height\":\"auto\"},\"mobile\":{\"width\":\"auto\",\"height\":\"auto\"}},\"styles\":{\"backgroundColor\":{\"default\":\"transparent\"},\"typography\":{\"default\":{\"font\":\"Manrope\",\"lineHeight\":120,\"color\":\"#000\",\"fontSize\":13.67999999999999971578290569595992565155029296875,\"fontVariant\":\"600\",\"align\":\"left\"},\"mobile\":{\"fontSize\":11}},\"transform\":{\"default\":{},\"tablet\":{},\"mobile\":{}}},\"options\":{\"content\":\"\\u2191 Mayor rentabilidad:\\nAntioquia y Valle\",\"tag\":\"h3\"},\"position\":{\"default\":{\"origin\":\"tl\",\"autoOrigin\":true,\"x\":{\"unit\":\"px\",\"value\":672},\"y\":{\"unit\":\"px\",\"value\":540}},\"tablet\":{\"origin\":\"tl\",\"autoOrigin\":true,\"x\":{\"unit\":\"px\",\"value\":584},\"y\":{\"unit\":\"px\",\"value\":528}},\"mobile\":{\"origin\":\"tl\",\"autoOrigin\":true,\"x\":{\"unit\":\"px\",\"value\":38},\"y\":{\"unit\":\"px\",\"value\":477}}},\"depth\":4,\"id\":\"element-303\",\"name\":\"Text 12\",\"animation\":{\"in\":{\"data\":{\"default\":{\"type\":\"move\",\"params\":{\"direction\":\"bottom\",\"easing\":\"easeOutQuart\",\"duration\":2500,\"movement\":35},\"phase\":\"in\",\"appliedBy\":\"user\"}}}}}},\"sections\":{\"section-1\":{\"elements\":[\"element-2\",\"element-3\",\"element-8\",\"element-9\",\"element-10\",\"element-11\",\"element-13\",\"element-14\",\"element-15\",\"element-16\",\"element-17\",\"element-18\",\"element-19\",\"element-20\",\"element-21\",\"element-22\",\"element-23\",\"element-24\",\"element-25\",\"element-29\",\"element-30\",\"element-31\",\"element-32\",\"element-33\",\"element-34\",\"element-35\",\"element-36\",\"element-37\",\"element-39\",\"element-40\",\"element-41\",\"element-42\",\"element-43\",\"element-44\",\"element-45\",\"element-46\",\"element-47\",\"element-48\",\"element-49\",\"element-50\",\"element-51\",\"element-52\",\"element-53\",\"element-54\",\"element-55\",\"element-56\",\"element-57\",\"element-58\",\"element-59\",\"element-60\",\"element-61\",\"element-62\",\"element-63\",\"element-64\",\"element-65\",\"element-66\",\"element-67\",\"element-68\",\"element-69\",\"element-70\",\"element-71\",\"element-72\",\"element-73\",\"element-74\",\"element-75\",\"element-76\",\"element-77\",\"element-78\",\"element-79\"],\"background\":{\"color\":{\"default\":\"#0A0A0A\"}},\"options\":{\"pauseSlideshow\":true,\"url\":{\"enable\":false}},\"id\":\"section-1\",\"name\":\"Q1\"},\"section-80\":{\"elements\":[\"element-81\",\"element-82\",\"element-83\",\"element-84\",\"element-85\",\"element-86\",\"element-87\",\"element-88\",\"element-89\",\"element-90\",\"element-91\",\"element-92\",\"element-93\",\"element-94\",\"element-95\",\"element-96\",\"element-97\",\"element-98\",\"element-99\",\"element-108\",\"element-148\",\"element-149\",\"element-150\",\"element-151\",\"element-152\",\"element-154\",\"element-155\",\"element-156\",\"element-157\",\"element-158\",\"element-159\",\"element-160\",\"element-161\",\"element-162\",\"element-163\",\"element-164\",\"element-165\",\"element-166\",\"element-167\",\"element-168\",\"element-169\",\"element-170\",\"element-171\",\"element-172\",\"element-176\",\"element-177\",\"element-178\",\"element-180\"],\"background\":{\"color\":{\"default\":\"#0A0A0A\"}},\"options\":{\"pauseSlideshow\":true},\"id\":\"section-80\",\"name\":\"Q2\"},\"section-251\":{\"elements\":[\"element-252\",\"element-253\",\"element-254\",\"element-255\",\"element-256\",\"element-257\",\"element-258\",\"element-259\",\"element-260\",\"element-261\",\"element-262\",\"element-263\",\"element-264\",\"element-265\",\"element-275\",\"element-300\",\"element-301\",\"element-302\",\"element-303\"],\"background\":{\"color\":{\"default\":\"#0A0A0A\"}},\"options\":{\"pauseSlideshow\":true},\"id\":\"section-251\",\"name\":\"Q3\"}},\"foregroundElements\":[],\"options\":{\"sectionTransition\":{\"type\":\"basic\",\"options\":{}},\"navigation\":{\"swipe\":{\"enable\":true,\"mouseSwipe\":true,\"touchSwipe\":true}},\"general\":{\"keepAspect\":true},\"navigator\":{},\"sectionLayout\":\"fullwidth\",\"wrapperSize\":{\"default\":{\"width\":{\"value\":1200,\"unit\":\"px\"},\"height\":{\"value\":730,\"unit\":\"px\"}},\"tablet\":{\"width\":{\"value\":1024,\"unit\":\"px\"},\"height\":{\"value\":700,\"unit\":\"px\"}},\"mobile\":{\"width\":{\"value\":360,\"unit\":\"px\"},\"height\":{\"value\":740,\"unit\":\"px\"}}},\"wrapperSideSpace\":0,\"integrations\":{}},\"meta\":{\"createdBy\":\"4.7.1\",\"modifiedBy\":\"4.7.1\",\"modifiedByTier\":\"free-user\",\"documentType\":\"slider\"},\"env\":{\"activeSection\":\"section-1\",\"activeBreakpoint\":\"tablet\",\"selectedElements\":[],\"additionalFonts\":{\"ETmodules\":{\"family\":\"ETmodules\",\"variants\":[{\"src\":\"url(\\\"\\/\\/otus.evolucionamos.com\\/wp-content\\/themes\\/Divi\\/core\\/admin\\/fonts\\/modules\\/base\\/modules.woff\\\") format(\\\"woff\\\"), url(\\\"\\/\\/otus.evolucionamos.com\\/wp-content\\/themes\\/Divi\\/core\\/admin\\/fonts\\/modules\\/base\\/modules.ttf\\\") format(\\\"truetype\\\")\",\"weight\":\"400\",\"style\":\"normal\"}]},\"litespeedfont\":{\"family\":\"litespeedfont\",\"variants\":[{\"src\":\"url(\\\"data:application\\/font-woff;base64,d09GRgABAAAAAAd8AAsAAAAABzAAAQAAAAAAAAAAAAAAAAAAAAAAAAAAAABPUy8yAAABCAAAAGAAAABgDxIFKmNtYXAAAAFoAAAAVAAAAFQXVtKHZ2FzcAAAAbwAAAAIAAAACAAAABBnbHlmAAABxAAAAywAAAMsC7+w5mhlYWQAAATwAAAANgAAADYNxQCSaGhlYQAABSgAAAAkAAAAJAe+A8ZobXR4AAAFTAAAABQAAAAUCgAABWxvY2EAAAVgAAAADAAAAAwAKAGqbWF4cAAABWwAAAAgAAAAIAAOAX5uYW1lAAAFjAAAAc4AAAHOiN8uy3Bvc3QAAAdcAAAAIAAAACAAAwAAAAMDAAGQAAUAAAKZAswAAACPApkCzAAAAesAMwEJAAAAAAAAAAAAAAAAAAAAARAAAAAAAAAAAAAAAAAAAAAAQAAA6QADwP\\/AAEADwABAAAAAAQAAAAAAAAAAAAAAIAAAAAAAAwAAAAMAAAAcAAEAAwAAABwAAwABAAAAHAAEADgAAAAKAAgAAgACAAEAIOkA\\/\\/3\\/\\/wAAAAAAIOkA\\/\\/3\\/\\/wAB\\/+MXBAADAAEAAAAAAAAAAAAAAAEAAf\\/\\/AA8AAQAAAAAAAAAAAAIAADc5AQAAAAABAAAAAAAAAAAAAgAANzkBAAAAAAEAAAAAAAAAAAACAAA3OQEAAAAACAAF\\/8QD\\/AO7AIAAxAFEAWkBbgFyAXcBewAAATA0MTQmMTA0JzgBNSImOQEBOAExLgEjIgYHOAE5AQEwBiMUMDEGFDEwBhUwFDEcARUcARUwFDEUFjEwFBc4ARUyFjkBATAWFTAyMTAWMzAyFTAyMzIWMzI2MzoBMTQyMTI2MTAyMTQ2OQEBMDYzNDAxNjQxMDY1MDQxNDY1JjQ1BzEVBzgBMQE4ATEwBjEjMCIxMCIxMCIxMCYxOAExATgBMSc1MDQxMDQ5ATUxNzgBMQEwNjMyFjEBOAExFxUwFDEwFDEnMCIxMDQxMDQxMCIxNDAnMSc4ATEuASMiBgc4ATEHBjAVMCIxMBQxMBQxMCIxHAExMBQVMDIxMBQxMBQxMDIxFDAXMRcWMDM4ARUwMjE4ATEyMBU6ATEwMjM0MDM4ATEwMjE0MDEyMDcxNzYwNTAyMTA0MTA0MTgBMzwBMTA0NScHFzgBMRYUFxYGDwEOASMiJicmNj8BJyY2PwE+ATMyFhcWBgcFFxUBMxMHIwEBMwE1NzUnNQED+wEBAQH+FAIGAwMGAv4UAQEBAQEBAQEB7AIBAQEBAQEBAQEBAQEBAQEBAQECAewBAQEBAQFOAf5XAQEBAQEB\\/lcBAQGpAgEBAgGpAbABAQH0AgICAgIC9AEBAQEBAfQBAQEBAQEBAQEBAQH0AQEBoE8rAQEBAgSBAgQDBAYBAgEDTysFAwWBAgQEAwYBAgED\\/oz6\\/sw6+vo6ATQBNDb+zP7+ATgBwwEBAQEBAQIB7AICAgL+FAIBAQEBAQEBAQEBAQEBAQEBAQEC\\/hQBAQEBAQEBAQEBAewCAQEBAQEBAQEBAQEBBAEB\\/lcBAQGpAQEBAQEBAakBAf5XAQEBAQMBAQEB9AECAgH0AQEBAQEBAQEBAQEB9AEBAQEBAfQBAQEBAQEBAYRkPQECAQcLA2MCAgQDAwgDZD4GDgViAgIEAwMIA6P5OgEzATP6ATT+lP7MNv44\\/jb+zAABAAAAAQAAiK6LiV8PPPUACwQAAAAAANVU3gsAAAAA1VTeCwAA\\/8QD\\/AO7AAAACAACAAAAAAAAAAEAAAPA\\/8AAAAQAAAAAAAP8AAEAAAAAAAAAAAAAAAAAAAAFBAAAAAAAAAAAAAAAAgAAAAQAAAUAAAAAAAoAFAAeAZYAAQAAAAUBfAAIAAAAAAACAAAAAAAAAAAAAAAAAAAAAAAAAA4ArgABAAAAAAABAA0AAAABAAAAAAACAAcAlgABAAAAAAADAA0ASAABAAAAAAAEAA0AqwABAAAAAAAFAAsAJwABAAAAAAAGAA0AbwABAAAAAAAKABoA0gADAAEECQABABoADQADAAEECQACAA4AnQADAAEECQADABoAVQADAAEECQAEABoAuAADAAEECQAFABYAMgADAAEECQAGABoAfAADAAEECQAKADQA7GxpdGVzcGVlZGZvbnQAbABpAHQAZQBzAHAAZQBlAGQAZgBvAG4AdFZlcnNpb24gMS4wAFYAZQByAHMAaQBvAG4AIAAxAC4AMGxpdGVzcGVlZGZvbnQAbABpAHQAZQBzAHAAZQBlAGQAZgBvAG4AdGxpdGVzcGVlZGZvbnQAbABpAHQAZQBzAHAAZQBlAGQAZgBvAG4AdFJlZ3VsYXIAUgBlAGcAdQBsAGEAcmxpdGVzcGVlZGZvbnQAbABpAHQAZQBzAHAAZQBlAGQAZgBvAG4AdEZvbnQgZ2VuZXJhdGVkIGJ5IEljb01vb24uAEYAbwBuAHQAIABnAGUAbgBlAHIAYQB0AGUAZAAgAGIAeQAgAEkAYwBvAE0AbwBvAG4ALgAAAAMAAAAAAAAAAAAAAAAAAAAAAAAAAAAAAAAAAAAAAAA=\\\")\",\"weight\":\"normal\",\"style\":\"normal\"}]}},\"showHiddenItems\":true}}', 'publish', 0, '');
